[INFO] fetching crate usiem-basic-parser 0.0.3...
[INFO] testing usiem-basic-parser-0.0.3 against 1.54.0 for beta-1.55-1
[INFO] extracting crate usiem-basic-parser 0.0.3 into /workspace/builds/worker-65/source
[INFO] validating manifest of crates.io crate usiem-basic-parser 0.0.3 on toolchain 1.54.0
[INFO] running `Command { std: "/workspace/cargo-home/bin/cargo" "+1.54.0" "metadata" "--manifest-path" "Cargo.toml" "--no-deps", kill_on_drop: false }`
[INFO] started tweaking crates.io crate usiem-basic-parser 0.0.3
[INFO] finished tweaking crates.io crate usiem-basic-parser 0.0.3
[INFO] tweaked toml for crates.io crate usiem-basic-parser 0.0.3 written to /workspace/builds/worker-65/source/Cargo.toml
[INFO] running `Command { std: "/workspace/cargo-home/bin/cargo" "+1.54.0" "generate-lockfile" "--manifest-path" "Cargo.toml" "-Zno-index-update", kill_on_drop: false }`
[INFO] [stderr]     Blocking waiting for file lock on package cache
[INFO] running `Command { std: "/workspace/cargo-home/bin/cargo" "+1.54.0" "fetch" "--manifest-path" "Cargo.toml", kill_on_drop: false }`
[INFO] running `Command { std: "docker" "create" "-v" "/var/lib/crater-agent-workspace/builds/worker-65/target:/opt/rustwide/target:rw,Z" "-v" "/var/lib/crater-agent-workspace/builds/worker-65/source:/opt/rustwide/workdir:ro,Z" "-v" "/var/lib/crater-agent-workspace/cargo-home:/opt/rustwide/cargo-home:ro,Z" "-v" "/var/lib/crater-agent-workspace/rustup-home:/opt/rustwide/rustup-home:ro,Z" "-e" "SOURCE_DIR=/opt/rustwide/workdir" "-e" "CARGO_TARGET_DIR=/opt/rustwide/target" "-e" "CARGO_HOME=/opt/rustwide/cargo-home" "-e" "RUSTUP_HOME=/opt/rustwide/rustup-home" "-w" "/opt/rustwide/workdir" "-m" "1610612736" "--user" "0:0" "--network" "none" "ghcr.io/rust-lang/crates-build-env/linux@sha256:34b6a614d2c27851fe6cbf88fbd1137609cefab8b10d0615aaeb6fd47975d74e" "/opt/rustwide/cargo-home/bin/cargo" "+1.54.0" "metadata" "--no-deps" "--format-version=1", kill_on_drop: false }`
[INFO] [stdout] da6d168616968bfe869bded79e21df5a18cc9bbe3d8935c7aeabf12d18e56f9b
[INFO] running `Command { std: "docker" "start" "-a" "da6d168616968bfe869bded79e21df5a18cc9bbe3d8935c7aeabf12d18e56f9b", kill_on_drop: false }`
[INFO] running `Command { std: "docker" "inspect" "da6d168616968bfe869bded79e21df5a18cc9bbe3d8935c7aeabf12d18e56f9b", kill_on_drop: false }`
[INFO] running `Command { std: "docker" "rm" "-f" "da6d168616968bfe869bded79e21df5a18cc9bbe3d8935c7aeabf12d18e56f9b", kill_on_drop: false }`
[INFO] [stdout] da6d168616968bfe869bded79e21df5a18cc9bbe3d8935c7aeabf12d18e56f9b
[INFO] running `Command { std: "docker" "create" "-v" "/var/lib/crater-agent-workspace/builds/worker-65/target:/opt/rustwide/target:rw,Z" "-v" "/var/lib/crater-agent-workspace/builds/worker-65/source:/opt/rustwide/workdir:ro,Z" "-v" "/var/lib/crater-agent-workspace/cargo-home:/opt/rustwide/cargo-home:ro,Z" "-v" "/var/lib/crater-agent-workspace/rustup-home:/opt/rustwide/rustup-home:ro,Z" "-e" "SOURCE_DIR=/opt/rustwide/workdir" "-e" "CARGO_TARGET_DIR=/opt/rustwide/target" "-e" "CARGO_INCREMENTAL=0" "-e" "RUST_BACKTRACE=full" "-e" "RUSTFLAGS=--cap-lints=warn" "-e" "CARGO_HOME=/opt/rustwide/cargo-home" "-e" "RUSTUP_HOME=/opt/rustwide/rustup-home" "-w" "/opt/rustwide/workdir" "-m" "1610612736" "--user" "0:0" "--network" "none" "ghcr.io/rust-lang/crates-build-env/linux@sha256:34b6a614d2c27851fe6cbf88fbd1137609cefab8b10d0615aaeb6fd47975d74e" "/opt/rustwide/cargo-home/bin/cargo" "+1.54.0" "build" "--frozen" "--message-format=json", kill_on_drop: false }`
[INFO] [stdout] 292e47a8b8b1a990a08809d59c32ff736764cb86cf96f821a07c1ed5aba8e190
[INFO] running `Command { std: "docker" "start" "-a" "292e47a8b8b1a990a08809d59c32ff736764cb86cf96f821a07c1ed5aba8e190", kill_on_drop: false }`
[INFO] [stderr]    Compiling proc-macro2 v1.0.28
[INFO] [stderr]    Compiling syn v1.0.74
[INFO] [stderr]    Compiling serde_derive v1.0.127
[INFO] [stderr]    Compiling ryu v1.0.5
[INFO] [stderr]    Compiling serde v1.0.127
[INFO] [stderr]    Compiling crossbeam-utils v0.8.5
[INFO] [stderr]    Compiling serde_json v1.0.66
[INFO] [stderr]    Compiling itoa v0.4.7
[INFO] [stderr]    Compiling num-traits v0.2.14
[INFO] [stderr]    Compiling num-integer v0.1.44
[INFO] [stderr]    Compiling time v0.1.44
[INFO] [stderr]    Compiling crossbeam-channel v0.5.1
[INFO] [stderr]    Compiling quote v1.0.9
[INFO] [stderr]    Compiling chrono v0.4.19
[INFO] [stderr]    Compiling u-siem v0.0.46
[INFO] [stderr]    Compiling usiem-basic-parser v0.0.3 (/opt/rustwide/workdir)
[INFO] [stdout] error[E0061]: this function takes 2 arguments but 1 argument was supplied
[INFO] [stdout]   --> src/lib.rs:62:9
[INFO] [stdout]    |
[INFO] [stdout] 62 |           SiemMessage::Response(SiemFunctionResponse::OTHER(
[INFO] [stdout]    |  _________^^^^^^^^^^^^^^^^^^^^^_-
[INFO] [stdout]    | |         |
[INFO] [stdout]    | |         expected 2 arguments
[INFO] [stdout] 63 | |             Cow::Borrowed("LIST_PARSERS"),
[INFO] [stdout] 64 | |             Ok(Cow::Owned(content)),
[INFO] [stdout] 65 | |         ))
[INFO] [stdout]    | |_________- supplied 1 argument
[INFO] [stdout] 
[INFO] [stdout] 
[INFO] [stdout] error[E0308]: mismatched types
[INFO] [stdout]   --> src/lib.rs:64:16
[INFO] [stdout]    |
[INFO] [stdout] 64 |             Ok(Cow::Owned(content)),
[INFO] [stdout]    |                ^^^^^^^^^^^^^^^^^^^ expected enum `serde_json::value::Value`, found enum `Cow`
[INFO] [stdout]    |
[INFO] [stdout]    = note: expected enum `serde_json::value::Value`
[INFO] [stdout]               found enum `Cow<'_, _>`
[INFO] [stdout] 
[INFO] [stdout] 
[INFO] [stdout] error[E0023]: this pattern has 1 field, but the corresponding tuple variant has 2 fields
[INFO] [stdout]    --> src/lib.rs:130:21
[INFO] [stdout]     |
[INFO] [stdout] 130 |                     SiemMessage::Command(cmd) => match cmd {
[INFO] [stdout]     |                     ^^^^^^^^^^^^^^^^^^^^^^^^^ expected 2 fields, found 1
[INFO] [stdout]     | 
[INFO] [stdout]    ::: /opt/rustwide/cargo-home/registry/src/github.com-1ecc6299db9ec823/u-siem-0.0.46/src/components/common.rs:11:5
[INFO] [stdout]     |
[INFO] [stdout] 11  |     Command(u64,SiemFunctionCall),
[INFO] [stdout]     |     ----------------------------- tuple variant defined here
[INFO] [stdout]     |
[INFO] [stdout] help: use `_` to explicitly ignore each field
[INFO] [stdout]     |
[INFO] [stdout] 130 |                     SiemMessage::Command(cmd, _) => match cmd {
[INFO] [stdout]     |                                             ^^^
[INFO] [stdout] 
[INFO] [stdout] 
[INFO] [stdout] error: aborting due to 3 previous errors
[INFO] [stdout] 
[INFO] [stdout] 
[INFO] [stdout] Some errors have detailed explanations: E0023, E0061, E0308.
[INFO] [stdout] 
[INFO] [stdout] For more information about an error, try `rustc --explain E0023`.
[INFO] [stdout] 
[INFO] [stderr] error: could not compile `usiem-basic-parser`
[INFO] [stderr] 
[INFO] [stderr] To learn more, run the command again with --verbose.
[INFO] [stderr] warning: build failed, waiting for other jobs to finish...
[INFO] [stderr] error: build failed
[INFO] running `Command { std: "docker" "inspect" "292e47a8b8b1a990a08809d59c32ff736764cb86cf96f821a07c1ed5aba8e190", kill_on_drop: false }`
[INFO] running `Command { std: "docker" "rm" "-f" "292e47a8b8b1a990a08809d59c32ff736764cb86cf96f821a07c1ed5aba8e190", kill_on_drop: false }`
[INFO] [stdout] 292e47a8b8b1a990a08809d59c32ff736764cb86cf96f821a07c1ed5aba8e190
