[INFO] fetching crate ui-sys 0.1.3...
[INFO] testing ui-sys-0.1.3 against beta-2021-08-01 for beta-1.55-1
[INFO] extracting crate ui-sys 0.1.3 into /workspace/builds/worker-75/source
[INFO] validating manifest of crates.io crate ui-sys 0.1.3 on toolchain beta-2021-08-01
[INFO] running `Command { std: "/workspace/cargo-home/bin/cargo" "+beta-2021-08-01" "metadata" "--manifest-path" "Cargo.toml" "--no-deps", kill_on_drop: false }`
[INFO] started tweaking crates.io crate ui-sys 0.1.3
[INFO] finished tweaking crates.io crate ui-sys 0.1.3
[INFO] tweaked toml for crates.io crate ui-sys 0.1.3 written to /workspace/builds/worker-75/source/Cargo.toml
[INFO] running `Command { std: "/workspace/cargo-home/bin/cargo" "+beta-2021-08-01" "generate-lockfile" "--manifest-path" "Cargo.toml" "-Zno-index-update", kill_on_drop: false }`
[INFO] [stderr]     Blocking waiting for file lock on package cache
[INFO] running `Command { std: "/workspace/cargo-home/bin/cargo" "+beta-2021-08-01" "fetch" "--manifest-path" "Cargo.toml", kill_on_drop: false }`
[INFO] [stderr]     Blocking waiting for file lock on package cache
[INFO] running `Command { std: "docker" "create" "-v" "/var/lib/crater-agent-workspace/builds/worker-75/target:/opt/rustwide/target:rw,Z" "-v" "/var/lib/crater-agent-workspace/builds/worker-75/source:/opt/rustwide/workdir:ro,Z" "-v" "/var/lib/crater-agent-workspace/cargo-home:/opt/rustwide/cargo-home:ro,Z" "-v" "/var/lib/crater-agent-workspace/rustup-home:/opt/rustwide/rustup-home:ro,Z" "-e" "SOURCE_DIR=/opt/rustwide/workdir" "-e" "CARGO_TARGET_DIR=/opt/rustwide/target" "-e" "CARGO_HOME=/opt/rustwide/cargo-home" "-e" "RUSTUP_HOME=/opt/rustwide/rustup-home" "-w" "/opt/rustwide/workdir" "-m" "1610612736" "--user" "0:0" "--network" "none" "ghcr.io/rust-lang/crates-build-env/linux@sha256:34b6a614d2c27851fe6cbf88fbd1137609cefab8b10d0615aaeb6fd47975d74e" "/opt/rustwide/cargo-home/bin/cargo" "+beta-2021-08-01" "metadata" "--no-deps" "--format-version=1", kill_on_drop: false }`
[INFO] [stdout] f08dbc425495ce661a904095ca858674073ed53592ac31fc4e95280fa99b0b50
[INFO] running `Command { std: "docker" "start" "-a" "f08dbc425495ce661a904095ca858674073ed53592ac31fc4e95280fa99b0b50", kill_on_drop: false }`
[INFO] running `Command { std: "docker" "inspect" "f08dbc425495ce661a904095ca858674073ed53592ac31fc4e95280fa99b0b50", kill_on_drop: false }`
[INFO] running `Command { std: "docker" "rm" "-f" "f08dbc425495ce661a904095ca858674073ed53592ac31fc4e95280fa99b0b50", kill_on_drop: false }`
[INFO] [stdout] f08dbc425495ce661a904095ca858674073ed53592ac31fc4e95280fa99b0b50
[INFO] running `Command { std: "docker" "create" "-v" "/var/lib/crater-agent-workspace/builds/worker-75/target:/opt/rustwide/target:rw,Z" "-v" "/var/lib/crater-agent-workspace/builds/worker-75/source:/opt/rustwide/workdir:ro,Z" "-v" "/var/lib/crater-agent-workspace/cargo-home:/opt/rustwide/cargo-home:ro,Z" "-v" "/var/lib/crater-agent-workspace/rustup-home:/opt/rustwide/rustup-home:ro,Z" "-e" "SOURCE_DIR=/opt/rustwide/workdir" "-e" "CARGO_TARGET_DIR=/opt/rustwide/target" "-e" "CARGO_INCREMENTAL=0" "-e" "RUST_BACKTRACE=full" "-e" "RUSTFLAGS=--cap-lints=warn" "-e" "CARGO_HOME=/opt/rustwide/cargo-home" "-e" "RUSTUP_HOME=/opt/rustwide/rustup-home" "-w" "/opt/rustwide/workdir" "-m" "1610612736" "--user" "0:0" "--network" "none" "ghcr.io/rust-lang/crates-build-env/linux@sha256:34b6a614d2c27851fe6cbf88fbd1137609cefab8b10d0615aaeb6fd47975d74e" "/opt/rustwide/cargo-home/bin/cargo" "+beta-2021-08-01" "build" "--frozen" "--message-format=json", kill_on_drop: false }`
[INFO] [stdout] 6b17ab5ebf1dedd722eaa182d3d73d19fef5dca370939453f8c409895841f3dd
[INFO] running `Command { std: "docker" "start" "-a" "6b17ab5ebf1dedd722eaa182d3d73d19fef5dca370939453f8c409895841f3dd", kill_on_drop: false }`
[INFO] [stderr]    Compiling cmake v0.1.45
[INFO] [stderr]    Compiling ui-sys v0.1.3 (/opt/rustwide/workdir)
[INFO] [stderr] error: failed to run custom build command for `ui-sys v0.1.3 (/opt/rustwide/workdir)`
[INFO] [stderr] 
[INFO] [stderr] Caused by:
[INFO] [stderr]   process didn't exit successfully: `/opt/rustwide/target/debug/build/ui-sys-75d7412a608e5681/build-script-build` (exit status: 101)
[INFO] [stderr]   --- stdout
[INFO] [stderr]   git version 2.25.1
[INFO] [stderr]   running: "cmake" "/opt/rustwide/workdir/libui" "-DCMAKE_INSTALL_PREFIX=/opt/rustwide/target/debug/build/ui-sys-04e4cca2168eeca6/out" "-DCMAKE_C_FLAGS= -ffunction-sections -fdata-sections -fPIC -m64" "-DCMAKE_C_COMPILER=/usr/bin/cc" "-DCMAKE_CXX_FLAGS= -ffunction-sections -fdata-sections -fPIC -m64" "-DCMAKE_CXX_COMPILER=/usr/bin/c++" "-DCMAKE_ASM_FLAGS= -ffunction-sections -fdata-sections -fPIC -m64" "-DCMAKE_ASM_COMPILER=/usr/bin/cc" "-DCMAKE_BUILD_TYPE=release"
[INFO] [stderr]   -- The C compiler identification is GNU 9.3.0
[INFO] [stderr]   -- The CXX compiler identification is GNU 9.3.0
[INFO] [stderr]   -- Check for working C compiler: /usr/bin/cc
[INFO] [stderr]   -- Check for working C compiler: /usr/bin/cc -- works
[INFO] [stderr]   -- Detecting C compiler ABI info
[INFO] [stderr]   -- Detecting C compiler ABI info - done
[INFO] [stderr]   -- Detecting C compile features
[INFO] [stderr]   -- Detecting C compile features - done
[INFO] [stderr]   -- Check for working CXX compiler: /usr/bin/c++
[INFO] [stderr]   -- Check for working CXX compiler: /usr/bin/c++ -- works
[INFO] [stderr]   -- Detecting CXX compiler ABI info
[INFO] [stderr]   -- Detecting CXX compiler ABI info - done
[INFO] [stderr]   -- Detecting CXX compile features
[INFO] [stderr]   -- Detecting CXX compile features - done
[INFO] [stderr]   -- Found PkgConfig: /usr/bin/pkg-config (found version "0.29.1") 
[INFO] [stderr]   -- Checking for module 'gtk+-3.0'
[INFO] [stderr]   --   Found gtk+-3.0, version 3.24.20
[INFO] [stderr]   -- Configuring done
[INFO] [stderr]   -- Generating done
[INFO] [stderr]   -- Build files have been written to: /opt/rustwide/target/debug/build/ui-sys-04e4cca2168eeca6/out/build
[INFO] [stderr]   running: "cmake" "--build" "." "--target" "" "--config" "release" "--"
[INFO] [stderr]   Scanning dependencies of target libui
[INFO] [stderr]   [  1%] Building C object CMakeFiles/libui.dir/common/control.c.o
[INFO] [stderr]   [  9%] Building C object CMakeFiles/libui.dir/common/attribute.c.o
[INFO] [stderr]   [  9%] Building C object CMakeFiles/libui.dir/common/attrlist.c.o
[INFO] [stderr]   [  9%] Building C object CMakeFiles/libui.dir/common/areaevents.c.o
[INFO] [stderr]   [  9%] Building C object CMakeFiles/libui.dir/common/attrstr.c.o
[INFO] [stderr]   [ 14%] Building C object CMakeFiles/libui.dir/common/matrix.c.o
[INFO] [stderr]   [ 14%] Building C object CMakeFiles/libui.dir/common/debug.c.o
[INFO] [stderr]   [ 14%] Building C object CMakeFiles/libui.dir/common/shouldquit.c.o
[INFO] [stderr]   [ 16%] Building C object CMakeFiles/libui.dir/common/opentype.c.o
[INFO] [stderr]   [ 18%] Building C object CMakeFiles/libui.dir/unix/box.c.o
[INFO] [stderr]   [ 20%] Building C object CMakeFiles/libui.dir/common/utf.c.o
[INFO] [stderr]   [ 22%] Building C object CMakeFiles/libui.dir/common/userbugs.c.o
[INFO] [stderr]   [ 24%] Building C object CMakeFiles/libui.dir/unix/area.c.o
[INFO] [stderr]   [ 27%] Building C object CMakeFiles/libui.dir/unix/alloc.c.o
[INFO] [stderr]   [ 27%] Building C object CMakeFiles/libui.dir/unix/attrstr.c.o
[INFO] [stderr]   [ 29%] Building C object CMakeFiles/libui.dir/unix/checkbox.c.o
[INFO] [stderr]   [ 33%] Building C object CMakeFiles/libui.dir/unix/cellrendererbutton.c.o
[INFO] [stderr]   [ 33%] Building C object CMakeFiles/libui.dir/unix/button.c.o
[INFO] [stderr]   [ 35%] Building C object CMakeFiles/libui.dir/unix/colorbutton.c.o
[INFO] [stderr]   [ 42%] Building C object CMakeFiles/libui.dir/unix/child.c.o
[INFO] [stderr]   [ 42%] Building C object CMakeFiles/libui.dir/unix/control.c.o
[INFO] [stderr]   [ 42%] Building C object CMakeFiles/libui.dir/unix/combobox.c.o
[INFO] [stderr]   [ 42%] Building C object CMakeFiles/libui.dir/unix/draw.c.o
[INFO] [stderr]   [ 46%] Building C object CMakeFiles/libui.dir/unix/datetimepicker.c.o
[INFO] [stderr]   [ 48%] Building C object CMakeFiles/libui.dir/unix/drawmatrix.c.o
[INFO] [stderr]   [ 48%] Building C object CMakeFiles/libui.dir/unix/debug.c.o
[INFO] [stderr]   [ 50%] Building C object CMakeFiles/libui.dir/unix/drawtext.c.o
[INFO] [stderr]   [ 51%] Building C object CMakeFiles/libui.dir/unix/drawpath.c.o
[INFO] [stderr]   [ 53%] Building C object CMakeFiles/libui.dir/unix/entry.c.o
[INFO] [stderr]   [ 55%] Building C object CMakeFiles/libui.dir/unix/editablecombo.c.o
[INFO] [stderr]   [ 59%] Building C object CMakeFiles/libui.dir/unix/fontmatch.c.o
[INFO] [stderr]   [ 59%] Building C object CMakeFiles/libui.dir/unix/fontbutton.c.o
[INFO] [stderr]   [ 61%] Building C object CMakeFiles/libui.dir/unix/form.c.o
[INFO] [stderr]   [ 62%] Building C object CMakeFiles/libui.dir/unix/future.c.o
[INFO] [stderr]   [ 64%] Building C object CMakeFiles/libui.dir/unix/grid.c.o
[INFO] [stderr]   [ 66%] Building C object CMakeFiles/libui.dir/unix/graphemes.c.o
[INFO] [stderr]   [ 68%] Building C object CMakeFiles/libui.dir/unix/label.c.o
[INFO] [stderr]   [ 70%] Building C object CMakeFiles/libui.dir/unix/multilineentry.c.o
[INFO] [stderr]   [ 72%] Building C object CMakeFiles/libui.dir/unix/image.c.o
[INFO] [stderr]   [ 74%] Building C object CMakeFiles/libui.dir/unix/group.c.o
[INFO] [stderr]   [ 77%] Building C object CMakeFiles/libui.dir/unix/slider.c.o
[INFO] [stderr]   [ 77%] Building C object CMakeFiles/libui.dir/unix/progressbar.c.o
[INFO] [stderr]   [ 79%] Building C object CMakeFiles/libui.dir/unix/separator.c.o
[INFO] [stderr]   [ 83%] Building C object CMakeFiles/libui.dir/unix/radiobuttons.c.o
[INFO] [stderr]   [ 83%] Building C object CMakeFiles/libui.dir/unix/menu.c.o
[INFO] [stderr]   [ 85%] Building C object CMakeFiles/libui.dir/unix/spinbox.c.o
[INFO] [stderr]   [ 87%] Building C object CMakeFiles/libui.dir/unix/opentype.c.o
[INFO] [stderr]   [ 88%] Building C object CMakeFiles/libui.dir/unix/stddialogs.c.o
[INFO] [stderr]   [ 90%] Building C object CMakeFiles/libui.dir/unix/main.c.o
[INFO] [stderr]   [ 92%] Building C object CMakeFiles/libui.dir/unix/tab.c.o
[INFO] [stderr]   [ 94%] Building C object CMakeFiles/libui.dir/unix/util.c.o
[INFO] [stderr]   [ 96%] Building C object CMakeFiles/libui.dir/unix/text.c.o
[INFO] [stderr]   [ 98%] Building C object CMakeFiles/libui.dir/unix/window.c.o
[INFO] [stderr] 
[INFO] [stderr]   --- stderr
[INFO] [stderr]   fatal: not a git repository (or any parent up to mount point /opt/rustwide)
[INFO] [stderr]   Stopping at filesystem boundary (GIT_DISCOVERY_ACROSS_FILESYSTEM not set).
[INFO] [stderr]   CMake Warning:
[INFO] [stderr]     Manually-specified variables were not used by the project:
[INFO] [stderr] 
[INFO] [stderr]       CMAKE_ASM_COMPILER
[INFO] [stderr]       CMAKE_ASM_FLAGS
[INFO] [stderr] 
[INFO] [stderr] 
[INFO] [stderr]   Warning: Argument number 4 after --target option is empty.
[INFO] [stderr]   /opt/rustwide/workdir/libui/common/attribute.c: In function 'uiprivAttributeRelease':
[INFO] [stderr]   /opt/rustwide/workdir/libui/common/attribute.c:65:76: warning: suggest braces around empty body in an 'if' statement [-Wempty-body]
[INFO] [stderr]      65 |   /* TODO implementation bug: we can't release an attribute we don't own */;
[INFO] [stderr]         |                                                                            ^
[INFO] [stderr]   /opt/rustwide/workdir/libui/common/attribute.c: In function 'uiFreeAttribute':
[INFO] [stderr]   /opt/rustwide/workdir/libui/common/attribute.c:74:65: warning: suggest braces around empty body in an 'if' statement [-Wempty-body]
[INFO] [stderr]      74 |   /* TODO user bug: you can't free an attribute you don't own */;
[INFO] [stderr]         |                                                                 ^
[INFO] [stderr]   /opt/rustwide/workdir/libui/common/attrlist.c: In function 'uiprivAttrListRemoveAttribute':
[INFO] [stderr]   /opt/rustwide/workdir/libui/common/attrlist.c:505:15: warning: variable 'tailsAt' set but not used [-Wunused-but-set-variable]
[INFO] [stderr]     505 |  struct attr *tailsAt = NULL;
[INFO] [stderr]         |               ^~~~~~~
[INFO] [stderr]   /opt/rustwide/workdir/libui/common/attrlist.c: In function 'uiprivAttrListRemoveAttributes':
[INFO] [stderr]   /opt/rustwide/workdir/libui/common/attrlist.c:552:15: warning: variable 'tailsAt' set but not used [-Wunused-but-set-variable]
[INFO] [stderr]     552 |  struct attr *tailsAt = NULL;
[INFO] [stderr]         |               ^~~~~~~
[INFO] [stderr]   cc: fatal error: Killed signal terminated program cc1
[INFO] [stderr]   compilation terminated.
[INFO] [stderr]   make[2]: *** [CMakeFiles/libui.dir/build.make:466: CMakeFiles/libui.dir/unix/fontmatch.c.o] Error 1
[INFO] [stderr]   make[2]: *** Waiting for unfinished jobs....
[INFO] [stderr]   cc: fatal error: Killed signal terminated program cc1
[INFO] [stderr]   compilation terminated.
[INFO] [stderr]   make[2]: *** [CMakeFiles/libui.dir/build.make:349: CMakeFiles/libui.dir/unix/datetimepicker.c.o] Error 1
[INFO] [stderr]   cc: fatal error: Killed signal terminated program cc1
[INFO] [stderr]   compilation terminated.
[INFO] [stderr]   make[2]: *** [CMakeFiles/libui.dir/build.make:232: CMakeFiles/libui.dir/unix/attrstr.c.o] Error 1
[INFO] [stderr]   cc: fatal error: Killed signal terminated program cc1
[INFO] [stderr]   compilation terminated.
[INFO] [stderr]   make[2]: *** [CMakeFiles/libui.dir/build.make:544: CMakeFiles/libui.dir/unix/image.c.o] Error 1
[INFO] [stderr]   cc: fatal error: Killed signal terminated program cc1
[INFO] [stderr]   compilation terminated.
[INFO] [stderr]   make[2]: *** [CMakeFiles/libui.dir/build.make:375: CMakeFiles/libui.dir/unix/draw.c.o] Error 1
[INFO] [stderr]   cc: fatal error: Killed signal terminated program cc1
[INFO] [stderr]   compilation terminated.
[INFO] [stderr]   make[2]: *** [CMakeFiles/libui.dir/build.make:245: CMakeFiles/libui.dir/unix/box.c.o] Error 1
[INFO] [stderr]   cc: fatal error: Killed signal terminated program cc1
[INFO] [stderr]   compilation terminated.
[INFO] [stderr]   make[2]: *** [CMakeFiles/libui.dir/build.make:323: CMakeFiles/libui.dir/unix/combobox.c.o] Error 1
[INFO] [stderr]   cc: fatal error: Killed signal terminated program cc1
[INFO] [stderr]   compilation terminated.
[INFO] [stderr]   make[2]: *** [CMakeFiles/libui.dir/build.make:583: CMakeFiles/libui.dir/unix/menu.c.o] Error 1
[INFO] [stderr]   cc: fatal error: Killed signal terminated program cc1
[INFO] [stderr]   compilation terminated.
[INFO] [stderr]   make[2]: *** [CMakeFiles/libui.dir/build.make:492: CMakeFiles/libui.dir/unix/future.c.o] Error 1
[INFO] [stderr]   cc: fatal error: Killed signal terminated program cc1
[INFO] [stderr]   compilation terminated.
[INFO] [stderr]   make[2]: *** [CMakeFiles/libui.dir/build.make:310: CMakeFiles/libui.dir/unix/colorbutton.c.o] Error 1
[INFO] [stderr]   /opt/rustwide/workdir/libui/unix/alloc.c: In function 'uninitComplain':
[INFO] [stderr]   /opt/rustwide/workdir/libui/unix/alloc.c:27:26: warning: zero-length gnu_printf format string [-Wformat-zero-length]
[INFO] [stderr]      27 |   *str = g_strdup_printf("");
[INFO] [stderr]         |                          ^~
[INFO] [stderr]   cc: fatal error: Killed signal terminated program cc1
[INFO] [stderr]   compilation terminated.
[INFO] [stderr]   /opt/rustwide/workdir/libui/unix/text.c: In function 'uiprivStricmp':
[INFO] [stderr]   /opt/rustwide/workdir/libui/unix/text.c:16:9: warning: implicit declaration of function 'strcasecmp'; did you mean 'g_strcasecmp'? [-Wimplicit-function-declaration]
[INFO] [stderr]      16 |  return strcasecmp(a, b);
[INFO] [stderr]         |         ^~~~~~~~~~
[INFO] [stderr]         |         g_strcasecmp
[INFO] [stderr]   make[2]: *** [CMakeFiles/libui.dir/build.make:219: CMakeFiles/libui.dir/unix/area.c.o] Error 1
[INFO] [stderr]   make[1]: *** [CMakeFiles/Makefile2:165: CMakeFiles/libui.dir/all] Error 2
[INFO] [stderr]   make: *** [Makefile:84: all] Error 2
[INFO] [stderr]   thread 'main' panicked at '
[INFO] [stderr]   command did not execute successfully, got: exit status: 2
[INFO] [stderr] 
[INFO] [stderr]   build script failed, must exit now', /opt/rustwide/cargo-home/registry/src/github.com-1ecc6299db9ec823/cmake-0.1.45/src/lib.rs:894:5
[INFO] [stderr]   stack backtrace:
[INFO] [stderr]      0:     0x55564b394ee0 - std::backtrace_rs::backtrace::libunwind::trace::hff4d1766e93f64f1
[INFO] [stderr]                                  at /rustc/53fd98ca776cb875bc9e5514f56b52eb74f9e7a9/library/std/src/../../backtrace/src/backtrace/libunwind.rs:90:5
[INFO] [stderr]      1:     0x55564b394ee0 - std::backtrace_rs::backtrace::trace_unsynchronized::h56bbc8eb78770bcb
[INFO] [stderr]                                  at /rustc/53fd98ca776cb875bc9e5514f56b52eb74f9e7a9/library/std/src/../../backtrace/src/backtrace/mod.rs:66:5
[INFO] [stderr]      2:     0x55564b394ee0 - std::sys_common::backtrace::_print_fmt::h5c8e75464faca780
[INFO] [stderr]                                  at /rustc/53fd98ca776cb875bc9e5514f56b52eb74f9e7a9/library/std/src/sys_common/backtrace.rs:67:5
[INFO] [stderr]      3:     0x55564b394ee0 - <std::sys_common::backtrace::_print::DisplayBacktrace as core::fmt::Display>::fmt::h48b88277def8b362
[INFO] [stderr]                                  at /rustc/53fd98ca776cb875bc9e5514f56b52eb74f9e7a9/library/std/src/sys_common/backtrace.rs:46:22
[INFO] [stderr]      4:     0x55564b3b4d8c - core::fmt::write::h3381b3176fe2b3d3
[INFO] [stderr]                                  at /rustc/53fd98ca776cb875bc9e5514f56b52eb74f9e7a9/library/core/src/fmt/mod.rs:1115:17
[INFO] [stderr]      5:     0x55564b391cf5 - std::io::Write::write_fmt::hd42607e5d8e44db0
[INFO] [stderr]                                  at /rustc/53fd98ca776cb875bc9e5514f56b52eb74f9e7a9/library/std/src/io/mod.rs:1665:15
[INFO] [stderr]      6:     0x55564b39751b - std::sys_common::backtrace::_print::ha537687d6c17dd0d
[INFO] [stderr]                                  at /rustc/53fd98ca776cb875bc9e5514f56b52eb74f9e7a9/library/std/src/sys_common/backtrace.rs:49:5
[INFO] [stderr]      7:     0x55564b39751b - std::sys_common::backtrace::print::h61376ae57d131d72
[INFO] [stderr]                                  at /rustc/53fd98ca776cb875bc9e5514f56b52eb74f9e7a9/library/std/src/sys_common/backtrace.rs:36:9
[INFO] [stderr]      8:     0x55564b39751b - std::panicking::default_hook::{{closure}}::h0f7208c0b9644a54
[INFO] [stderr]                                  at /rustc/53fd98ca776cb875bc9e5514f56b52eb74f9e7a9/library/std/src/panicking.rs:208:50
[INFO] [stderr]      9:     0x55564b396ff1 - std::panicking::default_hook::hdac7fc06578c14ce
[INFO] [stderr]                                  at /rustc/53fd98ca776cb875bc9e5514f56b52eb74f9e7a9/library/std/src/panicking.rs:225:9
[INFO] [stderr]     10:     0x55564b397be4 - std::panicking::rust_panic_with_hook::h72b21c283da3d1ef
[INFO] [stderr]                                  at /rustc/53fd98ca776cb875bc9e5514f56b52eb74f9e7a9/library/std/src/panicking.rs:622:17
[INFO] [stderr]     11:     0x55564b3976c7 - std::panicking::begin_panic_handler::{{closure}}::he5778f1729cff84a
[INFO] [stderr]                                  at /rustc/53fd98ca776cb875bc9e5514f56b52eb74f9e7a9/library/std/src/panicking.rs:519:13
[INFO] [stderr]     12:     0x55564b3953bc - std::sys_common::backtrace::__rust_end_short_backtrace::h2d11ca8b453b4b1d
[INFO] [stderr]                                  at /rustc/53fd98ca776cb875bc9e5514f56b52eb74f9e7a9/library/std/src/sys_common/backtrace.rs:141:18
[INFO] [stderr]     13:     0x55564b397629 - rust_begin_unwind
[INFO] [stderr]                                  at /rustc/53fd98ca776cb875bc9e5514f56b52eb74f9e7a9/library/std/src/panicking.rs:515:5
[INFO] [stderr]     14:     0x55564b315bbb - std::panicking::begin_panic_fmt::h746518bde832d259
[INFO] [stderr]                                  at /rustc/53fd98ca776cb875bc9e5514f56b52eb74f9e7a9/library/std/src/panicking.rs:457:5
[INFO] [stderr]     15:     0x55564b320063 - cmake::fail::h5b2ff5d8cd54107d
[INFO] [stderr]                                  at /opt/rustwide/cargo-home/registry/src/github.com-1ecc6299db9ec823/cmake-0.1.45/src/lib.rs:894:5
[INFO] [stderr]     16:     0x55564b31fa71 - cmake::run::h16e653742ac936ee
[INFO] [stderr]                                  at /opt/rustwide/cargo-home/registry/src/github.com-1ecc6299db9ec823/cmake-0.1.45/src/lib.rs:872:9
[INFO] [stderr]     17:     0x55564b31d4b1 - cmake::Config::build::h826ab55fb58b5948
[INFO] [stderr]                                  at /opt/rustwide/cargo-home/registry/src/github.com-1ecc6299db9ec823/cmake-0.1.45/src/lib.rs:778:9
[INFO] [stderr]     18:     0x55564b3173e2 - build_script_build::main::hf9affc6b094cf4f3
[INFO] [stderr]                                  at /opt/rustwide/workdir/build.rs:35:15
[INFO] [stderr]     19:     0x55564b317cfb - core::ops::function::FnOnce::call_once::h6867a6f386737803
[INFO] [stderr]                                  at /rustc/53fd98ca776cb875bc9e5514f56b52eb74f9e7a9/library/core/src/ops/function.rs:227:5
[INFO] [stderr]     20:     0x55564b317c4e - std::sys_common::backtrace::__rust_begin_short_backtrace::h8f599aaa8fd85705
[INFO] [stderr]                                  at /rustc/53fd98ca776cb875bc9e5514f56b52eb74f9e7a9/library/std/src/sys_common/backtrace.rs:125:18
[INFO] [stderr]     21:     0x55564b316e61 - std::rt::lang_start::{{closure}}::h1fe0aea581dfd836
[INFO] [stderr]                                  at /rustc/53fd98ca776cb875bc9e5514f56b52eb74f9e7a9/library/std/src/rt.rs:63:18
[INFO] [stderr]     22:     0x55564b3980ea - core::ops::function::impls::<impl core::ops::function::FnOnce<A> for &F>::call_once::ha88a7d1a4d24e549
[INFO] [stderr]                                  at /rustc/53fd98ca776cb875bc9e5514f56b52eb74f9e7a9/library/core/src/ops/function.rs:259:13
[INFO] [stderr]     23:     0x55564b3980ea - std::panicking::try::do_call::hd3b1d7740607ccc7
[INFO] [stderr]                                  at /rustc/53fd98ca776cb875bc9e5514f56b52eb74f9e7a9/library/std/src/panicking.rs:401:40
[INFO] [stderr]     24:     0x55564b3980ea - std::panicking::try::h0ee8c65ac7461507
[INFO] [stderr]                                  at /rustc/53fd98ca776cb875bc9e5514f56b52eb74f9e7a9/library/std/src/panicking.rs:365:19
[INFO] [stderr]     25:     0x55564b3980ea - std::panic::catch_unwind::head47f0de4ccd838
[INFO] [stderr]                                  at /rustc/53fd98ca776cb875bc9e5514f56b52eb74f9e7a9/library/std/src/panic.rs:434:14
[INFO] [stderr]     26:     0x55564b3980ea - std::rt::lang_start_internal::{{closure}}::hbc7de8ec820ac085
[INFO] [stderr]                                  at /rustc/53fd98ca776cb875bc9e5514f56b52eb74f9e7a9/library/std/src/rt.rs:45:48
[INFO] [stderr]     27:     0x55564b3980ea - std::panicking::try::do_call::h2609e52e8bad4a7b
[INFO] [stderr]                                  at /rustc/53fd98ca776cb875bc9e5514f56b52eb74f9e7a9/library/std/src/panicking.rs:401:40
[INFO] [stderr]     28:     0x55564b3980ea - std::panicking::try::hd0929f0b603e0389
[INFO] [stderr]                                  at /rustc/53fd98ca776cb875bc9e5514f56b52eb74f9e7a9/library/std/src/panicking.rs:365:19
[INFO] [stderr]     29:     0x55564b3980ea - std::panic::catch_unwind::h27902b81c3e47571
[INFO] [stderr]                                  at /rustc/53fd98ca776cb875bc9e5514f56b52eb74f9e7a9/library/std/src/panic.rs:434:14
[INFO] [stderr]     30:     0x55564b3980ea - std::rt::lang_start_internal::h3fb2d794dd391e3e
[INFO] [stderr]                                  at /rustc/53fd98ca776cb875bc9e5514f56b52eb74f9e7a9/library/std/src/rt.rs:45:20
[INFO] [stderr]     31:     0x55564b316e30 - std::rt::lang_start::he7146338c677c533
[INFO] [stderr]                                  at /rustc/53fd98ca776cb875bc9e5514f56b52eb74f9e7a9/library/std/src/rt.rs:62:5
[INFO] [stderr]     32:     0x55564b31789c - main
[INFO] [stderr]     33:     0x7f0b5aa110b3 - __libc_start_main
[INFO] [stderr]     34:     0x55564b316a5e - _start
[INFO] [stderr]     35:                0x0 - <unknown>
[INFO] running `Command { std: "docker" "inspect" "6b17ab5ebf1dedd722eaa182d3d73d19fef5dca370939453f8c409895841f3dd", kill_on_drop: false }`
[INFO] running `Command { std: "docker" "rm" "-f" "6b17ab5ebf1dedd722eaa182d3d73d19fef5dca370939453f8c409895841f3dd", kill_on_drop: false }`
[INFO] [stdout] 6b17ab5ebf1dedd722eaa182d3d73d19fef5dca370939453f8c409895841f3dd
