[INFO] fetching crate turbojpeg 0.1.0...
[INFO] testing turbojpeg-0.1.0 against 1.54.0 for beta-1.55-1
[INFO] extracting crate turbojpeg 0.1.0 into /workspace/builds/worker-100/source
[INFO] validating manifest of crates.io crate turbojpeg 0.1.0 on toolchain 1.54.0
[INFO] running `Command { std: "/workspace/cargo-home/bin/cargo" "+1.54.0" "metadata" "--manifest-path" "Cargo.toml" "--no-deps", kill_on_drop: false }`
[INFO] started tweaking crates.io crate turbojpeg 0.1.0
[INFO] finished tweaking crates.io crate turbojpeg 0.1.0
[INFO] tweaked toml for crates.io crate turbojpeg 0.1.0 written to /workspace/builds/worker-100/source/Cargo.toml
[INFO] crate crates.io crate turbojpeg 0.1.0 already has a lockfile, it will not be regenerated
[INFO] running `Command { std: "/workspace/cargo-home/bin/cargo" "+1.54.0" "fetch" "--manifest-path" "Cargo.toml", kill_on_drop: false }`
[INFO] running `Command { std: "docker" "create" "-v" "/var/lib/crater-agent-workspace/builds/worker-100/target:/opt/rustwide/target:rw,Z" "-v" "/var/lib/crater-agent-workspace/builds/worker-100/source:/opt/rustwide/workdir:ro,Z" "-v" "/var/lib/crater-agent-workspace/cargo-home:/opt/rustwide/cargo-home:ro,Z" "-v" "/var/lib/crater-agent-workspace/rustup-home:/opt/rustwide/rustup-home:ro,Z" "-e" "SOURCE_DIR=/opt/rustwide/workdir" "-e" "CARGO_TARGET_DIR=/opt/rustwide/target" "-e" "CARGO_HOME=/opt/rustwide/cargo-home" "-e" "RUSTUP_HOME=/opt/rustwide/rustup-home" "-w" "/opt/rustwide/workdir" "-m" "1610612736" "--user" "0:0" "--network" "none" "ghcr.io/rust-lang/crates-build-env/linux@sha256:34b6a614d2c27851fe6cbf88fbd1137609cefab8b10d0615aaeb6fd47975d74e" "/opt/rustwide/cargo-home/bin/cargo" "+1.54.0" "metadata" "--no-deps" "--format-version=1", kill_on_drop: false }`
[INFO] [stdout] 0963e01f75905eb047d524455621d29c9ac38fdefd4e6655255752d7c6c55e67
[INFO] running `Command { std: "docker" "start" "-a" "0963e01f75905eb047d524455621d29c9ac38fdefd4e6655255752d7c6c55e67", kill_on_drop: false }`
[INFO] running `Command { std: "docker" "inspect" "0963e01f75905eb047d524455621d29c9ac38fdefd4e6655255752d7c6c55e67", kill_on_drop: false }`
[INFO] running `Command { std: "docker" "rm" "-f" "0963e01f75905eb047d524455621d29c9ac38fdefd4e6655255752d7c6c55e67", kill_on_drop: false }`
[INFO] [stdout] 0963e01f75905eb047d524455621d29c9ac38fdefd4e6655255752d7c6c55e67
[INFO] running `Command { std: "docker" "create" "-v" "/var/lib/crater-agent-workspace/builds/worker-100/target:/opt/rustwide/target:rw,Z" "-v" "/var/lib/crater-agent-workspace/builds/worker-100/source:/opt/rustwide/workdir:ro,Z" "-v" "/var/lib/crater-agent-workspace/cargo-home:/opt/rustwide/cargo-home:ro,Z" "-v" "/var/lib/crater-agent-workspace/rustup-home:/opt/rustwide/rustup-home:ro,Z" "-e" "SOURCE_DIR=/opt/rustwide/workdir" "-e" "CARGO_TARGET_DIR=/opt/rustwide/target" "-e" "CARGO_INCREMENTAL=0" "-e" "RUST_BACKTRACE=full" "-e" "RUSTFLAGS=--cap-lints=warn" "-e" "CARGO_HOME=/opt/rustwide/cargo-home" "-e" "RUSTUP_HOME=/opt/rustwide/rustup-home" "-w" "/opt/rustwide/workdir" "-m" "1610612736" "--user" "0:0" "--network" "none" "ghcr.io/rust-lang/crates-build-env/linux@sha256:34b6a614d2c27851fe6cbf88fbd1137609cefab8b10d0615aaeb6fd47975d74e" "/opt/rustwide/cargo-home/bin/cargo" "+1.54.0" "build" "--frozen" "--message-format=json", kill_on_drop: false }`
[INFO] [stdout] a483319bd7f332237c8c90f6f802fc58e14f63ba822702ee32504dbe25e56cc5
[INFO] running `Command { std: "docker" "start" "-a" "a483319bd7f332237c8c90f6f802fc58e14f63ba822702ee32504dbe25e56cc5", kill_on_drop: false }`
[INFO] [stderr]     Blocking waiting for file lock on package cache
[INFO] [stderr]    Compiling anyhow v1.0.38
[INFO] [stderr]    Compiling syn v1.0.60
[INFO] [stderr]    Compiling libc v0.2.86
[INFO] [stderr]    Compiling proc-macro2 v1.0.24
[INFO] [stderr]    Compiling quote v1.0.9
[INFO] [stderr]    Compiling turbojpeg-sys v0.1.0
[INFO] [stderr]    Compiling thiserror-impl v1.0.24
[INFO] [stderr]    Compiling thiserror v1.0.24
[INFO] [stderr]    Compiling turbojpeg v0.1.0 (/opt/rustwide/workdir)
[INFO] [stderr]     Finished dev [unoptimized + debuginfo] target(s) in 17.01s
[INFO] running `Command { std: "docker" "inspect" "a483319bd7f332237c8c90f6f802fc58e14f63ba822702ee32504dbe25e56cc5", kill_on_drop: false }`
[INFO] running `Command { std: "docker" "rm" "-f" "a483319bd7f332237c8c90f6f802fc58e14f63ba822702ee32504dbe25e56cc5", kill_on_drop: false }`
[INFO] [stdout] a483319bd7f332237c8c90f6f802fc58e14f63ba822702ee32504dbe25e56cc5
[INFO] running `Command { std: "docker" "create" "-v" "/var/lib/crater-agent-workspace/builds/worker-100/target:/opt/rustwide/target:rw,Z" "-v" "/var/lib/crater-agent-workspace/builds/worker-100/source:/opt/rustwide/workdir:ro,Z" "-v" "/var/lib/crater-agent-workspace/cargo-home:/opt/rustwide/cargo-home:ro,Z" "-v" "/var/lib/crater-agent-workspace/rustup-home:/opt/rustwide/rustup-home:ro,Z" "-e" "SOURCE_DIR=/opt/rustwide/workdir" "-e" "CARGO_TARGET_DIR=/opt/rustwide/target" "-e" "CARGO_INCREMENTAL=0" "-e" "RUST_BACKTRACE=full" "-e" "RUSTFLAGS=--cap-lints=warn" "-e" "CARGO_HOME=/opt/rustwide/cargo-home" "-e" "RUSTUP_HOME=/opt/rustwide/rustup-home" "-w" "/opt/rustwide/workdir" "-m" "1610612736" "--user" "0:0" "--network" "none" "ghcr.io/rust-lang/crates-build-env/linux@sha256:34b6a614d2c27851fe6cbf88fbd1137609cefab8b10d0615aaeb6fd47975d74e" "/opt/rustwide/cargo-home/bin/cargo" "+1.54.0" "test" "--frozen" "--no-run" "--message-format=json", kill_on_drop: false }`
[INFO] [stdout] e9ae22a65e1d1fd9ca5851daa00f12d1411183de3eb6d06bb2e77a97c6e70e69
[INFO] running `Command { std: "docker" "start" "-a" "e9ae22a65e1d1fd9ca5851daa00f12d1411183de3eb6d06bb2e77a97c6e70e69", kill_on_drop: false }`
[INFO] [stderr]    Compiling rayon-core v1.9.0
[INFO] [stderr]    Compiling crc32fast v1.2.1
[INFO] [stderr]    Compiling either v1.6.1
[INFO] [stderr]    Compiling adler32 v1.2.0
[INFO] [stderr]    Compiling byteorder v1.4.2
[INFO] [stderr]    Compiling weezl v0.1.4
[INFO] [stderr]    Compiling color_quant v1.1.0
[INFO] [stderr]    Compiling bytemuck v1.5.1
[INFO] [stderr]    Compiling scoped_threadpool v0.1.9
[INFO] [stderr]    Compiling crossbeam-utils v0.8.2
[INFO] [stderr]    Compiling memoffset v0.6.1
[INFO] [stderr]    Compiling num-traits v0.2.14
[INFO] [stderr]    Compiling num-integer v0.1.44
[INFO] [stderr]    Compiling rayon v1.5.0
[INFO] [stderr]    Compiling miniz_oxide v0.4.3
[INFO] [stderr]    Compiling num-iter v0.1.42
[INFO] [stderr]    Compiling num-rational v0.3.2
[INFO] [stderr]    Compiling bitflags v1.2.1
[INFO] [stderr]    Compiling num_cpus v1.13.0
[INFO] [stderr]    Compiling atty v0.2.14
[INFO] [stderr]    Compiling miniz_oxide v0.3.7
[INFO] [stderr]    Compiling clap v2.33.3
[INFO] [stderr]    Compiling deflate v0.8.6
[INFO] [stderr]    Compiling gif v0.11.1
[INFO] [stderr]    Compiling png v0.16.8
[INFO] [stderr]    Compiling crossbeam-epoch v0.9.2
[INFO] [stderr]    Compiling crossbeam-channel v0.5.0
[INFO] [stderr]    Compiling crossbeam-deque v0.8.0
[INFO] [stderr]    Compiling jpeg-decoder v0.1.22
[INFO] [stderr]    Compiling tiff v0.6.1
[INFO] [stderr]    Compiling image v0.23.13
[INFO] [stderr]    Compiling turbojpeg v0.1.0 (/opt/rustwide/workdir)
[INFO] [stdout] error: linking with `cc` failed: exit status: 1
[INFO] [stdout]   |
[INFO] [stdout]   = note: "cc" "-m64" "/opt/rustwide/target/debug/examples/simple_decompress-27d5aa035ad7f774.simple_decompress.adgw6b2u-cgu.0.rcgu.o" "/opt/rustwide/target/debug/examples/simple_decompress-27d5aa035ad7f774.simple_decompress.adgw6b2u-cgu.1.rcgu.o" "/opt/rustwide/target/debug/examples/simple_decompress-27d5aa035ad7f774.simple_decompress.adgw6b2u-cgu.10.rcgu.o" "/opt/rustwide/target/debug/examples/simple_decompress-27d5aa035ad7f774.simple_decompress.adgw6b2u-cgu.11.rcgu.o" "/opt/rustwide/target/debug/examples/simple_decompress-27d5aa035ad7f774.simple_decompress.adgw6b2u-cgu.12.rcgu.o" "/opt/rustwide/target/debug/examples/simple_decompress-27d5aa035ad7f774.simple_decompress.adgw6b2u-cgu.13.rcgu.o" "/opt/rustwide/target/debug/examples/simple_decompress-27d5aa035ad7f774.simple_decompress.adgw6b2u-cgu.14.rcgu.o" "/opt/rustwide/target/debug/examples/simple_decompress-27d5aa035ad7f774.simple_decompress.adgw6b2u-cgu.15.rcgu.o" "/opt/rustwide/target/debug/examples/simple_decompress-27d5aa035ad7f774.simple_decompress.adgw6b2u-cgu.2.rcgu.o" "/opt/rustwide/target/debug/examples/simple_decompress-27d5aa035ad7f774.simple_decompress.adgw6b2u-cgu.3.rcgu.o" "/opt/rustwide/target/debug/examples/simple_decompress-27d5aa035ad7f774.simple_decompress.adgw6b2u-cgu.4.rcgu.o" "/opt/rustwide/target/debug/examples/simple_decompress-27d5aa035ad7f774.simple_decompress.adgw6b2u-cgu.5.rcgu.o" "/opt/rustwide/target/debug/examples/simple_decompress-27d5aa035ad7f774.simple_decompress.adgw6b2u-cgu.6.rcgu.o" "/opt/rustwide/target/debug/examples/simple_decompress-27d5aa035ad7f774.simple_decompress.adgw6b2u-cgu.7.rcgu.o" "/opt/rustwide/target/debug/examples/simple_decompress-27d5aa035ad7f774.simple_decompress.adgw6b2u-cgu.8.rcgu.o" "/opt/rustwide/target/debug/examples/simple_decompress-27d5aa035ad7f774.simple_decompress.adgw6b2u-cgu.9.rcgu.o" "/opt/rustwide/target/debug/examples/simple_decompress-27d5aa035ad7f774.820nczw2t4lmr2u.rcgu.o" "-Wl,--as-needed" "-L" "/opt/rustwide/target/debug/deps" "-L" "/opt/rustwide/rustup-home/toolchains/1.54.0-x86_64-unknown-linux-gnu/lib/rustlib/x86_64-unknown-linux-gnu/lib" "-Wl,-Bstatic" "/opt/rustwide/target/debug/deps/libturbojpeg-cd0cda32bc865a5d.rlib" "/opt/rustwide/target/debug/deps/libthiserror-6bd39e9ef9cf76a9.rlib" "/opt/rustwide/target/debug/deps/libturbojpeg_sys-88094eddfcc41800.rlib" "/opt/rustwide/target/debug/deps/liblibc-a5ccc1337901d188.rlib" "-Wl,--start-group" "/opt/rustwide/rustup-home/toolchains/1.54.0-x86_64-unknown-linux-gnu/lib/rustlib/x86_64-unknown-linux-gnu/lib/libstd-2420485b9e5ef5e1.rlib" "/opt/rustwide/rustup-home/toolchains/1.54.0-x86_64-unknown-linux-gnu/lib/rustlib/x86_64-unknown-linux-gnu/lib/libpanic_unwind-785e3cb61c4b1960.rlib" "/opt/rustwide/rustup-home/toolchains/1.54.0-x86_64-unknown-linux-gnu/lib/rustlib/x86_64-unknown-linux-gnu/lib/libminiz_oxide-087191a88bdaa22d.rlib" "/opt/rustwide/rustup-home/toolchains/1.54.0-x86_64-unknown-linux-gnu/lib/rustlib/x86_64-unknown-linux-gnu/lib/libadler-9981842c02975178.rlib" "/opt/rustwide/rustup-home/toolchains/1.54.0-x86_64-unknown-linux-gnu/lib/rustlib/x86_64-unknown-linux-gnu/lib/libobject-6fb405869b015fde.rlib" "/opt/rustwide/rustup-home/toolchains/1.54.0-x86_64-unknown-linux-gnu/lib/rustlib/x86_64-unknown-linux-gnu/lib/libaddr2line-d05c5c3c56004b7b.rlib" "/opt/rustwide/rustup-home/toolchains/1.54.0-x86_64-unknown-linux-gnu/lib/rustlib/x86_64-unknown-linux-gnu/lib/libgimli-42d74d2097528b38.rlib" "/opt/rustwide/rustup-home/toolchains/1.54.0-x86_64-unknown-linux-gnu/lib/rustlib/x86_64-unknown-linux-gnu/lib/libstd_detect-fb36534c113d2209.rlib" "/opt/rustwide/rustup-home/toolchains/1.54.0-x86_64-unknown-linux-gnu/lib/rustlib/x86_64-unknown-linux-gnu/lib/librustc_demangle-b56b9042c12b6535.rlib" "/opt/rustwide/rustup-home/toolchains/1.54.0-x86_64-unknown-linux-gnu/lib/rustlib/x86_64-unknown-linux-gnu/lib/libhashbrown-491902d6cb3e76df.rlib" "/opt/rustwide/rustup-home/toolchains/1.54.0-x86_64-unknown-linux-gnu/lib/rustlib/x86_64-unknown-linux-gnu/lib/librustc_std_workspace_alloc-61834e0981b8c367.rlib" "/opt/rustwide/rustup-home/toolchains/1.54.0-x86_64-unknown-linux-gnu/lib/rustlib/x86_64-unknown-linux-gnu/lib/libunwind-f78aa99d613a55bc.rlib" "/opt/rustwide/rustup-home/toolchains/1.54.0-x86_64-unknown-linux-gnu/lib/rustlib/x86_64-unknown-linux-gnu/lib/libcfg_if-53ee54cd7fed2c57.rlib" "/opt/rustwide/rustup-home/toolchains/1.54.0-x86_64-unknown-linux-gnu/lib/rustlib/x86_64-unknown-linux-gnu/lib/liblibc-544ecdbd6cda3c58.rlib" "/opt/rustwide/rustup-home/toolchains/1.54.0-x86_64-unknown-linux-gnu/lib/rustlib/x86_64-unknown-linux-gnu/lib/liballoc-379cc252b6943a79.rlib" "/opt/rustwide/rustup-home/toolchains/1.54.0-x86_64-unknown-linux-gnu/lib/rustlib/x86_64-unknown-linux-gnu/lib/librustc_std_workspace_core-8063eea38dcc5e62.rlib" "/opt/rustwide/rustup-home/toolchains/1.54.0-x86_64-unknown-linux-gnu/lib/rustlib/x86_64-unknown-linux-gnu/lib/libcore-5b228734afae15ee.rlib" "-Wl,--end-group" "/opt/rustwide/rustup-home/toolchains/1.54.0-x86_64-unknown-linux-gnu/lib/rustlib/x86_64-unknown-linux-gnu/lib/libcompiler_builtins-d6c7a399d95d173f.rlib" "-Wl,-Bdynamic" "-lturbojpeg" "-lgcc_s" "-lutil" "-lrt" "-lpthread" "-lm" "-ldl" "-lc" "-Wl,--eh-frame-hdr" "-Wl,-znoexecstack" "-L" "/opt/rustwide/rustup-home/toolchains/1.54.0-x86_64-unknown-linux-gnu/lib/rustlib/x86_64-unknown-linux-gnu/lib" "-o" "/opt/rustwide/target/debug/examples/simple_decompress-27d5aa035ad7f774" "-Wl,--gc-sections" "-pie" "-Wl,-zrelro" "-Wl,-znow" "-nodefaultlibs"
[INFO] [stdout]   = note: /usr/bin/ld: cannot find -lturbojpeg
[INFO] [stdout]           collect2: error: ld returned 1 exit status
[INFO] [stdout]           
[INFO] [stdout] 
[INFO] [stdout] 
[INFO] [stdout] error: aborting due to previous error
[INFO] [stdout] 
[INFO] [stdout] 
[INFO] [stdout] error: linking with `cc` failed: exit status: 1
[INFO] [stdout]   |
[INFO] [stdout]   = note: "cc" "-m64" "/opt/rustwide/target/debug/examples/simple_compress-d60d77b6c6a7b573.simple_compress.5tc2u0o3-cgu.0.rcgu.o" "/opt/rustwide/target/debug/examples/simple_compress-d60d77b6c6a7b573.simple_compress.5tc2u0o3-cgu.1.rcgu.o" "/opt/rustwide/target/debug/examples/simple_compress-d60d77b6c6a7b573.simple_compress.5tc2u0o3-cgu.10.rcgu.o" "/opt/rustwide/target/debug/examples/simple_compress-d60d77b6c6a7b573.simple_compress.5tc2u0o3-cgu.11.rcgu.o" "/opt/rustwide/target/debug/examples/simple_compress-d60d77b6c6a7b573.simple_compress.5tc2u0o3-cgu.12.rcgu.o" "/opt/rustwide/target/debug/examples/simple_compress-d60d77b6c6a7b573.simple_compress.5tc2u0o3-cgu.13.rcgu.o" "/opt/rustwide/target/debug/examples/simple_compress-d60d77b6c6a7b573.simple_compress.5tc2u0o3-cgu.14.rcgu.o" "/opt/rustwide/target/debug/examples/simple_compress-d60d77b6c6a7b573.simple_compress.5tc2u0o3-cgu.15.rcgu.o" "/opt/rustwide/target/debug/examples/simple_compress-d60d77b6c6a7b573.simple_compress.5tc2u0o3-cgu.2.rcgu.o" "/opt/rustwide/target/debug/examples/simple_compress-d60d77b6c6a7b573.simple_compress.5tc2u0o3-cgu.3.rcgu.o" "/opt/rustwide/target/debug/examples/simple_compress-d60d77b6c6a7b573.simple_compress.5tc2u0o3-cgu.4.rcgu.o" "/opt/rustwide/target/debug/examples/simple_compress-d60d77b6c6a7b573.simple_compress.5tc2u0o3-cgu.5.rcgu.o" "/opt/rustwide/target/debug/examples/simple_compress-d60d77b6c6a7b573.simple_compress.5tc2u0o3-cgu.6.rcgu.o" "/opt/rustwide/target/debug/examples/simple_compress-d60d77b6c6a7b573.simple_compress.5tc2u0o3-cgu.7.rcgu.o" "/opt/rustwide/target/debug/examples/simple_compress-d60d77b6c6a7b573.simple_compress.5tc2u0o3-cgu.8.rcgu.o" "/opt/rustwide/target/debug/examples/simple_compress-d60d77b6c6a7b573.simple_compress.5tc2u0o3-cgu.9.rcgu.o" "/opt/rustwide/target/debug/examples/simple_compress-d60d77b6c6a7b573.15tdcwds036lvq55.rcgu.o" "-Wl,--as-needed" "-L" "/opt/rustwide/target/debug/deps" "-L" "/opt/rustwide/rustup-home/toolchains/1.54.0-x86_64-unknown-linux-gnu/lib/rustlib/x86_64-unknown-linux-gnu/lib" "-Wl,-Bstatic" "/opt/rustwide/target/debug/deps/libturbojpeg-cd0cda32bc865a5d.rlib" "/opt/rustwide/target/debug/deps/libthiserror-6bd39e9ef9cf76a9.rlib" "/opt/rustwide/target/debug/deps/libturbojpeg_sys-88094eddfcc41800.rlib" "/opt/rustwide/target/debug/deps/liblibc-a5ccc1337901d188.rlib" "-Wl,--start-group" "/opt/rustwide/rustup-home/toolchains/1.54.0-x86_64-unknown-linux-gnu/lib/rustlib/x86_64-unknown-linux-gnu/lib/libstd-2420485b9e5ef5e1.rlib" "/opt/rustwide/rustup-home/toolchains/1.54.0-x86_64-unknown-linux-gnu/lib/rustlib/x86_64-unknown-linux-gnu/lib/libpanic_unwind-785e3cb61c4b1960.rlib" "/opt/rustwide/rustup-home/toolchains/1.54.0-x86_64-unknown-linux-gnu/lib/rustlib/x86_64-unknown-linux-gnu/lib/libminiz_oxide-087191a88bdaa22d.rlib" "/opt/rustwide/rustup-home/toolchains/1.54.0-x86_64-unknown-linux-gnu/lib/rustlib/x86_64-unknown-linux-gnu/lib/libadler-9981842c02975178.rlib" "/opt/rustwide/rustup-home/toolchains/1.54.0-x86_64-unknown-linux-gnu/lib/rustlib/x86_64-unknown-linux-gnu/lib/libobject-6fb405869b015fde.rlib" "/opt/rustwide/rustup-home/toolchains/1.54.0-x86_64-unknown-linux-gnu/lib/rustlib/x86_64-unknown-linux-gnu/lib/libaddr2line-d05c5c3c56004b7b.rlib" "/opt/rustwide/rustup-home/toolchains/1.54.0-x86_64-unknown-linux-gnu/lib/rustlib/x86_64-unknown-linux-gnu/lib/libgimli-42d74d2097528b38.rlib" "/opt/rustwide/rustup-home/toolchains/1.54.0-x86_64-unknown-linux-gnu/lib/rustlib/x86_64-unknown-linux-gnu/lib/libstd_detect-fb36534c113d2209.rlib" "/opt/rustwide/rustup-home/toolchains/1.54.0-x86_64-unknown-linux-gnu/lib/rustlib/x86_64-unknown-linux-gnu/lib/librustc_demangle-b56b9042c12b6535.rlib" "/opt/rustwide/rustup-home/toolchains/1.54.0-x86_64-unknown-linux-gnu/lib/rustlib/x86_64-unknown-linux-gnu/lib/libhashbrown-491902d6cb3e76df.rlib" "/opt/rustwide/rustup-home/toolchains/1.54.0-x86_64-unknown-linux-gnu/lib/rustlib/x86_64-unknown-linux-gnu/lib/librustc_std_workspace_alloc-61834e0981b8c367.rlib" "/opt/rustwide/rustup-home/toolchains/1.54.0-x86_64-unknown-linux-gnu/lib/rustlib/x86_64-unknown-linux-gnu/lib/libunwind-f78aa99d613a55bc.rlib" "/opt/rustwide/rustup-home/toolchains/1.54.0-x86_64-unknown-linux-gnu/lib/rustlib/x86_64-unknown-linux-gnu/lib/libcfg_if-53ee54cd7fed2c57.rlib" "/opt/rustwide/rustup-home/toolchains/1.54.0-x86_64-unknown-linux-gnu/lib/rustlib/x86_64-unknown-linux-gnu/lib/liblibc-544ecdbd6cda3c58.rlib" "/opt/rustwide/rustup-home/toolchains/1.54.0-x86_64-unknown-linux-gnu/lib/rustlib/x86_64-unknown-linux-gnu/lib/liballoc-379cc252b6943a79.rlib" "/opt/rustwide/rustup-home/toolchains/1.54.0-x86_64-unknown-linux-gnu/lib/rustlib/x86_64-unknown-linux-gnu/lib/librustc_std_workspace_core-8063eea38dcc5e62.rlib" "/opt/rustwide/rustup-home/toolchains/1.54.0-x86_64-unknown-linux-gnu/lib/rustlib/x86_64-unknown-linux-gnu/lib/libcore-5b228734afae15ee.rlib" "-Wl,--end-group" "/opt/rustwide/rustup-home/toolchains/1.54.0-x86_64-unknown-linux-gnu/lib/rustlib/x86_64-unknown-linux-gnu/lib/libcompiler_builtins-d6c7a399d95d173f.rlib" "-Wl,-Bdynamic" "-lturbojpeg" "-lgcc_s" "-lutil" "-lrt" "-lpthread" "-lm" "-ldl" "-lc" "-Wl,--eh-frame-hdr" "-Wl,-znoexecstack" "-L" "/opt/rustwide/rustup-home/toolchains/1.54.0-x86_64-unknown-linux-gnu/lib/rustlib/x86_64-unknown-linux-gnu/lib" "-o" "/opt/rustwide/target/debug/examples/simple_compress-d60d77b6c6a7b573" "-Wl,--gc-sections" "-pie" "-Wl,-zrelro" "-Wl,-znow" "-nodefaultlibs"
[INFO] [stdout]   = note: /usr/bin/ld: cannot find -lturbojpeg
[INFO] [stdout]           collect2: error: ld returned 1 exit status
[INFO] [stdout]           
[INFO] [stdout] 
[INFO] [stdout] 
[INFO] [stdout] error: aborting due to previous error
[INFO] [stdout] 
[INFO] [stdout] 
[INFO] [stderr] error: could not compile `turbojpeg`
[INFO] [stderr] 
[INFO] [stderr] To learn more, run the command again with --verbose.
[INFO] [stderr] warning: build failed, waiting for other jobs to finish...
[INFO] [stdout] error: linking with `cc` failed: exit status: 1
[INFO] [stdout]   |
[INFO] [stdout]   = note: "cc" "-m64" "/opt/rustwide/target/debug/deps/turbojpeg-4f7fd4d31ea23532.turbojpeg.60eulgxx-cgu.0.rcgu.o" "/opt/rustwide/target/debug/deps/turbojpeg-4f7fd4d31ea23532.turbojpeg.60eulgxx-cgu.1.rcgu.o" "/opt/rustwide/target/debug/deps/turbojpeg-4f7fd4d31ea23532.turbojpeg.60eulgxx-cgu.2.rcgu.o" "/opt/rustwide/target/debug/deps/turbojpeg-4f7fd4d31ea23532.turbojpeg.60eulgxx-cgu.3.rcgu.o" "/opt/rustwide/target/debug/deps/turbojpeg-4f7fd4d31ea23532.turbojpeg.60eulgxx-cgu.4.rcgu.o" "/opt/rustwide/target/debug/deps/turbojpeg-4f7fd4d31ea23532.turbojpeg.60eulgxx-cgu.5.rcgu.o" "/opt/rustwide/target/debug/deps/turbojpeg-4f7fd4d31ea23532.turbojpeg.60eulgxx-cgu.6.rcgu.o" "/opt/rustwide/target/debug/deps/turbojpeg-4f7fd4d31ea23532.turbojpeg.60eulgxx-cgu.7.rcgu.o" "/opt/rustwide/target/debug/deps/turbojpeg-4f7fd4d31ea23532.40i5ok90zch1k8s8.rcgu.o" "-Wl,--as-needed" "-L" "/opt/rustwide/target/debug/deps" "-L" "/opt/rustwide/rustup-home/toolchains/1.54.0-x86_64-unknown-linux-gnu/lib/rustlib/x86_64-unknown-linux-gnu/lib" "-Wl,-Bstatic" "/opt/rustwide/rustup-home/toolchains/1.54.0-x86_64-unknown-linux-gnu/lib/rustlib/x86_64-unknown-linux-gnu/lib/libtest-3599c5491d44663f.rlib" "/opt/rustwide/rustup-home/toolchains/1.54.0-x86_64-unknown-linux-gnu/lib/rustlib/x86_64-unknown-linux-gnu/lib/libterm-1d56ea45a67842c8.rlib" "/opt/rustwide/rustup-home/toolchains/1.54.0-x86_64-unknown-linux-gnu/lib/rustlib/x86_64-unknown-linux-gnu/lib/libgetopts-9749f7c936ebf9a7.rlib" "/opt/rustwide/rustup-home/toolchains/1.54.0-x86_64-unknown-linux-gnu/lib/rustlib/x86_64-unknown-linux-gnu/lib/libunicode_width-627a220173eefff1.rlib" "/opt/rustwide/rustup-home/toolchains/1.54.0-x86_64-unknown-linux-gnu/lib/rustlib/x86_64-unknown-linux-gnu/lib/librustc_std_workspace_std-16ed15e5bfe21b9b.rlib" "/opt/rustwide/target/debug/deps/libthiserror-6bd39e9ef9cf76a9.rlib" "/opt/rustwide/target/debug/deps/libturbojpeg_sys-88094eddfcc41800.rlib" "/opt/rustwide/target/debug/deps/liblibc-a5ccc1337901d188.rlib" "-Wl,--start-group" "/opt/rustwide/rustup-home/toolchains/1.54.0-x86_64-unknown-linux-gnu/lib/rustlib/x86_64-unknown-linux-gnu/lib/libstd-2420485b9e5ef5e1.rlib" "/opt/rustwide/rustup-home/toolchains/1.54.0-x86_64-unknown-linux-gnu/lib/rustlib/x86_64-unknown-linux-gnu/lib/libpanic_unwind-785e3cb61c4b1960.rlib" "/opt/rustwide/rustup-home/toolchains/1.54.0-x86_64-unknown-linux-gnu/lib/rustlib/x86_64-unknown-linux-gnu/lib/libminiz_oxide-087191a88bdaa22d.rlib" "/opt/rustwide/rustup-home/toolchains/1.54.0-x86_64-unknown-linux-gnu/lib/rustlib/x86_64-unknown-linux-gnu/lib/libadler-9981842c02975178.rlib" "/opt/rustwide/rustup-home/toolchains/1.54.0-x86_64-unknown-linux-gnu/lib/rustlib/x86_64-unknown-linux-gnu/lib/libobject-6fb405869b015fde.rlib" "/opt/rustwide/rustup-home/toolchains/1.54.0-x86_64-unknown-linux-gnu/lib/rustlib/x86_64-unknown-linux-gnu/lib/libaddr2line-d05c5c3c56004b7b.rlib" "/opt/rustwide/rustup-home/toolchains/1.54.0-x86_64-unknown-linux-gnu/lib/rustlib/x86_64-unknown-linux-gnu/lib/libgimli-42d74d2097528b38.rlib" "/opt/rustwide/rustup-home/toolchains/1.54.0-x86_64-unknown-linux-gnu/lib/rustlib/x86_64-unknown-linux-gnu/lib/libstd_detect-fb36534c113d2209.rlib" "/opt/rustwide/rustup-home/toolchains/1.54.0-x86_64-unknown-linux-gnu/lib/rustlib/x86_64-unknown-linux-gnu/lib/librustc_demangle-b56b9042c12b6535.rlib" "/opt/rustwide/rustup-home/toolchains/1.54.0-x86_64-unknown-linux-gnu/lib/rustlib/x86_64-unknown-linux-gnu/lib/libhashbrown-491902d6cb3e76df.rlib" "/opt/rustwide/rustup-home/toolchains/1.54.0-x86_64-unknown-linux-gnu/lib/rustlib/x86_64-unknown-linux-gnu/lib/librustc_std_workspace_alloc-61834e0981b8c367.rlib" "/opt/rustwide/rustup-home/toolchains/1.54.0-x86_64-unknown-linux-gnu/lib/rustlib/x86_64-unknown-linux-gnu/lib/libunwind-f78aa99d613a55bc.rlib" "/opt/rustwide/rustup-home/toolchains/1.54.0-x86_64-unknown-linux-gnu/lib/rustlib/x86_64-unknown-linux-gnu/lib/libcfg_if-53ee54cd7fed2c57.rlib" "/opt/rustwide/rustup-home/toolchains/1.54.0-x86_64-unknown-linux-gnu/lib/rustlib/x86_64-unknown-linux-gnu/lib/liblibc-544ecdbd6cda3c58.rlib" "/opt/rustwide/rustup-home/toolchains/1.54.0-x86_64-unknown-linux-gnu/lib/rustlib/x86_64-unknown-linux-gnu/lib/liballoc-379cc252b6943a79.rlib" "/opt/rustwide/rustup-home/toolchains/1.54.0-x86_64-unknown-linux-gnu/lib/rustlib/x86_64-unknown-linux-gnu/lib/librustc_std_workspace_core-8063eea38dcc5e62.rlib" "/opt/rustwide/rustup-home/toolchains/1.54.0-x86_64-unknown-linux-gnu/lib/rustlib/x86_64-unknown-linux-gnu/lib/libcore-5b228734afae15ee.rlib" "-Wl,--end-group" "/opt/rustwide/rustup-home/toolchains/1.54.0-x86_64-unknown-linux-gnu/lib/rustlib/x86_64-unknown-linux-gnu/lib/libcompiler_builtins-d6c7a399d95d173f.rlib" "-Wl,-Bdynamic" "-lturbojpeg" "-lgcc_s" "-lutil" "-lrt" "-lpthread" "-lm" "-ldl" "-lc" "-Wl,--eh-frame-hdr" "-Wl,-znoexecstack" "-L" "/opt/rustwide/rustup-home/toolchains/1.54.0-x86_64-unknown-linux-gnu/lib/rustlib/x86_64-unknown-linux-gnu/lib" "-o" "/opt/rustwide/target/debug/deps/turbojpeg-4f7fd4d31ea23532" "-Wl,--gc-sections" "-pie" "-Wl,-zrelro" "-Wl,-znow" "-nodefaultlibs"
[INFO] [stdout]   = note: /usr/bin/ld: cannot find -lturbojpeg
[INFO] [stdout]           collect2: error: ld returned 1 exit status
[INFO] [stdout]           
[INFO] [stdout] 
[INFO] [stdout] 
[INFO] [stdout] error: aborting due to previous error
[INFO] [stdout] 
[INFO] [stdout] 
[INFO] [stdout] error: linking with `cc` failed: exit status: 1
[INFO] [stdout]   |
[INFO] [stdout]   = note: "cc" "-m64" "/opt/rustwide/target/debug/examples/djpeg-b6d277a557ad60f5.djpeg.4262or1e-cgu.0.rcgu.o" "/opt/rustwide/target/debug/examples/djpeg-b6d277a557ad60f5.djpeg.4262or1e-cgu.1.rcgu.o" "/opt/rustwide/target/debug/examples/djpeg-b6d277a557ad60f5.djpeg.4262or1e-cgu.10.rcgu.o" "/opt/rustwide/target/debug/examples/djpeg-b6d277a557ad60f5.djpeg.4262or1e-cgu.11.rcgu.o" "/opt/rustwide/target/debug/examples/djpeg-b6d277a557ad60f5.djpeg.4262or1e-cgu.12.rcgu.o" "/opt/rustwide/target/debug/examples/djpeg-b6d277a557ad60f5.djpeg.4262or1e-cgu.13.rcgu.o" "/opt/rustwide/target/debug/examples/djpeg-b6d277a557ad60f5.djpeg.4262or1e-cgu.14.rcgu.o" "/opt/rustwide/target/debug/examples/djpeg-b6d277a557ad60f5.djpeg.4262or1e-cgu.15.rcgu.o" "/opt/rustwide/target/debug/examples/djpeg-b6d277a557ad60f5.djpeg.4262or1e-cgu.2.rcgu.o" "/opt/rustwide/target/debug/examples/djpeg-b6d277a557ad60f5.djpeg.4262or1e-cgu.3.rcgu.o" "/opt/rustwide/target/debug/examples/djpeg-b6d277a557ad60f5.djpeg.4262or1e-cgu.4.rcgu.o" "/opt/rustwide/target/debug/examples/djpeg-b6d277a557ad60f5.djpeg.4262or1e-cgu.5.rcgu.o" "/opt/rustwide/target/debug/examples/djpeg-b6d277a557ad60f5.djpeg.4262or1e-cgu.6.rcgu.o" "/opt/rustwide/target/debug/examples/djpeg-b6d277a557ad60f5.djpeg.4262or1e-cgu.7.rcgu.o" "/opt/rustwide/target/debug/examples/djpeg-b6d277a557ad60f5.djpeg.4262or1e-cgu.8.rcgu.o" "/opt/rustwide/target/debug/examples/djpeg-b6d277a557ad60f5.djpeg.4262or1e-cgu.9.rcgu.o" "/opt/rustwide/target/debug/examples/djpeg-b6d277a557ad60f5.45vf036joxf9ydut.rcgu.o" "-Wl,--as-needed" "-L" "/opt/rustwide/target/debug/deps" "-L" "/opt/rustwide/rustup-home/toolchains/1.54.0-x86_64-unknown-linux-gnu/lib/rustlib/x86_64-unknown-linux-gnu/lib" "-Wl,-Bstatic" "/opt/rustwide/target/debug/deps/libimage-f799f8ca91c2245f.rlib" "/opt/rustwide/target/debug/deps/libbytemuck-6bdd15c3276b7340.rlib" "/opt/rustwide/target/debug/deps/libpng-c67d2914c1c01c21.rlib" "/opt/rustwide/target/debug/deps/libminiz_oxide-396e6b4aeac65559.rlib" "/opt/rustwide/target/debug/deps/libcrc32fast-e6a82e63ff40e00b.rlib" "/opt/rustwide/target/debug/deps/libdeflate-ff1234bf1c0f4570.rlib" "/opt/rustwide/target/debug/deps/libadler32-d2a950228df2f2e4.rlib" "/opt/rustwide/target/debug/deps/libnum_iter-6994e86e75032f20.rlib" "/opt/rustwide/target/debug/deps/libscoped_threadpool-b57ca677d8d780cf.rlib" "/opt/rustwide/target/debug/deps/libnum_rational-e3817cb1928efd59.rlib" "/opt/rustwide/target/debug/deps/libnum_integer-1b05607c52488d5f.rlib" "/opt/rustwide/target/debug/deps/libgif-e0aa9a2efcaf541f.rlib" "/opt/rustwide/target/debug/deps/libcolor_quant-1591bc25e79c8848.rlib" "/opt/rustwide/target/debug/deps/libbyteorder-3a640e6d7cbe5c36.rlib" "/opt/rustwide/target/debug/deps/libnum_traits-a2639720a0ec4c76.rlib" "/opt/rustwide/target/debug/deps/libtiff-6d316f223f608790.rlib" "/opt/rustwide/target/debug/deps/libweezl-5939fe09462a61e0.rlib" "/opt/rustwide/target/debug/deps/libminiz_oxide-c11adf897456cbba.rlib" "/opt/rustwide/target/debug/deps/libadler-bd67535c449a3717.rlib" "/opt/rustwide/target/debug/deps/libjpeg_decoder-f27b871428d15904.rlib" "/opt/rustwide/target/debug/deps/librayon-2e58ef57f1746f80.rlib" "/opt/rustwide/target/debug/deps/librayon_core-1224bc9e376cbe1c.rlib" "/opt/rustwide/target/debug/deps/libnum_cpus-ac0e8f4122fc1271.rlib" "/opt/rustwide/target/debug/deps/libcrossbeam_deque-2a6603b692f3685e.rlib" "/opt/rustwide/target/debug/deps/libcrossbeam_epoch-6edb94a3f4898853.rlib" "/opt/rustwide/target/debug/deps/libmemoffset-143a1b8fc5a22334.rlib" "/opt/rustwide/target/debug/deps/libscopeguard-7a1710762e6687e9.rlib" "/opt/rustwide/target/debug/deps/libcrossbeam_channel-cb700881d33fd2df.rlib" "/opt/rustwide/target/debug/deps/libcrossbeam_utils-e88a88bc4184aa81.rlib" "/opt/rustwide/target/debug/deps/liblazy_static-5c53d641eb010a81.rlib" "/opt/rustwide/target/debug/deps/libcfg_if-38c8a3e888ecb06a.rlib" "/opt/rustwide/target/debug/deps/libeither-f222f664e804cb85.rlib" "/opt/rustwide/target/debug/deps/libturbojpeg-cd0cda32bc865a5d.rlib" "/opt/rustwide/target/debug/deps/libthiserror-6bd39e9ef9cf76a9.rlib" "/opt/rustwide/target/debug/deps/libturbojpeg_sys-88094eddfcc41800.rlib" "/opt/rustwide/target/debug/deps/libclap-aaa9fef22b3c3c5e.rlib" "/opt/rustwide/target/debug/deps/libvec_map-07385fbe5fb99a77.rlib" "/opt/rustwide/target/debug/deps/libtextwrap-3bb22fb43a400e8d.rlib" "/opt/rustwide/target/debug/deps/libunicode_width-5cf7ed896e8bb5a9.rlib" "/opt/rustwide/target/debug/deps/libstrsim-b10957d572414a9c.rlib" "/opt/rustwide/target/debug/deps/libbitflags-f89ae4b715176e2d.rlib" "/opt/rustwide/target/debug/deps/libatty-543870f52204d11c.rlib" "/opt/rustwide/target/debug/deps/liblibc-a5ccc1337901d188.rlib" "/opt/rustwide/target/debug/deps/libansi_term-e2a35aae900e64a8.rlib" "/opt/rustwide/target/debug/deps/libanyhow-a2189cf81ad3db79.rlib" "-Wl,--start-group" "/opt/rustwide/rustup-home/toolchains/1.54.0-x86_64-unknown-linux-gnu/lib/rustlib/x86_64-unknown-linux-gnu/lib/libstd-2420485b9e5ef5e1.rlib" "/opt/rustwide/rustup-home/toolchains/1.54.0-x86_64-unknown-linux-gnu/lib/rustlib/x86_64-unknown-linux-gnu/lib/libpanic_unwind-785e3cb61c4b1960.rlib" "/opt/rustwide/rustup-home/toolchains/1.54.0-x86_64-unknown-linux-gnu/lib/rustlib/x86_64-unknown-linux-gnu/lib/libminiz_oxide-087191a88bdaa22d.rlib" "/opt/rustwide/rustup-home/toolchains/1.54.0-x86_64-unknown-linux-gnu/lib/rustlib/x86_64-unknown-linux-gnu/lib/libadler-9981842c02975178.rlib" "/opt/rustwide/rustup-home/toolchains/1.54.0-x86_64-unknown-linux-gnu/lib/rustlib/x86_64-unknown-linux-gnu/lib/libobject-6fb405869b015fde.rlib" "/opt/rustwide/rustup-home/toolchains/1.54.0-x86_64-unknown-linux-gnu/lib/rustlib/x86_64-unknown-linux-gnu/lib/libaddr2line-d05c5c3c56004b7b.rlib" "/opt/rustwide/rustup-home/toolchains/1.54.0-x86_64-unknown-linux-gnu/lib/rustlib/x86_64-unknown-linux-gnu/lib/libgimli-42d74d2097528b38.rlib" "/opt/rustwide/rustup-home/toolchains/1.54.0-x86_64-unknown-linux-gnu/lib/rustlib/x86_64-unknown-linux-gnu/lib/libstd_detect-fb36534c113d2209.rlib" "/opt/rustwide/rustup-home/toolchains/1.54.0-x86_64-unknown-linux-gnu/lib/rustlib/x86_64-unknown-linux-gnu/lib/librustc_demangle-b56b9042c12b6535.rlib" "/opt/rustwide/rustup-home/toolchains/1.54.0-x86_64-unknown-linux-gnu/lib/rustlib/x86_64-unknown-linux-gnu/lib/libhashbrown-491902d6cb3e76df.rlib" "/opt/rustwide/rustup-home/toolchains/1.54.0-x86_64-unknown-linux-gnu/lib/rustlib/x86_64-unknown-linux-gnu/lib/librustc_std_workspace_alloc-61834e0981b8c367.rlib" "/opt/rustwide/rustup-home/toolchains/1.54.0-x86_64-unknown-linux-gnu/lib/rustlib/x86_64-unknown-linux-gnu/lib/libunwind-f78aa99d613a55bc.rlib" "/opt/rustwide/rustup-home/toolchains/1.54.0-x86_64-unknown-linux-gnu/lib/rustlib/x86_64-unknown-linux-gnu/lib/libcfg_if-53ee54cd7fed2c57.rlib" "/opt/rustwide/rustup-home/toolchains/1.54.0-x86_64-unknown-linux-gnu/lib/rustlib/x86_64-unknown-linux-gnu/lib/liblibc-544ecdbd6cda3c58.rlib" "/opt/rustwide/rustup-home/toolchains/1.54.0-x86_64-unknown-linux-gnu/lib/rustlib/x86_64-unknown-linux-gnu/lib/liballoc-379cc252b6943a79.rlib" "/opt/rustwide/rustup-home/toolchains/1.54.0-x86_64-unknown-linux-gnu/lib/rustlib/x86_64-unknown-linux-gnu/lib/librustc_std_workspace_core-8063eea38dcc5e62.rlib" "/opt/rustwide/rustup-home/toolchains/1.54.0-x86_64-unknown-linux-gnu/lib/rustlib/x86_64-unknown-linux-gnu/lib/libcore-5b228734afae15ee.rlib" "-Wl,--end-group" "/opt/rustwide/rustup-home/toolchains/1.54.0-x86_64-unknown-linux-gnu/lib/rustlib/x86_64-unknown-linux-gnu/lib/libcompiler_builtins-d6c7a399d95d173f.rlib" "-Wl,-Bdynamic" "-lturbojpeg" "-lgcc_s" "-lutil" "-lrt" "-lpthread" "-lm" "-ldl" "-lc" "-Wl,--eh-frame-hdr" "-Wl,-znoexecstack" "-L" "/opt/rustwide/rustup-home/toolchains/1.54.0-x86_64-unknown-linux-gnu/lib/rustlib/x86_64-unknown-linux-gnu/lib" "-o" "/opt/rustwide/target/debug/examples/djpeg-b6d277a557ad60f5" "-Wl,--gc-sections" "-pie" "-Wl,-zrelro" "-Wl,-znow" "-nodefaultlibs"
[INFO] [stdout]   = note: /usr/bin/ld: cannot find -lturbojpeg
[INFO] [stdout]           collect2: error: ld returned 1 exit status
[INFO] [stdout]           
[INFO] [stdout] 
[INFO] [stdout] 
[INFO] [stdout] error: aborting due to previous error
[INFO] [stdout] 
[INFO] [stdout] 
[INFO] [stdout] error: linking with `cc` failed: exit status: 1
[INFO] [stdout]   |
[INFO] [stdout]   = note: "cc" "-m64" "/opt/rustwide/target/debug/examples/cjpeg-ca892e5370886ddf.cjpeg.cz4pehdl-cgu.0.rcgu.o" "/opt/rustwide/target/debug/examples/cjpeg-ca892e5370886ddf.cjpeg.cz4pehdl-cgu.1.rcgu.o" "/opt/rustwide/target/debug/examples/cjpeg-ca892e5370886ddf.cjpeg.cz4pehdl-cgu.10.rcgu.o" "/opt/rustwide/target/debug/examples/cjpeg-ca892e5370886ddf.cjpeg.cz4pehdl-cgu.11.rcgu.o" "/opt/rustwide/target/debug/examples/cjpeg-ca892e5370886ddf.cjpeg.cz4pehdl-cgu.12.rcgu.o" "/opt/rustwide/target/debug/examples/cjpeg-ca892e5370886ddf.cjpeg.cz4pehdl-cgu.13.rcgu.o" "/opt/rustwide/target/debug/examples/cjpeg-ca892e5370886ddf.cjpeg.cz4pehdl-cgu.14.rcgu.o" "/opt/rustwide/target/debug/examples/cjpeg-ca892e5370886ddf.cjpeg.cz4pehdl-cgu.15.rcgu.o" "/opt/rustwide/target/debug/examples/cjpeg-ca892e5370886ddf.cjpeg.cz4pehdl-cgu.2.rcgu.o" "/opt/rustwide/target/debug/examples/cjpeg-ca892e5370886ddf.cjpeg.cz4pehdl-cgu.3.rcgu.o" "/opt/rustwide/target/debug/examples/cjpeg-ca892e5370886ddf.cjpeg.cz4pehdl-cgu.4.rcgu.o" "/opt/rustwide/target/debug/examples/cjpeg-ca892e5370886ddf.cjpeg.cz4pehdl-cgu.5.rcgu.o" "/opt/rustwide/target/debug/examples/cjpeg-ca892e5370886ddf.cjpeg.cz4pehdl-cgu.6.rcgu.o" "/opt/rustwide/target/debug/examples/cjpeg-ca892e5370886ddf.cjpeg.cz4pehdl-cgu.7.rcgu.o" "/opt/rustwide/target/debug/examples/cjpeg-ca892e5370886ddf.cjpeg.cz4pehdl-cgu.8.rcgu.o" "/opt/rustwide/target/debug/examples/cjpeg-ca892e5370886ddf.cjpeg.cz4pehdl-cgu.9.rcgu.o" "/opt/rustwide/target/debug/examples/cjpeg-ca892e5370886ddf.22goze3as8ebcih5.rcgu.o" "-Wl,--as-needed" "-L" "/opt/rustwide/target/debug/deps" "-L" "/opt/rustwide/rustup-home/toolchains/1.54.0-x86_64-unknown-linux-gnu/lib/rustlib/x86_64-unknown-linux-gnu/lib" "-Wl,-Bstatic" "/opt/rustwide/target/debug/deps/libimage-f799f8ca91c2245f.rlib" "/opt/rustwide/target/debug/deps/libbytemuck-6bdd15c3276b7340.rlib" "/opt/rustwide/target/debug/deps/libpng-c67d2914c1c01c21.rlib" "/opt/rustwide/target/debug/deps/libminiz_oxide-396e6b4aeac65559.rlib" "/opt/rustwide/target/debug/deps/libcrc32fast-e6a82e63ff40e00b.rlib" "/opt/rustwide/target/debug/deps/libdeflate-ff1234bf1c0f4570.rlib" "/opt/rustwide/target/debug/deps/libadler32-d2a950228df2f2e4.rlib" "/opt/rustwide/target/debug/deps/libnum_iter-6994e86e75032f20.rlib" "/opt/rustwide/target/debug/deps/libscoped_threadpool-b57ca677d8d780cf.rlib" "/opt/rustwide/target/debug/deps/libnum_rational-e3817cb1928efd59.rlib" "/opt/rustwide/target/debug/deps/libnum_integer-1b05607c52488d5f.rlib" "/opt/rustwide/target/debug/deps/libgif-e0aa9a2efcaf541f.rlib" "/opt/rustwide/target/debug/deps/libcolor_quant-1591bc25e79c8848.rlib" "/opt/rustwide/target/debug/deps/libbyteorder-3a640e6d7cbe5c36.rlib" "/opt/rustwide/target/debug/deps/libnum_traits-a2639720a0ec4c76.rlib" "/opt/rustwide/target/debug/deps/libtiff-6d316f223f608790.rlib" "/opt/rustwide/target/debug/deps/libweezl-5939fe09462a61e0.rlib" "/opt/rustwide/target/debug/deps/libminiz_oxide-c11adf897456cbba.rlib" "/opt/rustwide/target/debug/deps/libadler-bd67535c449a3717.rlib" "/opt/rustwide/target/debug/deps/libjpeg_decoder-f27b871428d15904.rlib" "/opt/rustwide/target/debug/deps/librayon-2e58ef57f1746f80.rlib" "/opt/rustwide/target/debug/deps/librayon_core-1224bc9e376cbe1c.rlib" "/opt/rustwide/target/debug/deps/libnum_cpus-ac0e8f4122fc1271.rlib" "/opt/rustwide/target/debug/deps/libcrossbeam_deque-2a6603b692f3685e.rlib" "/opt/rustwide/target/debug/deps/libcrossbeam_epoch-6edb94a3f4898853.rlib" "/opt/rustwide/target/debug/deps/libmemoffset-143a1b8fc5a22334.rlib" "/opt/rustwide/target/debug/deps/libscopeguard-7a1710762e6687e9.rlib" "/opt/rustwide/target/debug/deps/libcrossbeam_channel-cb700881d33fd2df.rlib" "/opt/rustwide/target/debug/deps/libcrossbeam_utils-e88a88bc4184aa81.rlib" "/opt/rustwide/target/debug/deps/liblazy_static-5c53d641eb010a81.rlib" "/opt/rustwide/target/debug/deps/libcfg_if-38c8a3e888ecb06a.rlib" "/opt/rustwide/target/debug/deps/libeither-f222f664e804cb85.rlib" "/opt/rustwide/target/debug/deps/libturbojpeg-cd0cda32bc865a5d.rlib" "/opt/rustwide/target/debug/deps/libthiserror-6bd39e9ef9cf76a9.rlib" "/opt/rustwide/target/debug/deps/libturbojpeg_sys-88094eddfcc41800.rlib" "/opt/rustwide/target/debug/deps/libclap-aaa9fef22b3c3c5e.rlib" "/opt/rustwide/target/debug/deps/libvec_map-07385fbe5fb99a77.rlib" "/opt/rustwide/target/debug/deps/libtextwrap-3bb22fb43a400e8d.rlib" "/opt/rustwide/target/debug/deps/libunicode_width-5cf7ed896e8bb5a9.rlib" "/opt/rustwide/target/debug/deps/libstrsim-b10957d572414a9c.rlib" "/opt/rustwide/target/debug/deps/libbitflags-f89ae4b715176e2d.rlib" "/opt/rustwide/target/debug/deps/libatty-543870f52204d11c.rlib" "/opt/rustwide/target/debug/deps/liblibc-a5ccc1337901d188.rlib" "/opt/rustwide/target/debug/deps/libansi_term-e2a35aae900e64a8.rlib" "/opt/rustwide/target/debug/deps/libanyhow-a2189cf81ad3db79.rlib" "-Wl,--start-group" "/opt/rustwide/rustup-home/toolchains/1.54.0-x86_64-unknown-linux-gnu/lib/rustlib/x86_64-unknown-linux-gnu/lib/libstd-2420485b9e5ef5e1.rlib" "/opt/rustwide/rustup-home/toolchains/1.54.0-x86_64-unknown-linux-gnu/lib/rustlib/x86_64-unknown-linux-gnu/lib/libpanic_unwind-785e3cb61c4b1960.rlib" "/opt/rustwide/rustup-home/toolchains/1.54.0-x86_64-unknown-linux-gnu/lib/rustlib/x86_64-unknown-linux-gnu/lib/libminiz_oxide-087191a88bdaa22d.rlib" "/opt/rustwide/rustup-home/toolchains/1.54.0-x86_64-unknown-linux-gnu/lib/rustlib/x86_64-unknown-linux-gnu/lib/libadler-9981842c02975178.rlib" "/opt/rustwide/rustup-home/toolchains/1.54.0-x86_64-unknown-linux-gnu/lib/rustlib/x86_64-unknown-linux-gnu/lib/libobject-6fb405869b015fde.rlib" "/opt/rustwide/rustup-home/toolchains/1.54.0-x86_64-unknown-linux-gnu/lib/rustlib/x86_64-unknown-linux-gnu/lib/libaddr2line-d05c5c3c56004b7b.rlib" "/opt/rustwide/rustup-home/toolchains/1.54.0-x86_64-unknown-linux-gnu/lib/rustlib/x86_64-unknown-linux-gnu/lib/libgimli-42d74d2097528b38.rlib" "/opt/rustwide/rustup-home/toolchains/1.54.0-x86_64-unknown-linux-gnu/lib/rustlib/x86_64-unknown-linux-gnu/lib/libstd_detect-fb36534c113d2209.rlib" "/opt/rustwide/rustup-home/toolchains/1.54.0-x86_64-unknown-linux-gnu/lib/rustlib/x86_64-unknown-linux-gnu/lib/librustc_demangle-b56b9042c12b6535.rlib" "/opt/rustwide/rustup-home/toolchains/1.54.0-x86_64-unknown-linux-gnu/lib/rustlib/x86_64-unknown-linux-gnu/lib/libhashbrown-491902d6cb3e76df.rlib" "/opt/rustwide/rustup-home/toolchains/1.54.0-x86_64-unknown-linux-gnu/lib/rustlib/x86_64-unknown-linux-gnu/lib/librustc_std_workspace_alloc-61834e0981b8c367.rlib" "/opt/rustwide/rustup-home/toolchains/1.54.0-x86_64-unknown-linux-gnu/lib/rustlib/x86_64-unknown-linux-gnu/lib/libunwind-f78aa99d613a55bc.rlib" "/opt/rustwide/rustup-home/toolchains/1.54.0-x86_64-unknown-linux-gnu/lib/rustlib/x86_64-unknown-linux-gnu/lib/libcfg_if-53ee54cd7fed2c57.rlib" "/opt/rustwide/rustup-home/toolchains/1.54.0-x86_64-unknown-linux-gnu/lib/rustlib/x86_64-unknown-linux-gnu/lib/liblibc-544ecdbd6cda3c58.rlib" "/opt/rustwide/rustup-home/toolchains/1.54.0-x86_64-unknown-linux-gnu/lib/rustlib/x86_64-unknown-linux-gnu/lib/liballoc-379cc252b6943a79.rlib" "/opt/rustwide/rustup-home/toolchains/1.54.0-x86_64-unknown-linux-gnu/lib/rustlib/x86_64-unknown-linux-gnu/lib/librustc_std_workspace_core-8063eea38dcc5e62.rlib" "/opt/rustwide/rustup-home/toolchains/1.54.0-x86_64-unknown-linux-gnu/lib/rustlib/x86_64-unknown-linux-gnu/lib/libcore-5b228734afae15ee.rlib" "-Wl,--end-group" "/opt/rustwide/rustup-home/toolchains/1.54.0-x86_64-unknown-linux-gnu/lib/rustlib/x86_64-unknown-linux-gnu/lib/libcompiler_builtins-d6c7a399d95d173f.rlib" "-Wl,-Bdynamic" "-lturbojpeg" "-lgcc_s" "-lutil" "-lrt" "-lpthread" "-lm" "-ldl" "-lc" "-Wl,--eh-frame-hdr" "-Wl,-znoexecstack" "-L" "/opt/rustwide/rustup-home/toolchains/1.54.0-x86_64-unknown-linux-gnu/lib/rustlib/x86_64-unknown-linux-gnu/lib" "-o" "/opt/rustwide/target/debug/examples/cjpeg-ca892e5370886ddf" "-Wl,--gc-sections" "-pie" "-Wl,-zrelro" "-Wl,-znow" "-nodefaultlibs"
[INFO] [stdout]   = note: /usr/bin/ld: cannot find -lturbojpeg
[INFO] [stdout]           collect2: error: ld returned 1 exit status
[INFO] [stdout]           
[INFO] [stdout] 
[INFO] [stdout] 
[INFO] [stdout] error: aborting due to previous error
[INFO] [stdout] 
[INFO] [stdout] 
[INFO] [stderr] error: build failed
[INFO] running `Command { std: "docker" "inspect" "e9ae22a65e1d1fd9ca5851daa00f12d1411183de3eb6d06bb2e77a97c6e70e69", kill_on_drop: false }`
[INFO] running `Command { std: "docker" "rm" "-f" "e9ae22a65e1d1fd9ca5851daa00f12d1411183de3eb6d06bb2e77a97c6e70e69", kill_on_drop: false }`
[INFO] [stdout] e9ae22a65e1d1fd9ca5851daa00f12d1411183de3eb6d06bb2e77a97c6e70e69
