[INFO] fetching crate truck-rendimpl 0.2.1...
[INFO] testing truck-rendimpl-0.2.1 against beta-2021-08-01 for beta-1.55-1
[INFO] extracting crate truck-rendimpl 0.2.1 into /workspace/builds/worker-6/source
[INFO] validating manifest of crates.io crate truck-rendimpl 0.2.1 on toolchain beta-2021-08-01
[INFO] running `Command { std: "/workspace/cargo-home/bin/cargo" "+beta-2021-08-01" "metadata" "--manifest-path" "Cargo.toml" "--no-deps", kill_on_drop: false }`
[INFO] started tweaking crates.io crate truck-rendimpl 0.2.1
[INFO] finished tweaking crates.io crate truck-rendimpl 0.2.1
[INFO] tweaked toml for crates.io crate truck-rendimpl 0.2.1 written to /workspace/builds/worker-6/source/Cargo.toml
[INFO] crate crates.io crate truck-rendimpl 0.2.1 already has a lockfile, it will not be regenerated
[INFO] running `Command { std: "/workspace/cargo-home/bin/cargo" "+beta-2021-08-01" "fetch" "--manifest-path" "Cargo.toml", kill_on_drop: false }`
[INFO] [stderr]  Downloading crates ...
[INFO] [stderr]   Downloaded xdg v2.2.0
[INFO] [stderr]   Downloaded serde v1.0.123
[INFO] [stderr]   Downloaded rusttype v0.9.2
[INFO] [stderr]   Downloaded serde_derive v1.0.123
[INFO] [stderr]   Downloaded bytemuck_derive v1.0.1
[INFO] [stderr]   Downloaded wayland-scanner v0.28.5
[INFO] [stderr]   Downloaded calloop v0.6.5
[INFO] [stderr]   Downloaded generic-array v0.9.0
[INFO] [stderr]   Downloaded png v0.16.8
[INFO] [stderr]   Downloaded byte-tools v0.2.0
[INFO] [stderr]   Downloaded ndk-glue v0.2.1
[INFO] [stderr]   Downloaded wayland-protocols v0.28.5
[INFO] [stderr]   Downloaded gfx-memory v0.2.2
[INFO] [stderr]   Downloaded wgpu-types v0.6.1
[INFO] [stderr]   Downloaded truck-platform v0.2.1
[INFO] [stderr]   Downloaded d3d12 v0.3.2
[INFO] [stderr]   Downloaded range-alloc v0.1.2
[INFO] [stderr]   Downloaded num_enum_derive v0.4.3
[INFO] [stderr]   Downloaded thunderdome v0.3.0
[INFO] [stderr]   Downloaded gfx-backend-dx11 v0.6.17
[INFO] [stderr]   Downloaded obj v0.10.2
[INFO] [stderr]   Downloaded pin-project-lite v0.2.4
[INFO] [stderr]   Downloaded gfx-backend-vulkan v0.6.5
[INFO] [stderr]   Downloaded libloading v0.6.7
[INFO] [stderr]   Downloaded wgpu-core v0.6.5
[INFO] [stderr]   Downloaded wayland-client v0.28.5
[INFO] [stderr]   Downloaded wayland-commons v0.28.5
[INFO] [stderr]   Downloaded dlib v0.5.0
[INFO] [stderr]   Downloaded typed-arena v2.0.1
[INFO] [stderr]   Downloaded truck-polymesh v0.2.1
[INFO] [stderr]   Downloaded cocoa v0.24.0
[INFO] [stderr]   Downloaded core-graphics v0.19.2
[INFO] [stderr]   Downloaded smithay-client-toolkit v0.12.2
[INFO] [stderr]   Downloaded nix v0.20.0
[INFO] [stderr]   Downloaded block-buffer v0.3.3
[INFO] [stderr]   Downloaded digest v0.7.6
[INFO] [stderr]   Downloaded weezl v0.1.4
[INFO] [stderr]   Downloaded tiff v0.6.1
[INFO] [stderr]   Downloaded spirv_headers v1.5.0
[INFO] [stderr]   Downloaded image v0.23.13
[INFO] [stderr]   Downloaded gfx-descriptor v0.2.0
[INFO] [stderr]   Downloaded inplace_it v0.3.3
[INFO] [stderr]   Downloaded core-video-sys v0.1.4
[INFO] [stderr]   Downloaded dispatch v0.2.0
[INFO] [stderr]   Downloaded ttf-parser v0.6.2
[INFO] [stderr]   Downloaded ash v0.31.0
[INFO] [stderr]   Downloaded wio v0.2.2
[INFO] [stderr]   Downloaded gfx-auxil v0.7.0
[INFO] [stderr]   Downloaded once_cell v1.7.0
[INFO] [stderr]   Downloaded truck-topology v0.2.0
[INFO] [stderr]   Downloaded memmap2 v0.1.0
[INFO] [stderr]   Downloaded metal v0.20.0
[INFO] [stderr]   Downloaded lock_api v0.4.2
[INFO] [stderr]   Downloaded spirv_cross v0.22.2
[INFO] [stderr]   Downloaded sha2 v0.7.1
[INFO] [stderr]   Downloaded gif v0.11.1
[INFO] [stderr]   Downloaded truck-geometry v0.1.1
[INFO] [stderr]   Downloaded gfx-backend-metal v0.6.5
[INFO] [stderr]   Downloaded gfx-backend-dx12 v0.6.13
[INFO] [stderr]   Downloaded nom v6.1.2
[INFO] [stderr]   Downloaded xcursor v0.3.3
[INFO] [stderr]   Downloaded owned_ttf_parser v0.6.0
[INFO] [stderr]   Downloaded truck-modeling v0.2.1
[INFO] [stderr]   Downloaded glsl-to-spirv v0.1.7
[INFO] [stderr]   Downloaded storage-map v0.3.0
[INFO] [stderr]   Downloaded bytemuck v1.5.1
[INFO] [stderr]   Downloaded core-graphics v0.22.2
[INFO] [stderr]   Downloaded wgpu v0.6.2
[INFO] [stderr]   Downloaded x11 v2.18.2
[INFO] [stderr]   Downloaded wayland-cursor v0.28.5
[INFO] [stderr]   Downloaded dlib v0.4.2
[INFO] [stderr]   Downloaded wayland-sys v0.28.5
[INFO] [stderr]   Downloaded winit v0.24.0
[INFO] [stderr]   Downloaded gfx-hal v0.6.0
[INFO] [stderr]   Downloaded naga v0.2.0
[INFO] [stderr]   Downloaded andrew v0.3.1
[INFO] [stderr]   Downloaded num_enum v0.4.3
[INFO] [stderr]   Downloaded ndk v0.2.1
[INFO] [stderr]   Downloaded ab_glyph_rasterizer v0.1.4
[INFO] [stderr]   Downloaded gfx-backend-empty v0.6.0
[INFO] running `Command { std: "docker" "create" "-v" "/var/lib/crater-agent-workspace/builds/worker-6/target:/opt/rustwide/target:rw,Z" "-v" "/var/lib/crater-agent-workspace/builds/worker-6/source:/opt/rustwide/workdir:ro,Z" "-v" "/var/lib/crater-agent-workspace/cargo-home:/opt/rustwide/cargo-home:ro,Z" "-v" "/var/lib/crater-agent-workspace/rustup-home:/opt/rustwide/rustup-home:ro,Z" "-e" "SOURCE_DIR=/opt/rustwide/workdir" "-e" "CARGO_TARGET_DIR=/opt/rustwide/target" "-e" "CARGO_HOME=/opt/rustwide/cargo-home" "-e" "RUSTUP_HOME=/opt/rustwide/rustup-home" "-w" "/opt/rustwide/workdir" "-m" "1610612736" "--user" "0:0" "--network" "none" "ghcr.io/rust-lang/crates-build-env/linux@sha256:34b6a614d2c27851fe6cbf88fbd1137609cefab8b10d0615aaeb6fd47975d74e" "/opt/rustwide/cargo-home/bin/cargo" "+beta-2021-08-01" "metadata" "--no-deps" "--format-version=1", kill_on_drop: false }`
[INFO] [stdout] 1758dd831717edb621f9b48ab743c64b18e8bb71ebcfe10721f85fc141d3979f
[INFO] running `Command { std: "docker" "start" "-a" "1758dd831717edb621f9b48ab743c64b18e8bb71ebcfe10721f85fc141d3979f", kill_on_drop: false }`
[INFO] running `Command { std: "docker" "inspect" "1758dd831717edb621f9b48ab743c64b18e8bb71ebcfe10721f85fc141d3979f", kill_on_drop: false }`
[INFO] running `Command { std: "docker" "rm" "-f" "1758dd831717edb621f9b48ab743c64b18e8bb71ebcfe10721f85fc141d3979f", kill_on_drop: false }`
[INFO] [stdout] 1758dd831717edb621f9b48ab743c64b18e8bb71ebcfe10721f85fc141d3979f
[INFO] running `Command { std: "docker" "create" "-v" "/var/lib/crater-agent-workspace/builds/worker-6/target:/opt/rustwide/target:rw,Z" "-v" "/var/lib/crater-agent-workspace/builds/worker-6/source:/opt/rustwide/workdir:ro,Z" "-v" "/var/lib/crater-agent-workspace/cargo-home:/opt/rustwide/cargo-home:ro,Z" "-v" "/var/lib/crater-agent-workspace/rustup-home:/opt/rustwide/rustup-home:ro,Z" "-e" "SOURCE_DIR=/opt/rustwide/workdir" "-e" "CARGO_TARGET_DIR=/opt/rustwide/target" "-e" "CARGO_INCREMENTAL=0" "-e" "RUST_BACKTRACE=full" "-e" "RUSTFLAGS=--cap-lints=warn" "-e" "CARGO_HOME=/opt/rustwide/cargo-home" "-e" "RUSTUP_HOME=/opt/rustwide/rustup-home" "-w" "/opt/rustwide/workdir" "-m" "1610612736" "--user" "0:0" "--network" "none" "ghcr.io/rust-lang/crates-build-env/linux@sha256:34b6a614d2c27851fe6cbf88fbd1137609cefab8b10d0615aaeb6fd47975d74e" "/opt/rustwide/cargo-home/bin/cargo" "+beta-2021-08-01" "build" "--frozen" "--message-format=json", kill_on_drop: false }`
[INFO] [stdout] 61ab5c73d23a481a2bf4a9ca1f91b51cac972fa5d1db654e3fc1412f6973b4ef
[INFO] running `Command { std: "docker" "start" "-a" "61ab5c73d23a481a2bf4a9ca1f91b51cac972fa5d1db654e3fc1412f6973b4ef", kill_on_drop: false }`
[INFO] [stderr]    Compiling syn v1.0.60
[INFO] [stderr]    Compiling libc v0.2.86
[INFO] [stderr]    Compiling serde v1.0.123
[INFO] [stderr]    Compiling cgmath v0.18.0
[INFO] [stderr]    Compiling memchr v2.3.4
[INFO] [stderr]    Compiling futures-core v0.3.13
[INFO] [stderr]    Compiling futures-sink v0.3.13
[INFO] [stderr]    Compiling futures-io v0.3.13
[INFO] [stderr]    Compiling arrayvec v0.5.2
[INFO] [stderr]    Compiling futures-task v0.3.13
[INFO] [stderr]    Compiling inplace_it v0.3.3
[INFO] [stderr]    Compiling copyless v0.1.5
[INFO] [stderr]    Compiling typed-arena v2.0.1
[INFO] [stderr]    Compiling obj v0.10.2
[INFO] [stderr]    Compiling memoffset v0.6.1
[INFO] [stderr]    Compiling fxhash v0.2.1
[INFO] [stderr]    Compiling x11 v2.18.2
[INFO] [stderr]    Compiling deflate v0.8.6
[INFO] [stderr]    Compiling gif v0.11.1
[INFO] [stderr]    Compiling ash v0.31.0
[INFO] [stderr]    Compiling wgpu-types v0.6.1
[INFO] [stderr]    Compiling tracing v0.1.25
[INFO] [stderr]    Compiling approx v0.4.0
[INFO] [stderr]    Compiling crossbeam-channel v0.5.0
[INFO] [stderr]    Compiling spirv_headers v1.5.0
[INFO] [stderr]    Compiling num-iter v0.1.42
[INFO] [stderr]    Compiling num-rational v0.3.2
[INFO] [stderr]    Compiling futures-channel v0.3.13
[INFO] [stderr]    Compiling png v0.16.8
[INFO] [stderr]    Compiling crossbeam-epoch v0.9.3
[INFO] [stderr]    Compiling crossbeam-deque v0.8.0
[INFO] [stderr]    Compiling raw-window-handle v0.3.3
[INFO] [stderr]    Compiling num_cpus v1.13.0
[INFO] [stderr]    Compiling parking_lot_core v0.8.3
[INFO] [stderr]    Compiling gfx-hal v0.6.0
[INFO] [stderr]    Compiling parking_lot v0.11.1
[INFO] [stderr]    Compiling rayon-core v1.9.0
[INFO] [stderr]    Compiling rayon v1.5.0
[INFO] [stderr]    Compiling gfx-memory v0.2.2
[INFO] [stderr]    Compiling gfx-backend-empty v0.6.0
[INFO] [stderr]    Compiling gfx-descriptor v0.2.0
[INFO] [stderr]    Compiling jpeg-decoder v0.1.22
[INFO] [stderr]    Compiling tiff v0.6.1
[INFO] [stderr]    Compiling serde_derive v1.0.123
[INFO] [stderr]    Compiling futures-macro v0.3.13
[INFO] [stderr]    Compiling thiserror-impl v1.0.24
[INFO] [stderr]    Compiling bytemuck_derive v1.0.1
[INFO] [stderr]    Compiling bytemuck v1.5.1
[INFO] [stderr]    Compiling image v0.23.13
[INFO] [stderr]    Compiling futures-util v0.3.13
[INFO] [stderr]    Compiling gfx-backend-vulkan v0.6.5
[INFO] [stderr]    Compiling thiserror v1.0.24
[INFO] [stderr]    Compiling naga v0.2.0
[INFO] [stderr]    Compiling wgpu-core v0.6.5
[INFO] [stderr]    Compiling futures-executor v0.3.13
[INFO] [stderr]    Compiling futures v0.3.13
[INFO] [stderr]    Compiling wgpu v0.6.2
[INFO] [stderr]    Compiling truck-base v0.1.1
[INFO] [stderr]    Compiling truck-topology v0.2.0
[INFO] [stderr]    Compiling truck-geometry v0.1.1
[INFO] [stderr]    Compiling truck-polymesh v0.2.1
[INFO] [stderr]    Compiling truck-platform v0.2.1
[INFO] [stderr]    Compiling truck-modeling v0.2.1
[INFO] [stderr]    Compiling truck-rendimpl v0.2.1 (/opt/rustwide/workdir)
[INFO] [stderr]     Finished dev [unoptimized + debuginfo] target(s) in 55.50s
[INFO] running `Command { std: "docker" "inspect" "61ab5c73d23a481a2bf4a9ca1f91b51cac972fa5d1db654e3fc1412f6973b4ef", kill_on_drop: false }`
[INFO] running `Command { std: "docker" "rm" "-f" "61ab5c73d23a481a2bf4a9ca1f91b51cac972fa5d1db654e3fc1412f6973b4ef", kill_on_drop: false }`
[INFO] [stdout] 61ab5c73d23a481a2bf4a9ca1f91b51cac972fa5d1db654e3fc1412f6973b4ef
[INFO] running `Command { std: "docker" "create" "-v" "/var/lib/crater-agent-workspace/builds/worker-6/target:/opt/rustwide/target:rw,Z" "-v" "/var/lib/crater-agent-workspace/builds/worker-6/source:/opt/rustwide/workdir:ro,Z" "-v" "/var/lib/crater-agent-workspace/cargo-home:/opt/rustwide/cargo-home:ro,Z" "-v" "/var/lib/crater-agent-workspace/rustup-home:/opt/rustwide/rustup-home:ro,Z" "-e" "SOURCE_DIR=/opt/rustwide/workdir" "-e" "CARGO_TARGET_DIR=/opt/rustwide/target" "-e" "CARGO_INCREMENTAL=0" "-e" "RUST_BACKTRACE=full" "-e" "RUSTFLAGS=--cap-lints=warn" "-e" "CARGO_HOME=/opt/rustwide/cargo-home" "-e" "RUSTUP_HOME=/opt/rustwide/rustup-home" "-w" "/opt/rustwide/workdir" "-m" "1610612736" "--user" "0:0" "--network" "none" "ghcr.io/rust-lang/crates-build-env/linux@sha256:34b6a614d2c27851fe6cbf88fbd1137609cefab8b10d0615aaeb6fd47975d74e" "/opt/rustwide/cargo-home/bin/cargo" "+beta-2021-08-01" "test" "--frozen" "--no-run" "--message-format=json", kill_on_drop: false }`
[INFO] [stdout] 2e849a8c8c24bb0c4de69be0a97f46284e6732fb42fd45e96557a940efa21f69
[INFO] running `Command { std: "docker" "start" "-a" "2e849a8c8c24bb0c4de69be0a97f46284e6732fb42fd45e96557a940efa21f69", kill_on_drop: false }`
[INFO] [stderr]    Compiling once_cell v1.7.0
[INFO] [stderr]    Compiling ttf-parser v0.6.2
[INFO] [stderr]    Compiling nix v0.18.0
[INFO] [stderr]    Compiling byte-tools v0.2.0
[INFO] [stderr]    Compiling ab_glyph_rasterizer v0.1.4
[INFO] [stderr]    Compiling xdg v2.2.0
[INFO] [stderr]    Compiling wayland-sys v0.28.5
[INFO] [stderr]    Compiling nom v6.1.2
[INFO] [stderr]    Compiling dlib v0.5.0
[INFO] [stderr]    Compiling dlib v0.4.2
[INFO] [stderr]    Compiling nix v0.20.0
[INFO] [stderr]    Compiling jobserver v0.1.21
[INFO] [stderr]    Compiling getrandom v0.2.2
[INFO] [stderr]    Compiling net2 v0.2.37
[INFO] [stderr]    Compiling iovec v0.1.4
[INFO] [stderr]    Compiling memmap2 v0.1.0
[INFO] [stderr]    Compiling wayland-scanner v0.28.5
[INFO] [stderr]    Compiling generic-array v0.9.0
[INFO] [stderr]    Compiling x11-dl v2.18.5
[INFO] [stderr]    Compiling serde_json v1.0.64
[INFO] [stderr]    Compiling block-buffer v0.3.3
[INFO] [stderr]    Compiling rand_core v0.6.2
[INFO] [stderr]    Compiling cc v1.0.67
[INFO] [stderr]    Compiling digest v0.7.6
[INFO] [stderr]    Compiling mio v0.6.23
[INFO] [stderr]    Compiling sha2 v0.7.1
[INFO] [stderr]    Compiling rand_chacha v0.3.0
[INFO] [stderr]    Compiling rand v0.8.3
[INFO] [stderr]    Compiling cmake v0.1.45
[INFO] [stderr]    Compiling tempfile v3.2.0
[INFO] [stderr]    Compiling mio-extras v2.0.6
[INFO] [stderr]    Compiling glsl-to-spirv v0.1.7
[INFO] [stderr]    Compiling owned_ttf_parser v0.6.0
[INFO] [stderr]    Compiling wayland-client v0.28.5
[INFO] [stderr]    Compiling wayland-protocols v0.28.5
[INFO] [stderr]    Compiling rusttype v0.9.2
[INFO] [stderr]    Compiling andrew v0.3.1
[INFO] [stderr]    Compiling xcursor v0.3.3
[INFO] [stderr]    Compiling calloop v0.6.5
[INFO] [stderr]    Compiling wayland-commons v0.28.5
[INFO] [stderr]    Compiling wayland-cursor v0.28.5
[INFO] [stderr] error: failed to run custom build command for `glsl-to-spirv v0.1.7`
[INFO] [stderr] 
[INFO] [stderr] Caused by:
[INFO] [stderr]   process didn't exit successfully: `/opt/rustwide/target/debug/build/glsl-to-spirv-d9420d653a2efba9/build-script-build` (exit status: 101)
[INFO] [stderr]   --- stdout
[INFO] [stderr]   cargo:rerun-if-changed=build/glslangValidator.exe
[INFO] [stderr]   running: "cmake" "/opt/rustwide/cargo-home/registry/src/github.com-1ecc6299db9ec823/glsl-to-spirv-0.1.7/glslang" "-DCMAKE_INSTALL_PREFIX=/opt/rustwide/target/debug/build/glsl-to-spirv-bd84ab503347fb65/out" "-DCMAKE_C_FLAGS= -ffunction-sections -fdata-sections -fPIC -m64" "-DCMAKE_C_COMPILER=/usr/bin/cc" "-DCMAKE_CXX_FLAGS= -ffunction-sections -fdata-sections -fPIC -m64" "-DCMAKE_CXX_COMPILER=/usr/bin/c++" "-DCMAKE_ASM_FLAGS= -ffunction-sections -fdata-sections -fPIC -m64" "-DCMAKE_ASM_COMPILER=/usr/bin/cc" "-DCMAKE_BUILD_TYPE=Debug"
[INFO] [stderr]   -- The C compiler identification is GNU 9.3.0
[INFO] [stderr]   -- The CXX compiler identification is GNU 9.3.0
[INFO] [stderr]   -- Check for working C compiler: /usr/bin/cc
[INFO] [stderr]   -- Check for working C compiler: /usr/bin/cc -- works
[INFO] [stderr]   -- Detecting C compiler ABI info
[INFO] [stderr]   -- Detecting C compiler ABI info - done
[INFO] [stderr]   -- Detecting C compile features
[INFO] [stderr]   -- Detecting C compile features - done
[INFO] [stderr]   -- Check for working CXX compiler: /usr/bin/c++
[INFO] [stderr]   -- Check for working CXX compiler: /usr/bin/c++ -- works
[INFO] [stderr]   -- Detecting CXX compiler ABI info
[INFO] [stderr]   -- Detecting CXX compiler ABI info - done
[INFO] [stderr]   -- Detecting CXX compile features
[INFO] [stderr]   -- Detecting CXX compile features - done
[INFO] [stderr]   -- Google Mock was not found - tests based on that will not build
[INFO] [stderr]   -- Configuring done
[INFO] [stderr]   -- Generating done
[INFO] [stderr]   -- Build files have been written to: /opt/rustwide/target/debug/build/glsl-to-spirv-bd84ab503347fb65/out/build
[INFO] [stderr]   running: "cmake" "--build" "." "--target" "install" "--config" "Debug" "--"
[INFO] [stderr]   Scanning dependencies of target glslang-default-resource-limits
[INFO] [stderr]   Scanning dependencies of target OGLCompiler
[INFO] [stderr]   Scanning dependencies of target OSDependent
[INFO] [stderr]   Scanning dependencies of target SPVRemapper
[INFO] [stderr]   [  1%] Building CXX object OGLCompilersDLL/CMakeFiles/OGLCompiler.dir/InitializeDll.cpp.o
[INFO] [stderr]   Scanning dependencies of target HLSL
[INFO] [stderr]   [  3%] Building CXX object StandAlone/CMakeFiles/glslang-default-resource-limits.dir/ResourceLimits.cpp.o
[INFO] [stderr]   [  5%] Building CXX object glslang/OSDependent/Unix/CMakeFiles/OSDependent.dir/ossource.cpp.o
[INFO] [stderr]   [  7%] Building CXX object SPIRV/CMakeFiles/SPVRemapper.dir/SPVRemapper.cpp.o
[INFO] [stderr]   [  8%] Building CXX object SPIRV/CMakeFiles/SPVRemapper.dir/doc.cpp.o
[INFO] [stderr]   [ 10%] Building CXX object hlsl/CMakeFiles/HLSL.dir/hlslAttributes.cpp.o
[INFO] [stderr]   [ 12%] Building CXX object hlsl/CMakeFiles/HLSL.dir/hlslTokenStream.cpp.o
[INFO] [stderr]   [ 14%] Building CXX object hlsl/CMakeFiles/HLSL.dir/hlslParseHelper.cpp.o
[INFO] [stderr]   [ 15%] Building CXX object hlsl/CMakeFiles/HLSL.dir/hlslScanContext.cpp.o
[INFO] [stderr]   [ 17%] Building CXX object hlsl/CMakeFiles/HLSL.dir/hlslOpMap.cpp.o
[INFO] [stderr]   [ 19%] Building CXX object hlsl/CMakeFiles/HLSL.dir/hlslGrammar.cpp.o
[INFO] [stderr]   [ 21%] Building CXX object hlsl/CMakeFiles/HLSL.dir/hlslParseables.cpp.o
[INFO] [stderr]   [ 22%] Linking CXX static library libOSDependent.a
[INFO] [stderr]   [ 22%] Built target OSDependent
[INFO] [stderr]   [ 24%] Linking CXX static library libglslang-default-resource-limits.a
[INFO] [stderr]   [ 24%] Built target glslang-default-resource-limits
[INFO] [stderr]   [ 26%] Linking CXX static library libOGLCompiler.a
[INFO] [stderr]   [ 26%] Built target OGLCompiler
[INFO] [stderr]   [ 28%] Linking CXX static library libSPVRemapper.a
[INFO] [stderr]   [ 28%] Built target SPVRemapper
[INFO] [stderr]   [ 29%] Linking CXX static library libHLSL.a
[INFO] [stderr]   [ 29%] Built target HLSL
[INFO] [stderr]   Scanning dependencies of target glslang
[INFO] [stderr]   [ 33%] Building CXX object glslang/CMakeFiles/glslang.dir/MachineIndependent/Constant.cpp.o
[INFO] [stderr]   [ 33%] Building CXX object glslang/CMakeFiles/glslang.dir/MachineIndependent/iomapper.cpp.o
[INFO] [stderr]   [ 38%] Building CXX object glslang/CMakeFiles/glslang.dir/MachineIndependent/InfoSink.cpp.o
[INFO] [stderr]   [ 38%] Building CXX object glslang/CMakeFiles/glslang.dir/MachineIndependent/Initialize.cpp.o
[INFO] [stderr]   [ 38%] Building CXX object glslang/CMakeFiles/glslang.dir/MachineIndependent/glslang_tab.cpp.o
[INFO] [stderr]   [ 40%] Building CXX object glslang/CMakeFiles/glslang.dir/MachineIndependent/IntermTraverse.cpp.o
[INFO] [stderr]   [ 42%] Building CXX object glslang/CMakeFiles/glslang.dir/MachineIndependent/Intermediate.cpp.o
[INFO] [stderr]   [ 43%] Building CXX object glslang/CMakeFiles/glslang.dir/MachineIndependent/ParseHelper.cpp.o
[INFO] [stderr]   [ 45%] Building CXX object glslang/CMakeFiles/glslang.dir/MachineIndependent/ParseContextBase.cpp.o
[INFO] [stderr]   [ 47%] Building CXX object glslang/CMakeFiles/glslang.dir/MachineIndependent/PoolAlloc.cpp.o
[INFO] [stderr]   [ 49%] Building CXX object glslang/CMakeFiles/glslang.dir/MachineIndependent/RemoveTree.cpp.o
[INFO] [stderr]   [ 50%] Building CXX object glslang/CMakeFiles/glslang.dir/MachineIndependent/Scan.cpp.o
[INFO] [stderr]   [ 52%] Building CXX object glslang/CMakeFiles/glslang.dir/MachineIndependent/ShaderLang.cpp.o
[INFO] [stderr]   [ 54%] Building CXX object glslang/CMakeFiles/glslang.dir/MachineIndependent/SymbolTable.cpp.o
[INFO] [stderr]   [ 56%] Building CXX object glslang/CMakeFiles/glslang.dir/MachineIndependent/Versions.cpp.o
[INFO] [stderr]   [ 57%] Building CXX object glslang/CMakeFiles/glslang.dir/MachineIndependent/intermOut.cpp.o
[INFO] [stderr]   [ 59%] Building CXX object glslang/CMakeFiles/glslang.dir/MachineIndependent/parseConst.cpp.o
[INFO] [stderr]   [ 61%] Building CXX object glslang/CMakeFiles/glslang.dir/MachineIndependent/limits.cpp.o
[INFO] [stderr]   [ 63%] Building CXX object glslang/CMakeFiles/glslang.dir/MachineIndependent/linkValidate.cpp.o
[INFO] [stderr]   [ 64%] Building CXX object glslang/CMakeFiles/glslang.dir/MachineIndependent/reflection.cpp.o
[INFO] [stderr]   [ 66%] Building CXX object glslang/CMakeFiles/glslang.dir/MachineIndependent/preprocessor/PpContext.cpp.o
[INFO] [stderr]   [ 68%] Building CXX object glslang/CMakeFiles/glslang.dir/MachineIndependent/preprocessor/PpAtom.cpp.o
[INFO] [stderr]   [ 70%] Building CXX object glslang/CMakeFiles/glslang.dir/MachineIndependent/propagateNoContraction.cpp.o
[INFO] [stderr]   [ 71%] Building CXX object glslang/CMakeFiles/glslang.dir/MachineIndependent/preprocessor/Pp.cpp.o
[INFO] [stderr]   [ 73%] Building CXX object glslang/CMakeFiles/glslang.dir/MachineIndependent/preprocessor/PpTokens.cpp.o
[INFO] [stderr]   [ 75%] Building CXX object glslang/CMakeFiles/glslang.dir/MachineIndependent/preprocessor/PpScanner.cpp.o
[INFO] [stderr]   [ 77%] Building CXX object glslang/CMakeFiles/glslang.dir/GenericCodeGen/CodeGen.cpp.o
[INFO] [stderr]   [ 78%] Building CXX object glslang/CMakeFiles/glslang.dir/GenericCodeGen/Link.cpp.o
[INFO] [stderr] 
[INFO] [stderr]   --- stderr
[INFO] [stderr]   fatal: not a git repository (or any parent up to mount point /opt/rustwide)
[INFO] [stderr]   Stopping at filesystem boundary (GIT_DISCOVERY_ACROSS_FILESYSTEM not set).
[INFO] [stderr]   CMake Warning:
[INFO] [stderr]     Manually-specified variables were not used by the project:
[INFO] [stderr] 
[INFO] [stderr]       CMAKE_ASM_COMPILER
[INFO] [stderr]       CMAKE_ASM_FLAGS
[INFO] [stderr] 
[INFO] [stderr] 
[INFO] [stderr]   c++: fatal error: Killed signal terminated program cc1plus
[INFO] [stderr]   compilation terminated.
[INFO] [stderr]   make[2]: *** [glslang/CMakeFiles/glslang.dir/build.make:219: glslang/CMakeFiles/glslang.dir/MachineIndependent/ShaderLang.cpp.o] Error 1
[INFO] [stderr]   make[2]: *** Waiting for unfinished jobs....
[INFO] [stderr]   c++: fatal error: Killed signal terminated program cc1plus
[INFO] [stderr]   compilation terminated.
[INFO] [stderr]   c++: fatal error: Killed signal terminated program cc1plus
[INFO] [stderr]   compilation terminated.
[INFO] [stderr]   make[2]: *** [glslang/CMakeFiles/glslang.dir/build.make:206: glslang/CMakeFiles/glslang.dir/MachineIndependent/Scan.cpp.o] Error 1
[INFO] [stderr]   make[2]: *** [glslang/CMakeFiles/glslang.dir/build.make:89: glslang/CMakeFiles/glslang.dir/MachineIndependent/iomapper.cpp.o] Error 1
[INFO] [stderr]   c++: fatal error: Killed signal terminated program cc1plus
[INFO] [stderr]   compilation terminated.
[INFO] [stderr]   make[2]: *** [glslang/CMakeFiles/glslang.dir/build.make:258: glslang/CMakeFiles/glslang.dir/MachineIndependent/intermOut.cpp.o] Error 1
[INFO] [stderr]   c++: fatal error: Killed signal terminated program cc1plus
[INFO] [stderr]   compilation terminated.
[INFO] [stderr]   make[2]: *** [glslang/CMakeFiles/glslang.dir/build.make:232: glslang/CMakeFiles/glslang.dir/MachineIndependent/SymbolTable.cpp.o] Error 1
[INFO] [stderr]   c++: fatal error: Killed signal terminated program cc1plus
[INFO] [stderr]   compilation terminated.
[INFO] [stderr]   make[2]: *** [glslang/CMakeFiles/glslang.dir/build.make:63: glslang/CMakeFiles/glslang.dir/MachineIndependent/glslang_tab.cpp.o] Error 1
[INFO] [stderr]   c++: fatal error: Killed signal terminated program cc1plus
[INFO] [stderr]   compilation terminated.
[INFO] [stderr]   make[2]: *** [glslang/CMakeFiles/glslang.dir/build.make:167: glslang/CMakeFiles/glslang.dir/MachineIndependent/ParseHelper.cpp.o] Error 1
[INFO] [stderr]   c++: fatal error: Killed signal terminated program cc1plus
[INFO] [stderr]   compilation terminated.
[INFO] [stderr]   c++: fatal error: Killed signal terminated program cc1plus
[INFO] [stderr]   compilation terminated.
[INFO] [stderr]   make[2]: *** [glslang/CMakeFiles/glslang.dir/build.make:245: glslang/CMakeFiles/glslang.dir/MachineIndependent/Versions.cpp.o] Error 1
[INFO] [stderr]   make[2]: *** [glslang/CMakeFiles/glslang.dir/build.make:349: glslang/CMakeFiles/glslang.dir/MachineIndependent/preprocessor/PpContext.cpp.o] Error 1
[INFO] [stderr]   c++: fatal error: Killed signal terminated program cc1plus
[INFO] [stderr]   compilation terminated.
[INFO] [stderr]   make[2]: *** [glslang/CMakeFiles/glslang.dir/build.make:141: glslang/CMakeFiles/glslang.dir/MachineIndependent/Intermediate.cpp.o] Error 1
[INFO] [stderr]   c++: fatal error: Killed signal terminated program cc1plus
[INFO] [stderr]   compilation terminated.
[INFO] [stderr]   make[2]: *** [glslang/CMakeFiles/glslang.dir/build.make:76: glslang/CMakeFiles/glslang.dir/MachineIndependent/Constant.cpp.o] Error 1
[INFO] [stderr]   c++: fatal error: Killed signal terminated program cc1plus
[INFO] [stderr]   compilation terminated.
[INFO] [stderr]   make[2]: *** [glslang/CMakeFiles/glslang.dir/build.make:115: glslang/CMakeFiles/glslang.dir/MachineIndependent/Initialize.cpp.o] Error 1
[INFO] [stderr]   make[1]: *** [CMakeFiles/Makefile2:1032: glslang/CMakeFiles/glslang.dir/all] Error 2
[INFO] [stderr]   make: *** [Makefile:141: all] Error 2
[INFO] [stderr]   thread 'main' panicked at '
[INFO] [stderr]   command did not execute successfully, got: exit status: 2
[INFO] [stderr] 
[INFO] [stderr]   build script failed, must exit now', /opt/rustwide/cargo-home/registry/src/github.com-1ecc6299db9ec823/cmake-0.1.45/src/lib.rs:894:5
[INFO] [stderr]   stack backtrace:
[INFO] [stderr]      0:     0x5592b7953c70 - std::backtrace_rs::backtrace::libunwind::trace::hff4d1766e93f64f1
[INFO] [stderr]                                  at /rustc/53fd98ca776cb875bc9e5514f56b52eb74f9e7a9/library/std/src/../../backtrace/src/backtrace/libunwind.rs:90:5
[INFO] [stderr]      1:     0x5592b7953c70 - std::backtrace_rs::backtrace::trace_unsynchronized::h56bbc8eb78770bcb
[INFO] [stderr]                                  at /rustc/53fd98ca776cb875bc9e5514f56b52eb74f9e7a9/library/std/src/../../backtrace/src/backtrace/mod.rs:66:5
[INFO] [stderr]      2:     0x5592b7953c70 - std::sys_common::backtrace::_print_fmt::h5c8e75464faca780
[INFO] [stderr]                                  at /rustc/53fd98ca776cb875bc9e5514f56b52eb74f9e7a9/library/std/src/sys_common/backtrace.rs:67:5
[INFO] [stderr]      3:     0x5592b7953c70 - <std::sys_common::backtrace::_print::DisplayBacktrace as core::fmt::Display>::fmt::h48b88277def8b362
[INFO] [stderr]                                  at /rustc/53fd98ca776cb875bc9e5514f56b52eb74f9e7a9/library/std/src/sys_common/backtrace.rs:46:22
[INFO] [stderr]      4:     0x5592b79742cc - core::fmt::write::h3381b3176fe2b3d3
[INFO] [stderr]                                  at /rustc/53fd98ca776cb875bc9e5514f56b52eb74f9e7a9/library/core/src/fmt/mod.rs:1115:17
[INFO] [stderr]      5:     0x5592b7950a85 - std::io::Write::write_fmt::hd42607e5d8e44db0
[INFO] [stderr]                                  at /rustc/53fd98ca776cb875bc9e5514f56b52eb74f9e7a9/library/std/src/io/mod.rs:1665:15
[INFO] [stderr]      6:     0x5592b79562ab - std::sys_common::backtrace::_print::ha537687d6c17dd0d
[INFO] [stderr]                                  at /rustc/53fd98ca776cb875bc9e5514f56b52eb74f9e7a9/library/std/src/sys_common/backtrace.rs:49:5
[INFO] [stderr]      7:     0x5592b79562ab - std::sys_common::backtrace::print::h61376ae57d131d72
[INFO] [stderr]                                  at /rustc/53fd98ca776cb875bc9e5514f56b52eb74f9e7a9/library/std/src/sys_common/backtrace.rs:36:9
[INFO] [stderr]      8:     0x5592b79562ab - std::panicking::default_hook::{{closure}}::h0f7208c0b9644a54
[INFO] [stderr]                                  at /rustc/53fd98ca776cb875bc9e5514f56b52eb74f9e7a9/library/std/src/panicking.rs:208:50
[INFO] [stderr]      9:     0x5592b7955d81 - std::panicking::default_hook::hdac7fc06578c14ce
[INFO] [stderr]                                  at /rustc/53fd98ca776cb875bc9e5514f56b52eb74f9e7a9/library/std/src/panicking.rs:225:9
[INFO] [stderr]     10:     0x5592b7956974 - std::panicking::rust_panic_with_hook::h72b21c283da3d1ef
[INFO] [stderr]                                  at /rustc/53fd98ca776cb875bc9e5514f56b52eb74f9e7a9/library/std/src/panicking.rs:622:17
[INFO] [stderr]     11:     0x5592b7956457 - std::panicking::begin_panic_handler::{{closure}}::he5778f1729cff84a
[INFO] [stderr]                                  at /rustc/53fd98ca776cb875bc9e5514f56b52eb74f9e7a9/library/std/src/panicking.rs:519:13
[INFO] [stderr]     12:     0x5592b795414c - std::sys_common::backtrace::__rust_end_short_backtrace::h2d11ca8b453b4b1d
[INFO] [stderr]                                  at /rustc/53fd98ca776cb875bc9e5514f56b52eb74f9e7a9/library/std/src/sys_common/backtrace.rs:141:18
[INFO] [stderr]     13:     0x5592b79563b9 - rust_begin_unwind
[INFO] [stderr]                                  at /rustc/53fd98ca776cb875bc9e5514f56b52eb74f9e7a9/library/std/src/panicking.rs:515:5
[INFO] [stderr]     14:     0x5592b78c5c1b - std::panicking::begin_panic_fmt::h746518bde832d259
[INFO] [stderr]                                  at /rustc/53fd98ca776cb875bc9e5514f56b52eb74f9e7a9/library/std/src/panicking.rs:457:5
[INFO] [stderr]     15:     0x5592b78dd443 - cmake::fail::h83c9b03db9339f0f
[INFO] [stderr]                                  at /opt/rustwide/cargo-home/registry/src/github.com-1ecc6299db9ec823/cmake-0.1.45/src/lib.rs:894:5
[INFO] [stderr]     16:     0x5592b78dce51 - cmake::run::hcb24e52936cc42dd
[INFO] [stderr]                                  at /opt/rustwide/cargo-home/registry/src/github.com-1ecc6299db9ec823/cmake-0.1.45/src/lib.rs:872:9
[INFO] [stderr]     17:     0x5592b78da891 - cmake::Config::build::h51a4ed5b48112e15
[INFO] [stderr]                                  at /opt/rustwide/cargo-home/registry/src/github.com-1ecc6299db9ec823/cmake-0.1.45/src/lib.rs:778:9
[INFO] [stderr]     18:     0x5592b78c923a - cmake::build::ha81d97b02844d392
[INFO] [stderr]                                  at /opt/rustwide/cargo-home/registry/src/github.com-1ecc6299db9ec823/cmake-0.1.45/src/lib.rs:99:5
[INFO] [stderr]     19:     0x5592b78c7f77 - build_script_build::main::ha0d44040b22887d8
[INFO] [stderr]                                  at /opt/rustwide/cargo-home/registry/src/github.com-1ecc6299db9ec823/glsl-to-spirv-0.1.7/build/build.rs:37:9
[INFO] [stderr]     20:     0x5592b78c851b - core::ops::function::FnOnce::call_once::h1f1e4a6e93a87bb3
[INFO] [stderr]                                  at /rustc/53fd98ca776cb875bc9e5514f56b52eb74f9e7a9/library/core/src/ops/function.rs:227:5
[INFO] [stderr]     21:     0x5592b78c9abe - std::sys_common::backtrace::__rust_begin_short_backtrace::hddfd81f5e1450763
[INFO] [stderr]                                  at /rustc/53fd98ca776cb875bc9e5514f56b52eb74f9e7a9/library/std/src/sys_common/backtrace.rs:125:18
[INFO] [stderr]     22:     0x5592b78c8a01 - std::rt::lang_start::{{closure}}::h953576eefa779c2c
[INFO] [stderr]                                  at /rustc/53fd98ca776cb875bc9e5514f56b52eb74f9e7a9/library/std/src/rt.rs:63:18
[INFO] [stderr]     23:     0x5592b7956e7a - core::ops::function::impls::<impl core::ops::function::FnOnce<A> for &F>::call_once::ha88a7d1a4d24e549
[INFO] [stderr]                                  at /rustc/53fd98ca776cb875bc9e5514f56b52eb74f9e7a9/library/core/src/ops/function.rs:259:13
[INFO] [stderr]     24:     0x5592b7956e7a - std::panicking::try::do_call::hd3b1d7740607ccc7
[INFO] [stderr]                                  at /rustc/53fd98ca776cb875bc9e5514f56b52eb74f9e7a9/library/std/src/panicking.rs:401:40
[INFO] [stderr]     25:     0x5592b7956e7a - std::panicking::try::h0ee8c65ac7461507
[INFO] [stderr]                                  at /rustc/53fd98ca776cb875bc9e5514f56b52eb74f9e7a9/library/std/src/panicking.rs:365:19
[INFO] [stderr]     26:     0x5592b7956e7a - std::panic::catch_unwind::head47f0de4ccd838
[INFO] [stderr]                                  at /rustc/53fd98ca776cb875bc9e5514f56b52eb74f9e7a9/library/std/src/panic.rs:434:14
[INFO] [stderr]     27:     0x5592b7956e7a - std::rt::lang_start_internal::{{closure}}::hbc7de8ec820ac085
[INFO] [stderr]                                  at /rustc/53fd98ca776cb875bc9e5514f56b52eb74f9e7a9/library/std/src/rt.rs:45:48
[INFO] [stderr]     28:     0x5592b7956e7a - std::panicking::try::do_call::h2609e52e8bad4a7b
[INFO] [stderr]                                  at /rustc/53fd98ca776cb875bc9e5514f56b52eb74f9e7a9/library/std/src/panicking.rs:401:40
[INFO] [stderr]     29:     0x5592b7956e7a - std::panicking::try::hd0929f0b603e0389
[INFO] [stderr]                                  at /rustc/53fd98ca776cb875bc9e5514f56b52eb74f9e7a9/library/std/src/panicking.rs:365:19
[INFO] [stderr]     30:     0x5592b7956e7a - std::panic::catch_unwind::h27902b81c3e47571
[INFO] [stderr]                                  at /rustc/53fd98ca776cb875bc9e5514f56b52eb74f9e7a9/library/std/src/panic.rs:434:14
[INFO] [stderr]     31:     0x5592b7956e7a - std::rt::lang_start_internal::h3fb2d794dd391e3e
[INFO] [stderr]                                  at /rustc/53fd98ca776cb875bc9e5514f56b52eb74f9e7a9/library/std/src/rt.rs:45:20
[INFO] [stderr]     32:     0x5592b78c89d0 - std::rt::lang_start::h8446953dca2b39bc
[INFO] [stderr]                                  at /rustc/53fd98ca776cb875bc9e5514f56b52eb74f9e7a9/library/std/src/rt.rs:62:5
[INFO] [stderr]     33:     0x5592b78c819c - main
[INFO] [stderr]     34:     0x7fb0ffd9a0b3 - __libc_start_main
[INFO] [stderr]     35:     0x5592b78c6b2e - _start
[INFO] [stderr]     36:                0x0 - <unknown>
[INFO] [stderr] warning: build failed, waiting for other jobs to finish...
[INFO] [stderr] error: build failed
[INFO] running `Command { std: "docker" "inspect" "2e849a8c8c24bb0c4de69be0a97f46284e6732fb42fd45e96557a940efa21f69", kill_on_drop: false }`
[INFO] running `Command { std: "docker" "rm" "-f" "2e849a8c8c24bb0c4de69be0a97f46284e6732fb42fd45e96557a940efa21f69", kill_on_drop: false }`
[INFO] [stdout] 2e849a8c8c24bb0c4de69be0a97f46284e6732fb42fd45e96557a940efa21f69
