[INFO] fetching crate trillium-html-rewriter 0.1.0...
[INFO] testing trillium-html-rewriter-0.1.0 against beta-2021-08-01 for beta-1.55-1
[INFO] extracting crate trillium-html-rewriter 0.1.0 into /workspace/builds/worker-1/source
[INFO] validating manifest of crates.io crate trillium-html-rewriter 0.1.0 on toolchain beta-2021-08-01
[INFO] running `Command { std: "/workspace/cargo-home/bin/cargo" "+beta-2021-08-01" "metadata" "--manifest-path" "Cargo.toml" "--no-deps", kill_on_drop: false }`
[INFO] started tweaking crates.io crate trillium-html-rewriter 0.1.0
[INFO] finished tweaking crates.io crate trillium-html-rewriter 0.1.0
[INFO] tweaked toml for crates.io crate trillium-html-rewriter 0.1.0 written to /workspace/builds/worker-1/source/Cargo.toml
[INFO] crate crates.io crate trillium-html-rewriter 0.1.0 already has a lockfile, it will not be regenerated
[INFO] running `Command { std: "/workspace/cargo-home/bin/cargo" "+beta-2021-08-01" "fetch" "--manifest-path" "Cargo.toml", kill_on_drop: false }`
[INFO] [stderr]  Downloading crates ...
[INFO] [stderr]   Downloaded procedural-masquerade v0.1.7
[INFO] [stderr]   Downloaded cssparser v0.25.9
[INFO] [stderr]   Downloaded selectors v0.21.0
[INFO] [stderr]   Downloaded lol-async v0.1.1
[INFO] [stderr]   Downloaded cssparser-macros v0.3.6
[INFO] [stderr]   Downloaded ringbuf v0.2.5
[INFO] [stderr]   Downloaded lol_html v0.3.0
[INFO] running `Command { std: "docker" "create" "-v" "/var/lib/crater-agent-workspace/builds/worker-1/target:/opt/rustwide/target:rw,Z" "-v" "/var/lib/crater-agent-workspace/builds/worker-1/source:/opt/rustwide/workdir:ro,Z" "-v" "/var/lib/crater-agent-workspace/cargo-home:/opt/rustwide/cargo-home:ro,Z" "-v" "/var/lib/crater-agent-workspace/rustup-home:/opt/rustwide/rustup-home:ro,Z" "-e" "SOURCE_DIR=/opt/rustwide/workdir" "-e" "CARGO_TARGET_DIR=/opt/rustwide/target" "-e" "CARGO_HOME=/opt/rustwide/cargo-home" "-e" "RUSTUP_HOME=/opt/rustwide/rustup-home" "-w" "/opt/rustwide/workdir" "-m" "1610612736" "--user" "0:0" "--network" "none" "ghcr.io/rust-lang/crates-build-env/linux@sha256:34b6a614d2c27851fe6cbf88fbd1137609cefab8b10d0615aaeb6fd47975d74e" "/opt/rustwide/cargo-home/bin/cargo" "+beta-2021-08-01" "metadata" "--no-deps" "--format-version=1", kill_on_drop: false }`
[INFO] [stdout] bf94e8ed3db003a4d5f18c3290caaa24ca8f1c99c7ca424c9ba7cc57e9403005
[INFO] running `Command { std: "docker" "start" "-a" "bf94e8ed3db003a4d5f18c3290caaa24ca8f1c99c7ca424c9ba7cc57e9403005", kill_on_drop: false }`
[INFO] running `Command { std: "docker" "inspect" "bf94e8ed3db003a4d5f18c3290caaa24ca8f1c99c7ca424c9ba7cc57e9403005", kill_on_drop: false }`
[INFO] running `Command { std: "docker" "rm" "-f" "bf94e8ed3db003a4d5f18c3290caaa24ca8f1c99c7ca424c9ba7cc57e9403005", kill_on_drop: false }`
[INFO] [stdout] bf94e8ed3db003a4d5f18c3290caaa24ca8f1c99c7ca424c9ba7cc57e9403005
[INFO] running `Command { std: "docker" "create" "-v" "/var/lib/crater-agent-workspace/builds/worker-1/target:/opt/rustwide/target:rw,Z" "-v" "/var/lib/crater-agent-workspace/builds/worker-1/source:/opt/rustwide/workdir:ro,Z" "-v" "/var/lib/crater-agent-workspace/cargo-home:/opt/rustwide/cargo-home:ro,Z" "-v" "/var/lib/crater-agent-workspace/rustup-home:/opt/rustwide/rustup-home:ro,Z" "-e" "SOURCE_DIR=/opt/rustwide/workdir" "-e" "CARGO_TARGET_DIR=/opt/rustwide/target" "-e" "CARGO_INCREMENTAL=0" "-e" "RUST_BACKTRACE=full" "-e" "RUSTFLAGS=--cap-lints=warn" "-e" "CARGO_HOME=/opt/rustwide/cargo-home" "-e" "RUSTUP_HOME=/opt/rustwide/rustup-home" "-w" "/opt/rustwide/workdir" "-m" "1610612736" "--user" "0:0" "--network" "none" "ghcr.io/rust-lang/crates-build-env/linux@sha256:34b6a614d2c27851fe6cbf88fbd1137609cefab8b10d0615aaeb6fd47975d74e" "/opt/rustwide/cargo-home/bin/cargo" "+beta-2021-08-01" "build" "--frozen" "--message-format=json", kill_on_drop: false }`
[INFO] [stdout] 5f0ba7f36c1a0e4d1fcdc60ae36876f4f5e08d749be9b0ca84546be6ceb11301
[INFO] running `Command { std: "docker" "start" "-a" "5f0ba7f36c1a0e4d1fcdc60ae36876f4f5e08d749be9b0ca84546be6ceb11301", kill_on_drop: false }`
[INFO] [stderr]    Compiling libc v0.2.95
[INFO] [stderr]    Compiling syn v1.0.72
[INFO] [stderr]    Compiling futures-core v0.3.15
[INFO] [stderr]    Compiling pin-project-lite v0.2.6
[INFO] [stderr]    Compiling fastrand v1.4.1
[INFO] [stderr]    Compiling futures-io v0.3.15
[INFO] [stderr]    Compiling slab v0.4.3
[INFO] [stderr]    Compiling anyhow v1.0.40
[INFO] [stderr]    Compiling procedural-masquerade v0.1.7
[INFO] [stderr]    Compiling trillium-http-types v0.0.1
[INFO] [stderr]    Compiling once_cell v1.7.2
[INFO] [stderr]    Compiling nodrop v0.1.14
[INFO] [stderr]    Compiling thin-slice v0.1.1
[INFO] [stderr]    Compiling async-trait v0.1.50
[INFO] [stderr]    Compiling ringbuf v0.2.5
[INFO] [stderr]    Compiling tinyvec v1.2.0
[INFO] [stderr]    Compiling dtoa-short v0.3.3
[INFO] [stderr]    Compiling fxhash v0.2.1
[INFO] [stderr]    Compiling waker-set v0.2.0
[INFO] [stderr]    Compiling servo_arc v0.1.1
[INFO] [stderr]    Compiling futures-lite v1.12.0
[INFO] [stderr]    Compiling async-channel v1.6.1
[INFO] [stderr]    Compiling unicode-normalization v0.1.19
[INFO] [stderr]    Compiling rand_os v0.1.3
[INFO] [stderr]    Compiling getrandom v0.1.16
[INFO] [stderr]    Compiling socket2 v0.4.0
[INFO] [stderr]    Compiling polling v2.0.3
[INFO] [stderr]    Compiling num_cpus v1.13.0
[INFO] [stderr]    Compiling blocking v1.0.2
[INFO] [stderr]    Compiling async-executor v1.4.1
[INFO] [stderr]    Compiling rand v0.6.5
[INFO] [stderr]    Compiling async-io v1.4.1
[INFO] [stderr]    Compiling rand_core v0.5.1
[INFO] [stderr]    Compiling idna v0.2.3
[INFO] [stderr]    Compiling rand_chacha v0.2.2
[INFO] [stderr]    Compiling async-global-executor v2.0.2
[INFO] [stderr]    Compiling rand v0.7.3
[INFO] [stderr]    Compiling url v2.2.2
[INFO] [stderr]    Compiling phf_generator v0.7.24
[INFO] [stderr]    Compiling phf_codegen v0.7.24
[INFO] [stderr]    Compiling selectors v0.21.0
[INFO] [stderr]    Compiling cssparser v0.25.9
[INFO] [stderr]    Compiling thiserror-impl v1.0.25
[INFO] [stderr]    Compiling cssparser-macros v0.3.6
[INFO] [stderr]    Compiling pin-project-internal v1.0.7
[INFO] [stderr]    Compiling thiserror v1.0.25
[INFO] [stderr]    Compiling pin-project v1.0.7
[INFO] [stderr]    Compiling stopper v0.2.0
[INFO] [stderr]    Compiling trillium-http v0.1.1
[INFO] [stderr]    Compiling trillium v0.1.1
[INFO] [stderr]    Compiling lol_html v0.3.0
[INFO] [stderr]    Compiling lol-async v0.1.1
[INFO] [stderr]    Compiling trillium-html-rewriter v0.1.0 (/opt/rustwide/workdir)
[INFO] [stderr]     Finished dev [unoptimized + debuginfo] target(s) in 21.17s
[INFO] running `Command { std: "docker" "inspect" "5f0ba7f36c1a0e4d1fcdc60ae36876f4f5e08d749be9b0ca84546be6ceb11301", kill_on_drop: false }`
[INFO] running `Command { std: "docker" "rm" "-f" "5f0ba7f36c1a0e4d1fcdc60ae36876f4f5e08d749be9b0ca84546be6ceb11301", kill_on_drop: false }`
[INFO] [stdout] 5f0ba7f36c1a0e4d1fcdc60ae36876f4f5e08d749be9b0ca84546be6ceb11301
[INFO] running `Command { std: "docker" "create" "-v" "/var/lib/crater-agent-workspace/builds/worker-1/target:/opt/rustwide/target:rw,Z" "-v" "/var/lib/crater-agent-workspace/builds/worker-1/source:/opt/rustwide/workdir:ro,Z" "-v" "/var/lib/crater-agent-workspace/cargo-home:/opt/rustwide/cargo-home:ro,Z" "-v" "/var/lib/crater-agent-workspace/rustup-home:/opt/rustwide/rustup-home:ro,Z" "-e" "SOURCE_DIR=/opt/rustwide/workdir" "-e" "CARGO_TARGET_DIR=/opt/rustwide/target" "-e" "CARGO_INCREMENTAL=0" "-e" "RUST_BACKTRACE=full" "-e" "RUSTFLAGS=--cap-lints=warn" "-e" "CARGO_HOME=/opt/rustwide/cargo-home" "-e" "RUSTUP_HOME=/opt/rustwide/rustup-home" "-w" "/opt/rustwide/workdir" "-m" "1610612736" "--user" "0:0" "--network" "none" "ghcr.io/rust-lang/crates-build-env/linux@sha256:34b6a614d2c27851fe6cbf88fbd1137609cefab8b10d0615aaeb6fd47975d74e" "/opt/rustwide/cargo-home/bin/cargo" "+beta-2021-08-01" "test" "--frozen" "--no-run" "--message-format=json", kill_on_drop: false }`
[INFO] [stdout] 71dc8f8d6d119e12e0822ec96c42d695b8c09745a1a11c39d23d702eb8ac93e9
[INFO] running `Command { std: "docker" "start" "-a" "71dc8f8d6d119e12e0822ec96c42d695b8c09745a1a11c39d23d702eb8ac93e9", kill_on_drop: false }`
[INFO] [stderr]    Compiling polling v2.0.3
[INFO] [stderr]    Compiling atty v0.2.14
[INFO] [stderr]    Compiling regex v1.5.4
[INFO] [stderr]    Compiling trillium-http v0.1.1
[INFO] [stderr]    Compiling selectors v0.21.0
[INFO] [stderr]    Compiling async-io v1.4.1
[INFO] [stderr]    Compiling trillium v0.1.1
[INFO] [stderr]    Compiling async-global-executor v2.0.2
[INFO] [stderr]    Compiling lol_html v0.3.0
[INFO] [stderr]    Compiling env_logger v0.8.3
[INFO] [stderr]    Compiling lol-async v0.1.1
[INFO] [stderr]    Compiling trillium-html-rewriter v0.1.0 (/opt/rustwide/workdir)
[INFO] [stdout] error[E0433]: failed to resolve: use of undeclared crate or module `trillium_proxy`
[INFO] [stdout]  --> examples/html-rewriter.rs:6:14
[INFO] [stdout]   |
[INFO] [stdout] 6 | type Proxy = trillium_proxy::Proxy<trillium_smol::TcpConnector>;
[INFO] [stdout]   |              ^^^^^^^^^^^^^^ use of undeclared crate or module `trillium_proxy`
[INFO] [stdout] 
[INFO] [stdout] 
[INFO] [stdout] error[E0433]: failed to resolve: use of undeclared crate or module `trillium_smol`
[INFO] [stdout]  --> examples/html-rewriter.rs:6:36
[INFO] [stdout]   |
[INFO] [stdout] 6 | type Proxy = trillium_proxy::Proxy<trillium_smol::TcpConnector>;
[INFO] [stdout]   |                                    ^^^^^^^^^^^^^ use of undeclared crate or module `trillium_smol`
[INFO] [stdout] 
[INFO] [stdout] 
[INFO] [stdout] error[E0433]: failed to resolve: use of undeclared crate or module `trillium_smol`
[INFO] [stdout]   --> examples/html-rewriter.rs:10:5
[INFO] [stdout]    |
[INFO] [stdout] 10 |     trillium_smol::run((
[INFO] [stdout]    |     ^^^^^^^^^^^^^ use of undeclared crate or module `trillium_smol`
[INFO] [stdout] 
[INFO] [stdout] 
[INFO] [stdout] error: aborting due to 3 previous errors
[INFO] [stdout] 
[INFO] [stdout] 
[INFO] [stdout] For more information about this error, try `rustc --explain E0433`.
[INFO] [stdout] 
[INFO] [stderr] error: could not compile `trillium-html-rewriter` due to 4 previous errors
[INFO] running `Command { std: "docker" "inspect" "71dc8f8d6d119e12e0822ec96c42d695b8c09745a1a11c39d23d702eb8ac93e9", kill_on_drop: false }`
[INFO] running `Command { std: "docker" "rm" "-f" "71dc8f8d6d119e12e0822ec96c42d695b8c09745a1a11c39d23d702eb8ac93e9", kill_on_drop: false }`
[INFO] [stdout] 71dc8f8d6d119e12e0822ec96c42d695b8c09745a1a11c39d23d702eb8ac93e9
