[INFO] fetching crate trillium-forwarding 0.1.0...
[INFO] testing trillium-forwarding-0.1.0 against beta-2021-08-01 for beta-1.55-1
[INFO] extracting crate trillium-forwarding 0.1.0 into /workspace/builds/worker-12/source
[INFO] validating manifest of crates.io crate trillium-forwarding 0.1.0 on toolchain beta-2021-08-01
[INFO] running `Command { std: "/workspace/cargo-home/bin/cargo" "+beta-2021-08-01" "metadata" "--manifest-path" "Cargo.toml" "--no-deps", kill_on_drop: false }`
[INFO] started tweaking crates.io crate trillium-forwarding 0.1.0
[INFO] finished tweaking crates.io crate trillium-forwarding 0.1.0
[INFO] tweaked toml for crates.io crate trillium-forwarding 0.1.0 written to /workspace/builds/worker-12/source/Cargo.toml
[INFO] crate crates.io crate trillium-forwarding 0.1.0 already has a lockfile, it will not be regenerated
[INFO] running `Command { std: "/workspace/cargo-home/bin/cargo" "+beta-2021-08-01" "fetch" "--manifest-path" "Cargo.toml", kill_on_drop: false }`
[INFO] [stderr]  Downloading crates ...
[INFO] [stderr]   Downloaded bitstring v0.1.1
[INFO] [stderr]   Downloaded cidr v0.1.1
[INFO] running `Command { std: "docker" "create" "-v" "/var/lib/crater-agent-workspace/builds/worker-12/target:/opt/rustwide/target:rw,Z" "-v" "/var/lib/crater-agent-workspace/builds/worker-12/source:/opt/rustwide/workdir:ro,Z" "-v" "/var/lib/crater-agent-workspace/cargo-home:/opt/rustwide/cargo-home:ro,Z" "-v" "/var/lib/crater-agent-workspace/rustup-home:/opt/rustwide/rustup-home:ro,Z" "-e" "SOURCE_DIR=/opt/rustwide/workdir" "-e" "CARGO_TARGET_DIR=/opt/rustwide/target" "-e" "CARGO_HOME=/opt/rustwide/cargo-home" "-e" "RUSTUP_HOME=/opt/rustwide/rustup-home" "-w" "/opt/rustwide/workdir" "-m" "1610612736" "--user" "0:0" "--network" "none" "ghcr.io/rust-lang/crates-build-env/linux@sha256:34b6a614d2c27851fe6cbf88fbd1137609cefab8b10d0615aaeb6fd47975d74e" "/opt/rustwide/cargo-home/bin/cargo" "+beta-2021-08-01" "metadata" "--no-deps" "--format-version=1", kill_on_drop: false }`
[INFO] [stdout] 1277abf6de728ae4a423473417e286d23ee98dafad38f546e90537402abb90d6
[INFO] running `Command { std: "docker" "start" "-a" "1277abf6de728ae4a423473417e286d23ee98dafad38f546e90537402abb90d6", kill_on_drop: false }`
[INFO] running `Command { std: "docker" "inspect" "1277abf6de728ae4a423473417e286d23ee98dafad38f546e90537402abb90d6", kill_on_drop: false }`
[INFO] running `Command { std: "docker" "rm" "-f" "1277abf6de728ae4a423473417e286d23ee98dafad38f546e90537402abb90d6", kill_on_drop: false }`
[INFO] [stdout] 1277abf6de728ae4a423473417e286d23ee98dafad38f546e90537402abb90d6
[INFO] running `Command { std: "docker" "create" "-v" "/var/lib/crater-agent-workspace/builds/worker-12/target:/opt/rustwide/target:rw,Z" "-v" "/var/lib/crater-agent-workspace/builds/worker-12/source:/opt/rustwide/workdir:ro,Z" "-v" "/var/lib/crater-agent-workspace/cargo-home:/opt/rustwide/cargo-home:ro,Z" "-v" "/var/lib/crater-agent-workspace/rustup-home:/opt/rustwide/rustup-home:ro,Z" "-e" "SOURCE_DIR=/opt/rustwide/workdir" "-e" "CARGO_TARGET_DIR=/opt/rustwide/target" "-e" "CARGO_INCREMENTAL=0" "-e" "RUST_BACKTRACE=full" "-e" "RUSTFLAGS=--cap-lints=warn" "-e" "CARGO_HOME=/opt/rustwide/cargo-home" "-e" "RUSTUP_HOME=/opt/rustwide/rustup-home" "-w" "/opt/rustwide/workdir" "-m" "1610612736" "--user" "0:0" "--network" "none" "ghcr.io/rust-lang/crates-build-env/linux@sha256:34b6a614d2c27851fe6cbf88fbd1137609cefab8b10d0615aaeb6fd47975d74e" "/opt/rustwide/cargo-home/bin/cargo" "+beta-2021-08-01" "build" "--frozen" "--message-format=json", kill_on_drop: false }`
[INFO] [stdout] b95ca2d3d9798e98de4c5c5d666444bb3182ea8e72059d6d1935b4b31eef110f
[INFO] running `Command { std: "docker" "start" "-a" "b95ca2d3d9798e98de4c5c5d666444bb3182ea8e72059d6d1935b4b31eef110f", kill_on_drop: false }`
[INFO] [stderr]    Compiling syn v1.0.73
[INFO] [stderr]    Compiling fastrand v1.4.1
[INFO] [stderr]    Compiling futures-io v0.3.15
[INFO] [stderr]    Compiling bitstring v0.1.1
[INFO] [stderr]    Compiling async-channel v1.6.1
[INFO] [stderr]    Compiling cidr v0.1.1
[INFO] [stderr]    Compiling futures-lite v1.12.0
[INFO] [stderr]    Compiling trillium-http-types v0.0.3
[INFO] [stderr]    Compiling pin-project-internal v1.0.7
[INFO] [stderr]    Compiling thiserror-impl v1.0.26
[INFO] [stderr]    Compiling async-trait v0.1.50
[INFO] [stderr]    Compiling thiserror v1.0.26
[INFO] [stderr]    Compiling pin-project v1.0.7
[INFO] [stderr]    Compiling stopper v0.2.0
[INFO] [stderr]    Compiling trillium-http v0.1.7
[INFO] [stderr]    Compiling trillium v0.1.4
[INFO] [stderr]    Compiling trillium-forwarding v0.1.0 (/opt/rustwide/workdir)
[INFO] [stderr]     Finished dev [unoptimized + debuginfo] target(s) in 21.86s
[INFO] running `Command { std: "docker" "inspect" "b95ca2d3d9798e98de4c5c5d666444bb3182ea8e72059d6d1935b4b31eef110f", kill_on_drop: false }`
[INFO] running `Command { std: "docker" "rm" "-f" "b95ca2d3d9798e98de4c5c5d666444bb3182ea8e72059d6d1935b4b31eef110f", kill_on_drop: false }`
[INFO] [stdout] b95ca2d3d9798e98de4c5c5d666444bb3182ea8e72059d6d1935b4b31eef110f
[INFO] running `Command { std: "docker" "create" "-v" "/var/lib/crater-agent-workspace/builds/worker-12/target:/opt/rustwide/target:rw,Z" "-v" "/var/lib/crater-agent-workspace/builds/worker-12/source:/opt/rustwide/workdir:ro,Z" "-v" "/var/lib/crater-agent-workspace/cargo-home:/opt/rustwide/cargo-home:ro,Z" "-v" "/var/lib/crater-agent-workspace/rustup-home:/opt/rustwide/rustup-home:ro,Z" "-e" "SOURCE_DIR=/opt/rustwide/workdir" "-e" "CARGO_TARGET_DIR=/opt/rustwide/target" "-e" "CARGO_INCREMENTAL=0" "-e" "RUST_BACKTRACE=full" "-e" "RUSTFLAGS=--cap-lints=warn" "-e" "CARGO_HOME=/opt/rustwide/cargo-home" "-e" "RUSTUP_HOME=/opt/rustwide/rustup-home" "-w" "/opt/rustwide/workdir" "-m" "1610612736" "--user" "0:0" "--network" "none" "ghcr.io/rust-lang/crates-build-env/linux@sha256:34b6a614d2c27851fe6cbf88fbd1137609cefab8b10d0615aaeb6fd47975d74e" "/opt/rustwide/cargo-home/bin/cargo" "+beta-2021-08-01" "test" "--frozen" "--no-run" "--message-format=json", kill_on_drop: false }`
[INFO] [stdout] 69c6279b08e5b8b49978a70fb73814ef568dff4091de9eb73606dcb50b27ac73
[INFO] running `Command { std: "docker" "start" "-a" "69c6279b08e5b8b49978a70fb73814ef568dff4091de9eb73606dcb50b27ac73", kill_on_drop: false }`
[INFO] [stderr]    Compiling trillium-forwarding v0.1.0 (/opt/rustwide/workdir)
[INFO] [stdout] error[E0433]: failed to resolve: use of undeclared crate or module `trillium_testing`
[INFO] [stdout]  --> tests/tests.rs:4:5
[INFO] [stdout]   |
[INFO] [stdout] 4 | use trillium_testing::{prelude::*, TestConn};
[INFO] [stdout]   |     ^^^^^^^^^^^^^^^^ use of undeclared crate or module `trillium_testing`
[INFO] [stdout] 
[INFO] [stdout] 
[INFO] [stdout] error[E0432]: unresolved import `trillium_testing`
[INFO] [stdout]  --> tests/tests.rs:4:5
[INFO] [stdout]   |
[INFO] [stdout] 4 | use trillium_testing::{prelude::*, TestConn};
[INFO] [stdout]   |     ^^^^^^^^^^^^^^^^ use of undeclared crate or module `trillium_testing`
[INFO] [stdout] 
[INFO] [stdout] 
[INFO] [stdout] error: cannot find macro `assert_ok` in this scope
[INFO] [stdout]   --> tests/tests.rs:22:5
[INFO] [stdout]    |
[INFO] [stdout] 22 |       assert_ok!(
[INFO] [stdout]    |       ^^^^^^^^^ help: a macro with a similar name exists: `assert_eq`
[INFO] [stdout] 
[INFO] [stdout] 
[INFO] [stdout] error: cannot find macro `assert_ok` in this scope
[INFO] [stdout]   --> tests/tests.rs:30:5
[INFO] [stdout]    |
[INFO] [stdout] 30 |       assert_ok!(
[INFO] [stdout]    |       ^^^^^^^^^ help: a macro with a similar name exists: `assert_eq`
[INFO] [stdout] 
[INFO] [stdout] 
[INFO] [stdout] error: cannot find macro `assert_ok` in this scope
[INFO] [stdout]   --> tests/tests.rs:40:5
[INFO] [stdout]    |
[INFO] [stdout] 40 |       assert_ok!(get("/").on(&app), "false None None");
[INFO] [stdout]    |       ^^^^^^^^^ help: a macro with a similar name exists: `assert_eq`
[INFO] [stdout] 
[INFO] [stdout] 
[INFO] [stdout] error: cannot find macro `assert_ok` in this scope
[INFO] [stdout]   --> tests/tests.rs:47:5
[INFO] [stdout]    |
[INFO] [stdout] 47 |       assert_ok!(
[INFO] [stdout]    |       ^^^^^^^^^ help: a macro with a similar name exists: `assert_eq`
[INFO] [stdout] 
[INFO] [stdout] 
[INFO] [stdout] error: cannot find macro `assert_ok` in this scope
[INFO] [stdout]   --> tests/tests.rs:58:5
[INFO] [stdout]    |
[INFO] [stdout] 58 |       assert_ok!(
[INFO] [stdout]    |       ^^^^^^^^^ help: a macro with a similar name exists: `assert_eq`
[INFO] [stdout] 
[INFO] [stdout] 
[INFO] [stdout] error: cannot find macro `assert_ok` in this scope
[INFO] [stdout]   --> tests/tests.rs:66:5
[INFO] [stdout]    |
[INFO] [stdout] 66 |       assert_ok!(
[INFO] [stdout]    |       ^^^^^^^^^ help: a macro with a similar name exists: `assert_eq`
[INFO] [stdout] 
[INFO] [stdout] 
[INFO] [stdout] error: cannot find macro `assert_ok` in this scope
[INFO] [stdout]   --> tests/tests.rs:79:5
[INFO] [stdout]    |
[INFO] [stdout] 79 |       assert_ok!(
[INFO] [stdout]    |       ^^^^^^^^^ help: a macro with a similar name exists: `assert_eq`
[INFO] [stdout] 
[INFO] [stdout] 
[INFO] [stdout] error: cannot find macro `assert_ok` in this scope
[INFO] [stdout]   --> tests/tests.rs:87:5
[INFO] [stdout]    |
[INFO] [stdout] 87 |       assert_ok!(
[INFO] [stdout]    |       ^^^^^^^^^ help: a macro with a similar name exists: `assert_eq`
[INFO] [stdout] 
[INFO] [stdout] 
[INFO] [stdout] error: cannot find macro `assert_ok` in this scope
[INFO] [stdout]   --> tests/tests.rs:95:5
[INFO] [stdout]    |
[INFO] [stdout] 95 |       assert_ok!(
[INFO] [stdout]    |       ^^^^^^^^^ help: a macro with a similar name exists: `assert_eq`
[INFO] [stdout] 
[INFO] [stdout] 
[INFO] [stdout] error: cannot find macro `assert_ok` in this scope
[INFO] [stdout]    --> tests/tests.rs:103:5
[INFO] [stdout]     |
[INFO] [stdout] 103 |       assert_ok!(
[INFO] [stdout]     |       ^^^^^^^^^ help: a macro with a similar name exists: `assert_eq`
[INFO] [stdout] 
[INFO] [stdout] 
[INFO] [stdout] error[E0412]: cannot find type `Conn` in this scope
[INFO] [stdout]  --> tests/tests.rs:7:25
[INFO] [stdout]   |
[INFO] [stdout] 7 |     (forwarding, |conn: Conn| async move {
[INFO] [stdout]   |                         ^^^^ not found in this scope
[INFO] [stdout]   |
[INFO] [stdout] help: consider importing this struct
[INFO] [stdout]   |
[INFO] [stdout] 1 | use trillium::Conn;
[INFO] [stdout]   |
[INFO] [stdout] 
[INFO] [stdout] 
[INFO] [stdout] warning: unused import: `trillium::http_types::Method`
[INFO] [stdout]  --> tests/tests.rs:2:5
[INFO] [stdout]   |
[INFO] [stdout] 2 | use trillium::http_types::Method;
[INFO] [stdout]   |     ^^^^^^^^^^^^^^^^^^^^^^^^^^^^
[INFO] [stdout]   |
[INFO] [stdout]   = note: `#[warn(unused_imports)]` on by default
[INFO] [stdout] 
[INFO] [stdout] 
[INFO] [stdout] error[E0433]: failed to resolve: use of undeclared crate or module `trillium_logger`
[INFO] [stdout]  --> examples/forwarding.rs:2:5
[INFO] [stdout]   |
[INFO] [stdout] 2 | use trillium_logger::{apache_common, formatters::secure, Logger, Target};
[INFO] [stdout]   |     ^^^^^^^^^^^^^^^ use of undeclared crate or module `trillium_logger`
[INFO] [stdout] 
[INFO] [stdout] 
[INFO] [stdout] error[E0432]: unresolved import `trillium_logger`
[INFO] [stdout]  --> examples/forwarding.rs:2:5
[INFO] [stdout]   |
[INFO] [stdout] 2 | use trillium_logger::{apache_common, formatters::secure, Logger, Target};
[INFO] [stdout]   |     ^^^^^^^^^^^^^^^ use of undeclared crate or module `trillium_logger`
[INFO] [stdout] 
[INFO] [stdout] 
[INFO] [stdout] error: aborting due to 13 previous errors; 1 warning emitted
[INFO] [stdout] 
[INFO] [stdout] 
[INFO] [stdout] Some errors have detailed explanations: E0412, E0432, E0433.
[INFO] [stdout] 
[INFO] [stdout] For more information about an error, try `rustc --explain E0412`.
[INFO] [stdout] 
[INFO] [stderr] error: could not compile `trillium-forwarding` due to 14 previous errors; 1 warning emitted
[INFO] [stdout] error[E0433]: failed to resolve: use of undeclared crate or module `trillium_smol`
[INFO] [stdout]  --> examples/forwarding.rs:5:5
[INFO] [stdout]   |
[INFO] [stdout] 5 |     trillium_smol::run((
[INFO] [stdout]   |     ^^^^^^^^^^^^^ use of undeclared crate or module `trillium_smol`
[INFO] [stdout] 
[INFO] [stdout] 
[INFO] [stderr] warning: build failed, waiting for other jobs to finish...
[INFO] [stdout] error[E0425]: cannot find value `secure` in this scope
[INFO] [stdout]  --> examples/forwarding.rs:8:30
[INFO] [stdout]   |
[INFO] [stdout] 8 |             .with_formatter((secure, " ", apache_common("-", "-")))
[INFO] [stdout]   |                              ^^^^^^ not found in this scope
[INFO] [stdout] 
[INFO] [stdout] 
[INFO] [stdout] error: aborting due to 4 previous errors
[INFO] [stdout] 
[INFO] [stdout] 
[INFO] [stdout] Some errors have detailed explanations: E0425, E0432, E0433.
[INFO] [stdout] 
[INFO] [stdout] For more information about an error, try `rustc --explain E0425`.
[INFO] [stdout] 
[INFO] [stderr] error: build failed
[INFO] running `Command { std: "docker" "inspect" "69c6279b08e5b8b49978a70fb73814ef568dff4091de9eb73606dcb50b27ac73", kill_on_drop: false }`
[INFO] running `Command { std: "docker" "rm" "-f" "69c6279b08e5b8b49978a70fb73814ef568dff4091de9eb73606dcb50b27ac73", kill_on_drop: false }`
[INFO] [stdout] 69c6279b08e5b8b49978a70fb73814ef568dff4091de9eb73606dcb50b27ac73
