[INFO] fetching crate treehouse 0.1.0...
[INFO] testing treehouse-0.1.0 against beta-2021-08-01 for beta-1.55-1
[INFO] extracting crate treehouse 0.1.0 into /workspace/builds/worker-6/source
[INFO] validating manifest of crates.io crate treehouse 0.1.0 on toolchain beta-2021-08-01
[INFO] running `Command { std: "/workspace/cargo-home/bin/cargo" "+beta-2021-08-01" "metadata" "--manifest-path" "Cargo.toml" "--no-deps", kill_on_drop: false }`
[INFO] started tweaking crates.io crate treehouse 0.1.0
[INFO] finished tweaking crates.io crate treehouse 0.1.0
[INFO] tweaked toml for crates.io crate treehouse 0.1.0 written to /workspace/builds/worker-6/source/Cargo.toml
[INFO] crate crates.io crate treehouse 0.1.0 already has a lockfile, it will not be regenerated
[INFO] running `Command { std: "/workspace/cargo-home/bin/cargo" "+beta-2021-08-01" "fetch" "--manifest-path" "Cargo.toml", kill_on_drop: false }`
[INFO] [stderr]     Blocking waiting for file lock on package cache
[INFO] [stderr]  Downloading crates ...
[INFO] [stderr]   Downloaded thiserror-impl v1.0.19
[INFO] [stderr]   Downloaded thiserror v1.0.19
[INFO] [stderr]   Downloaded serde_derive v1.0.111
[INFO] [stderr]   Downloaded syn v1.0.31
[INFO] [stderr]   Downloaded object v0.19.0
[INFO] [stderr]   Downloaded addr2line v0.12.1
[INFO] [stderr]   Downloaded backtrace v0.3.48
[INFO] [stderr]   Downloaded serde v1.0.111
[INFO] [stderr]   Downloaded sled v0.32.0-rc1
[INFO] running `Command { std: "docker" "create" "-v" "/var/lib/crater-agent-workspace/builds/worker-6/target:/opt/rustwide/target:rw,Z" "-v" "/var/lib/crater-agent-workspace/builds/worker-6/source:/opt/rustwide/workdir:ro,Z" "-v" "/var/lib/crater-agent-workspace/cargo-home:/opt/rustwide/cargo-home:ro,Z" "-v" "/var/lib/crater-agent-workspace/rustup-home:/opt/rustwide/rustup-home:ro,Z" "-e" "SOURCE_DIR=/opt/rustwide/workdir" "-e" "CARGO_TARGET_DIR=/opt/rustwide/target" "-e" "CARGO_HOME=/opt/rustwide/cargo-home" "-e" "RUSTUP_HOME=/opt/rustwide/rustup-home" "-w" "/opt/rustwide/workdir" "-m" "1610612736" "--user" "0:0" "--network" "none" "ghcr.io/rust-lang/crates-build-env/linux@sha256:34b6a614d2c27851fe6cbf88fbd1137609cefab8b10d0615aaeb6fd47975d74e" "/opt/rustwide/cargo-home/bin/cargo" "+beta-2021-08-01" "metadata" "--no-deps" "--format-version=1", kill_on_drop: false }`
[INFO] [stdout] 567174d5fce1fe587e2eeb229bbee3700d2ca512b5eafc6866a4dd06f4133cc1
[INFO] running `Command { std: "docker" "start" "-a" "567174d5fce1fe587e2eeb229bbee3700d2ca512b5eafc6866a4dd06f4133cc1", kill_on_drop: false }`
[INFO] running `Command { std: "docker" "inspect" "567174d5fce1fe587e2eeb229bbee3700d2ca512b5eafc6866a4dd06f4133cc1", kill_on_drop: false }`
[INFO] running `Command { std: "docker" "rm" "-f" "567174d5fce1fe587e2eeb229bbee3700d2ca512b5eafc6866a4dd06f4133cc1", kill_on_drop: false }`
[INFO] [stdout] 567174d5fce1fe587e2eeb229bbee3700d2ca512b5eafc6866a4dd06f4133cc1
[INFO] running `Command { std: "docker" "create" "-v" "/var/lib/crater-agent-workspace/builds/worker-6/target:/opt/rustwide/target:rw,Z" "-v" "/var/lib/crater-agent-workspace/builds/worker-6/source:/opt/rustwide/workdir:ro,Z" "-v" "/var/lib/crater-agent-workspace/cargo-home:/opt/rustwide/cargo-home:ro,Z" "-v" "/var/lib/crater-agent-workspace/rustup-home:/opt/rustwide/rustup-home:ro,Z" "-e" "SOURCE_DIR=/opt/rustwide/workdir" "-e" "CARGO_TARGET_DIR=/opt/rustwide/target" "-e" "CARGO_INCREMENTAL=0" "-e" "RUST_BACKTRACE=full" "-e" "RUSTFLAGS=--cap-lints=warn" "-e" "CARGO_HOME=/opt/rustwide/cargo-home" "-e" "RUSTUP_HOME=/opt/rustwide/rustup-home" "-w" "/opt/rustwide/workdir" "-m" "1610612736" "--user" "0:0" "--network" "none" "ghcr.io/rust-lang/crates-build-env/linux@sha256:34b6a614d2c27851fe6cbf88fbd1137609cefab8b10d0615aaeb6fd47975d74e" "/opt/rustwide/cargo-home/bin/cargo" "+beta-2021-08-01" "build" "--frozen" "--message-format=json", kill_on_drop: false }`
[INFO] [stdout] 76f340d969f9cce7322337bd2410db1cde26639db528a6b6e39b7c5b0ef06ea0
[INFO] running `Command { std: "docker" "start" "-a" "76f340d969f9cce7322337bd2410db1cde26639db528a6b6e39b7c5b0ef06ea0", kill_on_drop: false }`
[INFO] [stderr]    Compiling syn v1.0.31
[INFO] [stderr]    Compiling smallvec v1.4.0
[INFO] [stderr]    Compiling serde v1.0.111
[INFO] [stderr]    Compiling gimli v0.21.0
[INFO] [stderr]    Compiling crc32fast v1.2.0
[INFO] [stderr]    Compiling object v0.19.0
[INFO] [stderr]    Compiling rustc-demangle v0.1.16
[INFO] [stderr]    Compiling proc-macro2 v1.0.18
[INFO] [stderr]    Compiling fs2 v0.4.3
[INFO] [stderr]    Compiling parking_lot_core v0.7.2
[INFO] [stderr]    Compiling quote v1.0.7
[INFO] [stderr]    Compiling parking_lot v0.10.2
[INFO] [stderr]    Compiling addr2line v0.12.1
[INFO] [stderr]    Compiling backtrace v0.3.48
[INFO] [stderr]    Compiling sled v0.32.0-rc1
[INFO] [stderr]    Compiling serde_derive v1.0.111
[INFO] [stderr]    Compiling thiserror-impl v1.0.19
[INFO] [stderr]    Compiling thiserror v1.0.19
[INFO] [stderr]    Compiling bincode v1.2.1
[INFO] [stderr]    Compiling treehouse v0.1.0 (/opt/rustwide/workdir)
[INFO] [stdout] warning: unused import: `sled::transaction::TransactionalTree`
[INFO] [stdout]   --> src/lib.rs:46:9
[INFO] [stdout]    |
[INFO] [stdout] 46 |     use sled::transaction::TransactionalTree;
[INFO] [stdout]    |         ^^^^^^^^^^^^^^^^^^^^^^^^^^^^^^^^^^^^
[INFO] [stdout]    |
[INFO] [stdout]    = note: `#[warn(unused_imports)]` on by default
[INFO] [stdout] 
[INFO] [stdout] 
[INFO] [stdout] warning: unused import: `UnabortableTransactionError`
[INFO] [stdout]  --> src/ext.rs:5:44
[INFO] [stdout]   |
[INFO] [stdout] 5 | use sled::transaction::{TransactionalTree, UnabortableTransactionError, ConflictableTransactionError};
[INFO] [stdout]   |                                            ^^^^^^^^^^^^^^^^^^^^^^^^^^^
[INFO] [stdout] 
[INFO] [stdout] 
[INFO] [stdout] warning: variable does not need to be mutable
[INFO] [stdout]   --> src/query.rs:58:17
[INFO] [stdout]    |
[INFO] [stdout] 58 |             let mut ids: Vec<u64> = utils::deserialize(&val)?;
[INFO] [stdout]    |                 ----^^^
[INFO] [stdout]    |                 |
[INFO] [stdout]    |                 help: remove this `mut`
[INFO] [stdout]    |
[INFO] [stdout]    = note: `#[warn(unused_mut)]` on by default
[INFO] [stdout] 
[INFO] [stdout] 
[INFO] [stdout] warning: 3 warnings emitted
[INFO] [stdout] 
[INFO] [stdout] 
[INFO] [stderr]     Finished dev [unoptimized + debuginfo] target(s) in 19.79s
[INFO] running `Command { std: "docker" "inspect" "76f340d969f9cce7322337bd2410db1cde26639db528a6b6e39b7c5b0ef06ea0", kill_on_drop: false }`
[INFO] running `Command { std: "docker" "rm" "-f" "76f340d969f9cce7322337bd2410db1cde26639db528a6b6e39b7c5b0ef06ea0", kill_on_drop: false }`
[INFO] [stdout] 76f340d969f9cce7322337bd2410db1cde26639db528a6b6e39b7c5b0ef06ea0
[INFO] running `Command { std: "docker" "create" "-v" "/var/lib/crater-agent-workspace/builds/worker-6/target:/opt/rustwide/target:rw,Z" "-v" "/var/lib/crater-agent-workspace/builds/worker-6/source:/opt/rustwide/workdir:ro,Z" "-v" "/var/lib/crater-agent-workspace/cargo-home:/opt/rustwide/cargo-home:ro,Z" "-v" "/var/lib/crater-agent-workspace/rustup-home:/opt/rustwide/rustup-home:ro,Z" "-e" "SOURCE_DIR=/opt/rustwide/workdir" "-e" "CARGO_TARGET_DIR=/opt/rustwide/target" "-e" "CARGO_INCREMENTAL=0" "-e" "RUST_BACKTRACE=full" "-e" "RUSTFLAGS=--cap-lints=warn" "-e" "CARGO_HOME=/opt/rustwide/cargo-home" "-e" "RUSTUP_HOME=/opt/rustwide/rustup-home" "-w" "/opt/rustwide/workdir" "-m" "1610612736" "--user" "0:0" "--network" "none" "ghcr.io/rust-lang/crates-build-env/linux@sha256:34b6a614d2c27851fe6cbf88fbd1137609cefab8b10d0615aaeb6fd47975d74e" "/opt/rustwide/cargo-home/bin/cargo" "+beta-2021-08-01" "test" "--frozen" "--no-run" "--message-format=json", kill_on_drop: false }`
[INFO] [stdout] 27d571ffe0c4b5224eb4bd654e609abb52e0f2c0d5fe970eecbde993b83d5053
[INFO] running `Command { std: "docker" "start" "-a" "27d571ffe0c4b5224eb4bd654e609abb52e0f2c0d5fe970eecbde993b83d5053", kill_on_drop: false }`
[INFO] [stderr]    Compiling memchr v2.3.3
[INFO] [stderr]    Compiling regex-syntax v0.6.18
[INFO] [stderr]    Compiling termcolor v1.1.0
[INFO] [stderr]    Compiling atty v0.2.14
[INFO] [stdout] warning: unused import: `sled::transaction::TransactionalTree`
[INFO] [stdout]   --> src/lib.rs:46:9
[INFO] [stdout]    |
[INFO] [stdout] 46 |     use sled::transaction::TransactionalTree;
[INFO] [stdout]    |         ^^^^^^^^^^^^^^^^^^^^^^^^^^^^^^^^^^^^
[INFO] [stdout]    |
[INFO] [stdout]    = note: `#[warn(unused_imports)]` on by default
[INFO] [stdout] 
[INFO] [stdout] 
[INFO] [stdout] warning: unused import: `UnabortableTransactionError`
[INFO] [stdout]  --> src/ext.rs:5:44
[INFO] [stdout]   |
[INFO] [stdout] 5 | use sled::transaction::{TransactionalTree, UnabortableTransactionError, ConflictableTransactionError};
[INFO] [stdout]   |                                            ^^^^^^^^^^^^^^^^^^^^^^^^^^^
[INFO] [stdout] 
[INFO] [stdout] 
[INFO] [stdout] warning: variable does not need to be mutable
[INFO] [stdout]   --> src/query.rs:58:17
[INFO] [stdout]    |
[INFO] [stdout] 58 |             let mut ids: Vec<u64> = utils::deserialize(&val)?;
[INFO] [stdout]    |                 ----^^^
[INFO] [stdout]    |                 |
[INFO] [stdout]    |                 help: remove this `mut`
[INFO] [stdout]    |
[INFO] [stdout]    = note: `#[warn(unused_mut)]` on by default
[INFO] [stdout] 
[INFO] [stdout] 
[INFO] [stdout] warning: 3 warnings emitted
[INFO] [stdout] 
[INFO] [stdout] 
[INFO] [stderr]    Compiling aho-corasick v0.7.10
[INFO] [stderr]    Compiling regex v1.3.9
[INFO] [stderr]    Compiling env_logger v0.7.1
[INFO] [stderr]    Compiling treehouse v0.1.0 (/opt/rustwide/workdir)
[INFO] [stdout] error[E0433]: failed to resolve: use of undeclared crate or module `house`
[INFO] [stdout]   --> examples/simple.rs:10:6
[INFO] [stdout]    |
[INFO] [stdout] 10 | impl house::query::Queryable for Book {
[INFO] [stdout]    |      ^^^^^ use of undeclared crate or module `house`
[INFO] [stdout] 
[INFO] [stdout] 
[INFO] [stdout] error[E0433]: failed to resolve: use of undeclared crate or module `house`
[INFO] [stdout]   --> examples/simple.rs:11:34
[INFO] [stdout]    |
[INFO] [stdout] 11 |     fn query_terms(&self) -> Vec<house::query::Term> {
[INFO] [stdout]    |                                  ^^^^^ use of undeclared crate or module `house`
[INFO] [stdout] 
[INFO] [stdout] 
[INFO] [stdout] error[E0433]: failed to resolve: use of undeclared crate or module `house`
[INFO] [stdout]   --> examples/simple.rs:13:13
[INFO] [stdout]    |
[INFO] [stdout] 13 |             house::query::Term { field: "title", value: self.title.as_bytes() },
[INFO] [stdout]    |             ^^^^^ use of undeclared crate or module `house`
[INFO] [stdout] 
[INFO] [stdout] 
[INFO] [stdout] error[E0433]: failed to resolve: use of undeclared crate or module `house`
[INFO] [stdout]   --> examples/simple.rs:24:16
[INFO] [stdout]    |
[INFO] [stdout] 24 |     let store: house::Store<Book> = house::StoreBuilder::default()
[INFO] [stdout]    |                ^^^^^ use of undeclared crate or module `house`
[INFO] [stdout] 
[INFO] [stdout] 
[INFO] [stdout] warning: unused import: `sled::transaction::TransactionalTree`
[INFO] [stdout]   --> src/lib.rs:46:9
[INFO] [stdout]    |
[INFO] [stdout] 46 |     use sled::transaction::TransactionalTree;
[INFO] [stdout]    |         ^^^^^^^^^^^^^^^^^^^^^^^^^^^^^^^^^^^^
[INFO] [stdout]    |
[INFO] [stdout]    = note: `#[warn(unused_imports)]` on by default
[INFO] [stdout] 
[INFO] [stdout] 
[INFO] [stdout] warning: unused import: `UnabortableTransactionError`
[INFO] [stdout]  --> src/ext.rs:5:44
[INFO] [stdout]   |
[INFO] [stdout] 5 | use sled::transaction::{TransactionalTree, UnabortableTransactionError, ConflictableTransactionError};
[INFO] [stdout]   |                                            ^^^^^^^^^^^^^^^^^^^^^^^^^^^
[INFO] [stdout] 
[INFO] [stdout] 
[INFO] [stdout] error[E0433]: failed to resolve: use of undeclared crate or module `house`
[INFO] [stdout]   --> examples/simple.rs:42:20
[INFO] [stdout]    |
[INFO] [stdout] 42 |     let mut book = house::Object { id, inner: book };
[INFO] [stdout]    |                    ^^^^^ use of undeclared crate or module `house`
[INFO] [stdout] 
[INFO] [stdout] 
[INFO] [stdout] error[E0433]: failed to resolve: use of undeclared crate or module `house`
[INFO] [stdout]   --> examples/simple.rs:49:17
[INFO] [stdout]    |
[INFO] [stdout] 49 |         .filter(house::query::StrEquals("title", "The Greatest"))
[INFO] [stdout]    |                 ^^^^^ use of undeclared crate or module `house`
[INFO] [stdout] 
[INFO] [stdout] 
[INFO] [stdout] error[E0433]: failed to resolve: use of undeclared crate or module `house`
[INFO] [stdout]   --> examples/simple.rs:67:21
[INFO] [stdout]    |
[INFO] [stdout] 67 |             .filter(house::query::StrEquals("title", "The Greatest"))
[INFO] [stdout]    |                     ^^^^^ use of undeclared crate or module `house`
[INFO] [stdout] 
[INFO] [stdout] 
[INFO] [stdout] error[E0433]: failed to resolve: use of undeclared crate or module `house`
[INFO] [stdout]   --> examples/simple.rs:24:44
[INFO] [stdout]    |
[INFO] [stdout] 24 |     let store: house::Store<Book> = house::StoreBuilder::default()
[INFO] [stdout]    |                                            ^^^^^^^^^^^^ not found in `house`
[INFO] [stdout]    |
[INFO] [stdout] help: consider importing this struct
[INFO] [stdout]    |
[INFO] [stdout] 1  | use treehouse::StoreBuilder;
[INFO] [stdout]    |
[INFO] [stdout] 
[INFO] [stdout] 
[INFO] [stdout] error: aborting due to 8 previous errors
[INFO] [stdout] 
[INFO] [stdout] 
[INFO] [stdout] For more information about this error, try `rustc --explain E0433`.
[INFO] [stdout] 
[INFO] [stderr] error: could not compile `treehouse` due to 9 previous errors
[INFO] [stderr] warning: build failed, waiting for other jobs to finish...
[INFO] [stdout] warning: variable does not need to be mutable
[INFO] [stdout]   --> src/query.rs:58:17
[INFO] [stdout]    |
[INFO] [stdout] 58 |             let mut ids: Vec<u64> = utils::deserialize(&val)?;
[INFO] [stdout]    |                 ----^^^
[INFO] [stdout]    |                 |
[INFO] [stdout]    |                 help: remove this `mut`
[INFO] [stdout]    |
[INFO] [stdout]    = note: `#[warn(unused_mut)]` on by default
[INFO] [stdout] 
[INFO] [stdout] 
[INFO] [stdout] warning: 3 warnings emitted
[INFO] [stdout] 
[INFO] [stdout] 
[INFO] [stderr] error: build failed
[INFO] running `Command { std: "docker" "inspect" "27d571ffe0c4b5224eb4bd654e609abb52e0f2c0d5fe970eecbde993b83d5053", kill_on_drop: false }`
[INFO] running `Command { std: "docker" "rm" "-f" "27d571ffe0c4b5224eb4bd654e609abb52e0f2c0d5fe970eecbde993b83d5053", kill_on_drop: false }`
[INFO] [stdout] 27d571ffe0c4b5224eb4bd654e609abb52e0f2c0d5fe970eecbde993b83d5053
