[INFO] fetching crate tower-web-protobuf 0.1.0...
[INFO] testing tower-web-protobuf-0.1.0 against 1.54.0 for beta-1.55-1
[INFO] extracting crate tower-web-protobuf 0.1.0 into /workspace/builds/worker-5/source
[INFO] validating manifest of crates.io crate tower-web-protobuf 0.1.0 on toolchain 1.54.0
[INFO] running `Command { std: "/workspace/cargo-home/bin/cargo" "+1.54.0" "metadata" "--manifest-path" "Cargo.toml" "--no-deps", kill_on_drop: false }`
[INFO] started tweaking crates.io crate tower-web-protobuf 0.1.0
[INFO] finished tweaking crates.io crate tower-web-protobuf 0.1.0
[INFO] tweaked toml for crates.io crate tower-web-protobuf 0.1.0 written to /workspace/builds/worker-5/source/Cargo.toml
[INFO] crate crates.io crate tower-web-protobuf 0.1.0 already has a lockfile, it will not be regenerated
[INFO] running `Command { std: "/workspace/cargo-home/bin/cargo" "+1.54.0" "fetch" "--manifest-path" "Cargo.toml", kill_on_drop: false }`
[INFO] running `Command { std: "docker" "create" "-v" "/var/lib/crater-agent-workspace/builds/worker-5/target:/opt/rustwide/target:rw,Z" "-v" "/var/lib/crater-agent-workspace/builds/worker-5/source:/opt/rustwide/workdir:ro,Z" "-v" "/var/lib/crater-agent-workspace/cargo-home:/opt/rustwide/cargo-home:ro,Z" "-v" "/var/lib/crater-agent-workspace/rustup-home:/opt/rustwide/rustup-home:ro,Z" "-e" "SOURCE_DIR=/opt/rustwide/workdir" "-e" "CARGO_TARGET_DIR=/opt/rustwide/target" "-e" "CARGO_HOME=/opt/rustwide/cargo-home" "-e" "RUSTUP_HOME=/opt/rustwide/rustup-home" "-w" "/opt/rustwide/workdir" "-m" "1610612736" "--user" "0:0" "--network" "none" "ghcr.io/rust-lang/crates-build-env/linux@sha256:34b6a614d2c27851fe6cbf88fbd1137609cefab8b10d0615aaeb6fd47975d74e" "/opt/rustwide/cargo-home/bin/cargo" "+1.54.0" "metadata" "--no-deps" "--format-version=1", kill_on_drop: false }`
[INFO] [stdout] 39ab7197973e465bf495ae53850acbf299b69f330b648c7b29b9c135b6dc224e
[INFO] running `Command { std: "docker" "start" "-a" "39ab7197973e465bf495ae53850acbf299b69f330b648c7b29b9c135b6dc224e", kill_on_drop: false }`
[INFO] running `Command { std: "docker" "inspect" "39ab7197973e465bf495ae53850acbf299b69f330b648c7b29b9c135b6dc224e", kill_on_drop: false }`
[INFO] running `Command { std: "docker" "rm" "-f" "39ab7197973e465bf495ae53850acbf299b69f330b648c7b29b9c135b6dc224e", kill_on_drop: false }`
[INFO] [stdout] 39ab7197973e465bf495ae53850acbf299b69f330b648c7b29b9c135b6dc224e
[INFO] running `Command { std: "docker" "create" "-v" "/var/lib/crater-agent-workspace/builds/worker-5/target:/opt/rustwide/target:rw,Z" "-v" "/var/lib/crater-agent-workspace/builds/worker-5/source:/opt/rustwide/workdir:ro,Z" "-v" "/var/lib/crater-agent-workspace/cargo-home:/opt/rustwide/cargo-home:ro,Z" "-v" "/var/lib/crater-agent-workspace/rustup-home:/opt/rustwide/rustup-home:ro,Z" "-e" "SOURCE_DIR=/opt/rustwide/workdir" "-e" "CARGO_TARGET_DIR=/opt/rustwide/target" "-e" "CARGO_INCREMENTAL=0" "-e" "RUST_BACKTRACE=full" "-e" "RUSTFLAGS=--cap-lints=warn" "-e" "CARGO_HOME=/opt/rustwide/cargo-home" "-e" "RUSTUP_HOME=/opt/rustwide/rustup-home" "-w" "/opt/rustwide/workdir" "-m" "1610612736" "--user" "0:0" "--network" "none" "ghcr.io/rust-lang/crates-build-env/linux@sha256:34b6a614d2c27851fe6cbf88fbd1137609cefab8b10d0615aaeb6fd47975d74e" "/opt/rustwide/cargo-home/bin/cargo" "+1.54.0" "build" "--frozen" "--message-format=json", kill_on_drop: false }`
[INFO] [stdout] 2a3d50b326485e4900977eef568f147f8aece206f92d42e163d1d7715a3d7daf
[INFO] running `Command { std: "docker" "start" "-a" "2a3d50b326485e4900977eef568f147f8aece206f92d42e163d1d7715a3d7daf", kill_on_drop: false }`
[INFO] [stderr]    Compiling libc v0.2.71
[INFO] [stderr]    Compiling cfg-if v0.1.10
[INFO] [stderr]    Compiling autocfg v1.0.0
[INFO] [stderr]    Compiling byteorder v1.3.4
[INFO] [stderr]    Compiling either v1.5.3
[INFO] [stderr]    Compiling log v0.4.8
[INFO] [stderr]    Compiling proc-macro2 v1.0.18
[INFO] [stderr]    Compiling futures v0.1.29
[INFO] [stderr]    Compiling syn v1.0.33
[INFO] [stderr]    Compiling semver-parser v0.7.0
[INFO] [stderr]    Compiling adler32 v1.1.0
[INFO] [stderr]    Compiling gimli v0.21.0
[INFO] [stderr]    Compiling itoa v0.4.6
[INFO] [stderr]    Compiling version_check v0.1.5
[INFO] [stderr]    Compiling rustc-demangle v0.1.16
[INFO] [stderr]    Compiling object v0.20.0
[INFO] [stderr]    Compiling syn v0.15.44
[INFO] [stderr]    Compiling getrandom v0.1.14
[INFO] [stderr]    Compiling serde_derive v1.0.114
[INFO] [stderr]    Compiling typenum v1.12.0
[INFO] [stderr]    Compiling siphasher v0.2.3
[INFO] [stderr]    Compiling serde v1.0.114
[INFO] [stderr]    Compiling memchr v2.3.3
[INFO] [stderr]    Compiling ppv-lite86 v0.2.8
[INFO] [stderr]    Compiling unicode-xid v0.0.4
[INFO] [stderr]    Compiling tinyvec v0.3.3
[INFO] [stderr]    Compiling httparse v1.3.4
[INFO] [stderr]    Compiling crc32fast v1.2.0
[INFO] [stderr]    Compiling unicode-segmentation v1.6.0
[INFO] [stderr]    Compiling serde_json v1.0.56
[INFO] [stderr]    Compiling fixedbitset v0.1.9
[INFO] [stderr]    Compiling quote v0.3.15
[INFO] [stderr]    Compiling adler v0.2.2
[INFO] [stderr]    Compiling proc-macro-hack-impl v0.4.2
[INFO] [stderr]    Compiling regex-syntax v0.6.18
[INFO] [stderr]    Compiling percent-encoding v1.0.1
[INFO] [stderr]    Compiling multimap v0.4.0
[INFO] [stderr]    Compiling pest v1.0.6
[INFO] [stderr]    Compiling try-lock v0.2.2
[INFO] [stderr]    Compiling dtoa v0.4.6
[INFO] [stderr]    Compiling quick-error v1.2.3
[INFO] [stderr]    Compiling void v1.0.2
[INFO] [stderr]    Compiling lock_api v0.3.4
[INFO] [stderr]    Compiling thread_local v1.0.1
[INFO] [stderr]    Compiling miniz_oxide v0.3.7
[INFO] [stderr]    Compiling petgraph v0.4.13
[INFO] [stderr]    Compiling synom v0.11.3
[INFO] [stderr]    Compiling itertools v0.8.2
[INFO] [stderr]    Compiling heck v0.3.1
[INFO] [stderr]    Compiling walkdir v2.3.1
[INFO] [stderr]    Compiling miniz_oxide v0.4.0
[INFO] [stderr]    Compiling unicode-normalization v0.1.13
[INFO] [stderr]    Compiling semver v0.9.0
[INFO] [stderr]    Compiling smallvec v0.6.13
[INFO] [stderr]    Compiling unicase v1.4.2
[INFO] [stderr]    Compiling syn v0.11.11
[INFO] [stderr]    Compiling crossbeam-utils v0.7.2
[INFO] [stderr]    Compiling memoffset v0.5.4
[INFO] [stderr]    Compiling crossbeam-epoch v0.8.2
[INFO] [stderr]    Compiling num-traits v0.2.12
[INFO] [stderr]    Compiling indexmap v1.4.0
[INFO] [stderr]    Compiling num-integer v0.1.43
[INFO] [stderr]    Compiling tokio-sync v0.1.8
[INFO] [stderr]    Compiling tower-service v0.1.0
[INFO] [stderr]    Compiling rustc_version v0.2.3
[INFO] [stderr]    Compiling aho-corasick v0.7.13
[INFO] [stderr]    Compiling log v0.3.9
[INFO] [stderr]    Compiling want v0.2.0
[INFO] [stderr]    Compiling proc-macro-hack v0.4.2
[INFO] [stderr]    Compiling idna v0.1.5
[INFO] [stderr]    Compiling mime v0.2.6
[INFO] [stderr]    Compiling iovec v0.1.4
[INFO] [stderr]    Compiling num_cpus v1.13.0
[INFO] [stderr]    Compiling net2 v0.2.34
[INFO] [stderr]    Compiling rand_os v0.1.3
[INFO] [stderr]    Compiling time v0.1.43
[INFO] [stderr]    Compiling flate2 v1.0.16
[INFO] [stderr]    Compiling base64 v0.10.1
[INFO] [stderr]    Compiling quote v1.0.7
[INFO] [stderr]    Compiling bytes v0.4.12
[INFO] [stderr]    Compiling futures-cpupool v0.1.8
[INFO] [stderr]    Compiling rand_core v0.5.1
[INFO] [stderr]    Compiling parking_lot_core v0.6.2
[INFO] [stderr]    Compiling parking_lot v0.9.0
[INFO] [stderr]    Compiling hyper v0.12.35
[INFO] [stderr]    Compiling phf_shared v0.7.24
[INFO] [stderr]    Compiling url v1.7.2
[INFO] [stderr]    Compiling rand v0.6.5
[INFO] [stderr]    Compiling mio v0.6.22
[INFO] [stderr]    Compiling rand_chacha v0.2.2
[INFO] [stderr]    Compiling tokio-io v0.1.13
[INFO] [stderr]    Compiling http v0.1.21
[INFO] [stderr]    Compiling string v0.2.1
[INFO] [stderr]    Compiling tokio-buf v0.1.1
[INFO] [stderr]    Compiling generic-array v0.12.3
[INFO] [stderr]    Compiling phf v0.7.24
[INFO] [stderr]    Compiling rand v0.7.3
[INFO] [stderr]    Compiling digest v0.8.1
[INFO] [stderr]    Compiling block-buffer v0.7.3
[INFO] [stderr]    Compiling tokio-codec v0.1.2
[INFO] [stderr]    Compiling addr2line v0.12.2
[INFO] [stderr]    Compiling sha-1 v0.8.2
[INFO] [stderr]    Compiling pest_derive v1.0.8
[INFO] [stderr]    Compiling phf_generator v0.7.24
[INFO] [stderr]    Compiling tempfile v3.1.0
[INFO] [stderr]    Compiling checked v0.5.0
[INFO] [stderr]    Compiling atoi v0.2.3
[INFO] [stderr]    Compiling backtrace v0.3.49
[INFO] [stderr]    Compiling phf_codegen v0.7.24
[INFO] [stderr]    Compiling chrono v0.4.11
[INFO] [stderr]    Compiling tokio-executor v0.1.10
[INFO] [stderr]    Compiling crossbeam-queue v0.2.3
[INFO] [stderr]    Compiling mio-uds v0.6.8
[INFO] [stderr]    Compiling mime_guess v1.8.8
[INFO] [stderr]    Compiling tokio-reactor v0.1.12
[INFO] [stderr]    Compiling tokio-timer v0.2.13
[INFO] [stderr]    Compiling tokio-current-thread v0.1.7
[INFO] [stderr]    Compiling crossbeam-deque v0.7.3
[INFO] [stderr]    Compiling regex v1.3.9
[INFO] [stderr]    Compiling tokio-threadpool v0.1.18
[INFO] [stderr]    Compiling tokio-udp v0.1.6
[INFO] [stderr]    Compiling tokio-tcp v0.1.4
[INFO] [stderr]    Compiling tokio-uds v0.2.6
[INFO] [stderr]    Compiling tokio-fs v0.1.7
[INFO] [stderr]    Compiling headers-core v0.1.1
[INFO] [stderr]    Compiling http-body v0.1.0
[INFO] [stderr]    Compiling h2 v0.1.26
[INFO] [stderr]    Compiling headers v0.2.3
[INFO] [stderr]    Compiling tokio v0.1.22
[INFO] [stderr]    Compiling synstructure v0.12.4
[INFO] [stderr]    Compiling tower-web-macros v0.3.5
[INFO] [stderr]    Compiling failure_derive v0.1.8
[INFO] [stderr]    Compiling failure v0.1.8
[INFO] [stderr]    Compiling which v2.0.1
[INFO] [stderr]    Compiling prost-derive v0.5.0
[INFO] [stderr]    Compiling prost-build v0.5.0
[INFO] [stderr]    Compiling prost v0.5.0
[INFO] [stderr]    Compiling prost-types v0.5.0
[INFO] [stderr]    Compiling tower-web-protobuf v0.1.0 (/opt/rustwide/workdir)
[INFO] [stderr]    Compiling serde_urlencoded v0.5.5
[INFO] [stderr]    Compiling serde_plain v0.3.0
[INFO] [stderr]    Compiling handlebars v1.0.5
[INFO] [stderr]    Compiling tower-web v0.3.7
[INFO] [stdout] warning: unused import: `tower_web::error::IntoCatch`
[INFO] [stdout]  --> src/errors/deserialize_error.rs:4:5
[INFO] [stdout]   |
[INFO] [stdout] 4 | use tower_web::error::IntoCatch; // TODO
[INFO] [stdout]   |     ^^^^^^^^^^^^^^^^^^^^^^^^^^^
[INFO] [stdout]   |
[INFO] [stdout]   = note: `#[warn(unused_imports)]` on by default
[INFO] [stdout] 
[INFO] [stdout] 
[INFO] [stdout] warning: unused variable: `name`
[INFO] [stdout]   --> src/extractors/proto.rs:79:45
[INFO] [stdout]    |
[INFO] [stdout] 79 |             MessageStrategy::NamedProto(ref name) => {
[INFO] [stdout]    |                                             ^^^^ help: if this is intentional, prefix it with an underscore: `_name`
[INFO] [stdout]    |
[INFO] [stdout]    = note: `#[warn(unused_variables)]` on by default
[INFO] [stdout] 
[INFO] [stdout] 
[INFO] [stdout] warning: unused variable: `name`
[INFO] [stdout]    --> src/response/proto_response.rs:101:28
[INFO] [stdout]     |
[INFO] [stdout] 101 |             NamedProto(ref name) => {
[INFO] [stdout]     |                            ^^^^ help: if this is intentional, prefix it with an underscore: `_name`
[INFO] [stdout] 
[INFO] [stdout] 
[INFO] [stdout] warning: variant is never constructed: `InvalidContentTypeForMessage`
[INFO] [stdout]   --> src/errors/deserialize_error.rs:11:5
[INFO] [stdout]    |
[INFO] [stdout] 11 |     InvalidContentTypeForMessage,
[INFO] [stdout]    |     ^^^^^^^^^^^^^^^^^^^^^^^^^^^^
[INFO] [stdout]    |
[INFO] [stdout]    = note: `#[warn(dead_code)]` on by default
[INFO] [stdout] 
[INFO] [stdout] 
[INFO] [stdout] warning: variant is never constructed: `InvalidHeadersForMessage`
[INFO] [stdout]   --> src/errors/deserialize_error.rs:13:5
[INFO] [stdout]    |
[INFO] [stdout] 13 |     InvalidHeadersForMessage,
[INFO] [stdout]    |     ^^^^^^^^^^^^^^^^^^^^^^^^
[INFO] [stdout] 
[INFO] [stdout] 
[INFO] [stdout] warning: 5 warnings emitted
[INFO] [stdout] 
[INFO] [stdout] 
[INFO] [stderr]     Finished dev [unoptimized + debuginfo] target(s) in 1m 02s
[INFO] running `Command { std: "docker" "inspect" "2a3d50b326485e4900977eef568f147f8aece206f92d42e163d1d7715a3d7daf", kill_on_drop: false }`
[INFO] running `Command { std: "docker" "rm" "-f" "2a3d50b326485e4900977eef568f147f8aece206f92d42e163d1d7715a3d7daf", kill_on_drop: false }`
[INFO] [stdout] 2a3d50b326485e4900977eef568f147f8aece206f92d42e163d1d7715a3d7daf
[INFO] running `Command { std: "docker" "create" "-v" "/var/lib/crater-agent-workspace/builds/worker-5/target:/opt/rustwide/target:rw,Z" "-v" "/var/lib/crater-agent-workspace/builds/worker-5/source:/opt/rustwide/workdir:ro,Z" "-v" "/var/lib/crater-agent-workspace/cargo-home:/opt/rustwide/cargo-home:ro,Z" "-v" "/var/lib/crater-agent-workspace/rustup-home:/opt/rustwide/rustup-home:ro,Z" "-e" "SOURCE_DIR=/opt/rustwide/workdir" "-e" "CARGO_TARGET_DIR=/opt/rustwide/target" "-e" "CARGO_INCREMENTAL=0" "-e" "RUST_BACKTRACE=full" "-e" "RUSTFLAGS=--cap-lints=warn" "-e" "CARGO_HOME=/opt/rustwide/cargo-home" "-e" "RUSTUP_HOME=/opt/rustwide/rustup-home" "-w" "/opt/rustwide/workdir" "-m" "1610612736" "--user" "0:0" "--network" "none" "ghcr.io/rust-lang/crates-build-env/linux@sha256:34b6a614d2c27851fe6cbf88fbd1137609cefab8b10d0615aaeb6fd47975d74e" "/opt/rustwide/cargo-home/bin/cargo" "+1.54.0" "test" "--frozen" "--no-run" "--message-format=json", kill_on_drop: false }`
[INFO] [stdout] 460d49c803e5a021ed424263cb1d2699023afb24f7ec8161968f4eef427ae01e
[INFO] running `Command { std: "docker" "start" "-a" "460d49c803e5a021ed424263cb1d2699023afb24f7ec8161968f4eef427ae01e", kill_on_drop: false }`
[INFO] [stderr]    Compiling version_check v0.9.2
[INFO] [stderr]    Compiling cc v1.0.56
[INFO] [stderr]    Compiling pkg-config v0.3.17
[INFO] [stderr]    Compiling openssl v0.10.30
[INFO] [stderr]    Compiling foreign-types-shared v0.1.1
[INFO] [stderr]    Compiling native-tls v0.2.4
[INFO] [stderr]    Compiling encoding_rs v0.8.23
[INFO] [stderr]    Compiling openssl-probe v0.1.2
[INFO] [stderr]    Compiling try_from v0.3.2
[INFO] [stderr]    Compiling idna v0.2.0
[INFO] [stderr]    Compiling cookie v0.12.0
[INFO] [stdout] warning: unused import: `tower_web::error::IntoCatch`
[INFO] [stdout]  --> src/errors/deserialize_error.rs:4:5
[INFO] [stdout]   |
[INFO] [stdout] 4 | use tower_web::error::IntoCatch; // TODO
[INFO] [stdout]   |     ^^^^^^^^^^^^^^^^^^^^^^^^^^^
[INFO] [stdout]   |
[INFO] [stdout]   = note: `#[warn(unused_imports)]` on by default
[INFO] [stdout] 
[INFO] [stdout] 
[INFO] [stderr]    Compiling uuid v0.7.4
[INFO] [stdout] warning: unused variable: `name`
[INFO] [stdout]   --> src/extractors/proto.rs:79:45
[INFO] [stdout]    |
[INFO] [stdout] 79 |             MessageStrategy::NamedProto(ref name) => {
[INFO] [stdout]    |                                             ^^^^ help: if this is intentional, prefix it with an underscore: `_name`
[INFO] [stdout]    |
[INFO] [stdout]    = note: `#[warn(unused_variables)]` on by default
[INFO] [stdout] 
[INFO] [stdout] 
[INFO] [stdout] warning: unused variable: `name`
[INFO] [stdout]    --> src/response/proto_response.rs:101:28
[INFO] [stdout]     |
[INFO] [stdout] 101 |             NamedProto(ref name) => {
[INFO] [stdout]     |                            ^^^^ help: if this is intentional, prefix it with an underscore: `_name`
[INFO] [stdout] 
[INFO] [stdout] 
[INFO] [stdout] warning: variant is never constructed: `InvalidContentTypeForMessage`
[INFO] [stdout]   --> src/errors/deserialize_error.rs:11:5
[INFO] [stdout]    |
[INFO] [stdout] 11 |     InvalidContentTypeForMessage,
[INFO] [stdout]    |     ^^^^^^^^^^^^^^^^^^^^^^^^^^^^
[INFO] [stdout]    |
[INFO] [stdout]    = note: `#[warn(dead_code)]` on by default
[INFO] [stdout] 
[INFO] [stdout] 
[INFO] [stdout] warning: variant is never constructed: `InvalidHeadersForMessage`
[INFO] [stdout]   --> src/errors/deserialize_error.rs:13:5
[INFO] [stdout]    |
[INFO] [stdout] 13 |     InvalidHeadersForMessage,
[INFO] [stdout]    |     ^^^^^^^^^^^^^^^^^^^^^^^^
[INFO] [stdout] 
[INFO] [stdout] 
[INFO] [stdout] warning: 5 warnings emitted
[INFO] [stdout] 
[INFO] [stdout] 
[INFO] [stderr]    Compiling foreign-types v0.3.2
[INFO] [stderr]    Compiling unicase v2.6.0
[INFO] [stderr]    Compiling error-chain v0.12.2
[INFO] [stderr]    Compiling url v2.1.1
[INFO] [stderr]    Compiling openssl-sys v0.9.58
[INFO] [stderr]    Compiling publicsuffix v1.5.4
[INFO] [stderr]    Compiling mime_guess v2.0.3
[INFO] [stderr]    Compiling cookie_store v0.7.0
[INFO] [stderr]    Compiling hyper-tls v0.3.2
[INFO] [stderr]    Compiling reqwest v0.9.24
[INFO] [stderr]    Compiling tower-web-protobuf v0.1.0 (/opt/rustwide/workdir)
[INFO] [stdout] warning: unused import: `tower_web::error::IntoCatch`
[INFO] [stdout]  --> src/errors/deserialize_error.rs:4:5
[INFO] [stdout]   |
[INFO] [stdout] 4 | use tower_web::error::IntoCatch; // TODO
[INFO] [stdout]   |     ^^^^^^^^^^^^^^^^^^^^^^^^^^^
[INFO] [stdout]   |
[INFO] [stdout]   = note: `#[warn(unused_imports)]` on by default
[INFO] [stdout] 
[INFO] [stdout] 
[INFO] [stdout] error: proc-macro derive panicked
[INFO] [stdout]   --> examples/identity.rs:23:1
[INFO] [stdout]    |
[INFO] [stdout] 23 | / impl_web! {
[INFO] [stdout] 24 | |     impl HelloWorld {
[INFO] [stdout] 25 | |         // You can provide this endpoint with either a Protobuf or JSON
[INFO] [stdout] 26 | |         // encoded body. The endpoint will respond with a Protobuf or JSON
[INFO] [stdout] ...  |
[INFO] [stdout] 32 | |     }
[INFO] [stdout] 33 | | }
[INFO] [stdout]    | |_^
[INFO] [stdout]    |
[INFO] [stdout]    = help: message: assertion failed: source.starts_with(prefix)
[INFO] [stdout]    = note: this error originates in the macro `derive_resource` (in Nightly builds, run with -Z macro-backtrace for more info)
[INFO] [stdout] 
[INFO] [stdout] 
[INFO] [stdout] error: proc-macro derive panicked
[INFO] [stdout]   --> examples/endpoints.rs:24:1
[INFO] [stdout]    |
[INFO] [stdout] 24 | / impl_web! {
[INFO] [stdout] 25 | |     impl HelloWorld {
[INFO] [stdout] 26 | |         #[get("/identity/pos/")]
[INFO] [stdout] 27 | |         fn pos_ident(&self, pos: In<Position>) -> Out<Position> {
[INFO] [stdout] ...  |
[INFO] [stdout] 35 | |     }
[INFO] [stdout] 36 | | }
[INFO] [stdout]    | |_^
[INFO] [stdout]    |
[INFO] [stdout]    = help: message: assertion failed: source.starts_with(prefix)
[INFO] [stdout]    = note: this error originates in the macro `derive_resource` (in Nightly builds, run with -Z macro-backtrace for more info)
[INFO] [stdout] 
[INFO] [stdout] 
[INFO] [stdout] error: proc-macro derive panicked
[INFO] [stdout]   --> tests/common.rs:66:1
[INFO] [stdout]    |
[INFO] [stdout] 66 | / impl_web! {
[INFO] [stdout] 67 | |     impl MusicService {
[INFO] [stdout] 68 | |         #[get("/identity/track/")]
[INFO] [stdout] 69 | |         fn track_ident(&self, track: In<Track>) -> Out<Track> { Ok(track) }
[INFO] [stdout] ...  |
[INFO] [stdout] 96 | |     }
[INFO] [stdout] 97 | | }
[INFO] [stdout]    | |_^
[INFO] [stdout]    |
[INFO] [stdout]    = help: message: assertion failed: source.starts_with(prefix)
[INFO] [stdout]    = note: this error originates in the macro `derive_resource` (in Nightly builds, run with -Z macro-backtrace for more info)
[INFO] [stdout] 
[INFO] [stdout] 
[INFO] [stdout] error: proc-macro derive panicked
[INFO] [stdout]   --> tests/common.rs:66:1
[INFO] [stdout]    |
[INFO] [stdout] 66 | / impl_web! {
[INFO] [stdout] 67 | |     impl MusicService {
[INFO] [stdout] 68 | |         #[get("/identity/track/")]
[INFO] [stdout] 69 | |         fn track_ident(&self, track: In<Track>) -> Out<Track> { Ok(track) }
[INFO] [stdout] ...  |
[INFO] [stdout] 96 | |     }
[INFO] [stdout] 97 | | }
[INFO] [stdout]    | |_^
[INFO] [stdout]    |
[INFO] [stdout]    = help: message: assertion failed: source.starts_with(prefix)
[INFO] [stdout]    = note: this error originates in the macro `derive_resource` (in Nightly builds, run with -Z macro-backtrace for more info)
[INFO] [stdout] 
[INFO] [stdout] 
[INFO] [stdout] warning: unused variable: `name`
[INFO] [stdout]   --> src/extractors/proto.rs:79:45
[INFO] [stdout]    |
[INFO] [stdout] 79 |             MessageStrategy::NamedProto(ref name) => {
[INFO] [stdout]    |                                             ^^^^ help: if this is intentional, prefix it with an underscore: `_name`
[INFO] [stdout]    |
[INFO] [stdout]    = note: `#[warn(unused_variables)]` on by default
[INFO] [stdout] 
[INFO] [stdout] 
[INFO] [stdout] warning: unused variable: `name`
[INFO] [stdout]    --> src/response/proto_response.rs:101:28
[INFO] [stdout]     |
[INFO] [stdout] 101 |             NamedProto(ref name) => {
[INFO] [stdout]     |                            ^^^^ help: if this is intentional, prefix it with an underscore: `_name`
[INFO] [stdout] 
[INFO] [stdout] 
[INFO] [stdout] warning: variant is never constructed: `InvalidContentTypeForMessage`
[INFO] [stdout]   --> src/errors/deserialize_error.rs:11:5
[INFO] [stdout]    |
[INFO] [stdout] 11 |     InvalidContentTypeForMessage,
[INFO] [stdout]    |     ^^^^^^^^^^^^^^^^^^^^^^^^^^^^
[INFO] [stdout]    |
[INFO] [stdout]    = note: `#[warn(dead_code)]` on by default
[INFO] [stdout] 
[INFO] [stdout] 
[INFO] [stdout] warning: variant is never constructed: `InvalidHeadersForMessage`
[INFO] [stdout]   --> src/errors/deserialize_error.rs:13:5
[INFO] [stdout]    |
[INFO] [stdout] 13 |     InvalidHeadersForMessage,
[INFO] [stdout]    |     ^^^^^^^^^^^^^^^^^^^^^^^^
[INFO] [stdout] 
[INFO] [stdout] 
[INFO] [stdout] error[E0277]: the trait bound `HelloWorld: IntoResource<DefaultSerializer, tower_web::run::LiftReqBody>` is not satisfied
[INFO] [stdout]   --> examples/identity.rs:43:10
[INFO] [stdout]    |
[INFO] [stdout] 43 |         .run(&addr)
[INFO] [stdout]    |          ^^^ the trait `IntoResource<DefaultSerializer, tower_web::run::LiftReqBody>` is not implemented for `HelloWorld`
[INFO] [stdout] 
[INFO] [stdout] 
[INFO] [stdout] error[E0277]: the trait bound `HelloWorld: IntoResource<DefaultSerializer, tower_web::run::LiftReqBody>` is not satisfied
[INFO] [stdout]   --> examples/endpoints.rs:45:10
[INFO] [stdout]    |
[INFO] [stdout] 45 |         .run(&addr)
[INFO] [stdout]    |          ^^^ the trait `IntoResource<DefaultSerializer, tower_web::run::LiftReqBody>` is not implemented for `HelloWorld`
[INFO] [stdout] 
[INFO] [stdout] 
[INFO] [stdout] error: aborting due to 2 previous errors
[INFO] [stdout] 
[INFO] [stdout] 
[INFO] [stdout] For more information about this error, try `rustc --explain E0277`.
[INFO] [stdout] 
[INFO] [stderr] error: could not compile `tower-web-protobuf`
[INFO] [stderr] 
[INFO] [stderr] To learn more, run the command again with --verbose.
[INFO] [stderr] warning: build failed, waiting for other jobs to finish...
[INFO] [stdout] error: aborting due to 2 previous errors
[INFO] [stdout] 
[INFO] [stdout] 
[INFO] [stdout] For more information about this error, try `rustc --explain E0277`.
[INFO] [stdout] 
[INFO] [stdout] error[E0277]: the trait bound `MusicService: IntoResource<DefaultSerializer, tower_web::run::LiftReqBody>` is not satisfied
[INFO] [stdout]    --> tests/common.rs:105:10
[INFO] [stdout]     |
[INFO] [stdout] 105 |         .run(&socket)
[INFO] [stdout]     |          ^^^ the trait `IntoResource<DefaultSerializer, tower_web::run::LiftReqBody>` is not implemented for `MusicService`
[INFO] [stdout] 
[INFO] [stdout] 
[INFO] [stdout] error: aborting due to 2 previous errors
[INFO] [stdout] 
[INFO] [stdout] 
[INFO] [stdout] For more information about this error, try `rustc --explain E0277`.
[INFO] [stdout] 
[INFO] [stdout] error[E0277]: the trait bound `MusicService: IntoResource<DefaultSerializer, tower_web::run::LiftReqBody>` is not satisfied
[INFO] [stdout]    --> tests/common.rs:105:10
[INFO] [stdout]     |
[INFO] [stdout] 105 |         .run(&socket)
[INFO] [stdout]     |          ^^^ the trait `IntoResource<DefaultSerializer, tower_web::run::LiftReqBody>` is not implemented for `MusicService`
[INFO] [stdout] 
[INFO] [stdout] 
[INFO] [stdout] error: aborting due to 2 previous errors
[INFO] [stdout] 
[INFO] [stdout] 
[INFO] [stdout] For more information about this error, try `rustc --explain E0277`.
[INFO] [stdout] 
[INFO] [stdout] warning: 5 warnings emitted
[INFO] [stdout] 
[INFO] [stdout] 
[INFO] [stderr] error: build failed
[INFO] running `Command { std: "docker" "inspect" "460d49c803e5a021ed424263cb1d2699023afb24f7ec8161968f4eef427ae01e", kill_on_drop: false }`
[INFO] running `Command { std: "docker" "rm" "-f" "460d49c803e5a021ed424263cb1d2699023afb24f7ec8161968f4eef427ae01e", kill_on_drop: false }`
[INFO] [stdout] 460d49c803e5a021ed424263cb1d2699023afb24f7ec8161968f4eef427ae01e
