[INFO] fetching crate tonic 0.5.0...
[INFO] testing tonic-0.5.0 against 1.54.0 for beta-1.55-1
[INFO] extracting crate tonic 0.5.0 into /workspace/builds/worker-32/source
[INFO] validating manifest of crates.io crate tonic 0.5.0 on toolchain 1.54.0
[INFO] running `Command { std: "/workspace/cargo-home/bin/cargo" "+1.54.0" "metadata" "--manifest-path" "Cargo.toml" "--no-deps", kill_on_drop: false }`
[INFO] started tweaking crates.io crate tonic 0.5.0
[INFO] finished tweaking crates.io crate tonic 0.5.0
[INFO] tweaked toml for crates.io crate tonic 0.5.0 written to /workspace/builds/worker-32/source/Cargo.toml
[INFO] running `Command { std: "/workspace/cargo-home/bin/cargo" "+1.54.0" "generate-lockfile" "--manifest-path" "Cargo.toml" "-Zno-index-update", kill_on_drop: false }`
[INFO] [stderr]     Blocking waiting for file lock on package cache
[INFO] running `Command { std: "/workspace/cargo-home/bin/cargo" "+1.54.0" "fetch" "--manifest-path" "Cargo.toml", kill_on_drop: false }`
[INFO] [stderr]     Blocking waiting for file lock on package cache
[INFO] [stderr]     Blocking waiting for file lock on package cache
[INFO] running `Command { std: "docker" "create" "-v" "/var/lib/crater-agent-workspace/builds/worker-32/target:/opt/rustwide/target:rw,Z" "-v" "/var/lib/crater-agent-workspace/builds/worker-32/source:/opt/rustwide/workdir:ro,Z" "-v" "/var/lib/crater-agent-workspace/cargo-home:/opt/rustwide/cargo-home:ro,Z" "-v" "/var/lib/crater-agent-workspace/rustup-home:/opt/rustwide/rustup-home:ro,Z" "-e" "SOURCE_DIR=/opt/rustwide/workdir" "-e" "CARGO_TARGET_DIR=/opt/rustwide/target" "-e" "CARGO_HOME=/opt/rustwide/cargo-home" "-e" "RUSTUP_HOME=/opt/rustwide/rustup-home" "-w" "/opt/rustwide/workdir" "-m" "1610612736" "--user" "0:0" "--network" "none" "ghcr.io/rust-lang/crates-build-env/linux@sha256:34b6a614d2c27851fe6cbf88fbd1137609cefab8b10d0615aaeb6fd47975d74e" "/opt/rustwide/cargo-home/bin/cargo" "+1.54.0" "metadata" "--no-deps" "--format-version=1", kill_on_drop: false }`
[INFO] [stdout] 268e09ede34ac8c9663a29cebf5ef25542cc194c86d9642347b985431498efce
[INFO] running `Command { std: "docker" "start" "-a" "268e09ede34ac8c9663a29cebf5ef25542cc194c86d9642347b985431498efce", kill_on_drop: false }`
[INFO] running `Command { std: "docker" "inspect" "268e09ede34ac8c9663a29cebf5ef25542cc194c86d9642347b985431498efce", kill_on_drop: false }`
[INFO] running `Command { std: "docker" "rm" "-f" "268e09ede34ac8c9663a29cebf5ef25542cc194c86d9642347b985431498efce", kill_on_drop: false }`
[INFO] [stdout] 268e09ede34ac8c9663a29cebf5ef25542cc194c86d9642347b985431498efce
[INFO] running `Command { std: "docker" "create" "-v" "/var/lib/crater-agent-workspace/builds/worker-32/target:/opt/rustwide/target:rw,Z" "-v" "/var/lib/crater-agent-workspace/builds/worker-32/source:/opt/rustwide/workdir:ro,Z" "-v" "/var/lib/crater-agent-workspace/cargo-home:/opt/rustwide/cargo-home:ro,Z" "-v" "/var/lib/crater-agent-workspace/rustup-home:/opt/rustwide/rustup-home:ro,Z" "-e" "SOURCE_DIR=/opt/rustwide/workdir" "-e" "CARGO_TARGET_DIR=/opt/rustwide/target" "-e" "CARGO_INCREMENTAL=0" "-e" "RUST_BACKTRACE=full" "-e" "RUSTFLAGS=--cap-lints=warn" "-e" "CARGO_HOME=/opt/rustwide/cargo-home" "-e" "RUSTUP_HOME=/opt/rustwide/rustup-home" "-w" "/opt/rustwide/workdir" "-m" "1610612736" "--user" "0:0" "--network" "none" "ghcr.io/rust-lang/crates-build-env/linux@sha256:34b6a614d2c27851fe6cbf88fbd1137609cefab8b10d0615aaeb6fd47975d74e" "/opt/rustwide/cargo-home/bin/cargo" "+1.54.0" "build" "--frozen" "--message-format=json", kill_on_drop: false }`
[INFO] [stdout] 55d324d07c2da78af4124e780c910fdb854f0a5571f7120b027db5add98a79c7
[INFO] running `Command { std: "docker" "start" "-a" "55d324d07c2da78af4124e780c910fdb854f0a5571f7120b027db5add98a79c7", kill_on_drop: false }`
[INFO] [stderr]     Blocking waiting for file lock on package cache
[INFO] [stderr]    Compiling syn v1.0.74
[INFO] [stderr]    Compiling memchr v2.4.0
[INFO] [stderr]    Compiling futures-core v0.3.16
[INFO] [stderr]    Compiling futures-task v0.3.16
[INFO] [stderr]    Compiling hashbrown v0.11.2
[INFO] [stderr]    Compiling version_check v0.1.5
[INFO] [stderr]    Compiling slab v0.4.4
[INFO] [stderr]    Compiling futures-channel v0.3.16
[INFO] [stderr]    Compiling async-trait v0.1.51
[INFO] [stderr]    Compiling tower-layer v0.3.1
[INFO] [stderr]    Compiling tokio v1.9.0
[INFO] [stderr]    Compiling futures-util v0.3.16
[INFO] [stderr]    Compiling indexmap v1.7.0
[INFO] [stderr]    Compiling crossbeam-utils v0.6.6
[INFO] [stderr]    Compiling base64 v0.10.1
[INFO] [stderr]    Compiling miniz_oxide v0.4.4
[INFO] [stderr]    Compiling http-body v0.4.2
[INFO] [stderr]    Compiling mio v0.7.13
[INFO] [stderr]    Compiling want v0.3.0
[INFO] [stderr]    Compiling socket2 v0.4.1
[INFO] [stderr]    Compiling nom v4.2.3
[INFO] [stderr]    Compiling crossbeam-channel v0.3.9
[INFO] [stderr]    Compiling flate2 v1.0.20
[INFO] [stderr]    Compiling hdrhistogram v6.3.4
[INFO] [stderr]    Compiling tokio-macros v1.3.0
[INFO] [stderr]    Compiling tracing-attributes v0.1.15
[INFO] [stderr]    Compiling pin-project-internal v1.0.8
[INFO] [stderr]    Compiling prost-derive v0.8.0
[INFO] [stderr]    Compiling async-stream-impl v0.3.2
[INFO] [stderr]    Compiling async-stream v0.3.2
[INFO] [stderr]    Compiling tracing v0.1.26
[INFO] [stderr]    Compiling pin-project v1.0.8
[INFO] [stderr]    Compiling tracing-futures v0.2.5
[INFO] [stderr]    Compiling prost v0.8.0
[INFO] [stderr]    Compiling tokio-util v0.6.7
[INFO] [stderr]    Compiling tokio-stream v0.1.7
[INFO] [stderr]    Compiling tokio-io-timeout v1.1.1
[INFO] [stderr]    Compiling h2 v0.3.3
[INFO] [stderr]    Compiling tower v0.4.8
[INFO] [stderr]    Compiling hyper v0.14.11
[INFO] [stderr]    Compiling hyper-timeout v0.4.1
[INFO] [stderr]    Compiling tonic v0.5.0 (/opt/rustwide/workdir)
[INFO] [stderr]     Finished dev [unoptimized + debuginfo] target(s) in 42.79s
[INFO] running `Command { std: "docker" "inspect" "55d324d07c2da78af4124e780c910fdb854f0a5571f7120b027db5add98a79c7", kill_on_drop: false }`
[INFO] running `Command { std: "docker" "rm" "-f" "55d324d07c2da78af4124e780c910fdb854f0a5571f7120b027db5add98a79c7", kill_on_drop: false }`
[INFO] [stdout] 55d324d07c2da78af4124e780c910fdb854f0a5571f7120b027db5add98a79c7
[INFO] running `Command { std: "docker" "create" "-v" "/var/lib/crater-agent-workspace/builds/worker-32/target:/opt/rustwide/target:rw,Z" "-v" "/var/lib/crater-agent-workspace/builds/worker-32/source:/opt/rustwide/workdir:ro,Z" "-v" "/var/lib/crater-agent-workspace/cargo-home:/opt/rustwide/cargo-home:ro,Z" "-v" "/var/lib/crater-agent-workspace/rustup-home:/opt/rustwide/rustup-home:ro,Z" "-e" "SOURCE_DIR=/opt/rustwide/workdir" "-e" "CARGO_TARGET_DIR=/opt/rustwide/target" "-e" "CARGO_INCREMENTAL=0" "-e" "RUST_BACKTRACE=full" "-e" "RUSTFLAGS=--cap-lints=warn" "-e" "CARGO_HOME=/opt/rustwide/cargo-home" "-e" "RUSTUP_HOME=/opt/rustwide/rustup-home" "-w" "/opt/rustwide/workdir" "-m" "1610612736" "--user" "0:0" "--network" "none" "ghcr.io/rust-lang/crates-build-env/linux@sha256:34b6a614d2c27851fe6cbf88fbd1137609cefab8b10d0615aaeb6fd47975d74e" "/opt/rustwide/cargo-home/bin/cargo" "+1.54.0" "test" "--frozen" "--no-run" "--message-format=json", kill_on_drop: false }`
[INFO] [stdout] bff84b92233974981c820cd9155b0d4b69b37d1f5dfde602855519e5ea736ec5
[INFO] running `Command { std: "docker" "start" "-a" "bff84b92233974981c820cd9155b0d4b69b37d1f5dfde602855519e5ea736ec5", kill_on_drop: false }`
[INFO] [stderr]     Blocking waiting for file lock on package cache
[INFO] [stderr]    Compiling aho-corasick v0.7.18
[INFO] [stderr]    Compiling quickcheck_macros v1.0.0
[INFO] [stderr]    Compiling regex v1.5.4
[INFO] [stderr]    Compiling env_logger v0.8.4
[INFO] [stderr]    Compiling quickcheck v1.0.3
[INFO] [stderr]    Compiling tonic v0.5.0 (/opt/rustwide/workdir)
[INFO] [stdout] error[E0432]: unresolved import `crate::codec::compression`
[INFO] [stdout]   --> src/codec/prost.rs:80:23
[INFO] [stdout]    |
[INFO] [stdout] 80 |     use crate::codec::compression::SingleMessageCompressionOverride;
[INFO] [stdout]    |                       ^^^^^^^^^^^ could not find `compression` in `codec`
[INFO] [stdout] 
[INFO] [stdout] 
[INFO] [stdout] error[E0061]: this function takes 2 arguments but 3 arguments were supplied
[INFO] [stdout]    --> src/codec/prost.rs:106:26
[INFO] [stdout]     |
[INFO] [stdout] 106 |         let mut stream = Streaming::new_request(decoder, body, None);
[INFO] [stdout]     |                          ^^^^^^^^^^^^^^^^^^^^^^ -------  ----  ---- supplied 3 arguments
[INFO] [stdout]     |                          |
[INFO] [stdout]     |                          expected 2 arguments
[INFO] [stdout]     |
[INFO] [stdout] note: associated function defined here
[INFO] [stdout]    --> src/codec/decode.rs:88:12
[INFO] [stdout]     |
[INFO] [stdout] 88  |     pub fn new_request<B, D>(
[INFO] [stdout]     |            ^^^^^^^^^^^
[INFO] [stdout] 89  |         decoder: D,
[INFO] [stdout]     |         ----------
[INFO] [stdout] 90  |         body: B,
[INFO] [stdout]     |         -------
[INFO] [stdout] 
[INFO] [stdout] 
[INFO] [stdout] error[E0061]: this function takes 2 arguments but 4 arguments were supplied
[INFO] [stdout]    --> src/codec/prost.rs:125:20
[INFO] [stdout]     |
[INFO] [stdout] 125 |         let body = encode_server(
[INFO] [stdout]     |                    ^^^^^^^^^^^^^ expected 2 arguments
[INFO] [stdout] 126 |             encoder,
[INFO] [stdout]     |             -------
[INFO] [stdout] 127 |             source,
[INFO] [stdout]     |             ------
[INFO] [stdout] 128 |             None,
[INFO] [stdout]     |             ----
[INFO] [stdout] 129 |             SingleMessageCompressionOverride::default(),
[INFO] [stdout]     |             ------------------------------------------- supplied 4 arguments
[INFO] [stdout]     |
[INFO] [stdout] note: function defined here
[INFO] [stdout]    --> src/codec/encode.rs:18:15
[INFO] [stdout]     |
[INFO] [stdout] 18  | pub(crate) fn encode_server<T, U>(
[INFO] [stdout]     |               ^^^^^^^^^^^^^
[INFO] [stdout] 19  |     encoder: T,
[INFO] [stdout]     |     ----------
[INFO] [stdout] 20  |     source: U,
[INFO] [stdout]     |     ---------
[INFO] [stdout] 
[INFO] [stdout] 
[INFO] [stdout] error: aborting due to 3 previous errors
[INFO] [stdout] 
[INFO] [stdout] 
[INFO] [stdout] Some errors have detailed explanations: E0061, E0432.
[INFO] [stdout] 
[INFO] [stdout] For more information about an error, try `rustc --explain E0061`.
[INFO] [stdout] 
[INFO] [stderr] error: could not compile `tonic`
[INFO] [stderr] 
[INFO] [stderr] To learn more, run the command again with --verbose.
[INFO] running `Command { std: "docker" "inspect" "bff84b92233974981c820cd9155b0d4b69b37d1f5dfde602855519e5ea736ec5", kill_on_drop: false }`
[INFO] running `Command { std: "docker" "rm" "-f" "bff84b92233974981c820cd9155b0d4b69b37d1f5dfde602855519e5ea736ec5", kill_on_drop: false }`
[INFO] [stdout] bff84b92233974981c820cd9155b0d4b69b37d1f5dfde602855519e5ea736ec5
