[INFO] fetching crate tmag5170 0.1.1...
[INFO] testing tmag5170-0.1.1 against 1.54.0 for beta-1.55-1
[INFO] extracting crate tmag5170 0.1.1 into /workspace/builds/worker-25/source
[INFO] validating manifest of crates.io crate tmag5170 0.1.1 on toolchain 1.54.0
[INFO] running `Command { std: "/workspace/cargo-home/bin/cargo" "+1.54.0" "metadata" "--manifest-path" "Cargo.toml" "--no-deps", kill_on_drop: false }`
[INFO] removed /workspace/builds/worker-25/source/.cargo/config
[INFO] started tweaking crates.io crate tmag5170 0.1.1
[INFO] removed 0 missing examples
[INFO] finished tweaking crates.io crate tmag5170 0.1.1
[INFO] tweaked toml for crates.io crate tmag5170 0.1.1 written to /workspace/builds/worker-25/source/Cargo.toml
[INFO] crate crates.io crate tmag5170 0.1.1 already has a lockfile, it will not be regenerated
[INFO] running `Command { std: "/workspace/cargo-home/bin/cargo" "+1.54.0" "fetch" "--manifest-path" "Cargo.toml", kill_on_drop: false }`
[INFO] [stderr]  Downloading crates ...
[INFO] [stderr]   Downloaded panic-rtt-target v0.1.2
[INFO] [stderr]   Downloaded rtt-target v0.3.1
[INFO] [stderr]   Downloaded vcell v0.1.3
[INFO] [stderr]   Downloaded cortex-m-rt v0.6.14
[INFO] [stderr]   Downloaded embedded-hal v0.2.5
[INFO] [stderr]   Downloaded cortex-m v0.7.2
[INFO] [stderr]   Downloaded crc_all v0.2.0
[INFO] running `Command { std: "docker" "create" "-v" "/var/lib/crater-agent-workspace/builds/worker-25/target:/opt/rustwide/target:rw,Z" "-v" "/var/lib/crater-agent-workspace/builds/worker-25/source:/opt/rustwide/workdir:ro,Z" "-v" "/var/lib/crater-agent-workspace/cargo-home:/opt/rustwide/cargo-home:ro,Z" "-v" "/var/lib/crater-agent-workspace/rustup-home:/opt/rustwide/rustup-home:ro,Z" "-e" "SOURCE_DIR=/opt/rustwide/workdir" "-e" "CARGO_TARGET_DIR=/opt/rustwide/target" "-e" "CARGO_HOME=/opt/rustwide/cargo-home" "-e" "RUSTUP_HOME=/opt/rustwide/rustup-home" "-w" "/opt/rustwide/workdir" "-m" "1610612736" "--user" "0:0" "--network" "none" "ghcr.io/rust-lang/crates-build-env/linux@sha256:34b6a614d2c27851fe6cbf88fbd1137609cefab8b10d0615aaeb6fd47975d74e" "/opt/rustwide/cargo-home/bin/cargo" "+1.54.0" "metadata" "--no-deps" "--format-version=1", kill_on_drop: false }`
[INFO] [stdout] d9ac2adee361950b86ea5a043299d162c634458d90c7c0352736752d40351146
[INFO] running `Command { std: "docker" "start" "-a" "d9ac2adee361950b86ea5a043299d162c634458d90c7c0352736752d40351146", kill_on_drop: false }`
[INFO] running `Command { std: "docker" "inspect" "d9ac2adee361950b86ea5a043299d162c634458d90c7c0352736752d40351146", kill_on_drop: false }`
[INFO] running `Command { std: "docker" "rm" "-f" "d9ac2adee361950b86ea5a043299d162c634458d90c7c0352736752d40351146", kill_on_drop: false }`
[INFO] [stdout] d9ac2adee361950b86ea5a043299d162c634458d90c7c0352736752d40351146
[INFO] running `Command { std: "docker" "create" "-v" "/var/lib/crater-agent-workspace/builds/worker-25/target:/opt/rustwide/target:rw,Z" "-v" "/var/lib/crater-agent-workspace/builds/worker-25/source:/opt/rustwide/workdir:ro,Z" "-v" "/var/lib/crater-agent-workspace/cargo-home:/opt/rustwide/cargo-home:ro,Z" "-v" "/var/lib/crater-agent-workspace/rustup-home:/opt/rustwide/rustup-home:ro,Z" "-e" "SOURCE_DIR=/opt/rustwide/workdir" "-e" "CARGO_TARGET_DIR=/opt/rustwide/target" "-e" "CARGO_INCREMENTAL=0" "-e" "RUST_BACKTRACE=full" "-e" "RUSTFLAGS=--cap-lints=warn" "-e" "CARGO_HOME=/opt/rustwide/cargo-home" "-e" "RUSTUP_HOME=/opt/rustwide/rustup-home" "-w" "/opt/rustwide/workdir" "-m" "1610612736" "--user" "0:0" "--network" "none" "ghcr.io/rust-lang/crates-build-env/linux@sha256:34b6a614d2c27851fe6cbf88fbd1137609cefab8b10d0615aaeb6fd47975d74e" "/opt/rustwide/cargo-home/bin/cargo" "+1.54.0" "build" "--frozen" "--message-format=json", kill_on_drop: false }`
[INFO] [stdout] 35bdbc043f67e2762813fc6e6615fde1bd752aaff6b3754367f27e87bd8d280f
[INFO] running `Command { std: "docker" "start" "-a" "35bdbc043f67e2762813fc6e6615fde1bd752aaff6b3754367f27e87bd8d280f", kill_on_drop: false }`
[INFO] [stderr]     Blocking waiting for file lock on package cache
[INFO] [stderr]    Compiling nb v1.0.0
[INFO] [stderr]    Compiling tmag5170 v0.1.1 (/opt/rustwide/workdir)
[INFO] [stderr]    Compiling void v1.0.2
[INFO] [stderr]    Compiling crc_all v0.2.0
[INFO] [stderr]    Compiling nb v0.1.3
[INFO] [stderr]    Compiling embedded-hal v0.2.5
[INFO] [stderr]     Finished dev [unoptimized + debuginfo] target(s) in 1.64s
[INFO] running `Command { std: "docker" "inspect" "35bdbc043f67e2762813fc6e6615fde1bd752aaff6b3754367f27e87bd8d280f", kill_on_drop: false }`
[INFO] running `Command { std: "docker" "rm" "-f" "35bdbc043f67e2762813fc6e6615fde1bd752aaff6b3754367f27e87bd8d280f", kill_on_drop: false }`
[INFO] [stdout] 35bdbc043f67e2762813fc6e6615fde1bd752aaff6b3754367f27e87bd8d280f
[INFO] running `Command { std: "docker" "create" "-v" "/var/lib/crater-agent-workspace/builds/worker-25/target:/opt/rustwide/target:rw,Z" "-v" "/var/lib/crater-agent-workspace/builds/worker-25/source:/opt/rustwide/workdir:ro,Z" "-v" "/var/lib/crater-agent-workspace/cargo-home:/opt/rustwide/cargo-home:ro,Z" "-v" "/var/lib/crater-agent-workspace/rustup-home:/opt/rustwide/rustup-home:ro,Z" "-e" "SOURCE_DIR=/opt/rustwide/workdir" "-e" "CARGO_TARGET_DIR=/opt/rustwide/target" "-e" "CARGO_INCREMENTAL=0" "-e" "RUST_BACKTRACE=full" "-e" "RUSTFLAGS=--cap-lints=warn" "-e" "CARGO_HOME=/opt/rustwide/cargo-home" "-e" "RUSTUP_HOME=/opt/rustwide/rustup-home" "-w" "/opt/rustwide/workdir" "-m" "1610612736" "--user" "0:0" "--network" "none" "ghcr.io/rust-lang/crates-build-env/linux@sha256:34b6a614d2c27851fe6cbf88fbd1137609cefab8b10d0615aaeb6fd47975d74e" "/opt/rustwide/cargo-home/bin/cargo" "+1.54.0" "test" "--frozen" "--no-run" "--message-format=json", kill_on_drop: false }`
[INFO] [stdout] d32a54343d0f001b2208e07c84b5ccf0e1e149b8400132c4189be02feaae981f
[INFO] running `Command { std: "docker" "start" "-a" "d32a54343d0f001b2208e07c84b5ccf0e1e149b8400132c4189be02feaae981f", kill_on_drop: false }`
[INFO] [stderr]    Compiling semver-parser v0.7.0
[INFO] [stderr]    Compiling proc-macro2 v1.0.27
[INFO] [stderr]    Compiling unicode-xid v0.2.2
[INFO] [stderr]    Compiling cortex-m v0.7.2
[INFO] [stderr]    Compiling vcell v0.1.3
[INFO] [stderr]    Compiling syn v1.0.72
[INFO] [stderr]    Compiling bitfield v0.13.2
[INFO] [stderr]    Compiling cortex-m-rt v0.6.14
[INFO] [stderr]    Compiling ufmt-write v0.1.0
[INFO] [stderr]    Compiling r0 v0.2.2
[INFO] [stderr]    Compiling volatile-register v0.2.0
[INFO] [stderr]    Compiling semver v0.9.0
[INFO] [stderr]    Compiling rustc_version v0.2.3
[INFO] [stderr]    Compiling bare-metal v0.2.5
[INFO] [stderr]    Compiling quote v1.0.9
[INFO] [stderr]    Compiling rtt-target v0.3.1
[INFO] [stderr]    Compiling panic-rtt-target v0.1.2
[INFO] [stderr]    Compiling cortex-m-rt-macros v0.1.8
[INFO] [stderr]    Compiling tmag5170 v0.1.1 (/opt/rustwide/workdir)
[INFO] [stdout] error[E0433]: failed to resolve: use of undeclared crate or module `stm32f3xx_hal`
[INFO] [stdout]   --> examples/f3discovery.rs:11:5
[INFO] [stdout]    |
[INFO] [stdout] 11 | use stm32f3xx_hal::{pac, prelude::*, spi::Spi};
[INFO] [stdout]    |     ^^^^^^^^^^^^^ use of undeclared crate or module `stm32f3xx_hal`
[INFO] [stdout] 
[INFO] [stdout] 
[INFO] [stdout] error[E0432]: unresolved imports `panic_rtt_target`, `stm32f3xx_hal`, `stm32f3xx_hal::spi::Spi`
[INFO] [stdout]   --> examples/f3discovery.rs:6:5
[INFO] [stdout]    |
[INFO] [stdout] 6  | use panic_rtt_target as _;
[INFO] [stdout]    |     ^^^^^^^^^^^^^^^^^^^^^
[INFO] [stdout] ...
[INFO] [stdout] 11 | use stm32f3xx_hal::{pac, prelude::*, spi::Spi};
[INFO] [stdout]    |     ^^^^^^^^^^^^^                    ^^^^^^^^
[INFO] [stdout]    |     |
[INFO] [stdout]    |     use of undeclared crate or module `stm32f3xx_hal`
[INFO] [stdout] 
[INFO] [stdout] 
[INFO] [stdout] error[E0433]: failed to resolve: use of undeclared type `Spi`
[INFO] [stdout]   --> examples/f3discovery.rs:45:15
[INFO] [stdout]    |
[INFO] [stdout] 45 |     let spi = Spi::spi1(
[INFO] [stdout]    |               ^^^ use of undeclared type `Spi`
[INFO] [stdout] 
[INFO] [stdout] 
[INFO] [stdout] error: language item required, but not found: `eh_personality`
[INFO] [stdout] 
[INFO] [stdout] 
[INFO] [stdout] error[E0599]: no method named `MHz` found for type `{integer}` in the current scope
[INFO] [stdout]   --> examples/f3discovery.rs:20:37
[INFO] [stdout]    |
[INFO] [stdout] 20 |     let clocks = rcc.cfgr.sysclk(48.MHz()).freeze(&mut flash.acr);
[INFO] [stdout]    |                                     ^^^ method not found in `{integer}`
[INFO] [stdout] 
[INFO] [stdout] 
[INFO] [stderr] error: could not compile `tmag5170`
[INFO] [stdout] error[E0599]: no method named `MHz` found for type `{integer}` in the current scope
[INFO] [stdout]   --> examples/f3discovery.rs:49:11
[INFO] [stdout]    |
[INFO] [stdout] 49 |         1.MHz().try_into().unwrap(),
[INFO] [stdout]    |           ^^^ method not found in `{integer}`
[INFO] [stdout] 
[INFO] [stdout] 
[INFO] [stderr] 
[INFO] [stdout] warning: unused import: `core::convert::TryInto`
[INFO] [stdout]  --> examples/f3discovery.rs:4:5
[INFO] [stdout]   |
[INFO] [stdout] 4 | use core::convert::TryInto;
[INFO] [stdout]   |     ^^^^^^^^^^^^^^^^^^^^^^
[INFO] [stdout]   |
[INFO] [stdout]   = note: `#[warn(unused_imports)]` on by default
[INFO] [stdout] 
[INFO] [stdout] 
[INFO] [stderr] To learn more, run the command again with --verbose.
[INFO] [stdout] error: aborting due to 6 previous errors; 1 warning emitted
[INFO] [stdout] 
[INFO] [stdout] 
[INFO] [stderr] warning: build failed, waiting for other jobs to finish...
[INFO] [stdout] Some errors have detailed explanations: E0432, E0433, E0599.
[INFO] [stdout] 
[INFO] [stdout] For more information about an error, try `rustc --explain E0432`.
[INFO] [stdout] 
[INFO] [stderr] error: build failed
[INFO] running `Command { std: "docker" "inspect" "d32a54343d0f001b2208e07c84b5ccf0e1e149b8400132c4189be02feaae981f", kill_on_drop: false }`
[INFO] running `Command { std: "docker" "rm" "-f" "d32a54343d0f001b2208e07c84b5ccf0e1e149b8400132c4189be02feaae981f", kill_on_drop: false }`
[INFO] [stdout] d32a54343d0f001b2208e07c84b5ccf0e1e149b8400132c4189be02feaae981f
