[INFO] fetching crate tinf 0.14.0...
[INFO] testing tinf-0.14.0 against beta-2021-08-01 for beta-1.55-1
[INFO] extracting crate tinf 0.14.0 into /workspace/builds/worker-17/source
[INFO] validating manifest of crates.io crate tinf 0.14.0 on toolchain beta-2021-08-01
[INFO] running `Command { std: "/workspace/cargo-home/bin/cargo" "+beta-2021-08-01" "metadata" "--manifest-path" "Cargo.toml" "--no-deps", kill_on_drop: false }`
[INFO] started tweaking crates.io crate tinf 0.14.0
[INFO] finished tweaking crates.io crate tinf 0.14.0
[INFO] tweaked toml for crates.io crate tinf 0.14.0 written to /workspace/builds/worker-17/source/Cargo.toml
[INFO] running `Command { std: "/workspace/cargo-home/bin/cargo" "+beta-2021-08-01" "generate-lockfile" "--manifest-path" "Cargo.toml" "-Zno-index-update", kill_on_drop: false }`
[INFO] [stderr]     Blocking waiting for file lock on package cache
[INFO] running `Command { std: "/workspace/cargo-home/bin/cargo" "+beta-2021-08-01" "fetch" "--manifest-path" "Cargo.toml", kill_on_drop: false }`
[INFO] running `Command { std: "docker" "create" "-v" "/var/lib/crater-agent-workspace/builds/worker-17/target:/opt/rustwide/target:rw,Z" "-v" "/var/lib/crater-agent-workspace/builds/worker-17/source:/opt/rustwide/workdir:ro,Z" "-v" "/var/lib/crater-agent-workspace/cargo-home:/opt/rustwide/cargo-home:ro,Z" "-v" "/var/lib/crater-agent-workspace/rustup-home:/opt/rustwide/rustup-home:ro,Z" "-e" "SOURCE_DIR=/opt/rustwide/workdir" "-e" "CARGO_TARGET_DIR=/opt/rustwide/target" "-e" "CARGO_HOME=/opt/rustwide/cargo-home" "-e" "RUSTUP_HOME=/opt/rustwide/rustup-home" "-w" "/opt/rustwide/workdir" "-m" "1610612736" "--user" "0:0" "--network" "none" "ghcr.io/rust-lang/crates-build-env/linux@sha256:34b6a614d2c27851fe6cbf88fbd1137609cefab8b10d0615aaeb6fd47975d74e" "/opt/rustwide/cargo-home/bin/cargo" "+beta-2021-08-01" "metadata" "--no-deps" "--format-version=1", kill_on_drop: false }`
[INFO] [stdout] cf75ff3324f1620876137bf7f1b2bcfff6995f6454d953c3161aa1814351caa5
[INFO] running `Command { std: "docker" "start" "-a" "cf75ff3324f1620876137bf7f1b2bcfff6995f6454d953c3161aa1814351caa5", kill_on_drop: false }`
[INFO] running `Command { std: "docker" "inspect" "cf75ff3324f1620876137bf7f1b2bcfff6995f6454d953c3161aa1814351caa5", kill_on_drop: false }`
[INFO] running `Command { std: "docker" "rm" "-f" "cf75ff3324f1620876137bf7f1b2bcfff6995f6454d953c3161aa1814351caa5", kill_on_drop: false }`
[INFO] [stdout] cf75ff3324f1620876137bf7f1b2bcfff6995f6454d953c3161aa1814351caa5
[INFO] running `Command { std: "docker" "create" "-v" "/var/lib/crater-agent-workspace/builds/worker-17/target:/opt/rustwide/target:rw,Z" "-v" "/var/lib/crater-agent-workspace/builds/worker-17/source:/opt/rustwide/workdir:ro,Z" "-v" "/var/lib/crater-agent-workspace/cargo-home:/opt/rustwide/cargo-home:ro,Z" "-v" "/var/lib/crater-agent-workspace/rustup-home:/opt/rustwide/rustup-home:ro,Z" "-e" "SOURCE_DIR=/opt/rustwide/workdir" "-e" "CARGO_TARGET_DIR=/opt/rustwide/target" "-e" "CARGO_INCREMENTAL=0" "-e" "RUST_BACKTRACE=full" "-e" "RUSTFLAGS=--cap-lints=warn" "-e" "CARGO_HOME=/opt/rustwide/cargo-home" "-e" "RUSTUP_HOME=/opt/rustwide/rustup-home" "-w" "/opt/rustwide/workdir" "-m" "1610612736" "--user" "0:0" "--network" "none" "ghcr.io/rust-lang/crates-build-env/linux@sha256:34b6a614d2c27851fe6cbf88fbd1137609cefab8b10d0615aaeb6fd47975d74e" "/opt/rustwide/cargo-home/bin/cargo" "+beta-2021-08-01" "build" "--frozen" "--message-format=json", kill_on_drop: false }`
[INFO] [stdout] 842b02bffd42ee04ef02ed9adec29992b93d71256f24e45900d1a5ccc69868bb
[INFO] running `Command { std: "docker" "start" "-a" "842b02bffd42ee04ef02ed9adec29992b93d71256f24e45900d1a5ccc69868bb", kill_on_drop: false }`
[INFO] [stderr]    Compiling lazy_static v0.2.11
[INFO] [stderr]    Compiling tinf v0.14.0 (/opt/rustwide/workdir)
[INFO] [stdout] warning: trait objects without an explicit `dyn` are deprecated
[INFO] [stdout]    --> src/print.rs:278:18
[INFO] [stdout]     |
[INFO] [stdout] 278 |     output: &mut Write,
[INFO] [stdout]     |                  ^^^^^ help: use `dyn`: `dyn Write`
[INFO] [stdout]     |
[INFO] [stdout]     = note: `#[warn(bare_trait_objects)]` on by default
[INFO] [stdout]     = warning: this is accepted in the current edition (Rust 2015) but is a hard error in Rust 2021!
[INFO] [stdout]     = note: for more information, see issue #80165 <https://github.com/rust-lang/rust/issues/80165>
[INFO] [stdout] 
[INFO] [stdout] 
[INFO] [stdout] warning: trait objects without an explicit `dyn` are deprecated
[INFO] [stdout]    --> src/print.rs:528:34
[INFO] [stdout]     |
[INFO] [stdout] 528 |     fn printf_int(&self, w: &mut Write, fs: char, val: i32) -> io::Result<()> {
[INFO] [stdout]     |                                  ^^^^^ help: use `dyn`: `dyn Write`
[INFO] [stdout]     |
[INFO] [stdout]     = warning: this is accepted in the current edition (Rust 2015) but is a hard error in Rust 2021!
[INFO] [stdout]     = note: for more information, see issue #80165 <https://github.com/rust-lang/rust/issues/80165>
[INFO] [stdout] 
[INFO] [stdout] 
[INFO] [stdout] warning: trait objects without an explicit `dyn` are deprecated
[INFO] [stdout]    --> src/print.rs:562:34
[INFO] [stdout]     |
[INFO] [stdout] 562 |     fn printf_str(&self, w: &mut Write, mut val: Vec<u8>) -> io::Result<()> {
[INFO] [stdout]     |                                  ^^^^^ help: use `dyn`: `dyn Write`
[INFO] [stdout]     |
[INFO] [stdout]     = warning: this is accepted in the current edition (Rust 2015) but is a hard error in Rust 2021!
[INFO] [stdout]     = note: for more information, see issue #80165 <https://github.com/rust-lang/rust/issues/80165>
[INFO] [stdout] 
[INFO] [stdout] 
[INFO] [stdout] warning: trait objects without an explicit `dyn` are deprecated
[INFO] [stdout]    --> src/print.rs:569:30
[INFO] [stdout]     |
[INFO] [stdout] 569 |     fn printf(&self, w: &mut Write, val: Vec<u8>) -> io::Result<()> {
[INFO] [stdout]     |                              ^^^^^ help: use `dyn`: `dyn Write`
[INFO] [stdout]     |
[INFO] [stdout]     = warning: this is accepted in the current edition (Rust 2015) but is a hard error in Rust 2021!
[INFO] [stdout]     = note: for more information, see issue #80165 <https://github.com/rust-lang/rust/issues/80165>
[INFO] [stdout] 
[INFO] [stdout] 
[INFO] [stdout] warning: trait objects without an explicit `dyn` are deprecated
[INFO] [stdout]    --> src/print.rs:591:25
[INFO] [stdout]     |
[INFO] [stdout] 591 | impl<'a> BytePusher for Write + 'a {}
[INFO] [stdout]     |                         ^^^^^^^^^^ help: use `dyn`: `dyn Write + 'a`
[INFO] [stdout]     |
[INFO] [stdout]     = warning: this is accepted in the current edition (Rust 2015) but is a hard error in Rust 2021!
[INFO] [stdout]     = note: for more information, see issue #80165 <https://github.com/rust-lang/rust/issues/80165>
[INFO] [stdout] 
[INFO] [stdout] 
[INFO] [stdout] warning: trait objects without an explicit `dyn` are deprecated
[INFO] [stdout]    --> src/print.rs:631:18
[INFO] [stdout]     |
[INFO] [stdout] 631 |     output: &mut Write,
[INFO] [stdout]     |                  ^^^^^ help: use `dyn`: `dyn Write`
[INFO] [stdout]     |
[INFO] [stdout]     = warning: this is accepted in the current edition (Rust 2015) but is a hard error in Rust 2021!
[INFO] [stdout]     = note: for more information, see issue #80165 <https://github.com/rust-lang/rust/issues/80165>
[INFO] [stdout] 
[INFO] [stdout] 
[INFO] [stdout] warning: trait objects without an explicit `dyn` are deprecated
[INFO] [stdout]    --> src/print.rs:772:32
[INFO] [stdout]     |
[INFO] [stdout] 772 |     fn cause(&self) -> Option<&::std::error::Error> {
[INFO] [stdout]     |                                ^^^^^^^^^^^^^^^^^^^ help: use `dyn`: `dyn (::std::error::Error)`
[INFO] [stdout]     |
[INFO] [stdout]     = warning: this is accepted in the current edition (Rust 2015) but is a hard error in Rust 2021!
[INFO] [stdout]     = note: for more information, see issue #80165 <https://github.com/rust-lang/rust/issues/80165>
[INFO] [stdout] 
[INFO] [stdout] 
[INFO] [stdout] warning: trait objects without an explicit `dyn` are deprecated
[INFO] [stdout]    --> src/lib.rs:186:26
[INFO] [stdout]     |
[INFO] [stdout] 186 |     pub fn parse(r: &mut Read) -> Result<Desc, DescError> {
[INFO] [stdout]     |                          ^^^^ help: use `dyn`: `dyn Read`
[INFO] [stdout]     |
[INFO] [stdout]     = warning: this is accepted in the current edition (Rust 2015) but is a hard error in Rust 2021!
[INFO] [stdout]     = note: for more information, see issue #80165 <https://github.com/rust-lang/rust/issues/80165>
[INFO] [stdout] 
[INFO] [stdout] 
[INFO] [stdout] warning: trait objects without an explicit `dyn` are deprecated
[INFO] [stdout]    --> src/lib.rs:602:16
[INFO] [stdout]     |
[INFO] [stdout] 602 |     r: &'a mut Read,
[INFO] [stdout]     |                ^^^^ help: use `dyn`: `dyn Read`
[INFO] [stdout]     |
[INFO] [stdout]     = warning: this is accepted in the current edition (Rust 2015) but is a hard error in Rust 2021!
[INFO] [stdout]     = note: for more information, see issue #80165 <https://github.com/rust-lang/rust/issues/80165>
[INFO] [stdout] 
[INFO] [stdout] 
[INFO] [stdout] warning: trait objects without an explicit `dyn` are deprecated
[INFO] [stdout]    --> src/lib.rs:607:20
[INFO] [stdout]     |
[INFO] [stdout] 607 |     fn new(r: &mut Read) -> AlignReader {
[INFO] [stdout]     |                    ^^^^ help: use `dyn`: `dyn Read`
[INFO] [stdout]     |
[INFO] [stdout]     = warning: this is accepted in the current edition (Rust 2015) but is a hard error in Rust 2021!
[INFO] [stdout]     = note: for more information, see issue #80165 <https://github.com/rust-lang/rust/issues/80165>
[INFO] [stdout] 
[INFO] [stdout] 
[INFO] [stdout] warning: trait objects without an explicit `dyn` are deprecated
[INFO] [stdout]    --> src/lib.rs:763:32
[INFO] [stdout]     |
[INFO] [stdout] 763 |     fn cause(&self) -> Option<&::std::error::Error> {
[INFO] [stdout]     |                                ^^^^^^^^^^^^^^^^^^^ help: use `dyn`: `dyn (::std::error::Error)`
[INFO] [stdout]     |
[INFO] [stdout]     = warning: this is accepted in the current edition (Rust 2015) but is a hard error in Rust 2021!
[INFO] [stdout]     = note: for more information, see issue #80165 <https://github.com/rust-lang/rust/issues/80165>
[INFO] [stdout] 
[INFO] [stdout] 
[INFO] [stdout] warning: use of deprecated constant `std::sync::ONCE_INIT`: the `new` function is now preferred
[INFO] [stdout]    --> src/lib.rs:676:1
[INFO] [stdout]     |
[INFO] [stdout] 676 | / lazy_static! {
[INFO] [stdout] 677 | |     static ref CURRENT: Desc = {
[INFO] [stdout] 678 | |         env::var("TERM")
[INFO] [stdout] 679 | |             .ok()
[INFO] [stdout] ...   |
[INFO] [stdout] 710 | |     };
[INFO] [stdout] 711 | | }
[INFO] [stdout]     | |_^
[INFO] [stdout]     |
[INFO] [stdout]     = note: `#[warn(deprecated)]` on by default
[INFO] [stdout]     = note: this warning originates in the macro `__lazy_static_create` (in Nightly builds, run with -Z macro-backtrace for more info)
[INFO] [stdout] 
[INFO] [stdout] 
[INFO] [stdout] warning: use of deprecated constant `std::sync::ONCE_INIT`: the `new` function is now preferred
[INFO] [stdout]    --> src/lib.rs:676:1
[INFO] [stdout]     |
[INFO] [stdout] 676 | / lazy_static! {
[INFO] [stdout] 677 | |     static ref CURRENT: Desc = {
[INFO] [stdout] 678 | |         env::var("TERM")
[INFO] [stdout] 679 | |             .ok()
[INFO] [stdout] ...   |
[INFO] [stdout] 710 | |     };
[INFO] [stdout] 711 | | }
[INFO] [stdout]     | |_^
[INFO] [stdout]     |
[INFO] [stdout]     = note: this warning originates in the macro `__lazy_static_create` (in Nightly builds, run with -Z macro-backtrace for more info)
[INFO] [stdout] 
[INFO] [stdout] 
[INFO] [stdout] warning: use of deprecated function `std::env::home_dir`: This function's behavior is unexpected and probably not what you want. Consider using a crate from crates.io instead.
[INFO] [stdout]    --> src/lib.rs:151:31
[INFO] [stdout]     |
[INFO] [stdout] 151 |         let d2 = to_path(env::home_dir()).map(|d| d.join(".terminfo"));
[INFO] [stdout]     |                               ^^^^^^^^
[INFO] [stdout] 
[INFO] [stdout] 
[INFO] [stdout] warning: use of deprecated associated function `std::error::Error::description`: use the Display impl or to_string()
[INFO] [stdout]    --> src/lib.rs:756:32
[INFO] [stdout]     |
[INFO] [stdout] 756 |             Io(ref err) => err.description(),
[INFO] [stdout]     |                                ^^^^^^^^^^^
[INFO] [stdout] 
[INFO] [stdout] 
[INFO] [stdout] warning: use of deprecated associated function `std::error::Error::description`: use the Display impl or to_string()
[INFO] [stdout]    --> src/print.rs:766:32
[INFO] [stdout]     |
[INFO] [stdout] 766 |             Io(ref err) => err.description(),
[INFO] [stdout]     |                                ^^^^^^^^^^^
[INFO] [stdout] 
[INFO] [stdout] 
[INFO] [stdout] warning: variable does not need to be mutable
[INFO] [stdout]    --> src/lib.rs:187:13
[INFO] [stdout]     |
[INFO] [stdout] 187 |         let mut r = &mut AlignReader::new(r);
[INFO] [stdout]     |             ----^
[INFO] [stdout]     |             |
[INFO] [stdout]     |             help: remove this `mut`
[INFO] [stdout]     |
[INFO] [stdout]     = note: `#[warn(unused_mut)]` on by default
[INFO] [stdout] 
[INFO] [stdout] 
[INFO] [stdout] warning: 17 warnings emitted
[INFO] [stdout] 
[INFO] [stdout] 
[INFO] [stderr]     Finished dev [unoptimized + debuginfo] target(s) in 1.35s
[INFO] running `Command { std: "docker" "inspect" "842b02bffd42ee04ef02ed9adec29992b93d71256f24e45900d1a5ccc69868bb", kill_on_drop: false }`
[INFO] running `Command { std: "docker" "rm" "-f" "842b02bffd42ee04ef02ed9adec29992b93d71256f24e45900d1a5ccc69868bb", kill_on_drop: false }`
[INFO] [stdout] 842b02bffd42ee04ef02ed9adec29992b93d71256f24e45900d1a5ccc69868bb
[INFO] running `Command { std: "docker" "create" "-v" "/var/lib/crater-agent-workspace/builds/worker-17/target:/opt/rustwide/target:rw,Z" "-v" "/var/lib/crater-agent-workspace/builds/worker-17/source:/opt/rustwide/workdir:ro,Z" "-v" "/var/lib/crater-agent-workspace/cargo-home:/opt/rustwide/cargo-home:ro,Z" "-v" "/var/lib/crater-agent-workspace/rustup-home:/opt/rustwide/rustup-home:ro,Z" "-e" "SOURCE_DIR=/opt/rustwide/workdir" "-e" "CARGO_TARGET_DIR=/opt/rustwide/target" "-e" "CARGO_INCREMENTAL=0" "-e" "RUST_BACKTRACE=full" "-e" "RUSTFLAGS=--cap-lints=warn" "-e" "CARGO_HOME=/opt/rustwide/cargo-home" "-e" "RUSTUP_HOME=/opt/rustwide/rustup-home" "-w" "/opt/rustwide/workdir" "-m" "1610612736" "--user" "0:0" "--network" "none" "ghcr.io/rust-lang/crates-build-env/linux@sha256:34b6a614d2c27851fe6cbf88fbd1137609cefab8b10d0615aaeb6fd47975d74e" "/opt/rustwide/cargo-home/bin/cargo" "+beta-2021-08-01" "test" "--frozen" "--no-run" "--message-format=json", kill_on_drop: false }`
[INFO] [stdout] 80f173db408826873b45cb11e518af240e2250a76bff15429e6ba4ea5f18445d
[INFO] running `Command { std: "docker" "start" "-a" "80f173db408826873b45cb11e518af240e2250a76bff15429e6ba4ea5f18445d", kill_on_drop: false }`
[INFO] [stderr]     Blocking waiting for file lock on package cache
[INFO] [stderr]    Compiling tinf v0.14.0 (/opt/rustwide/workdir)
[INFO] [stdout] warning: trait objects without an explicit `dyn` are deprecated
[INFO] [stdout]    --> src/print.rs:278:18
[INFO] [stdout]     |
[INFO] [stdout] 278 |     output: &mut Write,
[INFO] [stdout]     |                  ^^^^^ help: use `dyn`: `dyn Write`
[INFO] [stdout]     |
[INFO] [stdout]     = note: `#[warn(bare_trait_objects)]` on by default
[INFO] [stdout]     = warning: this is accepted in the current edition (Rust 2015) but is a hard error in Rust 2021!
[INFO] [stdout]     = note: for more information, see issue #80165 <https://github.com/rust-lang/rust/issues/80165>
[INFO] [stdout] 
[INFO] [stdout] 
[INFO] [stdout] warning: trait objects without an explicit `dyn` are deprecated
[INFO] [stdout]    --> src/print.rs:528:34
[INFO] [stdout]     |
[INFO] [stdout] 528 |     fn printf_int(&self, w: &mut Write, fs: char, val: i32) -> io::Result<()> {
[INFO] [stdout]     |                                  ^^^^^ help: use `dyn`: `dyn Write`
[INFO] [stdout]     |
[INFO] [stdout]     = warning: this is accepted in the current edition (Rust 2015) but is a hard error in Rust 2021!
[INFO] [stdout]     = note: for more information, see issue #80165 <https://github.com/rust-lang/rust/issues/80165>
[INFO] [stdout] 
[INFO] [stdout] 
[INFO] [stdout] warning: trait objects without an explicit `dyn` are deprecated
[INFO] [stdout]    --> src/print.rs:562:34
[INFO] [stdout]     |
[INFO] [stdout] 562 |     fn printf_str(&self, w: &mut Write, mut val: Vec<u8>) -> io::Result<()> {
[INFO] [stdout]     |                                  ^^^^^ help: use `dyn`: `dyn Write`
[INFO] [stdout]     |
[INFO] [stdout]     = warning: this is accepted in the current edition (Rust 2015) but is a hard error in Rust 2021!
[INFO] [stdout]     = note: for more information, see issue #80165 <https://github.com/rust-lang/rust/issues/80165>
[INFO] [stdout] 
[INFO] [stdout] 
[INFO] [stdout] warning: trait objects without an explicit `dyn` are deprecated
[INFO] [stdout]    --> src/print.rs:569:30
[INFO] [stdout]     |
[INFO] [stdout] 569 |     fn printf(&self, w: &mut Write, val: Vec<u8>) -> io::Result<()> {
[INFO] [stdout]     |                              ^^^^^ help: use `dyn`: `dyn Write`
[INFO] [stdout]     |
[INFO] [stdout]     = warning: this is accepted in the current edition (Rust 2015) but is a hard error in Rust 2021!
[INFO] [stdout]     = note: for more information, see issue #80165 <https://github.com/rust-lang/rust/issues/80165>
[INFO] [stdout] 
[INFO] [stdout] 
[INFO] [stdout] warning: trait objects without an explicit `dyn` are deprecated
[INFO] [stdout]    --> src/print.rs:591:25
[INFO] [stdout]     |
[INFO] [stdout] 591 | impl<'a> BytePusher for Write + 'a {}
[INFO] [stdout]     |                         ^^^^^^^^^^ help: use `dyn`: `dyn Write + 'a`
[INFO] [stdout]     |
[INFO] [stdout]     = warning: this is accepted in the current edition (Rust 2015) but is a hard error in Rust 2021!
[INFO] [stdout]     = note: for more information, see issue #80165 <https://github.com/rust-lang/rust/issues/80165>
[INFO] [stdout] 
[INFO] [stdout] 
[INFO] [stdout] warning: trait objects without an explicit `dyn` are deprecated
[INFO] [stdout]    --> src/print.rs:631:18
[INFO] [stdout]     |
[INFO] [stdout] 631 |     output: &mut Write,
[INFO] [stdout]     |                  ^^^^^ help: use `dyn`: `dyn Write`
[INFO] [stdout]     |
[INFO] [stdout]     = warning: this is accepted in the current edition (Rust 2015) but is a hard error in Rust 2021!
[INFO] [stdout]     = note: for more information, see issue #80165 <https://github.com/rust-lang/rust/issues/80165>
[INFO] [stdout] 
[INFO] [stdout] 
[INFO] [stdout] warning: trait objects without an explicit `dyn` are deprecated
[INFO] [stdout]    --> src/print.rs:772:32
[INFO] [stdout]     |
[INFO] [stdout] 772 |     fn cause(&self) -> Option<&::std::error::Error> {
[INFO] [stdout]     |                                ^^^^^^^^^^^^^^^^^^^ help: use `dyn`: `dyn (::std::error::Error)`
[INFO] [stdout]     |
[INFO] [stdout]     = warning: this is accepted in the current edition (Rust 2015) but is a hard error in Rust 2021!
[INFO] [stdout]     = note: for more information, see issue #80165 <https://github.com/rust-lang/rust/issues/80165>
[INFO] [stdout] 
[INFO] [stdout] 
[INFO] [stdout] warning: trait objects without an explicit `dyn` are deprecated
[INFO] [stdout]    --> src/lib.rs:186:26
[INFO] [stdout]     |
[INFO] [stdout] 186 |     pub fn parse(r: &mut Read) -> Result<Desc, DescError> {
[INFO] [stdout]     |                          ^^^^ help: use `dyn`: `dyn Read`
[INFO] [stdout]     |
[INFO] [stdout]     = warning: this is accepted in the current edition (Rust 2015) but is a hard error in Rust 2021!
[INFO] [stdout]     = note: for more information, see issue #80165 <https://github.com/rust-lang/rust/issues/80165>
[INFO] [stdout] 
[INFO] [stdout] 
[INFO] [stdout] warning: trait objects without an explicit `dyn` are deprecated
[INFO] [stdout]    --> src/lib.rs:602:16
[INFO] [stdout]     |
[INFO] [stdout] 602 |     r: &'a mut Read,
[INFO] [stdout]     |                ^^^^ help: use `dyn`: `dyn Read`
[INFO] [stdout]     |
[INFO] [stdout]     = warning: this is accepted in the current edition (Rust 2015) but is a hard error in Rust 2021!
[INFO] [stdout]     = note: for more information, see issue #80165 <https://github.com/rust-lang/rust/issues/80165>
[INFO] [stdout] 
[INFO] [stdout] 
[INFO] [stdout] warning: trait objects without an explicit `dyn` are deprecated
[INFO] [stdout]    --> src/lib.rs:607:20
[INFO] [stdout]     |
[INFO] [stdout] 607 |     fn new(r: &mut Read) -> AlignReader {
[INFO] [stdout]     |                    ^^^^ help: use `dyn`: `dyn Read`
[INFO] [stdout]     |
[INFO] [stdout]     = warning: this is accepted in the current edition (Rust 2015) but is a hard error in Rust 2021!
[INFO] [stdout]     = note: for more information, see issue #80165 <https://github.com/rust-lang/rust/issues/80165>
[INFO] [stdout] 
[INFO] [stdout] 
[INFO] [stdout] warning: trait objects without an explicit `dyn` are deprecated
[INFO] [stdout]    --> src/lib.rs:763:32
[INFO] [stdout]     |
[INFO] [stdout] 763 |     fn cause(&self) -> Option<&::std::error::Error> {
[INFO] [stdout]     |                                ^^^^^^^^^^^^^^^^^^^ help: use `dyn`: `dyn (::std::error::Error)`
[INFO] [stdout]     |
[INFO] [stdout]     = warning: this is accepted in the current edition (Rust 2015) but is a hard error in Rust 2021!
[INFO] [stdout]     = note: for more information, see issue #80165 <https://github.com/rust-lang/rust/issues/80165>
[INFO] [stdout] 
[INFO] [stdout] 
[INFO] [stdout] warning: use of deprecated constant `std::sync::ONCE_INIT`: the `new` function is now preferred
[INFO] [stdout]    --> src/lib.rs:676:1
[INFO] [stdout]     |
[INFO] [stdout] 676 | / lazy_static! {
[INFO] [stdout] 677 | |     static ref CURRENT: Desc = {
[INFO] [stdout] 678 | |         env::var("TERM")
[INFO] [stdout] 679 | |             .ok()
[INFO] [stdout] ...   |
[INFO] [stdout] 710 | |     };
[INFO] [stdout] 711 | | }
[INFO] [stdout]     | |_^
[INFO] [stdout]     |
[INFO] [stdout]     = note: `#[warn(deprecated)]` on by default
[INFO] [stdout]     = note: this warning originates in the macro `__lazy_static_create` (in Nightly builds, run with -Z macro-backtrace for more info)
[INFO] [stdout] 
[INFO] [stdout] 
[INFO] [stdout] warning: use of deprecated constant `std::sync::ONCE_INIT`: the `new` function is now preferred
[INFO] [stdout]    --> src/lib.rs:676:1
[INFO] [stdout]     |
[INFO] [stdout] 676 | / lazy_static! {
[INFO] [stdout] 677 | |     static ref CURRENT: Desc = {
[INFO] [stdout] 678 | |         env::var("TERM")
[INFO] [stdout] 679 | |             .ok()
[INFO] [stdout] ...   |
[INFO] [stdout] 710 | |     };
[INFO] [stdout] 711 | | }
[INFO] [stdout]     | |_^
[INFO] [stdout]     |
[INFO] [stdout]     = note: this warning originates in the macro `__lazy_static_create` (in Nightly builds, run with -Z macro-backtrace for more info)
[INFO] [stdout] 
[INFO] [stdout] 
[INFO] [stdout] warning: use of deprecated function `std::env::home_dir`: This function's behavior is unexpected and probably not what you want. Consider using a crate from crates.io instead.
[INFO] [stdout]    --> src/lib.rs:151:31
[INFO] [stdout]     |
[INFO] [stdout] 151 |         let d2 = to_path(env::home_dir()).map(|d| d.join(".terminfo"));
[INFO] [stdout]     |                               ^^^^^^^^
[INFO] [stdout] 
[INFO] [stdout] 
[INFO] [stdout] warning: use of deprecated associated function `std::error::Error::description`: use the Display impl or to_string()
[INFO] [stdout]    --> src/lib.rs:756:32
[INFO] [stdout]     |
[INFO] [stdout] 756 |             Io(ref err) => err.description(),
[INFO] [stdout]     |                                ^^^^^^^^^^^
[INFO] [stdout] 
[INFO] [stdout] 
[INFO] [stdout] warning: use of deprecated associated function `std::error::Error::description`: use the Display impl or to_string()
[INFO] [stdout]    --> src/print.rs:766:32
[INFO] [stdout]     |
[INFO] [stdout] 766 |             Io(ref err) => err.description(),
[INFO] [stdout]     |                                ^^^^^^^^^^^
[INFO] [stdout] 
[INFO] [stdout] 
[INFO] [stdout] warning: variable does not need to be mutable
[INFO] [stdout]    --> src/lib.rs:187:13
[INFO] [stdout]     |
[INFO] [stdout] 187 |         let mut r = &mut AlignReader::new(r);
[INFO] [stdout]     |             ----^
[INFO] [stdout]     |             |
[INFO] [stdout]     |             help: remove this `mut`
[INFO] [stdout]     |
[INFO] [stdout]     = note: `#[warn(unused_mut)]` on by default
[INFO] [stdout] 
[INFO] [stdout] 
[INFO] [stdout] warning: 17 warnings emitted
[INFO] [stdout] 
[INFO] [stdout] 
[INFO] [stdout] warning: trait objects without an explicit `dyn` are deprecated
[INFO] [stdout]    --> src/print.rs:278:18
[INFO] [stdout]     |
[INFO] [stdout] 278 |     output: &mut Write,
[INFO] [stdout]     |                  ^^^^^ help: use `dyn`: `dyn Write`
[INFO] [stdout]     |
[INFO] [stdout]     = note: `#[warn(bare_trait_objects)]` on by default
[INFO] [stdout]     = warning: this is accepted in the current edition (Rust 2015) but is a hard error in Rust 2021!
[INFO] [stdout]     = note: for more information, see issue #80165 <https://github.com/rust-lang/rust/issues/80165>
[INFO] [stdout] 
[INFO] [stdout] 
[INFO] [stdout] warning: trait objects without an explicit `dyn` are deprecated
[INFO] [stdout]    --> src/print.rs:528:34
[INFO] [stdout]     |
[INFO] [stdout] 528 |     fn printf_int(&self, w: &mut Write, fs: char, val: i32) -> io::Result<()> {
[INFO] [stdout]     |                                  ^^^^^ help: use `dyn`: `dyn Write`
[INFO] [stdout]     |
[INFO] [stdout]     = warning: this is accepted in the current edition (Rust 2015) but is a hard error in Rust 2021!
[INFO] [stdout]     = note: for more information, see issue #80165 <https://github.com/rust-lang/rust/issues/80165>
[INFO] [stdout] 
[INFO] [stdout] 
[INFO] [stdout] warning: trait objects without an explicit `dyn` are deprecated
[INFO] [stdout]    --> src/print.rs:562:34
[INFO] [stdout]     |
[INFO] [stdout] 562 |     fn printf_str(&self, w: &mut Write, mut val: Vec<u8>) -> io::Result<()> {
[INFO] [stdout]     |                                  ^^^^^ help: use `dyn`: `dyn Write`
[INFO] [stdout]     |
[INFO] [stdout]     = warning: this is accepted in the current edition (Rust 2015) but is a hard error in Rust 2021!
[INFO] [stdout]     = note: for more information, see issue #80165 <https://github.com/rust-lang/rust/issues/80165>
[INFO] [stdout] 
[INFO] [stdout] 
[INFO] [stdout] warning: trait objects without an explicit `dyn` are deprecated
[INFO] [stdout]    --> src/print.rs:569:30
[INFO] [stdout]     |
[INFO] [stdout] 569 |     fn printf(&self, w: &mut Write, val: Vec<u8>) -> io::Result<()> {
[INFO] [stdout]     |                              ^^^^^ help: use `dyn`: `dyn Write`
[INFO] [stdout]     |
[INFO] [stdout]     = warning: this is accepted in the current edition (Rust 2015) but is a hard error in Rust 2021!
[INFO] [stdout]     = note: for more information, see issue #80165 <https://github.com/rust-lang/rust/issues/80165>
[INFO] [stdout] 
[INFO] [stdout] 
[INFO] [stdout] warning: trait objects without an explicit `dyn` are deprecated
[INFO] [stdout]    --> src/print.rs:591:25
[INFO] [stdout]     |
[INFO] [stdout] 591 | impl<'a> BytePusher for Write + 'a {}
[INFO] [stdout]     |                         ^^^^^^^^^^ help: use `dyn`: `dyn Write + 'a`
[INFO] [stdout]     |
[INFO] [stdout]     = warning: this is accepted in the current edition (Rust 2015) but is a hard error in Rust 2021!
[INFO] [stdout]     = note: for more information, see issue #80165 <https://github.com/rust-lang/rust/issues/80165>
[INFO] [stdout] 
[INFO] [stdout] 
[INFO] [stdout] warning: trait objects without an explicit `dyn` are deprecated
[INFO] [stdout]    --> src/print.rs:631:18
[INFO] [stdout]     |
[INFO] [stdout] 631 |     output: &mut Write,
[INFO] [stdout]     |                  ^^^^^ help: use `dyn`: `dyn Write`
[INFO] [stdout]     |
[INFO] [stdout]     = warning: this is accepted in the current edition (Rust 2015) but is a hard error in Rust 2021!
[INFO] [stdout]     = note: for more information, see issue #80165 <https://github.com/rust-lang/rust/issues/80165>
[INFO] [stdout] 
[INFO] [stdout] 
[INFO] [stdout] warning: trait objects without an explicit `dyn` are deprecated
[INFO] [stdout]    --> src/print.rs:772:32
[INFO] [stdout]     |
[INFO] [stdout] 772 |     fn cause(&self) -> Option<&::std::error::Error> {
[INFO] [stdout]     |                                ^^^^^^^^^^^^^^^^^^^ help: use `dyn`: `dyn (::std::error::Error)`
[INFO] [stdout]     |
[INFO] [stdout]     = warning: this is accepted in the current edition (Rust 2015) but is a hard error in Rust 2021!
[INFO] [stdout]     = note: for more information, see issue #80165 <https://github.com/rust-lang/rust/issues/80165>
[INFO] [stdout] 
[INFO] [stdout] 
[INFO] [stdout] warning: trait objects without an explicit `dyn` are deprecated
[INFO] [stdout]    --> src/lib.rs:186:26
[INFO] [stdout]     |
[INFO] [stdout] 186 |     pub fn parse(r: &mut Read) -> Result<Desc, DescError> {
[INFO] [stdout]     |                          ^^^^ help: use `dyn`: `dyn Read`
[INFO] [stdout]     |
[INFO] [stdout]     = warning: this is accepted in the current edition (Rust 2015) but is a hard error in Rust 2021!
[INFO] [stdout]     = note: for more information, see issue #80165 <https://github.com/rust-lang/rust/issues/80165>
[INFO] [stdout] 
[INFO] [stdout] 
[INFO] [stdout] warning: trait objects without an explicit `dyn` are deprecated
[INFO] [stdout]    --> src/lib.rs:602:16
[INFO] [stdout]     |
[INFO] [stdout] 602 |     r: &'a mut Read,
[INFO] [stdout]     |                ^^^^ help: use `dyn`: `dyn Read`
[INFO] [stdout]     |
[INFO] [stdout]     = warning: this is accepted in the current edition (Rust 2015) but is a hard error in Rust 2021!
[INFO] [stdout]     = note: for more information, see issue #80165 <https://github.com/rust-lang/rust/issues/80165>
[INFO] [stdout] 
[INFO] [stdout] 
[INFO] [stdout] warning: trait objects without an explicit `dyn` are deprecated
[INFO] [stdout]    --> src/lib.rs:607:20
[INFO] [stdout]     |
[INFO] [stdout] 607 |     fn new(r: &mut Read) -> AlignReader {
[INFO] [stdout]     |                    ^^^^ help: use `dyn`: `dyn Read`
[INFO] [stdout]     |
[INFO] [stdout]     = warning: this is accepted in the current edition (Rust 2015) but is a hard error in Rust 2021!
[INFO] [stdout]     = note: for more information, see issue #80165 <https://github.com/rust-lang/rust/issues/80165>
[INFO] [stdout] 
[INFO] [stdout] 
[INFO] [stdout] warning: trait objects without an explicit `dyn` are deprecated
[INFO] [stdout]    --> src/lib.rs:763:32
[INFO] [stdout]     |
[INFO] [stdout] 763 |     fn cause(&self) -> Option<&::std::error::Error> {
[INFO] [stdout]     |                                ^^^^^^^^^^^^^^^^^^^ help: use `dyn`: `dyn (::std::error::Error)`
[INFO] [stdout]     |
[INFO] [stdout]     = warning: this is accepted in the current edition (Rust 2015) but is a hard error in Rust 2021!
[INFO] [stdout]     = note: for more information, see issue #80165 <https://github.com/rust-lang/rust/issues/80165>
[INFO] [stdout] 
[INFO] [stdout] 
[INFO] [stdout] warning: use of deprecated constant `std::sync::ONCE_INIT`: the `new` function is now preferred
[INFO] [stdout]    --> src/lib.rs:676:1
[INFO] [stdout]     |
[INFO] [stdout] 676 | / lazy_static! {
[INFO] [stdout] 677 | |     static ref CURRENT: Desc = {
[INFO] [stdout] 678 | |         env::var("TERM")
[INFO] [stdout] 679 | |             .ok()
[INFO] [stdout] ...   |
[INFO] [stdout] 710 | |     };
[INFO] [stdout] 711 | | }
[INFO] [stdout]     | |_^
[INFO] [stdout]     |
[INFO] [stdout]     = note: `#[warn(deprecated)]` on by default
[INFO] [stdout]     = note: this warning originates in the macro `__lazy_static_create` (in Nightly builds, run with -Z macro-backtrace for more info)
[INFO] [stdout] 
[INFO] [stdout] 
[INFO] [stdout] warning: use of deprecated constant `std::sync::ONCE_INIT`: the `new` function is now preferred
[INFO] [stdout]    --> src/lib.rs:676:1
[INFO] [stdout]     |
[INFO] [stdout] 676 | / lazy_static! {
[INFO] [stdout] 677 | |     static ref CURRENT: Desc = {
[INFO] [stdout] 678 | |         env::var("TERM")
[INFO] [stdout] 679 | |             .ok()
[INFO] [stdout] ...   |
[INFO] [stdout] 710 | |     };
[INFO] [stdout] 711 | | }
[INFO] [stdout]     | |_^
[INFO] [stdout]     |
[INFO] [stdout]     = note: this warning originates in the macro `__lazy_static_create` (in Nightly builds, run with -Z macro-backtrace for more info)
[INFO] [stdout] 
[INFO] [stdout] 
[INFO] [stdout] warning: use of deprecated function `std::env::home_dir`: This function's behavior is unexpected and probably not what you want. Consider using a crate from crates.io instead.
[INFO] [stdout]    --> src/lib.rs:151:31
[INFO] [stdout]     |
[INFO] [stdout] 151 |         let d2 = to_path(env::home_dir()).map(|d| d.join(".terminfo"));
[INFO] [stdout]     |                               ^^^^^^^^
[INFO] [stdout] 
[INFO] [stdout] 
[INFO] [stdout] warning: use of deprecated associated function `std::error::Error::description`: use the Display impl or to_string()
[INFO] [stdout]    --> src/lib.rs:756:32
[INFO] [stdout]     |
[INFO] [stdout] 756 |             Io(ref err) => err.description(),
[INFO] [stdout]     |                                ^^^^^^^^^^^
[INFO] [stdout] 
[INFO] [stdout] 
[INFO] [stdout] warning: use of deprecated associated function `std::error::Error::description`: use the Display impl or to_string()
[INFO] [stdout]    --> src/print.rs:766:32
[INFO] [stdout]     |
[INFO] [stdout] 766 |             Io(ref err) => err.description(),
[INFO] [stdout]     |                                ^^^^^^^^^^^
[INFO] [stdout] 
[INFO] [stdout] 
[INFO] [stdout] error[E0308]: mismatched types
[INFO] [stdout]    --> src/tests.rs:10:5
[INFO] [stdout]     |
[INFO] [stdout] 10  |     assert_eq!(desc[am], true);
[INFO] [stdout]     |     ^^^^^^^^^^^^^^^^^^^^^^^^^^^
[INFO] [stdout]     |     |
[INFO] [stdout]     |     expected enum `core::panicking::AssertKind`, found struct `cap::String`
[INFO] [stdout]     |     this expression has type `core::panicking::AssertKind`
[INFO] [stdout]     |     `kind` is interpreted as a constant, not a new binding
[INFO] [stdout]     |     help: introduce a new binding instead: `other_kind`
[INFO] [stdout]     | 
[INFO] [stdout]    ::: src/cap/names.rs:264:1
[INFO] [stdout]     |
[INFO] [stdout] 264 | pub const kind: String = String(84); // in
[INFO] [stdout]     | ------------------------------------ constant defined here
[INFO] [stdout]     |
[INFO] [stdout]     = note: this error originates in the macro `assert_eq` (in Nightly builds, run with -Z macro-backtrace for more info)
[INFO] [stdout] 
[INFO] [stdout] 
[INFO] [stdout] error[E0308]: mismatched types
[INFO] [stdout]   --> src/tests.rs:10:5
[INFO] [stdout]    |
[INFO] [stdout] 10 |     assert_eq!(desc[am], true);
[INFO] [stdout]    |     ^^^^^^^^^^^^^^^^^^^^^^^^^^^ expected enum `core::panicking::AssertKind`, found struct `cap::String`
[INFO] [stdout]    |
[INFO] [stdout]    = note: this error originates in the macro `assert_eq` (in Nightly builds, run with -Z macro-backtrace for more info)
[INFO] [stdout] 
[INFO] [stdout] 
[INFO] [stdout] error[E0308]: mismatched types
[INFO] [stdout]    --> src/tests.rs:11:5
[INFO] [stdout]     |
[INFO] [stdout] 11  |     assert_eq!(desc[cols], 80);
[INFO] [stdout]     |     ^^^^^^^^^^^^^^^^^^^^^^^^^^^
[INFO] [stdout]     |     |
[INFO] [stdout]     |     expected enum `core::panicking::AssertKind`, found struct `cap::String`
[INFO] [stdout]     |     this expression has type `core::panicking::AssertKind`
[INFO] [stdout]     |     `kind` is interpreted as a constant, not a new binding
[INFO] [stdout]     |     help: introduce a new binding instead: `other_kind`
[INFO] [stdout]     | 
[INFO] [stdout]    ::: src/cap/names.rs:264:1
[INFO] [stdout]     |
[INFO] [stdout] 264 | pub const kind: String = String(84); // in
[INFO] [stdout]     | ------------------------------------ constant defined here
[INFO] [stdout]     |
[INFO] [stdout]     = note: this error originates in the macro `assert_eq` (in Nightly builds, run with -Z macro-backtrace for more info)
[INFO] [stdout] 
[INFO] [stdout] 
[INFO] [stdout] error[E0308]: mismatched types
[INFO] [stdout]   --> src/tests.rs:11:5
[INFO] [stdout]    |
[INFO] [stdout] 11 |     assert_eq!(desc[cols], 80);
[INFO] [stdout]    |     ^^^^^^^^^^^^^^^^^^^^^^^^^^^ expected enum `core::panicking::AssertKind`, found struct `cap::String`
[INFO] [stdout]    |
[INFO] [stdout]    = note: this error originates in the macro `assert_eq` (in Nightly builds, run with -Z macro-backtrace for more info)
[INFO] [stdout] 
[INFO] [stdout] 
[INFO] [stdout] error[E0308]: mismatched types
[INFO] [stdout]    --> src/tests.rs:12:5
[INFO] [stdout]     |
[INFO] [stdout] 12  |     assert_eq!(&desc[cr], b"\x0d");
[INFO] [stdout]     |     ^^^^^^^^^^^^^^^^^^^^^^^^^^^^^^^
[INFO] [stdout]     |     |
[INFO] [stdout]     |     expected enum `core::panicking::AssertKind`, found struct `cap::String`
[INFO] [stdout]     |     this expression has type `core::panicking::AssertKind`
[INFO] [stdout]     |     `kind` is interpreted as a constant, not a new binding
[INFO] [stdout]     |     help: introduce a new binding instead: `other_kind`
[INFO] [stdout]     | 
[INFO] [stdout]    ::: src/cap/names.rs:264:1
[INFO] [stdout]     |
[INFO] [stdout] 264 | pub const kind: String = String(84); // in
[INFO] [stdout]     | ------------------------------------ constant defined here
[INFO] [stdout]     |
[INFO] [stdout]     = note: this error originates in the macro `assert_eq` (in Nightly builds, run with -Z macro-backtrace for more info)
[INFO] [stdout] 
[INFO] [stdout] 
[INFO] [stdout] error[E0308]: mismatched types
[INFO] [stdout]   --> src/tests.rs:12:5
[INFO] [stdout]    |
[INFO] [stdout] 12 |     assert_eq!(&desc[cr], b"\x0d");
[INFO] [stdout]    |     ^^^^^^^^^^^^^^^^^^^^^^^^^^^^^^^ expected enum `core::panicking::AssertKind`, found struct `cap::String`
[INFO] [stdout]    |
[INFO] [stdout]    = note: this error originates in the macro `assert_eq` (in Nightly builds, run with -Z macro-backtrace for more info)
[INFO] [stdout] 
[INFO] [stdout] 
[INFO] [stdout] error[E0308]: mismatched types
[INFO] [stdout]    --> src/tests.rs:13:5
[INFO] [stdout]     |
[INFO] [stdout] 13  |     assert_eq!(desc.get_bool_ext(&UserDef::named("userbool")), true);
[INFO] [stdout]     |     ^^^^^^^^^^^^^^^^^^^^^^^^^^^^^^^^^^^^^^^^^^^^^^^^^^^^^^^^^^^^^^^^^
[INFO] [stdout]     |     |
[INFO] [stdout]     |     expected enum `core::panicking::AssertKind`, found struct `cap::String`
[INFO] [stdout]     |     this expression has type `core::panicking::AssertKind`
[INFO] [stdout]     |     `kind` is interpreted as a constant, not a new binding
[INFO] [stdout]     |     help: introduce a new binding instead: `other_kind`
[INFO] [stdout]     | 
[INFO] [stdout]    ::: src/cap/names.rs:264:1
[INFO] [stdout]     |
[INFO] [stdout] 264 | pub const kind: String = String(84); // in
[INFO] [stdout]     | ------------------------------------ constant defined here
[INFO] [stdout]     |
[INFO] [stdout]     = note: this error originates in the macro `assert_eq` (in Nightly builds, run with -Z macro-backtrace for more info)
[INFO] [stdout] 
[INFO] [stdout] 
[INFO] [stdout] error[E0308]: mismatched types
[INFO] [stdout]   --> src/tests.rs:13:5
[INFO] [stdout]    |
[INFO] [stdout] 13 |     assert_eq!(desc.get_bool_ext(&UserDef::named("userbool")), true);
[INFO] [stdout]    |     ^^^^^^^^^^^^^^^^^^^^^^^^^^^^^^^^^^^^^^^^^^^^^^^^^^^^^^^^^^^^^^^^^ expected enum `core::panicking::AssertKind`, found struct `cap::String`
[INFO] [stdout]    |
[INFO] [stdout]    = note: this error originates in the macro `assert_eq` (in Nightly builds, run with -Z macro-backtrace for more info)
[INFO] [stdout] 
[INFO] [stdout] 
[INFO] [stdout] error[E0308]: mismatched types
[INFO] [stdout]    --> src/tests.rs:14:5
[INFO] [stdout]     |
[INFO] [stdout] 14  |     assert_eq!(desc.get_num_ext(&UserDef::named("usernum")), 300);
[INFO] [stdout]     |     ^^^^^^^^^^^^^^^^^^^^^^^^^^^^^^^^^^^^^^^^^^^^^^^^^^^^^^^^^^^^^^
[INFO] [stdout]     |     |
[INFO] [stdout]     |     expected enum `core::panicking::AssertKind`, found struct `cap::String`
[INFO] [stdout]     |     this expression has type `core::panicking::AssertKind`
[INFO] [stdout]     |     `kind` is interpreted as a constant, not a new binding
[INFO] [stdout]     |     help: introduce a new binding instead: `other_kind`
[INFO] [stdout]     | 
[INFO] [stdout]    ::: src/cap/names.rs:264:1
[INFO] [stdout]     |
[INFO] [stdout] 264 | pub const kind: String = String(84); // in
[INFO] [stdout]     | ------------------------------------ constant defined here
[INFO] [stdout]     |
[INFO] [stdout]     = note: this error originates in the macro `assert_eq` (in Nightly builds, run with -Z macro-backtrace for more info)
[INFO] [stdout] 
[INFO] [stdout] 
[INFO] [stdout] error[E0308]: mismatched types
[INFO] [stdout]   --> src/tests.rs:14:5
[INFO] [stdout]    |
[INFO] [stdout] 14 |     assert_eq!(desc.get_num_ext(&UserDef::named("usernum")), 300);
[INFO] [stdout]    |     ^^^^^^^^^^^^^^^^^^^^^^^^^^^^^^^^^^^^^^^^^^^^^^^^^^^^^^^^^^^^^^ expected enum `core::panicking::AssertKind`, found struct `cap::String`
[INFO] [stdout]    |
[INFO] [stdout]    = note: this error originates in the macro `assert_eq` (in Nightly builds, run with -Z macro-backtrace for more info)
[INFO] [stdout] 
[INFO] [stdout] 
[INFO] [stdout] error[E0308]: mismatched types
[INFO] [stdout]    --> src/tests.rs:15:5
[INFO] [stdout]     |
[INFO] [stdout] 15  |     assert_eq!(&desc.get_str_ext(&UserDef::named("userstr")), b"user");
[INFO] [stdout]     |     ^^^^^^^^^^^^^^^^^^^^^^^^^^^^^^^^^^^^^^^^^^^^^^^^^^^^^^^^^^^^^^^^^^^
[INFO] [stdout]     |     |
[INFO] [stdout]     |     expected enum `core::panicking::AssertKind`, found struct `cap::String`
[INFO] [stdout]     |     this expression has type `core::panicking::AssertKind`
[INFO] [stdout]     |     `kind` is interpreted as a constant, not a new binding
[INFO] [stdout]     |     help: introduce a new binding instead: `other_kind`
[INFO] [stdout]     | 
[INFO] [stdout]    ::: src/cap/names.rs:264:1
[INFO] [stdout]     |
[INFO] [stdout] 264 | pub const kind: String = String(84); // in
[INFO] [stdout]     | ------------------------------------ constant defined here
[INFO] [stdout]     |
[INFO] [stdout]     = note: this error originates in the macro `assert_eq` (in Nightly builds, run with -Z macro-backtrace for more info)
[INFO] [stdout] 
[INFO] [stdout] 
[INFO] [stdout] error[E0308]: mismatched types
[INFO] [stdout]   --> src/tests.rs:15:5
[INFO] [stdout]    |
[INFO] [stdout] 15 |     assert_eq!(&desc.get_str_ext(&UserDef::named("userstr")), b"user");
[INFO] [stdout]    |     ^^^^^^^^^^^^^^^^^^^^^^^^^^^^^^^^^^^^^^^^^^^^^^^^^^^^^^^^^^^^^^^^^^^ expected enum `core::panicking::AssertKind`, found struct `cap::String`
[INFO] [stdout]    |
[INFO] [stdout]    = note: this error originates in the macro `assert_eq` (in Nightly builds, run with -Z macro-backtrace for more info)
[INFO] [stdout] 
[INFO] [stdout] 
[INFO] [stdout] error[E0308]: mismatched types
[INFO] [stdout]    --> src/tests.rs:32:5
[INFO] [stdout]     |
[INFO] [stdout] 32  |     assert_eq!(desc[bw], false);
[INFO] [stdout]     |     ^^^^^^^^^^^^^^^^^^^^^^^^^^^^
[INFO] [stdout]     |     |
[INFO] [stdout]     |     expected enum `core::panicking::AssertKind`, found struct `cap::String`
[INFO] [stdout]     |     this expression has type `core::panicking::AssertKind`
[INFO] [stdout]     |     `kind` is interpreted as a constant, not a new binding
[INFO] [stdout]     |     help: introduce a new binding instead: `other_kind`
[INFO] [stdout]     | 
[INFO] [stdout]    ::: src/cap/names.rs:264:1
[INFO] [stdout]     |
[INFO] [stdout] 264 | pub const kind: String = String(84); // in
[INFO] [stdout]     | ------------------------------------ constant defined here
[INFO] [stdout]     |
[INFO] [stdout]     = note: this error originates in the macro `assert_eq` (in Nightly builds, run with -Z macro-backtrace for more info)
[INFO] [stdout] 
[INFO] [stdout] 
[INFO] [stdout] error[E0308]: mismatched types
[INFO] [stdout]   --> src/tests.rs:32:5
[INFO] [stdout]    |
[INFO] [stdout] 32 |     assert_eq!(desc[bw], false);
[INFO] [stdout]    |     ^^^^^^^^^^^^^^^^^^^^^^^^^^^^ expected enum `core::panicking::AssertKind`, found struct `cap::String`
[INFO] [stdout]    |
[INFO] [stdout]    = note: this error originates in the macro `assert_eq` (in Nightly builds, run with -Z macro-backtrace for more info)
[INFO] [stdout] 
[INFO] [stdout] 
[INFO] [stdout] error[E0308]: mismatched types
[INFO] [stdout]    --> src/tests.rs:33:5
[INFO] [stdout]     |
[INFO] [stdout] 33  |     assert_eq!(desc[am], true);
[INFO] [stdout]     |     ^^^^^^^^^^^^^^^^^^^^^^^^^^^
[INFO] [stdout]     |     |
[INFO] [stdout]     |     expected enum `core::panicking::AssertKind`, found struct `cap::String`
[INFO] [stdout]     |     this expression has type `core::panicking::AssertKind`
[INFO] [stdout]     |     `kind` is interpreted as a constant, not a new binding
[INFO] [stdout]     |     help: introduce a new binding instead: `other_kind`
[INFO] [stdout]     | 
[INFO] [stdout]    ::: src/cap/names.rs:264:1
[INFO] [stdout]     |
[INFO] [stdout] 264 | pub const kind: String = String(84); // in
[INFO] [stdout]     | ------------------------------------ constant defined here
[INFO] [stdout]     |
[INFO] [stdout]     = note: this error originates in the macro `assert_eq` (in Nightly builds, run with -Z macro-backtrace for more info)
[INFO] [stdout] 
[INFO] [stdout] 
[INFO] [stdout] error[E0308]: mismatched types
[INFO] [stdout]   --> src/tests.rs:33:5
[INFO] [stdout]    |
[INFO] [stdout] 33 |     assert_eq!(desc[am], true);
[INFO] [stdout]    |     ^^^^^^^^^^^^^^^^^^^^^^^^^^^ expected enum `core::panicking::AssertKind`, found struct `cap::String`
[INFO] [stdout]    |
[INFO] [stdout]    = note: this error originates in the macro `assert_eq` (in Nightly builds, run with -Z macro-backtrace for more info)
[INFO] [stdout] 
[INFO] [stdout] 
[INFO] [stdout] error[E0308]: mismatched types
[INFO] [stdout]    --> src/tests.rs:34:5
[INFO] [stdout]     |
[INFO] [stdout] 34  |     assert_eq!(desc[xsb], false);
[INFO] [stdout]     |     ^^^^^^^^^^^^^^^^^^^^^^^^^^^^^
[INFO] [stdout]     |     |
[INFO] [stdout]     |     expected enum `core::panicking::AssertKind`, found struct `cap::String`
[INFO] [stdout]     |     this expression has type `core::panicking::AssertKind`
[INFO] [stdout]     |     `kind` is interpreted as a constant, not a new binding
[INFO] [stdout]     |     help: introduce a new binding instead: `other_kind`
[INFO] [stdout]     | 
[INFO] [stdout]    ::: src/cap/names.rs:264:1
[INFO] [stdout]     |
[INFO] [stdout] 264 | pub const kind: String = String(84); // in
[INFO] [stdout]     | ------------------------------------ constant defined here
[INFO] [stdout]     |
[INFO] [stdout]     = note: this error originates in the macro `assert_eq` (in Nightly builds, run with -Z macro-backtrace for more info)
[INFO] [stdout] 
[INFO] [stdout] 
[INFO] [stdout] error[E0308]: mismatched types
[INFO] [stdout]   --> src/tests.rs:34:5
[INFO] [stdout]    |
[INFO] [stdout] 34 |     assert_eq!(desc[xsb], false);
[INFO] [stdout]    |     ^^^^^^^^^^^^^^^^^^^^^^^^^^^^^ expected enum `core::panicking::AssertKind`, found struct `cap::String`
[INFO] [stdout]    |
[INFO] [stdout]    = note: this error originates in the macro `assert_eq` (in Nightly builds, run with -Z macro-backtrace for more info)
[INFO] [stdout] 
[INFO] [stdout] 
[INFO] [stdout] error[E0308]: mismatched types
[INFO] [stdout]    --> src/tests.rs:35:5
[INFO] [stdout]     |
[INFO] [stdout] 35  |     assert_eq!(desc[cols], 80);
[INFO] [stdout]     |     ^^^^^^^^^^^^^^^^^^^^^^^^^^^
[INFO] [stdout]     |     |
[INFO] [stdout]     |     expected enum `core::panicking::AssertKind`, found struct `cap::String`
[INFO] [stdout]     |     this expression has type `core::panicking::AssertKind`
[INFO] [stdout]     |     `kind` is interpreted as a constant, not a new binding
[INFO] [stdout]     |     help: introduce a new binding instead: `other_kind`
[INFO] [stdout]     | 
[INFO] [stdout]    ::: src/cap/names.rs:264:1
[INFO] [stdout]     |
[INFO] [stdout] 264 | pub const kind: String = String(84); // in
[INFO] [stdout]     | ------------------------------------ constant defined here
[INFO] [stdout]     |
[INFO] [stdout]     = note: this error originates in the macro `assert_eq` (in Nightly builds, run with -Z macro-backtrace for more info)
[INFO] [stdout] 
[INFO] [stdout] 
[INFO] [stdout] error[E0308]: mismatched types
[INFO] [stdout]   --> src/tests.rs:35:5
[INFO] [stdout]    |
[INFO] [stdout] 35 |     assert_eq!(desc[cols], 80);
[INFO] [stdout]    |     ^^^^^^^^^^^^^^^^^^^^^^^^^^^ expected enum `core::panicking::AssertKind`, found struct `cap::String`
[INFO] [stdout]    |
[INFO] [stdout]    = note: this error originates in the macro `assert_eq` (in Nightly builds, run with -Z macro-backtrace for more info)
[INFO] [stdout] 
[INFO] [stdout] 
[INFO] [stdout] error[E0308]: mismatched types
[INFO] [stdout]    --> src/tests.rs:36:5
[INFO] [stdout]     |
[INFO] [stdout] 36  |     assert_eq!(desc[it], 0xffff);
[INFO] [stdout]     |     ^^^^^^^^^^^^^^^^^^^^^^^^^^^^^
[INFO] [stdout]     |     |
[INFO] [stdout]     |     expected enum `core::panicking::AssertKind`, found struct `cap::String`
[INFO] [stdout]     |     this expression has type `core::panicking::AssertKind`
[INFO] [stdout]     |     `kind` is interpreted as a constant, not a new binding
[INFO] [stdout]     |     help: introduce a new binding instead: `other_kind`
[INFO] [stdout]     | 
[INFO] [stdout]    ::: src/cap/names.rs:264:1
[INFO] [stdout]     |
[INFO] [stdout] 264 | pub const kind: String = String(84); // in
[INFO] [stdout]     | ------------------------------------ constant defined here
[INFO] [stdout]     |
[INFO] [stdout]     = note: this error originates in the macro `assert_eq` (in Nightly builds, run with -Z macro-backtrace for more info)
[INFO] [stdout] 
[INFO] [stdout] 
[INFO] [stdout] error[E0308]: mismatched types
[INFO] [stdout]   --> src/tests.rs:36:5
[INFO] [stdout]    |
[INFO] [stdout] 36 |     assert_eq!(desc[it], 0xffff);
[INFO] [stdout]    |     ^^^^^^^^^^^^^^^^^^^^^^^^^^^^^ expected enum `core::panicking::AssertKind`, found struct `cap::String`
[INFO] [stdout]    |
[INFO] [stdout]    = note: this error originates in the macro `assert_eq` (in Nightly builds, run with -Z macro-backtrace for more info)
[INFO] [stdout] 
[INFO] [stdout] 
[INFO] [stdout] error[E0308]: mismatched types
[INFO] [stdout]    --> src/tests.rs:37:5
[INFO] [stdout]     |
[INFO] [stdout] 37  |     assert_eq!(&desc[cr], b"\x0d");
[INFO] [stdout]     |     ^^^^^^^^^^^^^^^^^^^^^^^^^^^^^^^
[INFO] [stdout]     |     |
[INFO] [stdout]     |     expected enum `core::panicking::AssertKind`, found struct `cap::String`
[INFO] [stdout]     |     this expression has type `core::panicking::AssertKind`
[INFO] [stdout]     |     `kind` is interpreted as a constant, not a new binding
[INFO] [stdout]     |     help: introduce a new binding instead: `other_kind`
[INFO] [stdout]     | 
[INFO] [stdout]    ::: src/cap/names.rs:264:1
[INFO] [stdout]     |
[INFO] [stdout] 264 | pub const kind: String = String(84); // in
[INFO] [stdout]     | ------------------------------------ constant defined here
[INFO] [stdout]     |
[INFO] [stdout]     = note: this error originates in the macro `assert_eq` (in Nightly builds, run with -Z macro-backtrace for more info)
[INFO] [stdout] 
[INFO] [stdout] 
[INFO] [stdout] error[E0308]: mismatched types
[INFO] [stdout]   --> src/tests.rs:37:5
[INFO] [stdout]    |
[INFO] [stdout] 37 |     assert_eq!(&desc[cr], b"\x0d");
[INFO] [stdout]    |     ^^^^^^^^^^^^^^^^^^^^^^^^^^^^^^^ expected enum `core::panicking::AssertKind`, found struct `cap::String`
[INFO] [stdout]    |
[INFO] [stdout]    = note: this error originates in the macro `assert_eq` (in Nightly builds, run with -Z macro-backtrace for more info)
[INFO] [stdout] 
[INFO] [stdout] 
[INFO] [stdout] error[E0308]: mismatched types
[INFO] [stdout]    --> src/tests.rs:38:5
[INFO] [stdout]     |
[INFO] [stdout] 38  |     assert_eq!(vec!["dumb", "80-column dumb tty"], desc.names());
[INFO] [stdout]     |     ^^^^^^^^^^^^^^^^^^^^^^^^^^^^^^^^^^^^^^^^^^^^^^^^^^^^^^^^^^^^^
[INFO] [stdout]     |     |
[INFO] [stdout]     |     expected enum `core::panicking::AssertKind`, found struct `cap::String`
[INFO] [stdout]     |     this expression has type `core::panicking::AssertKind`
[INFO] [stdout]     |     `kind` is interpreted as a constant, not a new binding
[INFO] [stdout]     |     help: introduce a new binding instead: `other_kind`
[INFO] [stdout]     | 
[INFO] [stdout]    ::: src/cap/names.rs:264:1
[INFO] [stdout]     |
[INFO] [stdout] 264 | pub const kind: String = String(84); // in
[INFO] [stdout]     | ------------------------------------ constant defined here
[INFO] [stdout]     |
[INFO] [stdout]     = note: this error originates in the macro `assert_eq` (in Nightly builds, run with -Z macro-backtrace for more info)
[INFO] [stdout] 
[INFO] [stdout] 
[INFO] [stdout] error[E0308]: mismatched types
[INFO] [stdout]   --> src/tests.rs:38:5
[INFO] [stdout]    |
[INFO] [stdout] 38 |     assert_eq!(vec!["dumb", "80-column dumb tty"], desc.names());
[INFO] [stdout]    |     ^^^^^^^^^^^^^^^^^^^^^^^^^^^^^^^^^^^^^^^^^^^^^^^^^^^^^^^^^^^^^ expected enum `core::panicking::AssertKind`, found struct `cap::String`
[INFO] [stdout]    |
[INFO] [stdout]    = note: this error originates in the macro `assert_eq` (in Nightly builds, run with -Z macro-backtrace for more info)
[INFO] [stdout] 
[INFO] [stdout] 
[INFO] [stdout] error[E0308]: mismatched types
[INFO] [stdout]    --> src/tests.rs:79:5
[INFO] [stdout]     |
[INFO] [stdout] 79  |     assert_eq!(desc[Number::named("cols").unwrap()], 80);
[INFO] [stdout]     |     ^^^^^^^^^^^^^^^^^^^^^^^^^^^^^^^^^^^^^^^^^^^^^^^^^^^^^
[INFO] [stdout]     |     |
[INFO] [stdout]     |     expected enum `core::panicking::AssertKind`, found struct `cap::String`
[INFO] [stdout]     |     this expression has type `core::panicking::AssertKind`
[INFO] [stdout]     |     `kind` is interpreted as a constant, not a new binding
[INFO] [stdout]     |     help: introduce a new binding instead: `other_kind`
[INFO] [stdout]     | 
[INFO] [stdout]    ::: src/cap/names.rs:264:1
[INFO] [stdout]     |
[INFO] [stdout] 264 | pub const kind: String = String(84); // in
[INFO] [stdout]     | ------------------------------------ constant defined here
[INFO] [stdout]     |
[INFO] [stdout]     = note: this error originates in the macro `assert_eq` (in Nightly builds, run with -Z macro-backtrace for more info)
[INFO] [stdout] 
[INFO] [stdout] 
[INFO] [stdout] error[E0308]: mismatched types
[INFO] [stdout]   --> src/tests.rs:79:5
[INFO] [stdout]    |
[INFO] [stdout] 79 |     assert_eq!(desc[Number::named("cols").unwrap()], 80);
[INFO] [stdout]    |     ^^^^^^^^^^^^^^^^^^^^^^^^^^^^^^^^^^^^^^^^^^^^^^^^^^^^^ expected enum `core::panicking::AssertKind`, found struct `cap::String`
[INFO] [stdout]    |
[INFO] [stdout]    = note: this error originates in the macro `assert_eq` (in Nightly builds, run with -Z macro-backtrace for more info)
[INFO] [stdout] 
[INFO] [stdout] 
[INFO] [stdout] error[E0308]: mismatched types
[INFO] [stdout]    --> src/tests.rs:80:5
[INFO] [stdout]     |
[INFO] [stdout] 80  |     assert_eq!(desc[Boolean::named("am").unwrap()], true);
[INFO] [stdout]     |     ^^^^^^^^^^^^^^^^^^^^^^^^^^^^^^^^^^^^^^^^^^^^^^^^^^^^^^
[INFO] [stdout]     |     |
[INFO] [stdout]     |     expected enum `core::panicking::AssertKind`, found struct `cap::String`
[INFO] [stdout]     |     this expression has type `core::panicking::AssertKind`
[INFO] [stdout]     |     `kind` is interpreted as a constant, not a new binding
[INFO] [stdout]     |     help: introduce a new binding instead: `other_kind`
[INFO] [stdout]     | 
[INFO] [stdout]    ::: src/cap/names.rs:264:1
[INFO] [stdout]     |
[INFO] [stdout] 264 | pub const kind: String = String(84); // in
[INFO] [stdout]     | ------------------------------------ constant defined here
[INFO] [stdout]     |
[INFO] [stdout]     = note: this error originates in the macro `assert_eq` (in Nightly builds, run with -Z macro-backtrace for more info)
[INFO] [stdout] 
[INFO] [stdout] 
[INFO] [stdout] error[E0308]: mismatched types
[INFO] [stdout]   --> src/tests.rs:80:5
[INFO] [stdout]    |
[INFO] [stdout] 80 |     assert_eq!(desc[Boolean::named("am").unwrap()], true);
[INFO] [stdout]    |     ^^^^^^^^^^^^^^^^^^^^^^^^^^^^^^^^^^^^^^^^^^^^^^^^^^^^^^ expected enum `core::panicking::AssertKind`, found struct `cap::String`
[INFO] [stdout]    |
[INFO] [stdout]    = note: this error originates in the macro `assert_eq` (in Nightly builds, run with -Z macro-backtrace for more info)
[INFO] [stdout] 
[INFO] [stdout] 
[INFO] [stdout] error[E0308]: mismatched types
[INFO] [stdout]    --> src/tests.rs:81:5
[INFO] [stdout]     |
[INFO] [stdout] 81  |     assert_eq!(&desc[String::named("ind").unwrap()], b"\n");
[INFO] [stdout]     |     ^^^^^^^^^^^^^^^^^^^^^^^^^^^^^^^^^^^^^^^^^^^^^^^^^^^^^^^^
[INFO] [stdout]     |     |
[INFO] [stdout]     |     expected enum `core::panicking::AssertKind`, found struct `cap::String`
[INFO] [stdout]     |     this expression has type `core::panicking::AssertKind`
[INFO] [stdout]     |     `kind` is interpreted as a constant, not a new binding
[INFO] [stdout]     |     help: introduce a new binding instead: `other_kind`
[INFO] [stdout]     | 
[INFO] [stdout]    ::: src/cap/names.rs:264:1
[INFO] [stdout]     |
[INFO] [stdout] 264 | pub const kind: String = String(84); // in
[INFO] [stdout]     | ------------------------------------ constant defined here
[INFO] [stdout]     |
[INFO] [stdout]     = note: this error originates in the macro `assert_eq` (in Nightly builds, run with -Z macro-backtrace for more info)
[INFO] [stdout] 
[INFO] [stdout] 
[INFO] [stdout] error[E0308]: mismatched types
[INFO] [stdout]   --> src/tests.rs:81:5
[INFO] [stdout]    |
[INFO] [stdout] 81 |     assert_eq!(&desc[String::named("ind").unwrap()], b"\n");
[INFO] [stdout]    |     ^^^^^^^^^^^^^^^^^^^^^^^^^^^^^^^^^^^^^^^^^^^^^^^^^^^^^^^^ expected enum `core::panicking::AssertKind`, found struct `cap::String`
[INFO] [stdout]    |
[INFO] [stdout]    = note: this error originates in the macro `assert_eq` (in Nightly builds, run with -Z macro-backtrace for more info)
[INFO] [stdout] 
[INFO] [stdout] 
[INFO] [stdout] error: aborting due to 32 previous errors; 16 warnings emitted
[INFO] [stdout] 
[INFO] [stdout] 
[INFO] [stdout] For more information about this error, try `rustc --explain E0308`.
[INFO] [stdout] 
[INFO] [stderr] error: could not compile `tinf` due to 33 previous errors; 16 warnings emitted
[INFO] running `Command { std: "docker" "inspect" "80f173db408826873b45cb11e518af240e2250a76bff15429e6ba4ea5f18445d", kill_on_drop: false }`
[INFO] running `Command { std: "docker" "rm" "-f" "80f173db408826873b45cb11e518af240e2250a76bff15429e6ba4ea5f18445d", kill_on_drop: false }`
[INFO] [stdout] 80f173db408826873b45cb11e518af240e2250a76bff15429e6ba4ea5f18445d
