[INFO] fetching crate tiledb-sys 0.1.1...
[INFO] testing tiledb-sys-0.1.1 against 1.54.0 for beta-1.55-1
[INFO] extracting crate tiledb-sys 0.1.1 into /workspace/builds/worker-22/source
[INFO] validating manifest of crates.io crate tiledb-sys 0.1.1 on toolchain 1.54.0
[INFO] running `Command { std: "/workspace/cargo-home/bin/cargo" "+1.54.0" "metadata" "--manifest-path" "Cargo.toml" "--no-deps", kill_on_drop: false }`
[INFO] started tweaking crates.io crate tiledb-sys 0.1.1
[INFO] finished tweaking crates.io crate tiledb-sys 0.1.1
[INFO] tweaked toml for crates.io crate tiledb-sys 0.1.1 written to /workspace/builds/worker-22/source/Cargo.toml
[INFO] running `Command { std: "/workspace/cargo-home/bin/cargo" "+1.54.0" "generate-lockfile" "--manifest-path" "Cargo.toml" "-Zno-index-update", kill_on_drop: false }`
[INFO] [stderr]     Blocking waiting for file lock on package cache
[INFO] running `Command { std: "/workspace/cargo-home/bin/cargo" "+1.54.0" "fetch" "--manifest-path" "Cargo.toml", kill_on_drop: false }`
[INFO] [stderr]     Blocking waiting for file lock on package cache
[INFO] [stderr]  Downloading crates ...
[INFO] [stderr]   Downloaded shlex v1.0.0
[INFO] [stderr]   Downloaded fs_extra v1.2.0
[INFO] [stderr]   Downloaded bindgen v0.58.1
[INFO] running `Command { std: "docker" "create" "-v" "/var/lib/crater-agent-workspace/builds/worker-22/target:/opt/rustwide/target:rw,Z" "-v" "/var/lib/crater-agent-workspace/builds/worker-22/source:/opt/rustwide/workdir:ro,Z" "-v" "/var/lib/crater-agent-workspace/cargo-home:/opt/rustwide/cargo-home:ro,Z" "-v" "/var/lib/crater-agent-workspace/rustup-home:/opt/rustwide/rustup-home:ro,Z" "-e" "SOURCE_DIR=/opt/rustwide/workdir" "-e" "CARGO_TARGET_DIR=/opt/rustwide/target" "-e" "CARGO_HOME=/opt/rustwide/cargo-home" "-e" "RUSTUP_HOME=/opt/rustwide/rustup-home" "-w" "/opt/rustwide/workdir" "-m" "1610612736" "--user" "0:0" "--network" "none" "ghcr.io/rust-lang/crates-build-env/linux@sha256:34b6a614d2c27851fe6cbf88fbd1137609cefab8b10d0615aaeb6fd47975d74e" "/opt/rustwide/cargo-home/bin/cargo" "+1.54.0" "metadata" "--no-deps" "--format-version=1", kill_on_drop: false }`
[INFO] [stdout] 450b8cd6c4a2ed72512ea145e1dc3d81fdc26c2c301680d1c5ac0cd2a31ad810
[INFO] running `Command { std: "docker" "start" "-a" "450b8cd6c4a2ed72512ea145e1dc3d81fdc26c2c301680d1c5ac0cd2a31ad810", kill_on_drop: false }`
[INFO] running `Command { std: "docker" "inspect" "450b8cd6c4a2ed72512ea145e1dc3d81fdc26c2c301680d1c5ac0cd2a31ad810", kill_on_drop: false }`
[INFO] running `Command { std: "docker" "rm" "-f" "450b8cd6c4a2ed72512ea145e1dc3d81fdc26c2c301680d1c5ac0cd2a31ad810", kill_on_drop: false }`
[INFO] [stdout] 450b8cd6c4a2ed72512ea145e1dc3d81fdc26c2c301680d1c5ac0cd2a31ad810
[INFO] running `Command { std: "docker" "create" "-v" "/var/lib/crater-agent-workspace/builds/worker-22/target:/opt/rustwide/target:rw,Z" "-v" "/var/lib/crater-agent-workspace/builds/worker-22/source:/opt/rustwide/workdir:ro,Z" "-v" "/var/lib/crater-agent-workspace/cargo-home:/opt/rustwide/cargo-home:ro,Z" "-v" "/var/lib/crater-agent-workspace/rustup-home:/opt/rustwide/rustup-home:ro,Z" "-e" "SOURCE_DIR=/opt/rustwide/workdir" "-e" "CARGO_TARGET_DIR=/opt/rustwide/target" "-e" "CARGO_INCREMENTAL=0" "-e" "RUST_BACKTRACE=full" "-e" "RUSTFLAGS=--cap-lints=warn" "-e" "CARGO_HOME=/opt/rustwide/cargo-home" "-e" "RUSTUP_HOME=/opt/rustwide/rustup-home" "-w" "/opt/rustwide/workdir" "-m" "1610612736" "--user" "0:0" "--network" "none" "ghcr.io/rust-lang/crates-build-env/linux@sha256:34b6a614d2c27851fe6cbf88fbd1137609cefab8b10d0615aaeb6fd47975d74e" "/opt/rustwide/cargo-home/bin/cargo" "+1.54.0" "build" "--frozen" "--message-format=json", kill_on_drop: false }`
[INFO] [stdout] ee7f39a509308844b8c8846d0622b1fe78eced5e15fed73e3196163483b758c1
[INFO] running `Command { std: "docker" "start" "-a" "ee7f39a509308844b8c8846d0622b1fe78eced5e15fed73e3196163483b758c1", kill_on_drop: false }`
[INFO] [stderr]    Compiling memchr v2.4.0
[INFO] [stderr]    Compiling glob v0.3.0
[INFO] [stderr]    Compiling proc-macro2 v1.0.28
[INFO] [stderr]    Compiling regex-syntax v0.6.25
[INFO] [stderr]    Compiling ansi_term v0.11.0
[INFO] [stderr]    Compiling bindgen v0.58.1
[INFO] [stderr]    Compiling termcolor v1.1.2
[INFO] [stderr]    Compiling vec_map v0.8.2
[INFO] [stderr]    Compiling strsim v0.8.0
[INFO] [stderr]    Compiling humantime v2.1.0
[INFO] [stderr]    Compiling lazycell v1.3.0
[INFO] [stderr]    Compiling shlex v1.0.0
[INFO] [stderr]    Compiling rustc-hash v1.1.0
[INFO] [stderr]    Compiling peeking_take_while v0.1.2
[INFO] [stderr]    Compiling fs_extra v1.2.0
[INFO] [stderr]    Compiling nom v5.1.2
[INFO] [stderr]    Compiling textwrap v0.11.0
[INFO] [stderr]    Compiling libloading v0.7.0
[INFO] [stderr]    Compiling cmake v0.1.45
[INFO] [stderr]    Compiling atty v0.2.14
[INFO] [stderr]    Compiling which v3.1.1
[INFO] [stderr]    Compiling clap v2.33.3
[INFO] [stderr]    Compiling clang-sys v1.2.0
[INFO] [stderr]    Compiling aho-corasick v0.7.18
[INFO] [stderr]    Compiling quote v1.0.9
[INFO] [stderr]    Compiling regex v1.5.4
[INFO] [stderr]    Compiling cexpr v0.4.0
[INFO] [stderr]    Compiling env_logger v0.8.4
[INFO] [stderr]    Compiling tiledb-sys v0.1.1 (/opt/rustwide/workdir)
[INFO] [stderr] error: failed to run custom build command for `tiledb-sys v0.1.1 (/opt/rustwide/workdir)`
[INFO] [stderr] 
[INFO] [stderr] Caused by:
[INFO] [stderr]   process didn't exit successfully: `/opt/rustwide/target/debug/build/tiledb-sys-f67b3c99f9f783a0/build-script-build` (exit status: 101)
[INFO] [stderr]   --- stdout
[INFO] [stderr]   -- The C compiler identification is GNU 9.3.0
[INFO] [stderr]   -- The CXX compiler identification is GNU 9.3.0
[INFO] [stderr]   -- Check for working C compiler: /usr/bin/gcc
[INFO] [stderr]   -- Check for working C compiler: /usr/bin/gcc -- works
[INFO] [stderr]   -- Detecting C compiler ABI info
[INFO] [stderr]   -- Detecting C compiler ABI info - done
[INFO] [stderr]   -- Detecting C compile features
[INFO] [stderr]   -- Detecting C compile features - done
[INFO] [stderr]   -- Check for working CXX compiler: /usr/bin/g++
[INFO] [stderr]   -- Check for working CXX compiler: /usr/bin/g++ -- works
[INFO] [stderr]   -- Detecting CXX compiler ABI info
[INFO] [stderr]   -- Detecting CXX compiler ABI info - done
[INFO] [stderr]   -- Detecting CXX compile features
[INFO] [stderr]   -- Detecting CXX compile features - done
[INFO] [stderr]   -- Starting TileDB superbuild.
[INFO] [stderr]   -- Found Bzip2: /usr/lib/x86_64-linux-gnu/libbz2.so  
[INFO] [stderr]   -- Could NOT find LZ4 (missing: LZ4_LIBRARIES LZ4_INCLUDE_DIR) 
[INFO] [stderr]   -- Adding LZ4 as an external project
[INFO] [stderr]   -- Could NOT find Spdlog (missing: SPDLOG_INCLUDE_DIR) 
[INFO] [stderr]   -- Adding Spdlog as an external project
[INFO] [stderr]   -- Found ZLIB: /usr/lib/x86_64-linux-gnu/libz.so (found version "1.2.11") 
[INFO] [stderr]   -- Found Zlib, adding imported target: /usr/lib/x86_64-linux-gnu/libz.so
[INFO] [stderr]   -- Found Zstd: /usr/lib/x86_64-linux-gnu/libzstd.so  
[INFO] [stderr]   -- Found OpenSSL: /usr/lib/x86_64-linux-gnu/libcrypto.so (found version "1.1.1f")  
[INFO] [stderr]   -- Found OpenSSL: /usr/lib/x86_64-linux-gnu/libssl.so -- OpenSSL crypto: /usr/lib/x86_64-linux-gnu/libcrypto.so -- root: /opt/rustwide/target/debug/build/tiledb-sys-28b75817a13543ed/out/build/externals/install;/usr/local/opt/openssl
[INFO] [stderr]   -- Could NOT find CURL (missing: CURL_LIBRARY CURL_INCLUDE_DIR) 
[INFO] [stderr]   -- Could NOT find Curl (missing: CURL_LIBRARIES CURL_INCLUDE_DIR) 
[INFO] [stderr]   -- Adding Curl as an external project
[INFO] [stderr]   -- Could NOT find AWSSDK (missing: AWSSDK_DIR)
[INFO] [stderr]   -- Could NOT find AWSSDK
[INFO] [stderr]   -- Adding AWSSDK as an external project
[INFO] [stderr]   -- searching for catch in /opt/rustwide/target/debug/build/tiledb-sys-28b75817a13543ed/out/build/externals/src
[INFO] [stderr]   -- Could NOT find Catch2 (missing: CATCH_INCLUDE_DIR) 
[INFO] [stderr]   -- Adding Catch as an external project
[INFO] [stderr]   -- Not found clang-tidy
[INFO] [stderr]   -- Not found clang-format
[INFO] [stderr]   -- Could NOT find Doxygen (missing: DOXYGEN_EXECUTABLE) 
[INFO] [stderr]   -- Install prefix is /opt/rustwide/target/debug/build/tiledb-sys-28b75817a13543ed/out/dist
[INFO] [stderr]   -- Configuring done
[INFO] [stderr]   -- Generating done
[INFO] [stderr]   -- Build files have been written to: /opt/rustwide/target/debug/build/tiledb-sys-28b75817a13543ed/out/build
[INFO] [stderr]   bootstrap success. Run "make" to build, "make check" to test, or "make -C tiledb install" to install.
[INFO] [stderr]   Scanning dependencies of target ep_lz4
[INFO] [stderr]   Scanning dependencies of target ep_catch
[INFO] [stderr]   Scanning dependencies of target ep_curl
[INFO] [stderr]   Scanning dependencies of target ep_spdlog
[INFO] [stderr]   [  4%] Creating directories for 'ep_catch'
[INFO] [stderr]   [  4%] Creating directories for 'ep_lz4'
[INFO] [stderr]   [  6%] Creating directories for 'ep_curl'
[INFO] [stderr]   [  8%] Creating directories for 'ep_spdlog'
[INFO] [stderr]   [ 10%] Performing download step (download, verify and extract) for 'ep_spdlog'
[INFO] [stderr]   [ 12%] Performing download step (download, verify and extract) for 'ep_curl'
[INFO] [stderr]   [ 14%] Performing download step (download, verify and extract) for 'ep_lz4'
[INFO] [stderr]   [ 16%] Performing download step (download, verify and extract) for 'ep_catch'
[INFO] [stderr]   -- stdout output is:
[INFO] [stderr]   -- Downloading...
[INFO] [stderr]      dst='/opt/rustwide/target/debug/build/tiledb-sys-28b75817a13543ed/out/build/externals/src/curl-7.71.1.tar.gz'
[INFO] [stderr]      timeout='none'
[INFO] [stderr]   -- Using src='https://curl.haxx.se/download/curl-7.71.1.tar.gz'
[INFO] [stderr]   -- Retrying...
[INFO] [stderr]   -- Using src='https://curl.haxx.se/download/curl-7.71.1.tar.gz'
[INFO] [stderr]   -- Retry after 5 seconds (attempt #2) ...
[INFO] [stderr]   -- Using src='https://curl.haxx.se/download/curl-7.71.1.tar.gz'
[INFO] [stderr]   -- Retry after 5 seconds (attempt #3) ...
[INFO] [stderr]   -- Using src='https://curl.haxx.se/download/curl-7.71.1.tar.gz'
[INFO] [stderr]   -- Retry after 15 seconds (attempt #4) ...
[INFO] [stderr]   -- Using src='https://curl.haxx.se/download/curl-7.71.1.tar.gz'
[INFO] [stderr]   -- Retry after 60 seconds (attempt #5) ...
[INFO] [stderr]   -- Using src='https://curl.haxx.se/download/curl-7.71.1.tar.gz'
[INFO] [stderr] 
[INFO] [stderr]   -- stderr output is:
[INFO] [stderr]   CMake Error at ep_curl-stamp/download-ep_curl.cmake:159 (message):
[INFO] [stderr]     Each download failed!
[INFO] [stderr] 
[INFO] [stderr]       error: downloading 'https://curl.haxx.se/download/curl-7.71.1.tar.gz' failed
[INFO] [stderr]            status_code: 6
[INFO] [stderr]            status_string: "Couldn't resolve host name"
[INFO] [stderr]            log:
[INFO] [stderr]            --- LOG BEGIN ---
[INFO] [stderr]            Could not resolve host: curl.haxx.se
[INFO] [stderr] 
[INFO] [stderr]     Closing connection 0
[INFO] [stderr] 
[INFO] [stderr]     
[INFO] [stderr] 
[INFO] [stderr]            --- LOG END ---
[INFO] [stderr]            error: downloading 'https://curl.haxx.se/download/curl-7.71.1.tar.gz' failed
[INFO] [stderr]            status_code: 6
[INFO] [stderr]            status_string: "Couldn't resolve host name"
[INFO] [stderr]            log:
[INFO] [stderr]            --- LOG BEGIN ---
[INFO] [stderr]            Could not resolve host: curl.haxx.se
[INFO] [stderr] 
[INFO] [stderr]     Closing connection 0
[INFO] [stderr] 
[INFO] [stderr]     
[INFO] [stderr] 
[INFO] [stderr]            --- LOG END ---
[INFO] [stderr]            error: downloading 'https://curl.haxx.se/download/curl-7.71.1.tar.gz' failed
[INFO] [stderr]            status_code: 6
[INFO] [stderr]            status_string: "Couldn't resolve host name"
[INFO] [stderr]            log:
[INFO] [stderr]            --- LOG BEGIN ---
[INFO] [stderr]            Could not resolve host: curl.haxx.se
[INFO] [stderr] 
[INFO] [stderr]     Closing connection 0
[INFO] [stderr] 
[INFO] [stderr]     
[INFO] [stderr] 
[INFO] [stderr]            --- LOG END ---
[INFO] [stderr]            error: downloading 'https://curl.haxx.se/download/curl-7.71.1.tar.gz' failed
[INFO] [stderr]            status_code: 6
[INFO] [stderr]            status_string: "Couldn't resolve host name"
[INFO] [stderr]            log:
[INFO] [stderr]            --- LOG BEGIN ---
[INFO] [stderr]            Could not resolve host: curl.haxx.se
[INFO] [stderr] 
[INFO] [stderr]     Closing connection 0
[INFO] [stderr] 
[INFO] [stderr]     
[INFO] [stderr] 
[INFO] [stderr]            --- LOG END ---
[INFO] [stderr]            error: downloading 'https://curl.haxx.se/download/curl-7.71.1.tar.gz' failed
[INFO] [stderr]            status_code: 6
[INFO] [stderr]            status_string: "Couldn't resolve host name"
[INFO] [stderr]            log:
[INFO] [stderr]            --- LOG BEGIN ---
[INFO] [stderr]            Could not resolve host: curl.haxx.se
[INFO] [stderr] 
[INFO] [stderr]     Closing connection 0
[INFO] [stderr] 
[INFO] [stderr]     
[INFO] [stderr] 
[INFO] [stderr]            --- LOG END ---
[INFO] [stderr]            error: downloading 'https://curl.haxx.se/download/curl-7.71.1.tar.gz' failed
[INFO] [stderr]            status_code: 6
[INFO] [stderr]            status_string: "Couldn't resolve host name"
[INFO] [stderr]            log:
[INFO] [stderr]            --- LOG BEGIN ---
[INFO] [stderr]            Could not resolve host: curl.haxx.se
[INFO] [stderr] 
[INFO] [stderr]     Closing connection 0
[INFO] [stderr] 
[INFO] [stderr]     
[INFO] [stderr] 
[INFO] [stderr]            --- LOG END ---
[INFO] [stderr]            
[INFO] [stderr]       
[INFO] [stderr] 
[INFO] [stderr] 
[INFO] [stderr]   CMake Error at ep_curl-stamp/ep_curl-download-Release-impl.cmake:9 (message):
[INFO] [stderr]     Command failed (1):
[INFO] [stderr] 
[INFO] [stderr]      '/usr/bin/cmake' '-P' '/opt/rustwide/target/debug/build/tiledb-sys-28b75817a13543ed/out/build/externals/src/ep_curl-stamp/download-ep_curl.cmake'
[INFO] [stderr] 
[INFO] [stderr] 
[INFO] [stderr] 
[INFO] [stderr]   -- stdout output is:
[INFO] [stderr]   -- Downloading...
[INFO] [stderr]      dst='/opt/rustwide/target/debug/build/tiledb-sys-28b75817a13543ed/out/build/externals/src/ep_catch.zip'
[INFO] [stderr]      timeout='none'
[INFO] [stderr]   -- Using src='https://github.com/catchorg/Catch2/archive/v2.11.1.zip'
[INFO] [stderr]   -- Retrying...
[INFO] [stderr]   -- Using src='https://github.com/catchorg/Catch2/archive/v2.11.1.zip'
[INFO] [stderr]   -- Retry after 5 seconds (attempt #2) ...
[INFO] [stderr]   -- Using src='https://github.com/catchorg/Catch2/archive/v2.11.1.zip'
[INFO] [stderr]   -- Retry after 5 seconds (attempt #3) ...
[INFO] [stderr]   -- Using src='https://github.com/catchorg/Catch2/archive/v2.11.1.zip'
[INFO] [stderr]   -- Retry after 15 seconds (attempt #4) ...
[INFO] [stderr]   -- Using src='https://github.com/catchorg/Catch2/archive/v2.11.1.zip'
[INFO] [stderr]   -- Retry after 60 seconds (attempt #5) ...
[INFO] [stderr]   -- Using src='https://github.com/catchorg/Catch2/archive/v2.11.1.zip'
[INFO] [stderr] 
[INFO] [stderr]   -- stderr output is:
[INFO] [stderr]   CMake Error at ep_catch-stamp/download-ep_catch.cmake:159 (message):
[INFO] [stderr]     Each download failed!
[INFO] [stderr] 
[INFO] [stderr]       error: downloading 'https://github.com/catchorg/Catch2/archive/v2.11.1.zip' failed
[INFO] [stderr]            status_code: 6
[INFO] [stderr]            status_string: "Couldn't resolve host name"
[INFO] [stderr]            log:
[INFO] [stderr]            --- LOG BEGIN ---
[INFO] [stderr]            Could not resolve host: github.com
[INFO] [stderr] 
[INFO] [stderr]     Closing connection 0
[INFO] [stderr] 
[INFO] [stderr]     
[INFO] [stderr] 
[INFO] [stderr]            --- LOG END ---
[INFO] [stderr]            error: downloading 'https://github.com/catchorg/Catch2/archive/v2.11.1.zip' failed
[INFO] [stderr]            status_code: 6
[INFO] [stderr]            status_string: "Couldn't resolve host name"
[INFO] [stderr]            log:
[INFO] [stderr]            --- LOG BEGIN ---
[INFO] [stderr]            Could not resolve host: github.com
[INFO] [stderr] 
[INFO] [stderr]     Closing connection 0
[INFO] [stderr] 
[INFO] [stderr]     
[INFO] [stderr] 
[INFO] [stderr]            --- LOG END ---
[INFO] [stderr]            error: downloading 'https://github.com/catchorg/Catch2/archive/v2.11.1.zip' failed
[INFO] [stderr]            status_code: 6
[INFO] [stderr]            status_string: "Couldn't resolve host name"
[INFO] [stderr]            log:
[INFO] [stderr]            --- LOG BEGIN ---
[INFO] [stderr]            Could not resolve host: github.com
[INFO] [stderr] 
[INFO] [stderr]     Closing connection 0
[INFO] [stderr] 
[INFO] [stderr]     
[INFO] [stderr] 
[INFO] [stderr]            --- LOG END ---
[INFO] [stderr]            error: downloading 'https://github.com/catchorg/Catch2/archive/v2.11.1.zip' failed
[INFO] [stderr]            status_code: 6
[INFO] [stderr]            status_string: "Couldn't resolve host name"
[INFO] [stderr]            log:
[INFO] [stderr]            --- LOG BEGIN ---
[INFO] [stderr]            Could not resolve host: github.com
[INFO] [stderr] 
[INFO] [stderr]     Closing connection 0
[INFO] [stderr] 
[INFO] [stderr]     
[INFO] [stderr] 
[INFO] [stderr]            --- LOG END ---
[INFO] [stderr]            error: downloading 'https://github.com/catchorg/Catch2/archive/v2.11.1.zip' failed
[INFO] [stderr]            status_code: 6
[INFO] [stderr]            status_string: "Couldn't resolve host name"
[INFO] [stderr]            log:
[INFO] [stderr]            --- LOG BEGIN ---
[INFO] [stderr]            Could not resolve host: github.com
[INFO] [stderr] 
[INFO] [stderr]     Closing connection 0
[INFO] [stderr] 
[INFO] [stderr]     
[INFO] [stderr] 
[INFO] [stderr]            --- LOG END ---
[INFO] [stderr]            error: downloading 'https://github.com/catchorg/Catch2/archive/v2.11.1.zip' failed
[INFO] [stderr]            status_code: 6
[INFO] [stderr]            status_string: "Couldn't resolve host name"
[INFO] [stderr]            log:
[INFO] [stderr]            --- LOG BEGIN ---
[INFO] [stderr]            Could not resolve host: github.com
[INFO] [stderr] 
[INFO] [stderr]     Closing connection 0
[INFO] [stderr] 
[INFO] [stderr]     
[INFO] [stderr] 
[INFO] [stderr]            --- LOG END ---
[INFO] [stderr]            
[INFO] [stderr]       
[INFO] [stderr] 
[INFO] [stderr] 
[INFO] [stderr]   CMake Error at ep_catch-stamp/ep_catch-download-Release-impl.cmake:9 (message):
[INFO] [stderr]     Command failed (1):
[INFO] [stderr] 
[INFO] [stderr]      '/usr/bin/cmake' '-P' '/opt/rustwide/target/debug/build/tiledb-sys-28b75817a13543ed/out/build/externals/src/ep_catch-stamp/download-ep_catch.cmake'
[INFO] [stderr] 
[INFO] [stderr] 
[INFO] [stderr] 
[INFO] [stderr]   -- stdout output is:
[INFO] [stderr]   -- Downloading...
[INFO] [stderr]      dst='/opt/rustwide/target/debug/build/tiledb-sys-28b75817a13543ed/out/build/externals/src/ep_spdlog.zip'
[INFO] [stderr]      timeout='none'
[INFO] [stderr]   -- Using src='https://github.com/gabime/spdlog/archive/v0.16.3.zip'
[INFO] [stderr]   -- Retrying...
[INFO] [stderr]   -- Using src='https://github.com/gabime/spdlog/archive/v0.16.3.zip'
[INFO] [stderr]   -- Retry after 5 seconds (attempt #2) ...
[INFO] [stderr]   -- Using src='https://github.com/gabime/spdlog/archive/v0.16.3.zip'
[INFO] [stderr]   -- Retry after 5 seconds (attempt #3) ...
[INFO] [stderr]   -- Using src='https://github.com/gabime/spdlog/archive/v0.16.3.zip'
[INFO] [stderr]   -- Retry after 15 seconds (attempt #4) ...
[INFO] [stderr]   -- Using src='https://github.com/gabime/spdlog/archive/v0.16.3.zip'
[INFO] [stderr]   -- Retry after 60 seconds (attempt #5) ...
[INFO] [stderr]   -- Using src='https://github.com/gabime/spdlog/archive/v0.16.3.zip'
[INFO] [stderr] 
[INFO] [stderr]   -- stderr output is:
[INFO] [stderr]   CMake Error at ep_spdlog-stamp/download-ep_spdlog.cmake:159 (message):
[INFO] [stderr]     Each download failed!
[INFO] [stderr] 
[INFO] [stderr]       error: downloading 'https://github.com/gabime/spdlog/archive/v0.16.3.zip' failed
[INFO] [stderr]            status_code: 6
[INFO] [stderr]            status_string: "Couldn't resolve host name"
[INFO] [stderr]            log:
[INFO] [stderr]            --- LOG BEGIN ---
[INFO] [stderr]            Could not resolve host: github.com
[INFO] [stderr] 
[INFO] [stderr]     Closing connection 0
[INFO] [stderr] 
[INFO] [stderr]     
[INFO] [stderr] 
[INFO] [stderr]            --- LOG END ---
[INFO] [stderr]            error: downloading 'https://github.com/gabime/spdlog/archive/v0.16.3.zip' failed
[INFO] [stderr]            status_code: 6
[INFO] [stderr]            status_string: "Couldn't resolve host name"
[INFO] [stderr]            log:
[INFO] [stderr]            --- LOG BEGIN ---
[INFO] [stderr]            Could not resolve host: github.com
[INFO] [stderr] 
[INFO] [stderr]     Closing connection 0
[INFO] [stderr] 
[INFO] [stderr]     
[INFO] [stderr] 
[INFO] [stderr]            --- LOG END ---
[INFO] [stderr]            error: downloading 'https://github.com/gabime/spdlog/archive/v0.16.3.zip' failed
[INFO] [stderr]            status_code: 6
[INFO] [stderr]            status_string: "Couldn't resolve host name"
[INFO] [stderr]            log:
[INFO] [stderr]            --- LOG BEGIN ---
[INFO] [stderr]            Could not resolve host: github.com
[INFO] [stderr] 
[INFO] [stderr]     Closing connection 0
[INFO] [stderr] 
[INFO] [stderr]     
[INFO] [stderr] 
[INFO] [stderr]            --- LOG END ---
[INFO] [stderr]            error: downloading 'https://github.com/gabime/spdlog/archive/v0.16.3.zip' failed
[INFO] [stderr]            status_code: 6
[INFO] [stderr]            status_string: "Couldn't resolve host name"
[INFO] [stderr]            log:
[INFO] [stderr]            --- LOG BEGIN ---
[INFO] [stderr]            Could not resolve host: github.com
[INFO] [stderr] 
[INFO] [stderr]     Closing connection 0
[INFO] [stderr] 
[INFO] [stderr]     
[INFO] [stderr] 
[INFO] [stderr]            --- LOG END ---
[INFO] [stderr]            error: downloading 'https://github.com/gabime/spdlog/archive/v0.16.3.zip' failed
[INFO] [stderr]            status_code: 6
[INFO] [stderr]            status_string: "Couldn't resolve host name"
[INFO] [stderr]            log:
[INFO] [stderr]            --- LOG BEGIN ---
[INFO] [stderr]            Could not resolve host: github.com
[INFO] [stderr] 
[INFO] [stderr]     Closing connection 0
[INFO] [stderr] 
[INFO] [stderr]     
[INFO] [stderr] 
[INFO] [stderr]            --- LOG END ---
[INFO] [stderr]            error: downloading 'https://github.com/gabime/spdlog/archive/v0.16.3.zip' failed
[INFO] [stderr]            status_code: 6
[INFO] [stderr]            status_string: "Couldn't resolve host name"
[INFO] [stderr]            log:
[INFO] [stderr]            --- LOG BEGIN ---
[INFO] [stderr]            Could not resolve host: github.com
[INFO] [stderr] 
[INFO] [stderr]     Closing connection 0
[INFO] [stderr] 
[INFO] [stderr]     
[INFO] [stderr] 
[INFO] [stderr]            --- LOG END ---
[INFO] [stderr]            
[INFO] [stderr]       
[INFO] [stderr] 
[INFO] [stderr] 
[INFO] [stderr]   CMake Error at ep_spdlog-stamp/ep_spdlog-download-Release-impl.cmake:9 (message):
[INFO] [stderr]     Command failed (1):
[INFO] [stderr] 
[INFO] [stderr]      '/usr/bin/cmake' '-P' '/opt/rustwide/target/debug/build/tiledb-sys-28b75817a13543ed/out/build/externals/src/ep_spdlog-stamp/download-ep_spdlog.cmake'
[INFO] [stderr] 
[INFO] [stderr] 
[INFO] [stderr] 
[INFO] [stderr]   -- stdout output is:
[INFO] [stderr]   -- Downloading...
[INFO] [stderr]      dst='/opt/rustwide/target/debug/build/tiledb-sys-28b75817a13543ed/out/build/externals/src/ep_lz4.zip'
[INFO] [stderr]      timeout='none'
[INFO] [stderr]   -- Using src='https://github.com/lz4/lz4/archive/v1.8.2.zip'
[INFO] [stderr]   -- Retrying...
[INFO] [stderr]   -- Using src='https://github.com/lz4/lz4/archive/v1.8.2.zip'
[INFO] [stderr]   -- Retry after 5 seconds (attempt #2) ...
[INFO] [stderr]   -- Using src='https://github.com/lz4/lz4/archive/v1.8.2.zip'
[INFO] [stderr]   -- Retry after 5 seconds (attempt #3) ...
[INFO] [stderr]   -- Using src='https://github.com/lz4/lz4/archive/v1.8.2.zip'
[INFO] [stderr]   -- Retry after 15 seconds (attempt #4) ...
[INFO] [stderr]   -- Using src='https://github.com/lz4/lz4/archive/v1.8.2.zip'
[INFO] [stderr]   -- Retry after 60 seconds (attempt #5) ...
[INFO] [stderr]   -- Using src='https://github.com/lz4/lz4/archive/v1.8.2.zip'
[INFO] [stderr] 
[INFO] [stderr]   -- stderr output is:
[INFO] [stderr]   CMake Error at ep_lz4-stamp/download-ep_lz4.cmake:159 (message):
[INFO] [stderr]     Each download failed!
[INFO] [stderr] 
[INFO] [stderr]       error: downloading 'https://github.com/lz4/lz4/archive/v1.8.2.zip' failed
[INFO] [stderr]            status_code: 6
[INFO] [stderr]            status_string: "Couldn't resolve host name"
[INFO] [stderr]            log:
[INFO] [stderr]            --- LOG BEGIN ---
[INFO] [stderr]            Could not resolve host: github.com
[INFO] [stderr] 
[INFO] [stderr]     Closing connection 0
[INFO] [stderr] 
[INFO] [stderr]     
[INFO] [stderr] 
[INFO] [stderr]            --- LOG END ---
[INFO] [stderr]            error: downloading 'https://github.com/lz4/lz4/archive/v1.8.2.zip' failed
[INFO] [stderr]            status_code: 6
[INFO] [stderr]            status_string: "Couldn't resolve host name"
[INFO] [stderr]            log:
[INFO] [stderr]            --- LOG BEGIN ---
[INFO] [stderr]            Could not resolve host: github.com
[INFO] [stderr] 
[INFO] [stderr]     Closing connection 0
[INFO] [stderr] 
[INFO] [stderr]     
[INFO] [stderr] 
[INFO] [stderr]            --- LOG END ---
[INFO] [stderr]            error: downloading 'https://github.com/lz4/lz4/archive/v1.8.2.zip' failed
[INFO] [stderr]            status_code: 6
[INFO] [stderr]            status_string: "Couldn't resolve host name"
[INFO] [stderr]            log:
[INFO] [stderr]            --- LOG BEGIN ---
[INFO] [stderr]            Could not resolve host: github.com
[INFO] [stderr] 
[INFO] [stderr]     Closing connection 0
[INFO] [stderr] 
[INFO] [stderr]     
[INFO] [stderr] 
[INFO] [stderr]            --- LOG END ---
[INFO] [stderr]            error: downloading 'https://github.com/lz4/lz4/archive/v1.8.2.zip' failed
[INFO] [stderr]            status_code: 6
[INFO] [stderr]            status_string: "Couldn't resolve host name"
[INFO] [stderr]            log:
[INFO] [stderr]            --- LOG BEGIN ---
[INFO] [stderr]            Could not resolve host: github.com
[INFO] [stderr] 
[INFO] [stderr]     Closing connection 0
[INFO] [stderr] 
[INFO] [stderr]     
[INFO] [stderr] 
[INFO] [stderr]            --- LOG END ---
[INFO] [stderr]            error: downloading 'https://github.com/lz4/lz4/archive/v1.8.2.zip' failed
[INFO] [stderr]            status_code: 6
[INFO] [stderr]            status_string: "Couldn't resolve host name"
[INFO] [stderr]            log:
[INFO] [stderr]            --- LOG BEGIN ---
[INFO] [stderr]            Could not resolve host: github.com
[INFO] [stderr] 
[INFO] [stderr]     Closing connection 0
[INFO] [stderr] 
[INFO] [stderr]     
[INFO] [stderr] 
[INFO] [stderr]            --- LOG END ---
[INFO] [stderr]            error: downloading 'https://github.com/lz4/lz4/archive/v1.8.2.zip' failed
[INFO] [stderr]            status_code: 6
[INFO] [stderr]            status_string: "Couldn't resolve host name"
[INFO] [stderr]            log:
[INFO] [stderr]            --- LOG BEGIN ---
[INFO] [stderr]            Could not resolve host: github.com
[INFO] [stderr] 
[INFO] [stderr]     Closing connection 0
[INFO] [stderr] 
[INFO] [stderr]     
[INFO] [stderr] 
[INFO] [stderr]            --- LOG END ---
[INFO] [stderr]            
[INFO] [stderr]       
[INFO] [stderr] 
[INFO] [stderr] 
[INFO] [stderr]   CMake Error at ep_lz4-stamp/ep_lz4-download-Release-impl.cmake:9 (message):
[INFO] [stderr]     Command failed (1):
[INFO] [stderr] 
[INFO] [stderr]      '/usr/bin/cmake' '-P' '/opt/rustwide/target/debug/build/tiledb-sys-28b75817a13543ed/out/build/externals/src/ep_lz4-stamp/download-ep_lz4.cmake'
[INFO] [stderr] 
[INFO] [stderr] 
[INFO] [stderr] 
[INFO] [stderr]   Scanning dependencies of target install-tiledb
[INFO] [stderr]   cargo:rustc-link-lib=dylib=tiledb
[INFO] [stderr]   cargo:rustc-link-search=native=/opt/rustwide/target/debug/build/tiledb-sys-28b75817a13543ed/out/dist/lib
[INFO] [stderr] 
[INFO] [stderr]   --- stderr
[INFO] [stderr]   CMake Warning at cmake/Modules/FindCurl_EP.cmake:114 (message):
[INFO] [stderr]     TileDB FindOpenSSL_EP did not set TILEDB_OPENSSL_DIR.  Falling back to
[INFO] [stderr]     autotools detection.
[INFO] [stderr]   Call Stack (most recent call first):
[INFO] [stderr]     cmake/TileDB-Superbuild.cmake:98 (include)
[INFO] [stderr]     CMakeLists.txt:168 (include)
[INFO] [stderr] 
[INFO] [stderr] 
[INFO] [stderr]   CMake Warning at cmake/Modules/FindCurl_EP.cmake:126 (message):
[INFO] [stderr]     TileDB FindZlib_EP did not set TILEDB_ZLIB_DIR.  Falling back to autotools
[INFO] [stderr]     detection.
[INFO] [stderr]   Call Stack (most recent call first):
[INFO] [stderr]     cmake/TileDB-Superbuild.cmake:98 (include)
[INFO] [stderr]     CMakeLists.txt:168 (include)
[INFO] [stderr] 
[INFO] [stderr] 
[INFO] [stderr]   CMake Error at ep_catch-stamp/ep_catch-download-Release.cmake:37 (message):
[INFO] [stderr]     Command failed: 1
[INFO] [stderr] 
[INFO] [stderr]      '/usr/bin/cmake' '-Dmake=' '-Dconfig=' '-P' '/opt/rustwide/target/debug/build/tiledb-sys-28b75817a13543ed/out/build/externals/src/ep_catch-stamp/ep_catch-download-Release-impl.cmake'
[INFO] [stderr] 
[INFO] [stderr]     See also
[INFO] [stderr] 
[INFO] [stderr]       /opt/rustwide/target/debug/build/tiledb-sys-28b75817a13543ed/out/build/externals/src/ep_catch-stamp/ep_catch-download-*.log
[INFO] [stderr] 
[INFO] [stderr] 
[INFO] [stderr]   CMake Error at ep_curl-stamp/ep_curl-download-Release.cmake:37 (message):
[INFO] [stderr]     Command failed: 1
[INFO] [stderr] 
[INFO] [stderr]      '/usr/bin/cmake' '-Dmake=' '-Dconfig=' '-P' '/opt/rustwide/target/debug/build/tiledb-sys-28b75817a13543ed/out/build/externals/src/ep_curl-stamp/ep_curl-download-Release-impl.cmake'
[INFO] [stderr] 
[INFO] [stderr]     See also
[INFO] [stderr] 
[INFO] [stderr]       /opt/rustwide/target/debug/build/tiledb-sys-28b75817a13543ed/out/build/externals/src/ep_curl-stamp/ep_curl-download-*.log
[INFO] [stderr] 
[INFO] [stderr] 
[INFO] [stderr]   CMake Error at ep_curl-stamp/ep_curl-download-Release.cmake:47 (message):
[INFO] [stderr]     Stopping after outputting logs.
[INFO] [stderr] 
[INFO] [stderr] 
[INFO] [stderr]   CMake Error at ep_catch-stamp/ep_catch-download-Release.cmake:47 (message):
[INFO] [stderr]     Stopping after outputting logs.
[INFO] [stderr] 
[INFO] [stderr] 
[INFO] [stderr]   make[2]: *** [CMakeFiles/ep_catch.dir/build.make:91: externals/src/ep_catch-stamp/ep_catch-download] Error 1
[INFO] [stderr]   make[2]: *** [CMakeFiles/ep_curl.dir/build.make:91: externals/src/ep_curl-stamp/ep_curl-download] Error 1
[INFO] [stderr]   make[1]: *** [CMakeFiles/Makefile2:144: CMakeFiles/ep_catch.dir/all] Error 2
[INFO] [stderr]   make[1]: *** Waiting for unfinished jobs....
[INFO] [stderr]   make[1]: *** [CMakeFiles/Makefile2:225: CMakeFiles/ep_curl.dir/all] Error 2
[INFO] [stderr]   CMake Error at ep_spdlog-stamp/ep_spdlog-download-Release.cmake:37 (message):
[INFO] [stderr]     Command failed: 1
[INFO] [stderr] 
[INFO] [stderr]      '/usr/bin/cmake' '-Dmake=' '-Dconfig=' '-P' '/opt/rustwide/target/debug/build/tiledb-sys-28b75817a13543ed/out/build/externals/src/ep_spdlog-stamp/ep_spdlog-download-Release-impl.cmake'
[INFO] [stderr] 
[INFO] [stderr]     See also
[INFO] [stderr] 
[INFO] [stderr]       /opt/rustwide/target/debug/build/tiledb-sys-28b75817a13543ed/out/build/externals/src/ep_spdlog-stamp/ep_spdlog-download-*.log
[INFO] [stderr] 
[INFO] [stderr] 
[INFO] [stderr]   CMake Error at ep_spdlog-stamp/ep_spdlog-download-Release.cmake:47 (message):
[INFO] [stderr]     Stopping after outputting logs.
[INFO] [stderr] 
[INFO] [stderr] 
[INFO] [stderr]   make[2]: *** [CMakeFiles/ep_spdlog.dir/build.make:91: externals/src/ep_spdlog-stamp/ep_spdlog-download] Error 1
[INFO] [stderr]   CMake Error at ep_lz4-stamp/ep_lz4-download-Release.cmake:37 (message):
[INFO] [stderr]     Command failed: 1
[INFO] [stderr] 
[INFO] [stderr]      '/usr/bin/cmake' '-Dmake=' '-Dconfig=' '-P' '/opt/rustwide/target/debug/build/tiledb-sys-28b75817a13543ed/out/build/externals/src/ep_lz4-stamp/ep_lz4-download-Release-impl.cmake'
[INFO] [stderr] 
[INFO] [stderr]     See also
[INFO] [stderr] 
[INFO] [stderr]       /opt/rustwide/target/debug/build/tiledb-sys-28b75817a13543ed/out/build/externals/src/ep_lz4-stamp/ep_lz4-download-*.log
[INFO] [stderr] 
[INFO] [stderr] 
[INFO] [stderr]   CMake Error at ep_lz4-stamp/ep_lz4-download-Release.cmake:47 (message):
[INFO] [stderr]     Stopping after outputting logs.
[INFO] [stderr] 
[INFO] [stderr] 
[INFO] [stderr]   make[1]: *** [CMakeFiles/Makefile2:252: CMakeFiles/ep_spdlog.dir/all] Error 2
[INFO] [stderr]   make[2]: *** [CMakeFiles/ep_lz4.dir/build.make:91: externals/src/ep_lz4-stamp/ep_lz4-download] Error 1
[INFO] [stderr]   make[1]: *** [CMakeFiles/Makefile2:337: CMakeFiles/ep_lz4.dir/all] Error 2
[INFO] [stderr]   make: *** [Makefile:84: all] Error 2
[INFO] [stderr]   Error: could not load cache
[INFO] [stderr]   make[3]: *** [CMakeFiles/install-tiledb.dir/build.make:57: CMakeFiles/install-tiledb] Error 1
[INFO] [stderr]   make[2]: *** [CMakeFiles/Makefile2:279: CMakeFiles/install-tiledb.dir/all] Error 2
[INFO] [stderr]   make[1]: *** [CMakeFiles/Makefile2:286: CMakeFiles/install-tiledb.dir/rule] Error 2
[INFO] [stderr]   make: *** [Makefile:209: install-tiledb] Error 2
[INFO] [stderr]   wrapper.hpp:2:10: fatal error: 'tiledb/tiledb' file not found
[INFO] [stderr]   wrapper.hpp:2:10: fatal error: 'tiledb/tiledb' file not found, err: true
[INFO] [stderr]   thread 'main' panicked at 'Unable to generate bindings: ()', build.rs:83:10
[INFO] [stderr]   stack backtrace:
[INFO] [stderr]      0:     0x555a322a41e0 - std::backtrace_rs::backtrace::libunwind::trace::h34055254b57d8e79
[INFO] [stderr]                                  at /rustc/a178d0322ce20e33eac124758e837cbd80a6f633/library/std/src/../../backtrace/src/backtrace/libunwind.rs:90:5
[INFO] [stderr]      1:     0x555a322a41e0 - std::backtrace_rs::backtrace::trace_unsynchronized::h8f1e3fbd9afff6ec
[INFO] [stderr]                                  at /rustc/a178d0322ce20e33eac124758e837cbd80a6f633/library/std/src/../../backtrace/src/backtrace/mod.rs:66:5
[INFO] [stderr]      2:     0x555a322a41e0 - std::sys_common::backtrace::_print_fmt::h3a99a796b770c360
[INFO] [stderr]                                  at /rustc/a178d0322ce20e33eac124758e837cbd80a6f633/library/std/src/sys_common/backtrace.rs:67:5
[INFO] [stderr]      3:     0x555a322a41e0 - <std::sys_common::backtrace::_print::DisplayBacktrace as core::fmt::Display>::fmt::h32d1f94a80615d18
[INFO] [stderr]                                  at /rustc/a178d0322ce20e33eac124758e837cbd80a6f633/library/std/src/sys_common/backtrace.rs:46:22
[INFO] [stderr]      4:     0x555a322c9f4c - core::fmt::write::h306731c068f7162c
[INFO] [stderr]                                  at /rustc/a178d0322ce20e33eac124758e837cbd80a6f633/library/core/src/fmt/mod.rs:1110:17
[INFO] [stderr]      5:     0x555a322a1165 - std::io::Write::write_fmt::hd2fa90334eee2a21
[INFO] [stderr]                                  at /rustc/a178d0322ce20e33eac124758e837cbd80a6f633/library/std/src/io/mod.rs:1588:15
[INFO] [stderr]      6:     0x555a322a673b - std::sys_common::backtrace::_print::h5abaa2601a852287
[INFO] [stderr]                                  at /rustc/a178d0322ce20e33eac124758e837cbd80a6f633/library/std/src/sys_common/backtrace.rs:49:5
[INFO] [stderr]      7:     0x555a322a673b - std::sys_common::backtrace::print::h8d81445442bb638f
[INFO] [stderr]                                  at /rustc/a178d0322ce20e33eac124758e837cbd80a6f633/library/std/src/sys_common/backtrace.rs:36:9
[INFO] [stderr]      8:     0x555a322a673b - std::panicking::default_hook::{{closure}}::hcfe804496a9fa747
[INFO] [stderr]                                  at /rustc/a178d0322ce20e33eac124758e837cbd80a6f633/library/std/src/panicking.rs:208:50
[INFO] [stderr]      9:     0x555a322a6211 - std::panicking::default_hook::hbea8e3ccf2ba8901
[INFO] [stderr]                                  at /rustc/a178d0322ce20e33eac124758e837cbd80a6f633/library/std/src/panicking.rs:225:9
[INFO] [stderr]     10:     0x555a322a6e04 - std::panicking::rust_panic_with_hook::h7ee9e1a2d0f8975a
[INFO] [stderr]                                  at /rustc/a178d0322ce20e33eac124758e837cbd80a6f633/library/std/src/panicking.rs:622:17
[INFO] [stderr]     11:     0x555a322a68e7 - std::panicking::begin_panic_handler::{{closure}}::h8ab3b4491718b2c7
[INFO] [stderr]                                  at /rustc/a178d0322ce20e33eac124758e837cbd80a6f633/library/std/src/panicking.rs:519:13
[INFO] [stderr]     12:     0x555a322a46dc - std::sys_common::backtrace::__rust_end_short_backtrace::hd489062ffa586a9f
[INFO] [stderr]                                  at /rustc/a178d0322ce20e33eac124758e837cbd80a6f633/library/std/src/sys_common/backtrace.rs:141:18
[INFO] [stderr]     13:     0x555a322a6849 - rust_begin_unwind
[INFO] [stderr]                                  at /rustc/a178d0322ce20e33eac124758e837cbd80a6f633/library/std/src/panicking.rs:515:5
[INFO] [stderr]     14:     0x555a31d72941 - core::panicking::panic_fmt::hca6330e3e14086b4
[INFO] [stderr]                                  at /rustc/a178d0322ce20e33eac124758e837cbd80a6f633/library/core/src/panicking.rs:92:14
[INFO] [stderr]     15:     0x555a31d72a33 - core::result::unwrap_failed::h6160d2b4bfbb0e87
[INFO] [stderr]                                  at /rustc/a178d0322ce20e33eac124758e837cbd80a6f633/library/core/src/result.rs:1355:5
[INFO] [stderr]     16:     0x555a31d7e690 - core::result::Result<T,E>::expect::h78a1a6de5fc8f792
[INFO] [stderr]                                  at /rustc/a178d0322ce20e33eac124758e837cbd80a6f633/library/core/src/result.rs:997:23
[INFO] [stderr]     17:     0x555a31d7bce5 - build_script_build::main::hfa6829cc173639de
[INFO] [stderr]                                  at /opt/rustwide/workdir/build.rs:51:20
[INFO] [stderr]     18:     0x555a31d7fc6b - core::ops::function::FnOnce::call_once::h22d2a8d7e6e99599
[INFO] [stderr]                                  at /rustc/a178d0322ce20e33eac124758e837cbd80a6f633/library/core/src/ops/function.rs:227:5
[INFO] [stderr]     19:     0x555a31d7c42e - std::sys_common::backtrace::__rust_begin_short_backtrace::hb8fef47cb4d1e8ca
[INFO] [stderr]                                  at /rustc/a178d0322ce20e33eac124758e837cbd80a6f633/library/std/src/sys_common/backtrace.rs:125:18
[INFO] [stderr]     20:     0x555a31d78221 - std::rt::lang_start::{{closure}}::h310adcb620efbe9c
[INFO] [stderr]                                  at /rustc/a178d0322ce20e33eac124758e837cbd80a6f633/library/std/src/rt.rs:49:18
[INFO] [stderr]     21:     0x555a322a7309 - core::ops::function::impls::<impl core::ops::function::FnOnce<A> for &F>::call_once::h2aabc384aab89b7b
[INFO] [stderr]                                  at /rustc/a178d0322ce20e33eac124758e837cbd80a6f633/library/core/src/ops/function.rs:259:13
[INFO] [stderr]     22:     0x555a322a7309 - std::panicking::try::do_call::hc5fcacb7a85fc7b1
[INFO] [stderr]                                  at /rustc/a178d0322ce20e33eac124758e837cbd80a6f633/library/std/src/panicking.rs:401:40
[INFO] [stderr]     23:     0x555a322a7309 - std::panicking::try::hb5d9603af3abbe3a
[INFO] [stderr]                                  at /rustc/a178d0322ce20e33eac124758e837cbd80a6f633/library/std/src/panicking.rs:365:19
[INFO] [stderr]     24:     0x555a322a7309 - std::panic::catch_unwind::h98fe6ac3925e64b4
[INFO] [stderr]                                  at /rustc/a178d0322ce20e33eac124758e837cbd80a6f633/library/std/src/panic.rs:434:14
[INFO] [stderr]     25:     0x555a322a7309 - std::rt::lang_start_internal::h22ac7383c516f93e
[INFO] [stderr]                                  at /rustc/a178d0322ce20e33eac124758e837cbd80a6f633/library/std/src/rt.rs:34:21
[INFO] [stderr]     26:     0x555a31d78200 - std::rt::lang_start::h2d9a50f5a6df4153
[INFO] [stderr]                                  at /rustc/a178d0322ce20e33eac124758e837cbd80a6f633/library/std/src/rt.rs:48:5
[INFO] [stderr]     27:     0x555a31d7befc - main
[INFO] [stderr]     28:     0x7f4553ce70b3 - __libc_start_main
[INFO] [stderr]     29:     0x555a31d7313e - _start
[INFO] [stderr]     30:                0x0 - <unknown>
[INFO] running `Command { std: "docker" "inspect" "ee7f39a509308844b8c8846d0622b1fe78eced5e15fed73e3196163483b758c1", kill_on_drop: false }`
[INFO] running `Command { std: "docker" "rm" "-f" "ee7f39a509308844b8c8846d0622b1fe78eced5e15fed73e3196163483b758c1", kill_on_drop: false }`
[INFO] [stdout] ee7f39a509308844b8c8846d0622b1fe78eced5e15fed73e3196163483b758c1
