[INFO] fetching crate tide_compressed_sse 4.0.1...
[INFO] testing tide_compressed_sse-4.0.1 against beta-2021-08-01 for beta-1.55-1
[INFO] extracting crate tide_compressed_sse 4.0.1 into /workspace/builds/worker-107/source
[INFO] validating manifest of crates.io crate tide_compressed_sse 4.0.1 on toolchain beta-2021-08-01
[INFO] running `Command { std: "/workspace/cargo-home/bin/cargo" "+beta-2021-08-01" "metadata" "--manifest-path" "Cargo.toml" "--no-deps", kill_on_drop: false }`
[INFO] started tweaking crates.io crate tide_compressed_sse 4.0.1
[INFO] finished tweaking crates.io crate tide_compressed_sse 4.0.1
[INFO] tweaked toml for crates.io crate tide_compressed_sse 4.0.1 written to /workspace/builds/worker-107/source/Cargo.toml
[INFO] running `Command { std: "/workspace/cargo-home/bin/cargo" "+beta-2021-08-01" "generate-lockfile" "--manifest-path" "Cargo.toml" "-Zno-index-update", kill_on_drop: false }`
[INFO] running `Command { std: "/workspace/cargo-home/bin/cargo" "+beta-2021-08-01" "fetch" "--manifest-path" "Cargo.toml", kill_on_drop: false }`
[INFO] [stderr]     Blocking waiting for file lock on package cache
[INFO] [stderr]     Blocking waiting for file lock on package cache
[INFO] [stderr]  Downloading crates ...
[INFO] [stderr]   Downloaded femme v2.1.1
[INFO] [stderr]   Downloaded async-session v2.0.1
[INFO] [stderr]   Downloaded tide v0.14.0
[INFO] running `Command { std: "docker" "create" "-v" "/var/lib/crater-agent-workspace/builds/worker-107/target:/opt/rustwide/target:rw,Z" "-v" "/var/lib/crater-agent-workspace/builds/worker-107/source:/opt/rustwide/workdir:ro,Z" "-v" "/var/lib/crater-agent-workspace/cargo-home:/opt/rustwide/cargo-home:ro,Z" "-v" "/var/lib/crater-agent-workspace/rustup-home:/opt/rustwide/rustup-home:ro,Z" "-e" "SOURCE_DIR=/opt/rustwide/workdir" "-e" "CARGO_TARGET_DIR=/opt/rustwide/target" "-e" "CARGO_HOME=/opt/rustwide/cargo-home" "-e" "RUSTUP_HOME=/opt/rustwide/rustup-home" "-w" "/opt/rustwide/workdir" "-m" "1610612736" "--user" "0:0" "--network" "none" "ghcr.io/rust-lang/crates-build-env/linux@sha256:34b6a614d2c27851fe6cbf88fbd1137609cefab8b10d0615aaeb6fd47975d74e" "/opt/rustwide/cargo-home/bin/cargo" "+beta-2021-08-01" "metadata" "--no-deps" "--format-version=1", kill_on_drop: false }`
[INFO] [stdout] 1a8f415a9fcee95c27df41605b6a6619c16b0feee856c679518aacd3ac04154e
[INFO] running `Command { std: "docker" "start" "-a" "1a8f415a9fcee95c27df41605b6a6619c16b0feee856c679518aacd3ac04154e", kill_on_drop: false }`
[INFO] running `Command { std: "docker" "inspect" "1a8f415a9fcee95c27df41605b6a6619c16b0feee856c679518aacd3ac04154e", kill_on_drop: false }`
[INFO] running `Command { std: "docker" "rm" "-f" "1a8f415a9fcee95c27df41605b6a6619c16b0feee856c679518aacd3ac04154e", kill_on_drop: false }`
[INFO] [stdout] 1a8f415a9fcee95c27df41605b6a6619c16b0feee856c679518aacd3ac04154e
[INFO] running `Command { std: "docker" "create" "-v" "/var/lib/crater-agent-workspace/builds/worker-107/target:/opt/rustwide/target:rw,Z" "-v" "/var/lib/crater-agent-workspace/builds/worker-107/source:/opt/rustwide/workdir:ro,Z" "-v" "/var/lib/crater-agent-workspace/cargo-home:/opt/rustwide/cargo-home:ro,Z" "-v" "/var/lib/crater-agent-workspace/rustup-home:/opt/rustwide/rustup-home:ro,Z" "-e" "SOURCE_DIR=/opt/rustwide/workdir" "-e" "CARGO_TARGET_DIR=/opt/rustwide/target" "-e" "CARGO_INCREMENTAL=0" "-e" "RUST_BACKTRACE=full" "-e" "RUSTFLAGS=--cap-lints=warn" "-e" "CARGO_HOME=/opt/rustwide/cargo-home" "-e" "RUSTUP_HOME=/opt/rustwide/rustup-home" "-w" "/opt/rustwide/workdir" "-m" "1610612736" "--user" "0:0" "--network" "none" "ghcr.io/rust-lang/crates-build-env/linux@sha256:34b6a614d2c27851fe6cbf88fbd1137609cefab8b10d0615aaeb6fd47975d74e" "/opt/rustwide/cargo-home/bin/cargo" "+beta-2021-08-01" "build" "--frozen" "--message-format=json", kill_on_drop: false }`
[INFO] [stdout] 03a99da09fae612dd02d3ee696f3b9a92848b4daf6528e59197acb24b5870d57
[INFO] running `Command { std: "docker" "start" "-a" "03a99da09fae612dd02d3ee696f3b9a92848b4daf6528e59197acb24b5870d57", kill_on_drop: false }`
[INFO] [stderr]     Blocking waiting for file lock on package cache
[INFO] [stderr]    Compiling syn v1.0.74
[INFO] [stderr]    Compiling futures-core v0.3.16
[INFO] [stderr]    Compiling event-listener v2.5.1
[INFO] [stderr]    Compiling serde v1.0.127
[INFO] [stderr]    Compiling log v0.4.14
[INFO] [stderr]    Compiling memchr v2.4.0
[INFO] [stderr]    Compiling pin-project-lite v0.2.7
[INFO] [stderr]    Compiling cache-padded v1.1.1
[INFO] [stderr]    Compiling futures-io v0.3.16
[INFO] [stderr]    Compiling parking v2.0.0
[INFO] [stderr]    Compiling proc-macro-hack v0.5.19
[INFO] [stderr]    Compiling waker-fn v1.1.0
[INFO] [stderr]    Compiling fastrand v1.5.0
[INFO] [stderr]    Compiling slab v0.4.4
[INFO] [stderr]    Compiling once_cell v1.8.0
[INFO] [stderr]    Compiling matches v0.1.8
[INFO] [stderr]    Compiling percent-encoding v2.1.0
[INFO] [stderr]    Compiling signal-hook v0.3.9
[INFO] [stderr]    Compiling async-task v4.0.3
[INFO] [stderr]    Compiling const_fn v0.4.8
[INFO] [stderr]    Compiling cpuid-bool v0.2.0
[INFO] [stderr]    Compiling atomic-waker v1.0.0
[INFO] [stderr]    Compiling pin-utils v0.1.0
[INFO] [stderr]    Compiling http-types v2.11.1
[INFO] [stderr]    Compiling data-encoding v2.3.2
[INFO] [stderr]    Compiling base64 v0.13.0
[INFO] [stderr]    Compiling cc v1.0.69
[INFO] [stderr]    Compiling infer v0.2.3
[INFO] [stderr]    Compiling async-trait v0.1.51
[INFO] [stderr]    Compiling crossbeam-queue v0.3.2
[INFO] [stderr]    Compiling futures-task v0.3.16
[INFO] [stderr]    Compiling cfg-if v0.1.10
[INFO] [stderr]    Compiling httparse v1.4.1
[INFO] [stderr]    Compiling proc-macro-nested v0.1.7
[INFO] [stderr]    Compiling arrayvec v0.5.2
[INFO] [stderr]    Compiling crc32fast v1.2.1
[INFO] [stderr]    Compiling stable_deref_trait v1.2.0
[INFO] [stderr]    Compiling constant_time_eq v0.1.5
[INFO] [stderr]    Compiling arrayref v0.3.6
[INFO] [stderr]    Compiling adler v1.0.2
[INFO] [stderr]    Compiling base64 v0.12.3
[INFO] [stderr]    Compiling pin-project-lite v0.1.12
[INFO] [stderr]    Compiling route-recognizer v0.2.0
[INFO] [stderr]    Compiling value-bag v1.0.0-alpha.7
[INFO] [stderr]    Compiling standback v0.2.17
[INFO] [stderr]    Compiling time v0.2.27
[INFO] [stderr]    Compiling cookie v0.14.4
[INFO] [stderr]    Compiling num-traits v0.2.14
[INFO] [stderr]    Compiling num-integer v0.1.44
[INFO] [stderr]    Compiling futures-macro v0.3.16
[INFO] [stderr]    Compiling miniz_oxide v0.4.4
[INFO] [stderr]    Compiling futures-util v0.3.16
[INFO] [stderr]    Compiling socket2 v0.4.1
[INFO] [stderr]    Compiling getrandom v0.2.3
[INFO] [stderr]    Compiling signal-hook-registry v1.4.0
[INFO] [stderr]    Compiling time v0.1.44
[INFO] [stderr]    Compiling cipher v0.2.5
[INFO] [stderr]    Compiling universal-hash v0.4.1
[INFO] [stderr]    Compiling crypto-mac v0.10.1
[INFO] [stderr]    Compiling aead v0.3.2
[INFO] [stderr]    Compiling dashmap v4.0.2
[INFO] [stderr]    Compiling async-mutex v1.4.0
[INFO] [stderr]    Compiling unicode-bidi v0.3.5
[INFO] [stderr]    Compiling async-lock v2.4.0
[INFO] [stderr]    Compiling simple-mutex v1.1.5
[INFO] [stderr]    Compiling concurrent-queue v1.2.2
[INFO] [stderr]    Compiling form_urlencoded v1.0.1
[INFO] [stderr]    Compiling hmac v0.10.1
[INFO] [stderr]    Compiling aes-soft v0.6.4
[INFO] [stderr]    Compiling ctr v0.6.0
[INFO] [stderr]    Compiling polyval v0.4.5
[INFO] [stderr]    Compiling rand_core v0.6.3
[INFO] [stderr]    Compiling idna v0.2.3
[INFO] [stderr]    Compiling async-dup v1.2.2
[INFO] [stderr]    Compiling hkdf v0.10.0
[INFO] [stderr]    Compiling ghash v0.3.1
[INFO] [stderr]    Compiling futures-lite v1.12.0
[INFO] [stderr]    Compiling async-channel v1.6.1
[INFO] [stderr]    Compiling byte-pool v0.2.3
[INFO] [stderr]    Compiling blake3 v0.3.8
[INFO] [stderr]    Compiling rand_chacha v0.3.1
[INFO] [stderr]    Compiling aes v0.6.0
[INFO] [stderr]    Compiling aes-gcm v0.8.0
[INFO] [stderr]    Compiling async-executor v1.4.1
[INFO] [stderr]    Compiling blocking v1.0.2
[INFO] [stderr]    Compiling rand v0.8.4
[INFO] [stderr]    Compiling flate2 v1.0.20
[INFO] [stderr]    Compiling ctor v0.1.20
[INFO] [stderr]    Compiling serde_derive v1.0.127
[INFO] [stderr]    Compiling time-macros-impl v0.1.2
[INFO] [stderr]    Compiling thiserror-impl v1.0.26
[INFO] [stderr]    Compiling async-attributes v1.1.2
[INFO] [stderr]    Compiling pin-project-internal v1.0.8
[INFO] [stderr]    Compiling time-macros v0.1.1
[INFO] [stderr]    Compiling polling v2.1.0
[INFO] [stderr]    Compiling kv-log-macro v1.0.7
[INFO] [stderr]    Compiling thiserror v1.0.26
[INFO] [stderr]    Compiling pin-project v1.0.8
[INFO] [stderr]    Compiling async-io v1.6.0
[INFO] [stderr]    Compiling async-global-executor v2.0.2
[INFO] [stderr]    Compiling async-process v1.2.0
[INFO] [stderr]    Compiling async-std v1.9.0
[INFO] [stderr]    Compiling serde_json v1.0.66
[INFO] [stderr]    Compiling serde_qs v0.7.2
[INFO] [stderr]    Compiling serde_urlencoded v0.7.0
[INFO] [stderr]    Compiling url v2.2.2
[INFO] [stderr]    Compiling chrono v0.4.19
[INFO] [stderr]    Compiling bincode v1.3.3
[INFO] [stderr]    Compiling femme v2.1.1
[INFO] [stderr]    Compiling async-session v2.0.1
[INFO] [stderr]    Compiling async-sse v4.1.0
[INFO] [stderr]    Compiling http-client v6.4.1
[INFO] [stderr]    Compiling async-h1 v2.3.2
[INFO] [stderr]    Compiling tide v0.14.0
[INFO] [stdout] error[E0277]: the trait bound `std::string::String: ToValue` is not satisfied
[INFO] [stdout]   --> /opt/rustwide/cargo-home/registry/src/github.com-1ecc6299db9ec823/tide-0.14.0/src/log/middleware.rs:43:9
[INFO] [stdout]    |
[INFO] [stdout] 43 | /         log::info!("<-- Request received", {
[INFO] [stdout] 44 | |             method: method,
[INFO] [stdout] 45 | |             path: path,
[INFO] [stdout] 46 | |         });
[INFO] [stdout]    | |___________^ the trait `ToValue` is not implemented for `std::string::String`
[INFO] [stdout]    |
[INFO] [stdout]    = note: required for the cast to the object type `dyn ToValue`
[INFO] [stdout]    = note: this error originates in the macro `$crate::log_impl` (in Nightly builds, run with -Z macro-backtrace for more info)
[INFO] [stdout] 
[INFO] [stdout] 
[INFO] [stdout] error[E0277]: the trait bound `std::string::String: ToValue` is not satisfied
[INFO] [stdout]   --> /opt/rustwide/cargo-home/registry/src/github.com-1ecc6299db9ec823/tide-0.14.0/src/log/middleware.rs:52:17
[INFO] [stdout]    |
[INFO] [stdout] 52 | /                 log::error!("Internal error --> Response sent", {
[INFO] [stdout] 53 | |                     message: format!("{:?}", error),
[INFO] [stdout] 54 | |                     error_type: error.type_name(),
[INFO] [stdout] 55 | |                     method: method,
[INFO] [stdout] ...  |
[INFO] [stdout] 58 | |                     duration: format!("{:?}", start.elapsed()),
[INFO] [stdout] 59 | |                 });
[INFO] [stdout]    | |___________________^ the trait `ToValue` is not implemented for `std::string::String`
[INFO] [stdout]    |
[INFO] [stdout]    = note: required for the cast to the object type `dyn ToValue`
[INFO] [stdout]    = note: this error originates in the macro `$crate::log_impl` (in Nightly builds, run with -Z macro-backtrace for more info)
[INFO] [stdout] 
[INFO] [stdout] 
[INFO] [stdout] error[E0277]: the trait bound `std::string::String: ToValue` is not satisfied
[INFO] [stdout]   --> /opt/rustwide/cargo-home/registry/src/github.com-1ecc6299db9ec823/tide-0.14.0/src/log/middleware.rs:61:17
[INFO] [stdout]    |
[INFO] [stdout] 61 | /                 log::error!("Internal error --> Response sent", {
[INFO] [stdout] 62 | |                     method: method,
[INFO] [stdout] 63 | |                     path: path,
[INFO] [stdout] 64 | |                     status: format!("{} - {}", status as u16, status.canonical_reason()),
[INFO] [stdout] 65 | |                     duration: format!("{:?}", start.elapsed()),
[INFO] [stdout] 66 | |                 });
[INFO] [stdout]    | |___________________^ the trait `ToValue` is not implemented for `std::string::String`
[INFO] [stdout]    |
[INFO] [stdout]    = note: required for the cast to the object type `dyn ToValue`
[INFO] [stdout]    = note: this error originates in the macro `$crate::log_impl` (in Nightly builds, run with -Z macro-backtrace for more info)
[INFO] [stdout] 
[INFO] [stdout] 
[INFO] [stdout] error[E0277]: the trait bound `std::string::String: ToValue` is not satisfied
[INFO] [stdout]   --> /opt/rustwide/cargo-home/registry/src/github.com-1ecc6299db9ec823/tide-0.14.0/src/log/middleware.rs:70:17
[INFO] [stdout]    |
[INFO] [stdout] 70 | /                 log::warn!("Client error --> Response sent", {
[INFO] [stdout] 71 | |                     message: format!("{:?}", error),
[INFO] [stdout] 72 | |                     error_type: error.type_name(),
[INFO] [stdout] 73 | |                     method: method,
[INFO] [stdout] ...  |
[INFO] [stdout] 76 | |                     duration: format!("{:?}", start.elapsed()),
[INFO] [stdout] 77 | |                 });
[INFO] [stdout]    | |___________________^ the trait `ToValue` is not implemented for `std::string::String`
[INFO] [stdout]    |
[INFO] [stdout]    = note: required for the cast to the object type `dyn ToValue`
[INFO] [stdout]    = note: this error originates in the macro `$crate::log_impl` (in Nightly builds, run with -Z macro-backtrace for more info)
[INFO] [stdout] 
[INFO] [stdout] 
[INFO] [stdout] error[E0277]: the trait bound `std::string::String: ToValue` is not satisfied
[INFO] [stdout]   --> /opt/rustwide/cargo-home/registry/src/github.com-1ecc6299db9ec823/tide-0.14.0/src/log/middleware.rs:79:17
[INFO] [stdout]    |
[INFO] [stdout] 79 | /                 log::warn!("Client error --> Response sent", {
[INFO] [stdout] 80 | |                     method: method,
[INFO] [stdout] 81 | |                     path: path,
[INFO] [stdout] 82 | |                     status: format!("{} - {}", status as u16, status.canonical_reason()),
[INFO] [stdout] 83 | |                     duration: format!("{:?}", start.elapsed()),
[INFO] [stdout] 84 | |                 });
[INFO] [stdout]    | |___________________^ the trait `ToValue` is not implemented for `std::string::String`
[INFO] [stdout]    |
[INFO] [stdout]    = note: required for the cast to the object type `dyn ToValue`
[INFO] [stdout]    = note: this error originates in the macro `$crate::log_impl` (in Nightly builds, run with -Z macro-backtrace for more info)
[INFO] [stdout] 
[INFO] [stdout] 
[INFO] [stdout] error[E0277]: the trait bound `std::string::String: ToValue` is not satisfied
[INFO] [stdout]   --> /opt/rustwide/cargo-home/registry/src/github.com-1ecc6299db9ec823/tide-0.14.0/src/log/middleware.rs:87:13
[INFO] [stdout]    |
[INFO] [stdout] 87 | /             log::info!("--> Response sent", {
[INFO] [stdout] 88 | |                 method: method,
[INFO] [stdout] 89 | |                 path: path,
[INFO] [stdout] 90 | |                 status: format!("{} - {}", status as u16, status.canonical_reason()),
[INFO] [stdout] 91 | |                 duration: format!("{:?}", start.elapsed()),
[INFO] [stdout] 92 | |             });
[INFO] [stdout]    | |_______________^ the trait `ToValue` is not implemented for `std::string::String`
[INFO] [stdout]    |
[INFO] [stdout]    = note: required for the cast to the object type `dyn ToValue`
[INFO] [stdout]    = note: this error originates in the macro `$crate::log_impl` (in Nightly builds, run with -Z macro-backtrace for more info)
[INFO] [stdout] 
[INFO] [stdout] 
[INFO] [stdout] error[E0277]: the trait bound `std::string::String: ToValue` is not satisfied
[INFO] [stdout]   --> /opt/rustwide/cargo-home/registry/src/github.com-1ecc6299db9ec823/tide-0.14.0/src/listener/failover_listener.rs:90:21
[INFO] [stdout]    |
[INFO] [stdout] 90 | /                     crate::log::info!("unable to listen", {
[INFO] [stdout] 91 | |                         listener: listener.to_string(),
[INFO] [stdout] 92 | |                         error: e.to_string()
[INFO] [stdout] 93 | |                     });
[INFO] [stdout]    | |_______________________^ the trait `ToValue` is not implemented for `std::string::String`
[INFO] [stdout]    |
[INFO] [stdout]    = note: required for the cast to the object type `dyn ToValue`
[INFO] [stdout]    = note: this error originates in the macro `$crate::log_impl` (in Nightly builds, run with -Z macro-backtrace for more info)
[INFO] [stdout] 
[INFO] [stdout] 
[INFO] [stdout] error[E0277]: the trait bound `std::string::String: ToValue` is not satisfied
[INFO] [stdout]   --> /opt/rustwide/cargo-home/registry/src/github.com-1ecc6299db9ec823/tide-0.14.0/src/listener/tcp_listener.rs:66:13
[INFO] [stdout]    |
[INFO] [stdout] 66 |             log::error!("async-h1 error", { error: error.to_string() });
[INFO] [stdout]    |             ^^^^^^^^^^^^^^^^^^^^^^^^^^^^^^^^^^^^^^^^^^^^^^^^^^^^^^^^^^^^ the trait `ToValue` is not implemented for `std::string::String`
[INFO] [stdout]    |
[INFO] [stdout]    = note: required for the cast to the object type `dyn ToValue`
[INFO] [stdout]    = note: this error originates in the macro `$crate::log_impl` (in Nightly builds, run with -Z macro-backtrace for more info)
[INFO] [stdout] 
[INFO] [stdout] 
[INFO] [stdout] error[E0277]: the trait bound `std::string::String: ToValue` is not satisfied
[INFO] [stdout]   --> /opt/rustwide/cargo-home/registry/src/github.com-1ecc6299db9ec823/tide-0.14.0/src/listener/unix_listener.rs:79:13
[INFO] [stdout]    |
[INFO] [stdout] 79 |             log::error!("async-h1 error", { error: error.to_string() });
[INFO] [stdout]    |             ^^^^^^^^^^^^^^^^^^^^^^^^^^^^^^^^^^^^^^^^^^^^^^^^^^^^^^^^^^^^ the trait `ToValue` is not implemented for `std::string::String`
[INFO] [stdout]    |
[INFO] [stdout]    = note: required for the cast to the object type `dyn ToValue`
[INFO] [stdout]    = note: this error originates in the macro `$crate::log_impl` (in Nightly builds, run with -Z macro-backtrace for more info)
[INFO] [stdout] 
[INFO] [stdout] 
[INFO] [stdout] error[E0277]: the trait bound `std::string::String: ToValue` is not satisfied
[INFO] [stdout]   --> /opt/rustwide/cargo-home/registry/src/github.com-1ecc6299db9ec823/tide-0.14.0/src/log/mod.rs:40:5
[INFO] [stdout]    |
[INFO] [stdout] 40 |     crate::log::info!("Logger started", { level: format!("{}", level) });
[INFO] [stdout]    |     ^^^^^^^^^^^^^^^^^^^^^^^^^^^^^^^^^^^^^^^^^^^^^^^^^^^^^^^^^^^^^^^^^^^^^ the trait `ToValue` is not implemented for `std::string::String`
[INFO] [stdout]    |
[INFO] [stdout]    = note: required for the cast to the object type `dyn ToValue`
[INFO] [stdout]    = note: this error originates in the macro `$crate::log_impl` (in Nightly builds, run with -Z macro-backtrace for more info)
[INFO] [stdout] 
[INFO] [stdout] 
[INFO] [stdout] error[E0277]: the trait bound `std::string::String: ToValue` is not satisfied
[INFO] [stdout]   --> /opt/rustwide/cargo-home/registry/src/github.com-1ecc6299db9ec823/tide-0.14.0/src/sessions/middleware.rs:99:17
[INFO] [stdout]    |
[INFO] [stdout] 99 |                 crate::log::error!("unable to destroy session", { error: e.to_string() });
[INFO] [stdout]    |                 ^^^^^^^^^^^^^^^^^^^^^^^^^^^^^^^^^^^^^^^^^^^^^^^^^^^^^^^^^^^^^^^^^^^^^^^^^^ the trait `ToValue` is not implemented for `std::string::String`
[INFO] [stdout]    |
[INFO] [stdout]    = note: required for the cast to the object type `dyn ToValue`
[INFO] [stdout]    = note: this error originates in the macro `$crate::log_impl` (in Nightly builds, run with -Z macro-backtrace for more info)
[INFO] [stdout] 
[INFO] [stdout] 
[INFO] [stdout] error: aborting due to 11 previous errors
[INFO] [stdout] 
[INFO] [stdout] 
[INFO] [stdout] For more information about this error, try `rustc --explain E0277`.
[INFO] [stdout] 
[INFO] [stderr] error: could not compile `tide` due to 12 previous errors
[INFO] running `Command { std: "docker" "inspect" "03a99da09fae612dd02d3ee696f3b9a92848b4daf6528e59197acb24b5870d57", kill_on_drop: false }`
[INFO] running `Command { std: "docker" "rm" "-f" "03a99da09fae612dd02d3ee696f3b9a92848b4daf6528e59197acb24b5870d57", kill_on_drop: false }`
[INFO] [stdout] 03a99da09fae612dd02d3ee696f3b9a92848b4daf6528e59197acb24b5870d57
