[INFO] fetching crate thunk 0.3.0...
[INFO] testing thunk-0.3.0 against beta-2021-08-01 for beta-1.55-1
[INFO] extracting crate thunk 0.3.0 into /workspace/builds/worker-92/source
[INFO] validating manifest of crates.io crate thunk 0.3.0 on toolchain beta-2021-08-01
[INFO] running `Command { std: "/workspace/cargo-home/bin/cargo" "+beta-2021-08-01" "metadata" "--manifest-path" "Cargo.toml" "--no-deps", kill_on_drop: false }`
[INFO] started tweaking crates.io crate thunk 0.3.0
[INFO] finished tweaking crates.io crate thunk 0.3.0
[INFO] tweaked toml for crates.io crate thunk 0.3.0 written to /workspace/builds/worker-92/source/Cargo.toml
[INFO] running `Command { std: "/workspace/cargo-home/bin/cargo" "+beta-2021-08-01" "generate-lockfile" "--manifest-path" "Cargo.toml" "-Zno-index-update", kill_on_drop: false }`
[INFO] [stderr]     Blocking waiting for file lock on package cache
[INFO] running `Command { std: "/workspace/cargo-home/bin/cargo" "+beta-2021-08-01" "fetch" "--manifest-path" "Cargo.toml", kill_on_drop: false }`
[INFO] [stderr]     Blocking waiting for file lock on package cache
[INFO] running `Command { std: "docker" "create" "-v" "/var/lib/crater-agent-workspace/builds/worker-92/target:/opt/rustwide/target:rw,Z" "-v" "/var/lib/crater-agent-workspace/builds/worker-92/source:/opt/rustwide/workdir:ro,Z" "-v" "/var/lib/crater-agent-workspace/cargo-home:/opt/rustwide/cargo-home:ro,Z" "-v" "/var/lib/crater-agent-workspace/rustup-home:/opt/rustwide/rustup-home:ro,Z" "-e" "SOURCE_DIR=/opt/rustwide/workdir" "-e" "CARGO_TARGET_DIR=/opt/rustwide/target" "-e" "CARGO_HOME=/opt/rustwide/cargo-home" "-e" "RUSTUP_HOME=/opt/rustwide/rustup-home" "-w" "/opt/rustwide/workdir" "-m" "1610612736" "--user" "0:0" "--network" "none" "ghcr.io/rust-lang/crates-build-env/linux@sha256:34b6a614d2c27851fe6cbf88fbd1137609cefab8b10d0615aaeb6fd47975d74e" "/opt/rustwide/cargo-home/bin/cargo" "+beta-2021-08-01" "metadata" "--no-deps" "--format-version=1", kill_on_drop: false }`
[INFO] [stdout] a0870adb607694e5d56ca73bf775af7c4c4cac08669a156907f3a54017c0ceca
[INFO] running `Command { std: "docker" "start" "-a" "a0870adb607694e5d56ca73bf775af7c4c4cac08669a156907f3a54017c0ceca", kill_on_drop: false }`
[INFO] running `Command { std: "docker" "inspect" "a0870adb607694e5d56ca73bf775af7c4c4cac08669a156907f3a54017c0ceca", kill_on_drop: false }`
[INFO] running `Command { std: "docker" "rm" "-f" "a0870adb607694e5d56ca73bf775af7c4c4cac08669a156907f3a54017c0ceca", kill_on_drop: false }`
[INFO] [stdout] a0870adb607694e5d56ca73bf775af7c4c4cac08669a156907f3a54017c0ceca
[INFO] running `Command { std: "docker" "create" "-v" "/var/lib/crater-agent-workspace/builds/worker-92/target:/opt/rustwide/target:rw,Z" "-v" "/var/lib/crater-agent-workspace/builds/worker-92/source:/opt/rustwide/workdir:ro,Z" "-v" "/var/lib/crater-agent-workspace/cargo-home:/opt/rustwide/cargo-home:ro,Z" "-v" "/var/lib/crater-agent-workspace/rustup-home:/opt/rustwide/rustup-home:ro,Z" "-e" "SOURCE_DIR=/opt/rustwide/workdir" "-e" "CARGO_TARGET_DIR=/opt/rustwide/target" "-e" "CARGO_INCREMENTAL=0" "-e" "RUST_BACKTRACE=full" "-e" "RUSTFLAGS=--cap-lints=warn" "-e" "CARGO_HOME=/opt/rustwide/cargo-home" "-e" "RUSTUP_HOME=/opt/rustwide/rustup-home" "-w" "/opt/rustwide/workdir" "-m" "1610612736" "--user" "0:0" "--network" "none" "ghcr.io/rust-lang/crates-build-env/linux@sha256:34b6a614d2c27851fe6cbf88fbd1137609cefab8b10d0615aaeb6fd47975d74e" "/opt/rustwide/cargo-home/bin/cargo" "+beta-2021-08-01" "build" "--frozen" "--message-format=json", kill_on_drop: false }`
[INFO] [stdout] 53cedcf082ccdca7a05c03515e79f6150e6b5f2125d237305b20233888a3ea9c
[INFO] running `Command { std: "docker" "start" "-a" "53cedcf082ccdca7a05c03515e79f6150e6b5f2125d237305b20233888a3ea9c", kill_on_drop: false }`
[INFO] [stderr]     Blocking waiting for file lock on package cache
[INFO] [stderr]    Compiling void v1.0.2
[INFO] [stderr]    Compiling unreachable v1.0.0
[INFO] [stderr]    Compiling thunk v0.3.0 (/opt/rustwide/workdir)
[INFO] [stdout] warning: unknown lint: `unions_with_drop_fields`
[INFO] [stdout]   --> src/sync.rs:64:9
[INFO] [stdout]    |
[INFO] [stdout] 64 | #[allow(unions_with_drop_fields)]
[INFO] [stdout]    |         ^^^^^^^^^^^^^^^^^^^^^^^
[INFO] [stdout]    |
[INFO] [stdout]    = note: `#[warn(unknown_lints)]` on by default
[INFO] [stdout] 
[INFO] [stdout] 
[INFO] [stdout] warning: unknown lint: `unions_with_drop_fields`
[INFO] [stdout]   --> src/unsync.rs:36:9
[INFO] [stdout]    |
[INFO] [stdout] 36 | #[allow(unions_with_drop_fields)]
[INFO] [stdout]    |         ^^^^^^^^^^^^^^^^^^^^^^^
[INFO] [stdout] 
[INFO] [stdout] 
[INFO] [stdout] error[E0432]: unresolved import `std::boxed::FnBox`
[INFO] [stdout]  --> src/sync.rs:2:5
[INFO] [stdout]   |
[INFO] [stdout] 2 | use std::boxed::FnBox;
[INFO] [stdout]   |     ^^^^^^^^^^^^^^^^^ no `FnBox` in `boxed`
[INFO] [stdout] 
[INFO] [stdout] 
[INFO] [stdout] error[E0432]: unresolved import `std::boxed::FnBox`
[INFO] [stdout]  --> src/unsync.rs:2:5
[INFO] [stdout]   |
[INFO] [stdout] 2 | use std::boxed::FnBox;
[INFO] [stdout]   |     ^^^^^^^^^^^^^^^^^ no `FnBox` in `boxed`
[INFO] [stdout] 
[INFO] [stdout] 
[INFO] [stdout] error[E0554]: `#![feature]` may not be used on the beta release channel
[INFO] [stdout]   --> src/lib.rs:20:1
[INFO] [stdout]    |
[INFO] [stdout] 20 | #![feature(fnbox)]
[INFO] [stdout]    | ^^^^^^^^^^^^^^^^^^
[INFO] [stdout] 
[INFO] [stdout] 
[INFO] [stdout] error[E0554]: `#![feature]` may not be used on the beta release channel
[INFO] [stdout]   --> src/lib.rs:21:1
[INFO] [stdout]    |
[INFO] [stdout] 21 | #![feature(untagged_unions)]
[INFO] [stdout]    | ^^^^^^^^^^^^^^^^^^^^^^^^^^^^
[INFO] [stdout] 
[INFO] [stdout] 
[INFO] [stdout] warning: trait objects without an explicit `dyn` are deprecated
[INFO] [stdout]    --> src/sync.rs:222:46
[INFO] [stdout]     |
[INFO] [stdout] 222 |             Box::from_raw(thunk_raw as *mut (FnBox() -> () + 'static))
[INFO] [stdout]     |                                              ^^^^^^^^^^^^^^^^^^^^^^^ help: use `dyn`: `dyn FnBox() -> () + 'static`
[INFO] [stdout]     |
[INFO] [stdout]     = note: `#[warn(bare_trait_objects)]` on by default
[INFO] [stdout]     = warning: this is accepted in the current edition (Rust 2015) but is a hard error in Rust 2021!
[INFO] [stdout]     = note: for more information, see issue #80165 <https://github.com/rust-lang/rust/issues/80165>
[INFO] [stdout] 
[INFO] [stdout] 
[INFO] [stdout] warning: unused doc comment
[INFO] [stdout]    --> src/sync.rs:260:13
[INFO] [stdout]     |
[INFO] [stdout] 260 |             /// If the `AtomicThunk` is evaluated, do nothing.
[INFO] [stdout]     |             ^^^^^^^^^^^^^^^^^^^^^^^^^^^^^^^^^^^^^^^^^^^^^^^^^^
[INFO] [stdout] 261 |             THUNK_EVALUATED => {}
[INFO] [stdout]     |             --------------------- rustdoc does not generate documentation for match arms
[INFO] [stdout]     |
[INFO] [stdout]     = note: `#[warn(unused_doc_comments)]` on by default
[INFO] [stdout]     = help: use `//` for a plain comment
[INFO] [stdout] 
[INFO] [stdout] 
[INFO] [stdout] warning: unused doc comment
[INFO] [stdout]    --> src/sync.rs:263:13
[INFO] [stdout]     |
[INFO] [stdout] 263 | /             /// If the `AtomicThunk` is `LOCKING` or `LOCKED`, wait until the thunk is
[INFO] [stdout] 264 | |             /// done evaluating and then return a reference to the inner value.
[INFO] [stdout]     | |_______________________________________________________________________________^
[INFO] [stdout] 265 |               THUNK_LOCKING | THUNK_LOCKED => unsafe { self.besiege() },
[INFO] [stdout]     |               --------------------------------------------------------- rustdoc does not generate documentation for match arms
[INFO] [stdout]     |
[INFO] [stdout]     = help: use `//` for a plain comment
[INFO] [stdout] 
[INFO] [stdout] 
[INFO] [stdout] warning: unused doc comment
[INFO] [stdout]    --> src/sync.rs:267:13
[INFO] [stdout]     |
[INFO] [stdout] 267 | /             /// Only `THUNK_DEFERRED`, `THUNK_EVALUATED`, `THUNK_LOCKING`, and
[INFO] [stdout] 268 | |             /// `THUNK_LOCKED` are valid values of the flag.
[INFO] [stdout]     | |____________________________________________________________^
[INFO] [stdout] 269 | /             THUNK_INVALIDATED |
[INFO] [stdout] 270 | |             _ => unsafe { unreachable() },
[INFO] [stdout]     | |_________________________________________- rustdoc does not generate documentation for match arms
[INFO] [stdout]     |
[INFO] [stdout]     = help: use `//` for a plain comment
[INFO] [stdout] 
[INFO] [stdout] 
[INFO] [stdout] warning: trait objects without an explicit `dyn` are deprecated
[INFO] [stdout]    --> src/unsync.rs:157:50
[INFO] [stdout]     |
[INFO] [stdout] 157 |                 Box::from_raw(thunk_raw as *mut (FnBox() -> () + 'static))
[INFO] [stdout]     |                                                  ^^^^^^^^^^^^^^^^^^^^^^^ help: use `dyn`: `dyn FnBox() -> () + 'static`
[INFO] [stdout]     |
[INFO] [stdout]     = warning: this is accepted in the current edition (Rust 2015) but is a hard error in Rust 2021!
[INFO] [stdout]     = note: for more information, see issue #80165 <https://github.com/rust-lang/rust/issues/80165>
[INFO] [stdout] 
[INFO] [stdout] 
[INFO] [stdout] warning: anonymous parameters are deprecated and will be removed in the next edition.
[INFO] [stdout]   --> src/lib.rs:56:52
[INFO] [stdout]    |
[INFO] [stdout] 56 |     fn defer<'a, F: FnOnce() -> Self::Target + 'a>(F) -> Self where Self::Target: 'a;
[INFO] [stdout]    |                                                    ^ help: try naming the parameter or explicitly ignoring it: `_: F`
[INFO] [stdout]    |
[INFO] [stdout]    = note: `#[warn(anonymous_parameters)]` on by default
[INFO] [stdout]    = warning: this is accepted in the current edition (Rust 2015) but is a hard error in Rust 2018!
[INFO] [stdout]    = note: for more information, see issue #41686 <https://github.com/rust-lang/rust/issues/41686>
[INFO] [stdout] 
[INFO] [stdout] 
[INFO] [stdout] error: aborting due to 4 previous errors; 8 warnings emitted
[INFO] [stdout] 
[INFO] [stdout] 
[INFO] [stdout] Some errors have detailed explanations: E0432, E0554.
[INFO] [stdout] 
[INFO] [stdout] For more information about an error, try `rustc --explain E0432`.
[INFO] [stdout] 
[INFO] [stderr] error: could not compile `thunk` due to 5 previous errors; 8 warnings emitted
[INFO] running `Command { std: "docker" "inspect" "53cedcf082ccdca7a05c03515e79f6150e6b5f2125d237305b20233888a3ea9c", kill_on_drop: false }`
[INFO] running `Command { std: "docker" "rm" "-f" "53cedcf082ccdca7a05c03515e79f6150e6b5f2125d237305b20233888a3ea9c", kill_on_drop: false }`
[INFO] [stdout] 53cedcf082ccdca7a05c03515e79f6150e6b5f2125d237305b20233888a3ea9c
