[INFO] fetching crate text-style 0.3.0...
[INFO] testing text-style-0.3.0 against 1.54.0 for beta-1.55-1
[INFO] extracting crate text-style 0.3.0 into /workspace/builds/worker-5/source
[INFO] validating manifest of crates.io crate text-style 0.3.0 on toolchain 1.54.0
[INFO] running `Command { std: "/workspace/cargo-home/bin/cargo" "+1.54.0" "metadata" "--manifest-path" "Cargo.toml" "--no-deps", kill_on_drop: false }`
[INFO] started tweaking crates.io crate text-style 0.3.0
[INFO] finished tweaking crates.io crate text-style 0.3.0
[INFO] tweaked toml for crates.io crate text-style 0.3.0 written to /workspace/builds/worker-5/source/Cargo.toml
[INFO] crate crates.io crate text-style 0.3.0 already has a lockfile, it will not be regenerated
[INFO] running `Command { std: "/workspace/cargo-home/bin/cargo" "+1.54.0" "fetch" "--manifest-path" "Cargo.toml", kill_on_drop: false }`
[INFO] [stderr]     Blocking waiting for file lock on package cache
[INFO] [stderr]  Downloading crates ...
[INFO] [stderr]   Downloaded genpdf v0.2.0
[INFO] [stderr]   Downloaded printpdf v0.3.4
[INFO] running `Command { std: "docker" "create" "-v" "/var/lib/crater-agent-workspace/builds/worker-5/target:/opt/rustwide/target:rw,Z" "-v" "/var/lib/crater-agent-workspace/builds/worker-5/source:/opt/rustwide/workdir:ro,Z" "-v" "/var/lib/crater-agent-workspace/cargo-home:/opt/rustwide/cargo-home:ro,Z" "-v" "/var/lib/crater-agent-workspace/rustup-home:/opt/rustwide/rustup-home:ro,Z" "-e" "SOURCE_DIR=/opt/rustwide/workdir" "-e" "CARGO_TARGET_DIR=/opt/rustwide/target" "-e" "CARGO_HOME=/opt/rustwide/cargo-home" "-e" "RUSTUP_HOME=/opt/rustwide/rustup-home" "-w" "/opt/rustwide/workdir" "-m" "1610612736" "--user" "0:0" "--network" "none" "ghcr.io/rust-lang/crates-build-env/linux@sha256:34b6a614d2c27851fe6cbf88fbd1137609cefab8b10d0615aaeb6fd47975d74e" "/opt/rustwide/cargo-home/bin/cargo" "+1.54.0" "metadata" "--no-deps" "--format-version=1", kill_on_drop: false }`
[INFO] [stderr] WARNING: Your kernel does not support swap limit capabilities or the cgroup is not mounted. Memory limited without swap.
[INFO] [stdout] 8ff985dd30b4089e56a2d5ca4f66b56d92b7013b3c3de400d6f1f52291c38abc
[INFO] running `Command { std: "docker" "start" "-a" "8ff985dd30b4089e56a2d5ca4f66b56d92b7013b3c3de400d6f1f52291c38abc", kill_on_drop: false }`
[INFO] running `Command { std: "docker" "inspect" "8ff985dd30b4089e56a2d5ca4f66b56d92b7013b3c3de400d6f1f52291c38abc", kill_on_drop: false }`
[INFO] running `Command { std: "docker" "rm" "-f" "8ff985dd30b4089e56a2d5ca4f66b56d92b7013b3c3de400d6f1f52291c38abc", kill_on_drop: false }`
[INFO] [stdout] 8ff985dd30b4089e56a2d5ca4f66b56d92b7013b3c3de400d6f1f52291c38abc
[INFO] running `Command { std: "docker" "create" "-v" "/var/lib/crater-agent-workspace/builds/worker-5/target:/opt/rustwide/target:rw,Z" "-v" "/var/lib/crater-agent-workspace/builds/worker-5/source:/opt/rustwide/workdir:ro,Z" "-v" "/var/lib/crater-agent-workspace/cargo-home:/opt/rustwide/cargo-home:ro,Z" "-v" "/var/lib/crater-agent-workspace/rustup-home:/opt/rustwide/rustup-home:ro,Z" "-e" "SOURCE_DIR=/opt/rustwide/workdir" "-e" "CARGO_TARGET_DIR=/opt/rustwide/target" "-e" "CARGO_INCREMENTAL=0" "-e" "RUST_BACKTRACE=full" "-e" "RUSTFLAGS=--cap-lints=warn" "-e" "CARGO_HOME=/opt/rustwide/cargo-home" "-e" "RUSTUP_HOME=/opt/rustwide/rustup-home" "-w" "/opt/rustwide/workdir" "-m" "1610612736" "--user" "0:0" "--network" "none" "ghcr.io/rust-lang/crates-build-env/linux@sha256:34b6a614d2c27851fe6cbf88fbd1137609cefab8b10d0615aaeb6fd47975d74e" "/opt/rustwide/cargo-home/bin/cargo" "+1.54.0" "build" "--frozen" "--message-format=json", kill_on_drop: false }`
[INFO] [stdout] 8d25bf0101ebf18edc2122e5c011f4e5fffbbac0de212ccab97fdddaf53e4547
[INFO] [stderr] WARNING: Your kernel does not support swap limit capabilities or the cgroup is not mounted. Memory limited without swap.
[INFO] running `Command { std: "docker" "start" "-a" "8d25bf0101ebf18edc2122e5c011f4e5fffbbac0de212ccab97fdddaf53e4547", kill_on_drop: false }`
[INFO] [stderr]     Blocking waiting for file lock on package cache
[INFO] [stderr]    Compiling text-style v0.3.0 (/opt/rustwide/workdir)
[INFO] [stderr]     Finished dev [unoptimized + debuginfo] target(s) in 1.16s
[INFO] running `Command { std: "docker" "inspect" "8d25bf0101ebf18edc2122e5c011f4e5fffbbac0de212ccab97fdddaf53e4547", kill_on_drop: false }`
[INFO] running `Command { std: "docker" "rm" "-f" "8d25bf0101ebf18edc2122e5c011f4e5fffbbac0de212ccab97fdddaf53e4547", kill_on_drop: false }`
[INFO] [stdout] 8d25bf0101ebf18edc2122e5c011f4e5fffbbac0de212ccab97fdddaf53e4547
[INFO] running `Command { std: "docker" "create" "-v" "/var/lib/crater-agent-workspace/builds/worker-5/target:/opt/rustwide/target:rw,Z" "-v" "/var/lib/crater-agent-workspace/builds/worker-5/source:/opt/rustwide/workdir:ro,Z" "-v" "/var/lib/crater-agent-workspace/cargo-home:/opt/rustwide/cargo-home:ro,Z" "-v" "/var/lib/crater-agent-workspace/rustup-home:/opt/rustwide/rustup-home:ro,Z" "-e" "SOURCE_DIR=/opt/rustwide/workdir" "-e" "CARGO_TARGET_DIR=/opt/rustwide/target" "-e" "CARGO_INCREMENTAL=0" "-e" "RUST_BACKTRACE=full" "-e" "RUSTFLAGS=--cap-lints=warn" "-e" "CARGO_HOME=/opt/rustwide/cargo-home" "-e" "RUSTUP_HOME=/opt/rustwide/rustup-home" "-w" "/opt/rustwide/workdir" "-m" "1610612736" "--user" "0:0" "--network" "none" "ghcr.io/rust-lang/crates-build-env/linux@sha256:34b6a614d2c27851fe6cbf88fbd1137609cefab8b10d0615aaeb6fd47975d74e" "/opt/rustwide/cargo-home/bin/cargo" "+1.54.0" "test" "--frozen" "--no-run" "--message-format=json", kill_on_drop: false }`
[INFO] [stdout] bc40864709a3afe5787e5d171c308b5edd7af5d07f9ea15753025cba4095925c
[INFO] [stderr] WARNING: Your kernel does not support swap limit capabilities or the cgroup is not mounted. Memory limited without swap.
[INFO] running `Command { std: "docker" "start" "-a" "bc40864709a3afe5787e5d171c308b5edd7af5d07f9ea15753025cba4095925c", kill_on_drop: false }`
[INFO] [stderr]    Compiling syn v1.0.73
[INFO] [stderr]    Compiling serde v1.0.126
[INFO] [stderr]    Compiling array-macro v1.0.5
[INFO] [stderr]    Compiling argh_shared v0.1.4
[INFO] [stderr]    Compiling xi-unicode v0.3.0
[INFO] [stderr]    Compiling num-traits v0.2.14
[INFO] [stderr]    Compiling num-integer v0.1.44
[INFO] [stderr]    Compiling num-rational v0.3.2
[INFO] [stderr]    Compiling num-iter v0.1.42
[INFO] [stderr]    Compiling ahash v0.6.3
[INFO] [stderr]    Compiling onig_sys v69.7.0
[INFO] [stderr]    Compiling line-wrap v0.1.1
[INFO] [stderr]    Compiling time v0.1.43
[INFO] [stderr]    Compiling parking_lot_core v0.8.3
[INFO] [stderr]    Compiling getrandom v0.2.3
[INFO] [stderr]    Compiling mio v0.7.13
[INFO] [stderr]    Compiling flate2 v1.0.20
[INFO] [stderr]    Compiling parking_lot v0.11.1
[INFO] [stderr]    Compiling signal-hook v0.1.17
[INFO] [stderr]    Compiling crossterm v0.19.0
[INFO] [stderr]    Compiling num-complex v0.3.1
[INFO] [stderr]    Compiling chrono v0.4.19
[INFO] [stderr]    Compiling num v0.3.1
[INFO] [stderr]    Compiling serde_json v1.0.64
[INFO] [stderr]    Compiling bincode v1.3.3
[INFO] [stderr]    Compiling plist v1.1.0
[INFO] [stderr]    Compiling darling_core v0.10.2
[INFO] [stderr]    Compiling onig v6.2.0
[INFO] [stderr]    Compiling enum-map-derive v0.4.6
[INFO] [stderr]    Compiling argh_derive v0.1.4
[INFO] [stderr]    Compiling serde_derive v1.0.126
[INFO] [stderr]    Compiling darling_macro v0.10.2
[INFO] [stderr]    Compiling enum-map v0.6.4
[INFO] [stderr]    Compiling argh v0.1.4
[INFO] [stderr]    Compiling darling v0.10.2
[INFO] [stderr]    Compiling wasmer_enumset_derive v0.5.0
[INFO] [stderr]    Compiling wasmer_enumset v1.0.1
[INFO] [stderr]    Compiling cursive_core v0.2.2
[INFO] [stderr]    Compiling syntect v4.5.0
[INFO] [stderr]    Compiling cursive v0.16.3
[INFO] [stderr]    Compiling text-style v0.3.0 (/opt/rustwide/workdir)
[INFO] [stdout] error[E0433]: failed to resolve: could not find `ansi_term` in `text_style`
[INFO] [stdout]   --> examples/syntect.rs:39:25
[INFO] [stdout]    |
[INFO] [stdout] 39 |             text_style::ansi_term::render_iter(io::stdout(), strings)
[INFO] [stdout]    |                         ^^^^^^^^^ could not find `ansi_term` in `text_style`
[INFO] [stdout] 
[INFO] [stdout] 
[INFO] [stdout] error[E0433]: failed to resolve: could not find `crossterm` in `text_style`
[INFO] [stdout]   --> examples/syntect.rs:43:25
[INFO] [stdout]    |
[INFO] [stdout] 43 |             text_style::crossterm::render_iter(io::stdout(), strings)
[INFO] [stdout]    |                         ^^^^^^^^^ could not find `crossterm` in `text_style`
[INFO] [stdout] 
[INFO] [stdout] 
[INFO] [stdout] error[E0433]: failed to resolve: could not find `termion` in `text_style`
[INFO] [stdout]   --> examples/syntect.rs:59:25
[INFO] [stdout]    |
[INFO] [stdout] 59 |             text_style::termion::render_iter(io::stdout(), strings)
[INFO] [stdout]    |                         ^^^^^^^ could not find `termion` in `text_style`
[INFO] [stdout] 
[INFO] [stdout] 
[INFO] [stdout] error[E0432]: unresolved import `genpdf`
[INFO] [stdout]   --> tests/render.rs:65:13
[INFO] [stdout]    |
[INFO] [stdout] 65 |         use genpdf::style;
[INFO] [stdout]    |             ^^^^^^ use of undeclared crate or module `genpdf`
[INFO] [stdout] 
[INFO] [stdout] 
[INFO] [stdout] error[E0432]: unresolved import `genpdf`
[INFO] [stdout]   --> tests/render.rs:98:13
[INFO] [stdout]    |
[INFO] [stdout] 98 |         use genpdf::style;
[INFO] [stdout]    |             ^^^^^^ use of undeclared crate or module `genpdf`
[INFO] [stdout] 
[INFO] [stdout] 
[INFO] [stdout] error[E0432]: unresolved import `genpdf`
[INFO] [stdout]    --> tests/render.rs:190:13
[INFO] [stdout]     |
[INFO] [stdout] 190 |         use genpdf::style;
[INFO] [stdout]     |             ^^^^^^ use of undeclared crate or module `genpdf`
[INFO] [stdout] 
[INFO] [stdout] 
[INFO] [stdout] error[E0433]: failed to resolve: could not find `ansi_term` in `text_style`
[INFO] [stdout]   --> tests/render.rs:49:9
[INFO] [stdout]    |
[INFO] [stdout] 49 |         ansi_term,
[INFO] [stdout]    |         ^^^^^^^^^ could not find `ansi_term` in `text_style`
[INFO] [stdout] 
[INFO] [stdout] 
[INFO] [stdout] error[E0433]: failed to resolve: could not find `crossterm` in `text_style`
[INFO] [stdout]   --> tests/render.rs:50:9
[INFO] [stdout]    |
[INFO] [stdout] 50 |         crossterm,
[INFO] [stdout]    |         ^^^^^^^^^ could not find `crossterm` in `text_style`
[INFO] [stdout] 
[INFO] [stdout] 
[INFO] [stdout] error[E0433]: failed to resolve: could not find `termion` in `text_style`
[INFO] [stdout]   --> tests/render.rs:51:9
[INFO] [stdout]    |
[INFO] [stdout] 51 |         termion,
[INFO] [stdout]    |         ^^^^^^^ could not find `termion` in `text_style`
[INFO] [stdout] 
[INFO] [stdout] 
[INFO] [stdout] error[E0433]: failed to resolve: could not find `ansi_term` in `text_style`
[INFO] [stdout]   --> tests/render.rs:82:9
[INFO] [stdout]    |
[INFO] [stdout] 82 |         ansi_term,
[INFO] [stdout]    |         ^^^^^^^^^ could not find `ansi_term` in `text_style`
[INFO] [stdout] 
[INFO] [stdout] 
[INFO] [stdout] error[E0433]: failed to resolve: could not find `crossterm` in `text_style`
[INFO] [stdout]   --> tests/render.rs:83:9
[INFO] [stdout]    |
[INFO] [stdout] 83 |         crossterm,
[INFO] [stdout]    |         ^^^^^^^^^ could not find `crossterm` in `text_style`
[INFO] [stdout] 
[INFO] [stdout] 
[INFO] [stdout] error[E0433]: failed to resolve: could not find `termion` in `text_style`
[INFO] [stdout]   --> tests/render.rs:84:9
[INFO] [stdout]    |
[INFO] [stdout] 84 |         termion,
[INFO] [stdout]    |         ^^^^^^^ could not find `termion` in `text_style`
[INFO] [stdout] 
[INFO] [stdout] 
[INFO] [stdout] error[E0433]: failed to resolve: could not find `ansi_term` in `text_style`
[INFO] [stdout]    --> tests/render.rs:115:9
[INFO] [stdout]     |
[INFO] [stdout] 115 |         ansi_term,
[INFO] [stdout]     |         ^^^^^^^^^ could not find `ansi_term` in `text_style`
[INFO] [stdout] 
[INFO] [stdout] 
[INFO] [stdout] error[E0433]: failed to resolve: could not find `crossterm` in `text_style`
[INFO] [stdout]    --> tests/render.rs:116:9
[INFO] [stdout]     |
[INFO] [stdout] 116 |         crossterm,
[INFO] [stdout]     |         ^^^^^^^^^ could not find `crossterm` in `text_style`
[INFO] [stdout] 
[INFO] [stdout] 
[INFO] [stdout] error[E0433]: failed to resolve: could not find `termion` in `text_style`
[INFO] [stdout]    --> tests/render.rs:117:9
[INFO] [stdout]     |
[INFO] [stdout] 117 |         termion,
[INFO] [stdout]     |         ^^^^^^^ could not find `termion` in `text_style`
[INFO] [stdout] 
[INFO] [stdout] 
[INFO] [stdout] error[E0433]: failed to resolve: could not find `ansi_term` in `text_style`
[INFO] [stdout]    --> tests/render.rs:138:9
[INFO] [stdout]     |
[INFO] [stdout] 138 |         ansi_term,
[INFO] [stdout]     |         ^^^^^^^^^ could not find `ansi_term` in `text_style`
[INFO] [stdout] 
[INFO] [stdout] 
[INFO] [stdout] error[E0433]: failed to resolve: could not find `crossterm` in `text_style`
[INFO] [stdout]    --> tests/render.rs:139:9
[INFO] [stdout]     |
[INFO] [stdout] 139 |         crossterm,
[INFO] [stdout]     |         ^^^^^^^^^ could not find `crossterm` in `text_style`
[INFO] [stdout] 
[INFO] [stdout] 
[INFO] [stdout] error[E0433]: failed to resolve: could not find `termion` in `text_style`
[INFO] [stdout]    --> tests/render.rs:140:9
[INFO] [stdout]     |
[INFO] [stdout] 140 |         termion,
[INFO] [stdout]     |         ^^^^^^^ could not find `termion` in `text_style`
[INFO] [stdout] 
[INFO] [stdout] 
[INFO] [stdout] error[E0433]: failed to resolve: could not find `ansi_term` in `text_style`
[INFO] [stdout]    --> tests/render.rs:168:9
[INFO] [stdout]     |
[INFO] [stdout] 168 |         ansi_term,
[INFO] [stdout]     |         ^^^^^^^^^ could not find `ansi_term` in `text_style`
[INFO] [stdout] 
[INFO] [stdout] 
[INFO] [stdout] error[E0433]: failed to resolve: could not find `crossterm` in `text_style`
[INFO] [stdout]    --> tests/render.rs:169:9
[INFO] [stdout]     |
[INFO] [stdout] 169 |         crossterm,
[INFO] [stdout]     |         ^^^^^^^^^ could not find `crossterm` in `text_style`
[INFO] [stdout] 
[INFO] [stdout] 
[INFO] [stdout] error[E0433]: failed to resolve: could not find `termion` in `text_style`
[INFO] [stdout]    --> tests/render.rs:170:9
[INFO] [stdout]     |
[INFO] [stdout] 170 |         termion,
[INFO] [stdout]     |         ^^^^^^^ could not find `termion` in `text_style`
[INFO] [stdout] 
[INFO] [stdout] 
[INFO] [stdout] error[E0433]: failed to resolve: could not find `ansi_term` in `text_style`
[INFO] [stdout]    --> tests/render.rs:214:9
[INFO] [stdout]     |
[INFO] [stdout] 214 |         ansi_term,
[INFO] [stdout]     |         ^^^^^^^^^ could not find `ansi_term` in `text_style`
[INFO] [stdout] 
[INFO] [stdout] 
[INFO] [stdout] error[E0433]: failed to resolve: could not find `crossterm` in `text_style`
[INFO] [stdout]    --> tests/render.rs:215:9
[INFO] [stdout]     |
[INFO] [stdout] 215 |         crossterm,
[INFO] [stdout]     |         ^^^^^^^^^ could not find `crossterm` in `text_style`
[INFO] [stdout] 
[INFO] [stdout] 
[INFO] [stdout] error[E0433]: failed to resolve: could not find `termion` in `text_style`
[INFO] [stdout]    --> tests/render.rs:216:9
[INFO] [stdout]     |
[INFO] [stdout] 216 |         termion,
[INFO] [stdout]     |         ^^^^^^^ could not find `termion` in `text_style`
[INFO] [stdout] 
[INFO] [stdout] 
[INFO] [stdout] error[E0277]: the trait bound `String: From<StyledStr<'_>>` is not satisfied
[INFO] [stdout]   --> tests/render.rs:60:28
[INFO] [stdout]    |
[INFO] [stdout] 60 |         assert_eq!(output, markup::StyledString::from(input));
[INFO] [stdout]    |                            ^^^^^^^^^^^^^^^^^^^^^^^^^^ the trait `From<StyledStr<'_>>` is not implemented for `String`
[INFO] [stdout]    |
[INFO] [stdout]    = help: the following implementations were found:
[INFO] [stdout]              <String as From<&String>>
[INFO] [stdout]              <String as From<&mut str>>
[INFO] [stdout]              <String as From<&str>>
[INFO] [stdout]              <String as From<Box<str>>>
[INFO] [stdout]            and 2 others
[INFO] [stdout]    = note: required because of the requirements on the impl of `Into<String>` for `StyledStr<'_>`
[INFO] [stdout]    = note: required because of the requirements on the impl of `From<StyledStr<'_>>` for `SpannedString<cursive::theme::Style>`
[INFO] [stdout]    = note: required by `from`
[INFO] [stdout] 
[INFO] [stdout] 
[INFO] [stdout] error[E0277]: the trait bound `String: From<StyledStr<'_>>` is not satisfied
[INFO] [stdout]   --> tests/render.rs:93:28
[INFO] [stdout]    |
[INFO] [stdout] 93 |         assert_eq!(output, markup::StyledString::from(input));
[INFO] [stdout]    |                            ^^^^^^^^^^^^^^^^^^^^^^^^^^ the trait `From<StyledStr<'_>>` is not implemented for `String`
[INFO] [stdout]    |
[INFO] [stdout]    = help: the following implementations were found:
[INFO] [stdout]              <String as From<&String>>
[INFO] [stdout]              <String as From<&mut str>>
[INFO] [stdout]              <String as From<&str>>
[INFO] [stdout]              <String as From<Box<str>>>
[INFO] [stdout]            and 2 others
[INFO] [stdout]    = note: required because of the requirements on the impl of `Into<String>` for `StyledStr<'_>`
[INFO] [stdout]    = note: required because of the requirements on the impl of `From<StyledStr<'_>>` for `SpannedString<cursive::theme::Style>`
[INFO] [stdout]    = note: required by `from`
[INFO] [stdout] 
[INFO] [stdout] 
[INFO] [stdout] error[E0277]: the trait bound `String: From<&StyledStr<'_>>` is not satisfied
[INFO] [stdout]   --> examples/syntect.rs:52:22
[INFO] [stdout]    |
[INFO] [stdout] 52 |                 view.append(s);
[INFO] [stdout]    |                      ^^^^^^ the trait `From<&StyledStr<'_>>` is not implemented for `String`
[INFO] [stdout]    |
[INFO] [stdout]    = help: the following implementations were found:
[INFO] [stdout]              <String as From<&String>>
[INFO] [stdout]              <String as From<&mut str>>
[INFO] [stdout]              <String as From<&str>>
[INFO] [stdout]              <String as From<Box<str>>>
[INFO] [stdout]            and 2 others
[INFO] [stdout]    = note: required because of the requirements on the impl of `Into<String>` for `&StyledStr<'_>`
[INFO] [stdout]    = note: required because of the requirements on the impl of `From<&StyledStr<'_>>` for `SpannedString<cursive::theme::Style>`
[INFO] [stdout]    = note: 1 redundant requirements hidden
[INFO] [stdout]    = note: required because of the requirements on the impl of `Into<SpannedString<cursive::theme::Style>>` for `&StyledStr<'_>`
[INFO] [stdout] 
[INFO] [stdout] 
[INFO] [stdout] error[E0277]: the trait bound `String: From<StyledStr<'_>>` is not satisfied
[INFO] [stdout]    --> tests/render.rs:126:28
[INFO] [stdout]     |
[INFO] [stdout] 126 |         assert_eq!(output, markup::StyledString::from(input));
[INFO] [stdout]     |                            ^^^^^^^^^^^^^^^^^^^^^^^^^^ the trait `From<StyledStr<'_>>` is not implemented for `String`
[INFO] [stdout]     |
[INFO] [stdout]     = help: the following implementations were found:
[INFO] [stdout]               <String as From<&String>>
[INFO] [stdout]               <String as From<&mut str>>
[INFO] [stdout]               <String as From<&str>>
[INFO] [stdout]               <String as From<Box<str>>>
[INFO] [stdout]             and 2 others
[INFO] [stdout]     = note: required because of the requirements on the impl of `Into<String>` for `StyledStr<'_>`
[INFO] [stdout]     = note: required because of the requirements on the impl of `From<StyledStr<'_>>` for `SpannedString<cursive::theme::Style>`
[INFO] [stdout]     = note: required by `from`
[INFO] [stdout] 
[INFO] [stdout] 
[INFO] [stdout] error[E0277]: the trait bound `String: From<StyledStr<'_>>` is not satisfied
[INFO] [stdout]    --> tests/render.rs:149:28
[INFO] [stdout]     |
[INFO] [stdout] 149 |         assert_eq!(output, markup::StyledString::from(input));
[INFO] [stdout]     |                            ^^^^^^^^^^^^^^^^^^^^^^^^^^ the trait `From<StyledStr<'_>>` is not implemented for `String`
[INFO] [stdout]     |
[INFO] [stdout]     = help: the following implementations were found:
[INFO] [stdout]               <String as From<&String>>
[INFO] [stdout]               <String as From<&mut str>>
[INFO] [stdout]               <String as From<&str>>
[INFO] [stdout]               <String as From<Box<str>>>
[INFO] [stdout]             and 2 others
[INFO] [stdout]     = note: required because of the requirements on the impl of `Into<String>` for `StyledStr<'_>`
[INFO] [stdout]     = note: required because of the requirements on the impl of `From<StyledStr<'_>>` for `SpannedString<cursive::theme::Style>`
[INFO] [stdout]     = note: required by `from`
[INFO] [stdout] 
[INFO] [stdout] 
[INFO] [stdout] error[E0277]: the trait bound `StyledStr<'_>: From<(syntect::highlighting::Style, &str)>` is not satisfied
[INFO] [stdout]    --> examples/syntect.rs:89:13
[INFO] [stdout]     |
[INFO] [stdout] 89  |               ranges.into_iter().map(Into::into).collect();
[INFO] [stdout]     |               ^^^^^^^^^^^^^^^^^^^^^^^^^^^^^^^^^^^^^^^^^^^^ the trait `From<(syntect::highlighting::Style, &str)>` is not implemented for `StyledStr<'_>`
[INFO] [stdout]     |
[INFO] [stdout]     = help: the following implementations were found:
[INFO] [stdout]               <StyledStr<'a> as From<&'a StyledString>>
[INFO] [stdout]               <StyledStr<'a> as From<&'a str>>
[INFO] [stdout]               <StyledStr<'a> as From<&'b StyledStr<'a>>>
[INFO] [stdout]     = note: required because of the requirements on the impl of `Into<StyledStr<'_>>` for `(syntect::highlighting::Style, &str)`
[INFO] [stdout] 
[INFO] [stdout] 
[INFO] [stdout] error[E0277]: the trait bound `String: From<StyledStr<'_>>` is not satisfied
[INFO] [stdout]    --> tests/render.rs:185:28
[INFO] [stdout]     |
[INFO] [stdout] 185 |         assert_eq!(output, markup::StyledString::from(input));
[INFO] [stdout]     |                            ^^^^^^^^^^^^^^^^^^^^^^^^^^ the trait `From<StyledStr<'_>>` is not implemented for `String`
[INFO] [stdout]     |
[INFO] [stdout]     = help: the following implementations were found:
[INFO] [stdout]               <String as From<&String>>
[INFO] [stdout]               <String as From<&mut str>>
[INFO] [stdout]               <String as From<&str>>
[INFO] [stdout]               <String as From<Box<str>>>
[INFO] [stdout]             and 2 others
[INFO] [stdout]     = note: required because of the requirements on the impl of `Into<String>` for `StyledStr<'_>`
[INFO] [stdout]     = note: required because of the requirements on the impl of `From<StyledStr<'_>>` for `SpannedString<cursive::theme::Style>`
[INFO] [stdout]     = note: required by `from`
[INFO] [stdout] 
[INFO] [stdout] 
[INFO] [stdout] error[E0277]: the trait bound `StyledStr<'_>: From<(syntect::highlighting::Style, &str)>` is not satisfied
[INFO] [stdout]    --> examples/syntect.rs:89:13
[INFO] [stdout]     |
[INFO] [stdout] 89  |               ranges.into_iter().map(Into::into).collect();
[INFO] [stdout]     |               ^^^^^^^^^^^^^^^^^^^^^^^^^^^^^^^^^^ the trait `From<(syntect::highlighting::Style, &str)>` is not implemented for `StyledStr<'_>`
[INFO] [stdout]     |
[INFO] [stdout]     = help: the following implementations were found:
[INFO] [stdout]               <StyledStr<'a> as From<&'a StyledString>>
[INFO] [stdout]               <StyledStr<'a> as From<&'a str>>
[INFO] [stdout]               <StyledStr<'a> as From<&'b StyledStr<'a>>>
[INFO] [stdout]     = note: required because of the requirements on the impl of `Into<StyledStr<'_>>` for `(syntect::highlighting::Style, &str)`
[INFO] [stdout] 
[INFO] [stdout] 
[INFO] [stdout] error[E0277]: the trait bound `String: From<StyledStr<'_>>` is not satisfied
[INFO] [stdout]    --> tests/render.rs:231:28
[INFO] [stdout]     |
[INFO] [stdout] 231 |         assert_eq!(output, markup::StyledString::from(input));
[INFO] [stdout]     |                            ^^^^^^^^^^^^^^^^^^^^^^^^^^ the trait `From<StyledStr<'_>>` is not implemented for `String`
[INFO] [stdout]     |
[INFO] [stdout]     = help: the following implementations were found:
[INFO] [stdout]               <String as From<&String>>
[INFO] [stdout]               <String as From<&mut str>>
[INFO] [stdout]               <String as From<&str>>
[INFO] [stdout]               <String as From<Box<str>>>
[INFO] [stdout]             and 2 others
[INFO] [stdout]     = note: required because of the requirements on the impl of `Into<String>` for `StyledStr<'_>`
[INFO] [stdout]     = note: required because of the requirements on the impl of `From<StyledStr<'_>>` for `SpannedString<cursive::theme::Style>`
[INFO] [stdout]     = note: required by `from`
[INFO] [stdout] 
[INFO] [stdout] 
[INFO] [stdout] error[E0277]: the trait bound `StyledStr<'_>: From<(syntect::highlighting::Style, &str)>` is not satisfied
[INFO] [stdout]   --> examples/syntect.rs:89:36
[INFO] [stdout]    |
[INFO] [stdout] 89 |             ranges.into_iter().map(Into::into).collect();
[INFO] [stdout]    |                                    ^^^^^^^^^^ the trait `From<(syntect::highlighting::Style, &str)>` is not implemented for `StyledStr<'_>`
[INFO] [stdout]    |
[INFO] [stdout]    = help: the following implementations were found:
[INFO] [stdout]              <StyledStr<'a> as From<&'a StyledString>>
[INFO] [stdout]              <StyledStr<'a> as From<&'a str>>
[INFO] [stdout]              <StyledStr<'a> as From<&'b StyledStr<'a>>>
[INFO] [stdout]    = note: required because of the requirements on the impl of `Into<StyledStr<'_>>` for `(syntect::highlighting::Style, &str)`
[INFO] [stdout]    = note: required by `into`
[INFO] [stdout] 
[INFO] [stdout] 
[INFO] [stdout] error: aborting due to 27 previous errors
[INFO] [stdout] 
[INFO] [stdout] 
[INFO] [stdout] error: aborting due to 7 previous errors
[INFO] [stdout] 
[INFO] [stdout] 
[INFO] [stderr] error: could not compile `text-style`
[INFO] [stdout] Some errors have detailed explanations: E0277, E0432, E0433.
[INFO] [stdout] 
[INFO] [stderr] 
[INFO] [stdout] For more information about an error, try `rustc --explain E0277`.
[INFO] [stdout] 
[INFO] [stderr] To learn more, run the command again with --verbose.
[INFO] [stdout] Some errors have detailed explanations: E0277, E0433.
[INFO] [stdout] 
[INFO] [stderr] warning: build failed, waiting for other jobs to finish...
[INFO] [stdout] For more information about an error, try `rustc --explain E0277`.
[INFO] [stdout] 
[INFO] [stderr] error: build failed
[INFO] running `Command { std: "docker" "inspect" "bc40864709a3afe5787e5d171c308b5edd7af5d07f9ea15753025cba4095925c", kill_on_drop: false }`
[INFO] running `Command { std: "docker" "rm" "-f" "bc40864709a3afe5787e5d171c308b5edd7af5d07f9ea15753025cba4095925c", kill_on_drop: false }`
[INFO] [stdout] bc40864709a3afe5787e5d171c308b5edd7af5d07f9ea15753025cba4095925c
