[INFO] fetching crate tetsy-rocksdb 0.5.0...
[INFO] testing tetsy-rocksdb-0.5.0 against 1.54.0 for beta-1.55-1
[INFO] extracting crate tetsy-rocksdb 0.5.0 into /workspace/builds/worker-10/source
[INFO] validating manifest of crates.io crate tetsy-rocksdb 0.5.0 on toolchain 1.54.0
[INFO] running `Command { std: "/workspace/cargo-home/bin/cargo" "+1.54.0" "metadata" "--manifest-path" "Cargo.toml" "--no-deps", kill_on_drop: false }`
[INFO] started tweaking crates.io crate tetsy-rocksdb 0.5.0
[INFO] removed 1 missing tests
[INFO] finished tweaking crates.io crate tetsy-rocksdb 0.5.0
[INFO] tweaked toml for crates.io crate tetsy-rocksdb 0.5.0 written to /workspace/builds/worker-10/source/Cargo.toml
[INFO] crate crates.io crate tetsy-rocksdb 0.5.0 already has a lockfile, it will not be regenerated
[INFO] running `Command { std: "/workspace/cargo-home/bin/cargo" "+1.54.0" "fetch" "--manifest-path" "Cargo.toml", kill_on_drop: false }`
[INFO] [stderr]     Blocking waiting for file lock on package cache
[INFO] running `Command { std: "docker" "create" "-v" "/var/lib/crater-agent-workspace/builds/worker-10/target:/opt/rustwide/target:rw,Z" "-v" "/var/lib/crater-agent-workspace/builds/worker-10/source:/opt/rustwide/workdir:ro,Z" "-v" "/var/lib/crater-agent-workspace/cargo-home:/opt/rustwide/cargo-home:ro,Z" "-v" "/var/lib/crater-agent-workspace/rustup-home:/opt/rustwide/rustup-home:ro,Z" "-e" "SOURCE_DIR=/opt/rustwide/workdir" "-e" "CARGO_TARGET_DIR=/opt/rustwide/target" "-e" "CARGO_HOME=/opt/rustwide/cargo-home" "-e" "RUSTUP_HOME=/opt/rustwide/rustup-home" "-w" "/opt/rustwide/workdir" "-m" "1610612736" "--user" "0:0" "--network" "none" "ghcr.io/rust-lang/crates-build-env/linux@sha256:34b6a614d2c27851fe6cbf88fbd1137609cefab8b10d0615aaeb6fd47975d74e" "/opt/rustwide/cargo-home/bin/cargo" "+1.54.0" "metadata" "--no-deps" "--format-version=1", kill_on_drop: false }`
[INFO] [stdout] 27ccca02406c8c31728f1df9273e17c794cb9660b965cf931c5f01ac6c3a97a9
[INFO] [stderr] WARNING: Your kernel does not support swap limit capabilities or the cgroup is not mounted. Memory limited without swap.
[INFO] running `Command { std: "docker" "start" "-a" "27ccca02406c8c31728f1df9273e17c794cb9660b965cf931c5f01ac6c3a97a9", kill_on_drop: false }`
[INFO] running `Command { std: "docker" "inspect" "27ccca02406c8c31728f1df9273e17c794cb9660b965cf931c5f01ac6c3a97a9", kill_on_drop: false }`
[INFO] running `Command { std: "docker" "rm" "-f" "27ccca02406c8c31728f1df9273e17c794cb9660b965cf931c5f01ac6c3a97a9", kill_on_drop: false }`
[INFO] [stdout] 27ccca02406c8c31728f1df9273e17c794cb9660b965cf931c5f01ac6c3a97a9
[INFO] running `Command { std: "docker" "create" "-v" "/var/lib/crater-agent-workspace/builds/worker-10/target:/opt/rustwide/target:rw,Z" "-v" "/var/lib/crater-agent-workspace/builds/worker-10/source:/opt/rustwide/workdir:ro,Z" "-v" "/var/lib/crater-agent-workspace/cargo-home:/opt/rustwide/cargo-home:ro,Z" "-v" "/var/lib/crater-agent-workspace/rustup-home:/opt/rustwide/rustup-home:ro,Z" "-e" "SOURCE_DIR=/opt/rustwide/workdir" "-e" "CARGO_TARGET_DIR=/opt/rustwide/target" "-e" "CARGO_INCREMENTAL=0" "-e" "RUST_BACKTRACE=full" "-e" "RUSTFLAGS=--cap-lints=warn" "-e" "CARGO_HOME=/opt/rustwide/cargo-home" "-e" "RUSTUP_HOME=/opt/rustwide/rustup-home" "-w" "/opt/rustwide/workdir" "-m" "1610612736" "--user" "0:0" "--network" "none" "ghcr.io/rust-lang/crates-build-env/linux@sha256:34b6a614d2c27851fe6cbf88fbd1137609cefab8b10d0615aaeb6fd47975d74e" "/opt/rustwide/cargo-home/bin/cargo" "+1.54.0" "build" "--frozen" "--message-format=json", kill_on_drop: false }`
[INFO] [stdout] 165fff7c0233338648c64b858d814438ae87c9ed4ec361a1c3d2e42925122a00
[INFO] [stderr] WARNING: Your kernel does not support swap limit capabilities or the cgroup is not mounted. Memory limited without swap.
[INFO] running `Command { std: "docker" "start" "-a" "165fff7c0233338648c64b858d814438ae87c9ed4ec361a1c3d2e42925122a00", kill_on_drop: false }`
[INFO] [stderr]    Compiling libc v0.2.86
[INFO] [stderr]    Compiling cmake v0.1.45
[INFO] [stderr]    Compiling tetsy-snappy-sys v0.1.2
[INFO] [stderr]    Compiling tetsy-rocksdb-sys v0.5.6
[INFO] [stderr]    Compiling rand v0.4.6
[INFO] [stderr]    Compiling tempdir v0.3.7
[INFO] [stderr]    Compiling skeptic v0.4.0
[INFO] [stderr]    Compiling local-encoding v0.2.0
[INFO] [stderr] error: failed to run custom build command for `tetsy-rocksdb-sys v0.5.6`
[INFO] [stderr] 
[INFO] [stderr] Caused by:
[INFO] [stderr]   process didn't exit successfully: `/opt/rustwide/target/debug/build/tetsy-rocksdb-sys-a77b13812163dd6f/build-script-build` (exit status: 101)
[INFO] [stderr]   --- stdout
[INFO] [stderr]   running: "cmake" "/opt/rustwide/cargo-home/registry/src/github.com-1ecc6299db9ec823/tetsy-rocksdb-sys-0.5.6/rocksdb" "-DCMAKE_VERBOSE_MAKEFILE=ON" "-DWITH_SNAPPY=ON" "-DFAIL_ON_WARNINGS=OFF" "-DSNAPPY_INCLUDE_DIR=/opt/rustwide/target/debug/build/tetsy-snappy-sys-25eac6cc523aebbf/out/build" "-DSNAPPY_LIBRARIES=/dev/null" "-DPORTABLE=ON" "-DCMAKE_INSTALL_PREFIX=/opt/rustwide/target/debug/build/tetsy-rocksdb-sys-5292c72afef22495/out" "-DCMAKE_C_FLAGS= -ffunction-sections -fdata-sections -fPIC -m64" "-DCMAKE_C_COMPILER=/usr/bin/cc" "-DCMAKE_CXX_FLAGS= -ffunction-sections -fdata-sections -fPIC -m64" "-DCMAKE_CXX_COMPILER=/usr/bin/c++" "-DCMAKE_ASM_FLAGS= -ffunction-sections -fdata-sections -fPIC -m64" "-DCMAKE_ASM_COMPILER=/usr/bin/cc" "-DCMAKE_BUILD_TYPE=Debug"
[INFO] [stderr]   -- The C compiler identification is GNU 9.3.0
[INFO] [stderr]   -- The CXX compiler identification is GNU 9.3.0
[INFO] [stderr]   -- Check for working C compiler: /usr/bin/cc
[INFO] [stderr]   -- Check for working C compiler: /usr/bin/cc -- works
[INFO] [stderr]   -- Detecting C compiler ABI info
[INFO] [stderr]   -- Detecting C compiler ABI info - done
[INFO] [stderr]   -- Detecting C compile features
[INFO] [stderr]   -- Detecting C compile features - done
[INFO] [stderr]   -- Check for working CXX compiler: /usr/bin/c++
[INFO] [stderr]   -- Check for working CXX compiler: /usr/bin/c++ -- works
[INFO] [stderr]   -- Detecting CXX compiler ABI info
[INFO] [stderr]   -- Detecting CXX compiler ABI info - done
[INFO] [stderr]   -- Detecting CXX compile features
[INFO] [stderr]   -- Detecting CXX compile features - done
[INFO] [stderr]   -- The ASM compiler identification is GNU
[INFO] [stderr]   -- Found assembler: /usr/bin/cc
[INFO] [stderr]   -- Found snappy: /dev/null  
[INFO] [stderr]   -- Found Git: /usr/bin/git (found version "2.25.1") 
[INFO] [stderr]   -- Enabling RTTI in Debug builds only (default)
[INFO] [stderr]   -- Looking for malloc_usable_size
[INFO] [stderr]   -- Looking for malloc_usable_size - found
[INFO] [stderr]   -- Looking for sched_getcpu
[INFO] [stderr]   -- Looking for sched_getcpu - found
[INFO] [stderr]   -- Looking for pthread.h
[INFO] [stderr]   -- Looking for pthread.h - found
[INFO] [stderr]   -- Performing Test CMAKE_HAVE_LIBC_PTHREAD
[INFO] [stderr]   -- Performing Test CMAKE_HAVE_LIBC_PTHREAD - Failed
[INFO] [stderr]   -- Looking for pthread_create in pthreads
[INFO] [stderr]   -- Looking for pthread_create in pthreads - not found
[INFO] [stderr]   -- Looking for pthread_create in pthread
[INFO] [stderr]   -- Looking for pthread_create in pthread - found
[INFO] [stderr]   -- Found Threads: TRUE  
[INFO] [stderr]   -- JNI library is disabled
[INFO] [stderr]   -- Configuring done
[INFO] [stderr]   -- Generating done
[INFO] [stderr]   -- Build files have been written to: /opt/rustwide/target/debug/build/tetsy-rocksdb-sys-5292c72afef22495/out/build
[INFO] [stderr]   running: "cmake" "--build" "." "--target" "rocksdb" "--config" "Debug" "--"
[INFO] [stderr]   /usr/bin/cmake -S/opt/rustwide/cargo-home/registry/src/github.com-1ecc6299db9ec823/tetsy-rocksdb-sys-0.5.6/rocksdb -B/opt/rustwide/target/debug/build/tetsy-rocksdb-sys-5292c72afef22495/out/build --check-build-system CMakeFiles/Makefile.cmake 0
[INFO] [stderr]   /usr/bin/make -f CMakeFiles/Makefile2 rocksdb
[INFO] [stderr]   make[1]: Entering directory '/opt/rustwide/target/debug/build/tetsy-rocksdb-sys-5292c72afef22495/out/build'
[INFO] [stderr]   /usr/bin/cmake -S/opt/rustwide/cargo-home/registry/src/github.com-1ecc6299db9ec823/tetsy-rocksdb-sys-0.5.6/rocksdb -B/opt/rustwide/target/debug/build/tetsy-rocksdb-sys-5292c72afef22495/out/build --check-build-system CMakeFiles/Makefile.cmake 0
[INFO] [stderr]   /usr/bin/cmake -E cmake_progress_start /opt/rustwide/target/debug/build/tetsy-rocksdb-sys-5292c72afef22495/out/build/CMakeFiles 29
[INFO] [stderr]   /usr/bin/make -f CMakeFiles/Makefile2 CMakeFiles/rocksdb.dir/all
[INFO] [stderr]   make[2]: Entering directory '/opt/rustwide/target/debug/build/tetsy-rocksdb-sys-5292c72afef22495/out/build'
[INFO] [stderr]   /usr/bin/make -f CMakeFiles/build_version.dir/build.make CMakeFiles/build_version.dir/depend
[INFO] [stderr]   make[3]: Entering directory '/opt/rustwide/target/debug/build/tetsy-rocksdb-sys-5292c72afef22495/out/build'
[INFO] [stderr]   cd /opt/rustwide/target/debug/build/tetsy-rocksdb-sys-5292c72afef22495/out/build && /usr/bin/cmake -E cmake_depends "Unix Makefiles" /opt/rustwide/cargo-home/registry/src/github.com-1ecc6299db9ec823/tetsy-rocksdb-sys-0.5.6/rocksdb /opt/rustwide/cargo-home/registry/src/github.com-1ecc6299db9ec823/tetsy-rocksdb-sys-0.5.6/rocksdb /opt/rustwide/target/debug/build/tetsy-rocksdb-sys-5292c72afef22495/out/build /opt/rustwide/target/debug/build/tetsy-rocksdb-sys-5292c72afef22495/out/build /opt/rustwide/target/debug/build/tetsy-rocksdb-sys-5292c72afef22495/out/build/CMakeFiles/build_version.dir/DependInfo.cmake --color=
[INFO] [stderr]   Dependee "/opt/rustwide/target/debug/build/tetsy-rocksdb-sys-5292c72afef22495/out/build/CMakeFiles/build_version.dir/DependInfo.cmake" is newer than depender "/opt/rustwide/target/debug/build/tetsy-rocksdb-sys-5292c72afef22495/out/build/CMakeFiles/build_version.dir/depend.internal".
[INFO] [stderr]   Dependee "/opt/rustwide/target/debug/build/tetsy-rocksdb-sys-5292c72afef22495/out/build/CMakeFiles/CMakeDirectoryInformation.cmake" is newer than depender "/opt/rustwide/target/debug/build/tetsy-rocksdb-sys-5292c72afef22495/out/build/CMakeFiles/build_version.dir/depend.internal".
[INFO] [stderr]   Scanning dependencies of target build_version
[INFO] [stderr]   make[3]: Leaving directory '/opt/rustwide/target/debug/build/tetsy-rocksdb-sys-5292c72afef22495/out/build'
[INFO] [stderr]   /usr/bin/make -f CMakeFiles/build_version.dir/build.make CMakeFiles/build_version.dir/build
[INFO] [stderr]   make[3]: Entering directory '/opt/rustwide/target/debug/build/tetsy-rocksdb-sys-5292c72afef22495/out/build'
[INFO] [stderr]   [  0%] Building CXX object CMakeFiles/build_version.dir/build_version.cc.o
[INFO] [stderr]   /usr/bin/c++  -DOS_LINUX -DROCKSDB_LIB_IO_POSIX -DROCKSDB_MALLOC_USABLE_SIZE -DROCKSDB_PLATFORM_POSIX -DROCKSDB_SCHED_GETCPU_PRESENT -DSNAPPY -I/opt/rustwide/target/debug/build/tetsy-snappy-sys-25eac6cc523aebbf/out/build -I/opt/rustwide/cargo-home/registry/src/github.com-1ecc6299db9ec823/tetsy-rocksdb-sys-0.5.6/rocksdb/util -I/opt/rustwide/cargo-home/registry/src/github.com-1ecc6299db9ec823/tetsy-rocksdb-sys-0.5.6/rocksdb -I/opt/rustwide/cargo-home/registry/src/github.com-1ecc6299db9ec823/tetsy-rocksdb-sys-0.5.6/rocksdb/include -isystem /opt/rustwide/cargo-home/registry/src/github.com-1ecc6299db9ec823/tetsy-rocksdb-sys-0.5.6/rocksdb/third-party/gtest-1.7.0/fused-src  -ffunction-sections -fdata-sections -fPIC -m64 -W -Wextra -Wall -Wsign-compare -Wshadow -Wno-unused-parameter -Wno-unused-variable -Woverloaded-virtual -Wnon-virtual-dtor -Wno-missing-field-initializers -Wno-strict-aliasing -std=c++11 -fno-builtin-memcmp -g -DROCKSDB_USE_RTTI   -o CMakeFiles/build_version.dir/build_version.cc.o -c /opt/rustwide/target/debug/build/tetsy-rocksdb-sys-5292c72afef22495/out/build/build_version.cc
[INFO] [stderr]   make[3]: Leaving directory '/opt/rustwide/target/debug/build/tetsy-rocksdb-sys-5292c72afef22495/out/build'
[INFO] [stderr]   [  0%] Built target build_version
[INFO] [stderr]   /usr/bin/make -f CMakeFiles/rocksdb.dir/build.make CMakeFiles/rocksdb.dir/depend
[INFO] [stderr]   make[3]: Entering directory '/opt/rustwide/target/debug/build/tetsy-rocksdb-sys-5292c72afef22495/out/build'
[INFO] [stderr]   cd /opt/rustwide/target/debug/build/tetsy-rocksdb-sys-5292c72afef22495/out/build && /usr/bin/cmake -E cmake_depends "Unix Makefiles" /opt/rustwide/cargo-home/registry/src/github.com-1ecc6299db9ec823/tetsy-rocksdb-sys-0.5.6/rocksdb /opt/rustwide/cargo-home/registry/src/github.com-1ecc6299db9ec823/tetsy-rocksdb-sys-0.5.6/rocksdb /opt/rustwide/target/debug/build/tetsy-rocksdb-sys-5292c72afef22495/out/build /opt/rustwide/target/debug/build/tetsy-rocksdb-sys-5292c72afef22495/out/build /opt/rustwide/target/debug/build/tetsy-rocksdb-sys-5292c72afef22495/out/build/CMakeFiles/rocksdb.dir/DependInfo.cmake --color=
[INFO] [stderr]   Dependee "/opt/rustwide/target/debug/build/tetsy-rocksdb-sys-5292c72afef22495/out/build/CMakeFiles/rocksdb.dir/DependInfo.cmake" is newer than depender "/opt/rustwide/target/debug/build/tetsy-rocksdb-sys-5292c72afef22495/out/build/CMakeFiles/rocksdb.dir/depend.internal".
[INFO] [stderr]   Dependee "/opt/rustwide/target/debug/build/tetsy-rocksdb-sys-5292c72afef22495/out/build/CMakeFiles/CMakeDirectoryInformation.cmake" is newer than depender "/opt/rustwide/target/debug/build/tetsy-rocksdb-sys-5292c72afef22495/out/build/CMakeFiles/rocksdb.dir/depend.internal".
[INFO] [stderr]   Scanning dependencies of target rocksdb
[INFO] [stderr]   make[3]: Leaving directory '/opt/rustwide/target/debug/build/tetsy-rocksdb-sys-5292c72afef22495/out/build'
[INFO] [stderr]   /usr/bin/make -f CMakeFiles/rocksdb.dir/build.make CMakeFiles/rocksdb.dir/build
[INFO] [stderr]   make[3]: Entering directory '/opt/rustwide/target/debug/build/tetsy-rocksdb-sys-5292c72afef22495/out/build'
[INFO] [stderr]   [  0%] Building CXX object CMakeFiles/rocksdb.dir/db/builder.cc.o
[INFO] [stderr]   [  0%] Building CXX object CMakeFiles/rocksdb.dir/cache/sharded_cache.cc.o
[INFO] [stderr]   /usr/bin/c++  -DOS_LINUX -DROCKSDB_LIB_IO_POSIX -DROCKSDB_MALLOC_USABLE_SIZE -DROCKSDB_PLATFORM_POSIX -DROCKSDB_SCHED_GETCPU_PRESENT -DSNAPPY -I/opt/rustwide/target/debug/build/tetsy-snappy-sys-25eac6cc523aebbf/out/build -I/opt/rustwide/cargo-home/registry/src/github.com-1ecc6299db9ec823/tetsy-rocksdb-sys-0.5.6/rocksdb -I/opt/rustwide/cargo-home/registry/src/github.com-1ecc6299db9ec823/tetsy-rocksdb-sys-0.5.6/rocksdb/include -isystem /opt/rustwide/cargo-home/registry/src/github.com-1ecc6299db9ec823/tetsy-rocksdb-sys-0.5.6/rocksdb/third-party/gtest-1.7.0/fused-src  -ffunction-sections -fdata-sections -fPIC -m64 -W -Wextra -Wall -Wsign-compare -Wshadow -Wno-unused-parameter -Wno-unused-variable -Woverloaded-virtual -Wnon-virtual-dtor -Wno-missing-field-initializers -Wno-strict-aliasing -std=c++11 -fno-builtin-memcmp -g -DROCKSDB_USE_RTTI   -o CMakeFiles/rocksdb.dir/cache/sharded_cache.cc.o -c /opt/rustwide/cargo-home/registry/src/github.com-1ecc6299db9ec823/tetsy-rocksdb-sys-0.5.6/rocksdb/cache/sharded_cache.cc
[INFO] [stderr]   [  0%] Building CXX object CMakeFiles/rocksdb.dir/cache/lru_cache.cc.o
[INFO] [stderr]   /usr/bin/c++  -DOS_LINUX -DROCKSDB_LIB_IO_POSIX -DROCKSDB_MALLOC_USABLE_SIZE -DROCKSDB_PLATFORM_POSIX -DROCKSDB_SCHED_GETCPU_PRESENT -DSNAPPY -I/opt/rustwide/target/debug/build/tetsy-snappy-sys-25eac6cc523aebbf/out/build -I/opt/rustwide/cargo-home/registry/src/github.com-1ecc6299db9ec823/tetsy-rocksdb-sys-0.5.6/rocksdb -I/opt/rustwide/cargo-home/registry/src/github.com-1ecc6299db9ec823/tetsy-rocksdb-sys-0.5.6/rocksdb/include -isystem /opt/rustwide/cargo-home/registry/src/github.com-1ecc6299db9ec823/tetsy-rocksdb-sys-0.5.6/rocksdb/third-party/gtest-1.7.0/fused-src  -ffunction-sections -fdata-sections -fPIC -m64 -W -Wextra -Wall -Wsign-compare -Wshadow -Wno-unused-parameter -Wno-unused-variable -Woverloaded-virtual -Wnon-virtual-dtor -Wno-missing-field-initializers -Wno-strict-aliasing -std=c++11 -fno-builtin-memcmp -g -DROCKSDB_USE_RTTI   -o CMakeFiles/rocksdb.dir/cache/lru_cache.cc.o -c /opt/rustwide/cargo-home/registry/src/github.com-1ecc6299db9ec823/tetsy-rocksdb-sys-0.5.6/rocksdb/cache/lru_cache.cc
[INFO] [stderr]   [  0%] Building CXX object CMakeFiles/rocksdb.dir/cache/clock_cache.cc.o
[INFO] [stderr]   /usr/bin/c++  -DOS_LINUX -DROCKSDB_LIB_IO_POSIX -DROCKSDB_MALLOC_USABLE_SIZE -DROCKSDB_PLATFORM_POSIX -DROCKSDB_SCHED_GETCPU_PRESENT -DSNAPPY -I/opt/rustwide/target/debug/build/tetsy-snappy-sys-25eac6cc523aebbf/out/build -I/opt/rustwide/cargo-home/registry/src/github.com-1ecc6299db9ec823/tetsy-rocksdb-sys-0.5.6/rocksdb -I/opt/rustwide/cargo-home/registry/src/github.com-1ecc6299db9ec823/tetsy-rocksdb-sys-0.5.6/rocksdb/include -isystem /opt/rustwide/cargo-home/registry/src/github.com-1ecc6299db9ec823/tetsy-rocksdb-sys-0.5.6/rocksdb/third-party/gtest-1.7.0/fused-src  -ffunction-sections -fdata-sections -fPIC -m64 -W -Wextra -Wall -Wsign-compare -Wshadow -Wno-unused-parameter -Wno-unused-variable -Woverloaded-virtual -Wnon-virtual-dtor -Wno-missing-field-initializers -Wno-strict-aliasing -std=c++11 -fno-builtin-memcmp -g -DROCKSDB_USE_RTTI   -o CMakeFiles/rocksdb.dir/db/builder.cc.o -c /opt/rustwide/cargo-home/registry/src/github.com-1ecc6299db9ec823/tetsy-rocksdb-sys-0.5.6/rocksdb/db/builder.cc
[INFO] [stderr]   /usr/bin/c++  -DOS_LINUX -DROCKSDB_LIB_IO_POSIX -DROCKSDB_MALLOC_USABLE_SIZE -DROCKSDB_PLATFORM_POSIX -DROCKSDB_SCHED_GETCPU_PRESENT -DSNAPPY -I/opt/rustwide/target/debug/build/tetsy-snappy-sys-25eac6cc523aebbf/out/build -I/opt/rustwide/cargo-home/registry/src/github.com-1ecc6299db9ec823/tetsy-rocksdb-sys-0.5.6/rocksdb -I/opt/rustwide/cargo-home/registry/src/github.com-1ecc6299db9ec823/tetsy-rocksdb-sys-0.5.6/rocksdb/include -isystem /opt/rustwide/cargo-home/registry/src/github.com-1ecc6299db9ec823/tetsy-rocksdb-sys-0.5.6/rocksdb/third-party/gtest-1.7.0/fused-src  -ffunction-sections -fdata-sections -fPIC -m64 -W -Wextra -Wall -Wsign-compare -Wshadow -Wno-unused-parameter -Wno-unused-variable -Woverloaded-virtual -Wnon-virtual-dtor -Wno-missing-field-initializers -Wno-strict-aliasing -std=c++11 -fno-builtin-memcmp -g -DROCKSDB_USE_RTTI   -o CMakeFiles/rocksdb.dir/cache/clock_cache.cc.o -c /opt/rustwide/cargo-home/registry/src/github.com-1ecc6299db9ec823/tetsy-rocksdb-sys-0.5.6/rocksdb/cache/clock_cache.cc
[INFO] [stderr]   [  0%] Building CXX object CMakeFiles/rocksdb.dir/db/c.cc.o
[INFO] [stderr]   [  0%] Building CXX object CMakeFiles/rocksdb.dir/db/compaction.cc.o
[INFO] [stderr]   /usr/bin/c++  -DOS_LINUX -DROCKSDB_LIB_IO_POSIX -DROCKSDB_MALLOC_USABLE_SIZE -DROCKSDB_PLATFORM_POSIX -DROCKSDB_SCHED_GETCPU_PRESENT -DSNAPPY -I/opt/rustwide/target/debug/build/tetsy-snappy-sys-25eac6cc523aebbf/out/build -I/opt/rustwide/cargo-home/registry/src/github.com-1ecc6299db9ec823/tetsy-rocksdb-sys-0.5.6/rocksdb -I/opt/rustwide/cargo-home/registry/src/github.com-1ecc6299db9ec823/tetsy-rocksdb-sys-0.5.6/rocksdb/include -isystem /opt/rustwide/cargo-home/registry/src/github.com-1ecc6299db9ec823/tetsy-rocksdb-sys-0.5.6/rocksdb/third-party/gtest-1.7.0/fused-src  -ffunction-sections -fdata-sections -fPIC -m64 -W -Wextra -Wall -Wsign-compare -Wshadow -Wno-unused-parameter -Wno-unused-variable -Woverloaded-virtual -Wnon-virtual-dtor -Wno-missing-field-initializers -Wno-strict-aliasing -std=c++11 -fno-builtin-memcmp -g -DROCKSDB_USE_RTTI   -o CMakeFiles/rocksdb.dir/db/compaction.cc.o -c /opt/rustwide/cargo-home/registry/src/github.com-1ecc6299db9ec823/tetsy-rocksdb-sys-0.5.6/rocksdb/db/compaction.cc
[INFO] [stderr]   [  3%] Building CXX object CMakeFiles/rocksdb.dir/db/compacted_db_impl.cc.o
[INFO] [stderr]   /usr/bin/c++  -DOS_LINUX -DROCKSDB_LIB_IO_POSIX -DROCKSDB_MALLOC_USABLE_SIZE -DROCKSDB_PLATFORM_POSIX -DROCKSDB_SCHED_GETCPU_PRESENT -DSNAPPY -I/opt/rustwide/target/debug/build/tetsy-snappy-sys-25eac6cc523aebbf/out/build -I/opt/rustwide/cargo-home/registry/src/github.com-1ecc6299db9ec823/tetsy-rocksdb-sys-0.5.6/rocksdb -I/opt/rustwide/cargo-home/registry/src/github.com-1ecc6299db9ec823/tetsy-rocksdb-sys-0.5.6/rocksdb/include -isystem /opt/rustwide/cargo-home/registry/src/github.com-1ecc6299db9ec823/tetsy-rocksdb-sys-0.5.6/rocksdb/third-party/gtest-1.7.0/fused-src  -ffunction-sections -fdata-sections -fPIC -m64 -W -Wextra -Wall -Wsign-compare -Wshadow -Wno-unused-parameter -Wno-unused-variable -Woverloaded-virtual -Wnon-virtual-dtor -Wno-missing-field-initializers -Wno-strict-aliasing -std=c++11 -fno-builtin-memcmp -g -DROCKSDB_USE_RTTI   -o CMakeFiles/rocksdb.dir/db/compacted_db_impl.cc.o -c /opt/rustwide/cargo-home/registry/src/github.com-1ecc6299db9ec823/tetsy-rocksdb-sys-0.5.6/rocksdb/db/compacted_db_impl.cc
[INFO] [stderr]   [  3%] Building CXX object CMakeFiles/rocksdb.dir/db/column_family.cc.o
[INFO] [stderr]   [  3%] Building CXX object CMakeFiles/rocksdb.dir/db/compaction_picker_universal.cc.o
[INFO] [stderr]   /usr/bin/c++  -DOS_LINUX -DROCKSDB_LIB_IO_POSIX -DROCKSDB_MALLOC_USABLE_SIZE -DROCKSDB_PLATFORM_POSIX -DROCKSDB_SCHED_GETCPU_PRESENT -DSNAPPY -I/opt/rustwide/target/debug/build/tetsy-snappy-sys-25eac6cc523aebbf/out/build -I/opt/rustwide/cargo-home/registry/src/github.com-1ecc6299db9ec823/tetsy-rocksdb-sys-0.5.6/rocksdb -I/opt/rustwide/cargo-home/registry/src/github.com-1ecc6299db9ec823/tetsy-rocksdb-sys-0.5.6/rocksdb/include -isystem /opt/rustwide/cargo-home/registry/src/github.com-1ecc6299db9ec823/tetsy-rocksdb-sys-0.5.6/rocksdb/third-party/gtest-1.7.0/fused-src  -ffunction-sections -fdata-sections -fPIC -m64 -W -Wextra -Wall -Wsign-compare -Wshadow -Wno-unused-parameter -Wno-unused-variable -Woverloaded-virtual -Wnon-virtual-dtor -Wno-missing-field-initializers -Wno-strict-aliasing -std=c++11 -fno-builtin-memcmp -g -DROCKSDB_USE_RTTI   -o CMakeFiles/rocksdb.dir/db/c.cc.o -c /opt/rustwide/cargo-home/registry/src/github.com-1ecc6299db9ec823/tetsy-rocksdb-sys-0.5.6/rocksdb/db/c.cc
[INFO] [stderr]   /usr/bin/c++  -DOS_LINUX -DROCKSDB_LIB_IO_POSIX -DROCKSDB_MALLOC_USABLE_SIZE -DROCKSDB_PLATFORM_POSIX -DROCKSDB_SCHED_GETCPU_PRESENT -DSNAPPY -I/opt/rustwide/target/debug/build/tetsy-snappy-sys-25eac6cc523aebbf/out/build -I/opt/rustwide/cargo-home/registry/src/github.com-1ecc6299db9ec823/tetsy-rocksdb-sys-0.5.6/rocksdb -I/opt/rustwide/cargo-home/registry/src/github.com-1ecc6299db9ec823/tetsy-rocksdb-sys-0.5.6/rocksdb/include -isystem /opt/rustwide/cargo-home/registry/src/github.com-1ecc6299db9ec823/tetsy-rocksdb-sys-0.5.6/rocksdb/third-party/gtest-1.7.0/fused-src  -ffunction-sections -fdata-sections -fPIC -m64 -W -Wextra -Wall -Wsign-compare -Wshadow -Wno-unused-parameter -Wno-unused-variable -Woverloaded-virtual -Wnon-virtual-dtor -Wno-missing-field-initializers -Wno-strict-aliasing -std=c++11 -fno-builtin-memcmp -g -DROCKSDB_USE_RTTI   -o CMakeFiles/rocksdb.dir/db/column_family.cc.o -c /opt/rustwide/cargo-home/registry/src/github.com-1ecc6299db9ec823/tetsy-rocksdb-sys-0.5.6/rocksdb/db/column_family.cc
[INFO] [stderr]   [  3%] Building CXX object CMakeFiles/rocksdb.dir/db/compaction_iterator.cc.o
[INFO] [stderr]   [  3%] Building CXX object CMakeFiles/rocksdb.dir/db/compaction_picker.cc.o
[INFO] [stderr]   [  3%] Building CXX object CMakeFiles/rocksdb.dir/db/compaction_job.cc.o
[INFO] [stderr]   /usr/bin/c++  -DOS_LINUX -DROCKSDB_LIB_IO_POSIX -DROCKSDB_MALLOC_USABLE_SIZE -DROCKSDB_PLATFORM_POSIX -DROCKSDB_SCHED_GETCPU_PRESENT -DSNAPPY -I/opt/rustwide/target/debug/build/tetsy-snappy-sys-25eac6cc523aebbf/out/build -I/opt/rustwide/cargo-home/registry/src/github.com-1ecc6299db9ec823/tetsy-rocksdb-sys-0.5.6/rocksdb -I/opt/rustwide/cargo-home/registry/src/github.com-1ecc6299db9ec823/tetsy-rocksdb-sys-0.5.6/rocksdb/include -isystem /opt/rustwide/cargo-home/registry/src/github.com-1ecc6299db9ec823/tetsy-rocksdb-sys-0.5.6/rocksdb/third-party/gtest-1.7.0/fused-src  -ffunction-sections -fdata-sections -fPIC -m64 -W -Wextra -Wall -Wsign-compare -Wshadow -Wno-unused-parameter -Wno-unused-variable -Woverloaded-virtual -Wnon-virtual-dtor -Wno-missing-field-initializers -Wno-strict-aliasing -std=c++11 -fno-builtin-memcmp -g -DROCKSDB_USE_RTTI   -o CMakeFiles/rocksdb.dir/db/compaction_iterator.cc.o -c /opt/rustwide/cargo-home/registry/src/github.com-1ecc6299db9ec823/tetsy-rocksdb-sys-0.5.6/rocksdb/db/compaction_iterator.cc
[INFO] [stderr]   /usr/bin/c++  -DOS_LINUX -DROCKSDB_LIB_IO_POSIX -DROCKSDB_MALLOC_USABLE_SIZE -DROCKSDB_PLATFORM_POSIX -DROCKSDB_SCHED_GETCPU_PRESENT -DSNAPPY -I/opt/rustwide/target/debug/build/tetsy-snappy-sys-25eac6cc523aebbf/out/build -I/opt/rustwide/cargo-home/registry/src/github.com-1ecc6299db9ec823/tetsy-rocksdb-sys-0.5.6/rocksdb -I/opt/rustwide/cargo-home/registry/src/github.com-1ecc6299db9ec823/tetsy-rocksdb-sys-0.5.6/rocksdb/include -isystem /opt/rustwide/cargo-home/registry/src/github.com-1ecc6299db9ec823/tetsy-rocksdb-sys-0.5.6/rocksdb/third-party/gtest-1.7.0/fused-src  -ffunction-sections -fdata-sections -fPIC -m64 -W -Wextra -Wall -Wsign-compare -Wshadow -Wno-unused-parameter -Wno-unused-variable -Woverloaded-virtual -Wnon-virtual-dtor -Wno-missing-field-initializers -Wno-strict-aliasing -std=c++11 -fno-builtin-memcmp -g -DROCKSDB_USE_RTTI   -o CMakeFiles/rocksdb.dir/db/compaction_picker_universal.cc.o -c /opt/rustwide/cargo-home/registry/src/github.com-1ecc6299db9ec823/tetsy-rocksdb-sys-0.5.6/rocksdb/db/compaction_picker_universal.cc
[INFO] [stderr]   /usr/bin/c++  -DOS_LINUX -DROCKSDB_LIB_IO_POSIX -DROCKSDB_MALLOC_USABLE_SIZE -DROCKSDB_PLATFORM_POSIX -DROCKSDB_SCHED_GETCPU_PRESENT -DSNAPPY -I/opt/rustwide/target/debug/build/tetsy-snappy-sys-25eac6cc523aebbf/out/build -I/opt/rustwide/cargo-home/registry/src/github.com-1ecc6299db9ec823/tetsy-rocksdb-sys-0.5.6/rocksdb -I/opt/rustwide/cargo-home/registry/src/github.com-1ecc6299db9ec823/tetsy-rocksdb-sys-0.5.6/rocksdb/include -isystem /opt/rustwide/cargo-home/registry/src/github.com-1ecc6299db9ec823/tetsy-rocksdb-sys-0.5.6/rocksdb/third-party/gtest-1.7.0/fused-src  -ffunction-sections -fdata-sections -fPIC -m64 -W -Wextra -Wall -Wsign-compare -Wshadow -Wno-unused-parameter -Wno-unused-variable -Woverloaded-virtual -Wnon-virtual-dtor -Wno-missing-field-initializers -Wno-strict-aliasing -std=c++11 -fno-builtin-memcmp -g -DROCKSDB_USE_RTTI   -o CMakeFiles/rocksdb.dir/db/compaction_job.cc.o -c /opt/rustwide/cargo-home/registry/src/github.com-1ecc6299db9ec823/tetsy-rocksdb-sys-0.5.6/rocksdb/db/compaction_job.cc
[INFO] [stderr]   /usr/bin/c++  -DOS_LINUX -DROCKSDB_LIB_IO_POSIX -DROCKSDB_MALLOC_USABLE_SIZE -DROCKSDB_PLATFORM_POSIX -DROCKSDB_SCHED_GETCPU_PRESENT -DSNAPPY -I/opt/rustwide/target/debug/build/tetsy-snappy-sys-25eac6cc523aebbf/out/build -I/opt/rustwide/cargo-home/registry/src/github.com-1ecc6299db9ec823/tetsy-rocksdb-sys-0.5.6/rocksdb -I/opt/rustwide/cargo-home/registry/src/github.com-1ecc6299db9ec823/tetsy-rocksdb-sys-0.5.6/rocksdb/include -isystem /opt/rustwide/cargo-home/registry/src/github.com-1ecc6299db9ec823/tetsy-rocksdb-sys-0.5.6/rocksdb/third-party/gtest-1.7.0/fused-src  -ffunction-sections -fdata-sections -fPIC -m64 -W -Wextra -Wall -Wsign-compare -Wshadow -Wno-unused-parameter -Wno-unused-variable -Woverloaded-virtual -Wnon-virtual-dtor -Wno-missing-field-initializers -Wno-strict-aliasing -std=c++11 -fno-builtin-memcmp -g -DROCKSDB_USE_RTTI   -o CMakeFiles/rocksdb.dir/db/compaction_picker.cc.o -c /opt/rustwide/cargo-home/registry/src/github.com-1ecc6299db9ec823/tetsy-rocksdb-sys-0.5.6/rocksdb/db/compaction_picker.cc
[INFO] [stderr]   [  3%] Building CXX object CMakeFiles/rocksdb.dir/db/db_filesnapshot.cc.o
[INFO] [stderr]   [  3%] Building CXX object CMakeFiles/rocksdb.dir/db/convenience.cc.o
[INFO] [stderr]   /usr/bin/c++  -DOS_LINUX -DROCKSDB_LIB_IO_POSIX -DROCKSDB_MALLOC_USABLE_SIZE -DROCKSDB_PLATFORM_POSIX -DROCKSDB_SCHED_GETCPU_PRESENT -DSNAPPY -I/opt/rustwide/target/debug/build/tetsy-snappy-sys-25eac6cc523aebbf/out/build -I/opt/rustwide/cargo-home/registry/src/github.com-1ecc6299db9ec823/tetsy-rocksdb-sys-0.5.6/rocksdb -I/opt/rustwide/cargo-home/registry/src/github.com-1ecc6299db9ec823/tetsy-rocksdb-sys-0.5.6/rocksdb/include -isystem /opt/rustwide/cargo-home/registry/src/github.com-1ecc6299db9ec823/tetsy-rocksdb-sys-0.5.6/rocksdb/third-party/gtest-1.7.0/fused-src  -ffunction-sections -fdata-sections -fPIC -m64 -W -Wextra -Wall -Wsign-compare -Wshadow -Wno-unused-parameter -Wno-unused-variable -Woverloaded-virtual -Wnon-virtual-dtor -Wno-missing-field-initializers -Wno-strict-aliasing -std=c++11 -fno-builtin-memcmp -g -DROCKSDB_USE_RTTI   -o CMakeFiles/rocksdb.dir/db/convenience.cc.o -c /opt/rustwide/cargo-home/registry/src/github.com-1ecc6299db9ec823/tetsy-rocksdb-sys-0.5.6/rocksdb/db/convenience.cc
[INFO] [stderr]   /usr/bin/c++  -DOS_LINUX -DROCKSDB_LIB_IO_POSIX -DROCKSDB_MALLOC_USABLE_SIZE -DROCKSDB_PLATFORM_POSIX -DROCKSDB_SCHED_GETCPU_PRESENT -DSNAPPY -I/opt/rustwide/target/debug/build/tetsy-snappy-sys-25eac6cc523aebbf/out/build -I/opt/rustwide/cargo-home/registry/src/github.com-1ecc6299db9ec823/tetsy-rocksdb-sys-0.5.6/rocksdb -I/opt/rustwide/cargo-home/registry/src/github.com-1ecc6299db9ec823/tetsy-rocksdb-sys-0.5.6/rocksdb/include -isystem /opt/rustwide/cargo-home/registry/src/github.com-1ecc6299db9ec823/tetsy-rocksdb-sys-0.5.6/rocksdb/third-party/gtest-1.7.0/fused-src  -ffunction-sections -fdata-sections -fPIC -m64 -W -Wextra -Wall -Wsign-compare -Wshadow -Wno-unused-parameter -Wno-unused-variable -Woverloaded-virtual -Wnon-virtual-dtor -Wno-missing-field-initializers -Wno-strict-aliasing -std=c++11 -fno-builtin-memcmp -g -DROCKSDB_USE_RTTI   -o CMakeFiles/rocksdb.dir/db/db_filesnapshot.cc.o -c /opt/rustwide/cargo-home/registry/src/github.com-1ecc6299db9ec823/tetsy-rocksdb-sys-0.5.6/rocksdb/db/db_filesnapshot.cc
[INFO] [stderr]   [  6%] Building CXX object CMakeFiles/rocksdb.dir/db/db_impl.cc.o
[INFO] [stderr]   /usr/bin/c++  -DOS_LINUX -DROCKSDB_LIB_IO_POSIX -DROCKSDB_MALLOC_USABLE_SIZE -DROCKSDB_PLATFORM_POSIX -DROCKSDB_SCHED_GETCPU_PRESENT -DSNAPPY -I/opt/rustwide/target/debug/build/tetsy-snappy-sys-25eac6cc523aebbf/out/build -I/opt/rustwide/cargo-home/registry/src/github.com-1ecc6299db9ec823/tetsy-rocksdb-sys-0.5.6/rocksdb -I/opt/rustwide/cargo-home/registry/src/github.com-1ecc6299db9ec823/tetsy-rocksdb-sys-0.5.6/rocksdb/include -isystem /opt/rustwide/cargo-home/registry/src/github.com-1ecc6299db9ec823/tetsy-rocksdb-sys-0.5.6/rocksdb/third-party/gtest-1.7.0/fused-src  -ffunction-sections -fdata-sections -fPIC -m64 -W -Wextra -Wall -Wsign-compare -Wshadow -Wno-unused-parameter -Wno-unused-variable -Woverloaded-virtual -Wnon-virtual-dtor -Wno-missing-field-initializers -Wno-strict-aliasing -std=c++11 -fno-builtin-memcmp -g -DROCKSDB_USE_RTTI   -o CMakeFiles/rocksdb.dir/db/db_impl.cc.o -c /opt/rustwide/cargo-home/registry/src/github.com-1ecc6299db9ec823/tetsy-rocksdb-sys-0.5.6/rocksdb/db/db_impl.cc
[INFO] [stderr]   [  6%] Building CXX object CMakeFiles/rocksdb.dir/db/db_impl_write.cc.o
[INFO] [stderr]   /usr/bin/c++  -DOS_LINUX -DROCKSDB_LIB_IO_POSIX -DROCKSDB_MALLOC_USABLE_SIZE -DROCKSDB_PLATFORM_POSIX -DROCKSDB_SCHED_GETCPU_PRESENT -DSNAPPY -I/opt/rustwide/target/debug/build/tetsy-snappy-sys-25eac6cc523aebbf/out/build -I/opt/rustwide/cargo-home/registry/src/github.com-1ecc6299db9ec823/tetsy-rocksdb-sys-0.5.6/rocksdb -I/opt/rustwide/cargo-home/registry/src/github.com-1ecc6299db9ec823/tetsy-rocksdb-sys-0.5.6/rocksdb/include -isystem /opt/rustwide/cargo-home/registry/src/github.com-1ecc6299db9ec823/tetsy-rocksdb-sys-0.5.6/rocksdb/third-party/gtest-1.7.0/fused-src  -ffunction-sections -fdata-sections -fPIC -m64 -W -Wextra -Wall -Wsign-compare -Wshadow -Wno-unused-parameter -Wno-unused-variable -Woverloaded-virtual -Wnon-virtual-dtor -Wno-missing-field-initializers -Wno-strict-aliasing -std=c++11 -fno-builtin-memcmp -g -DROCKSDB_USE_RTTI   -o CMakeFiles/rocksdb.dir/db/db_impl_write.cc.o -c /opt/rustwide/cargo-home/registry/src/github.com-1ecc6299db9ec823/tetsy-rocksdb-sys-0.5.6/rocksdb/db/db_impl_write.cc
[INFO] [stderr]   [  6%] Building CXX object CMakeFiles/rocksdb.dir/db/db_impl_compaction_flush.cc.o
[INFO] [stderr]   /usr/bin/c++  -DOS_LINUX -DROCKSDB_LIB_IO_POSIX -DROCKSDB_MALLOC_USABLE_SIZE -DROCKSDB_PLATFORM_POSIX -DROCKSDB_SCHED_GETCPU_PRESENT -DSNAPPY -I/opt/rustwide/target/debug/build/tetsy-snappy-sys-25eac6cc523aebbf/out/build -I/opt/rustwide/cargo-home/registry/src/github.com-1ecc6299db9ec823/tetsy-rocksdb-sys-0.5.6/rocksdb -I/opt/rustwide/cargo-home/registry/src/github.com-1ecc6299db9ec823/tetsy-rocksdb-sys-0.5.6/rocksdb/include -isystem /opt/rustwide/cargo-home/registry/src/github.com-1ecc6299db9ec823/tetsy-rocksdb-sys-0.5.6/rocksdb/third-party/gtest-1.7.0/fused-src  -ffunction-sections -fdata-sections -fPIC -m64 -W -Wextra -Wall -Wsign-compare -Wshadow -Wno-unused-parameter -Wno-unused-variable -Woverloaded-virtual -Wnon-virtual-dtor -Wno-missing-field-initializers -Wno-strict-aliasing -std=c++11 -fno-builtin-memcmp -g -DROCKSDB_USE_RTTI   -o CMakeFiles/rocksdb.dir/db/db_impl_compaction_flush.cc.o -c /opt/rustwide/cargo-home/registry/src/github.com-1ecc6299db9ec823/tetsy-rocksdb-sys-0.5.6/rocksdb/db/db_impl_compaction_flush.cc
[INFO] [stderr]   make[3]: Leaving directory '/opt/rustwide/target/debug/build/tetsy-rocksdb-sys-5292c72afef22495/out/build'
[INFO] [stderr]   make[2]: Leaving directory '/opt/rustwide/target/debug/build/tetsy-rocksdb-sys-5292c72afef22495/out/build'
[INFO] [stderr]   make[1]: Leaving directory '/opt/rustwide/target/debug/build/tetsy-rocksdb-sys-5292c72afef22495/out/build'
[INFO] [stderr] 
[INFO] [stderr]   --- stderr
[INFO] [stderr]   CMake Warning at CMakeLists.txt:74 (find_package):
[INFO] [stderr]     By not providing "Findgflags.cmake" in CMAKE_MODULE_PATH this project has
[INFO] [stderr]     asked CMake to find a package configuration file provided by "gflags", but
[INFO] [stderr]     CMake did not find one.
[INFO] [stderr] 
[INFO] [stderr]     Could not find a package configuration file provided by "gflags" with any
[INFO] [stderr]     of the following names:
[INFO] [stderr] 
[INFO] [stderr]       gflagsConfig.cmake
[INFO] [stderr]       gflags-config.cmake
[INFO] [stderr] 
[INFO] [stderr]     Add the installation prefix of "gflags" to CMAKE_PREFIX_PATH or set
[INFO] [stderr]     "gflags_DIR" to a directory containing one of the above files.  If "gflags"
[INFO] [stderr]     provides a separate development package or SDK, be sure it has been
[INFO] [stderr]     installed.
[INFO] [stderr] 
[INFO] [stderr] 
[INFO] [stderr]   c++: fatal error: Killed signal terminated program cc1plus
[INFO] [stderr]   compilation terminated.
[INFO] [stderr]   make[3]: *** [CMakeFiles/rocksdb.dir/build.make:235: CMakeFiles/rocksdb.dir/db/db_filesnapshot.cc.o] Error 1
[INFO] [stderr]   make[3]: *** Waiting for unfinished jobs....
[INFO] [stderr]   c++: fatal error: Killed signal terminated program cc1plus
[INFO] [stderr]   compilation terminated.
[INFO] [stderr]   make[3]: *** [CMakeFiles/rocksdb.dir/build.make:261: CMakeFiles/rocksdb.dir/db/db_impl_write.cc.o] Error 1
[INFO] [stderr]   In file included from /opt/rustwide/cargo-home/registry/src/github.com-1ecc6299db9ec823/tetsy-rocksdb-sys-0.5.6/rocksdb/db/range_del_aggregator.h:16,
[INFO] [stderr]                    from /opt/rustwide/cargo-home/registry/src/github.com-1ecc6299db9ec823/tetsy-rocksdb-sys-0.5.6/rocksdb/db/memtable.h:19,
[INFO] [stderr]                    from /opt/rustwide/cargo-home/registry/src/github.com-1ecc6299db9ec823/tetsy-rocksdb-sys-0.5.6/rocksdb/db/memtable_list.h:17,
[INFO] [stderr]                    from /opt/rustwide/cargo-home/registry/src/github.com-1ecc6299db9ec823/tetsy-rocksdb-sys-0.5.6/rocksdb/db/column_family.h:17,
[INFO] [stderr]                    from /opt/rustwide/cargo-home/registry/src/github.com-1ecc6299db9ec823/tetsy-rocksdb-sys-0.5.6/rocksdb/db/version_set.h:31,
[INFO] [stderr]                    from /opt/rustwide/cargo-home/registry/src/github.com-1ecc6299db9ec823/tetsy-rocksdb-sys-0.5.6/rocksdb/db/compaction.h:11,
[INFO] [stderr]                    from /opt/rustwide/cargo-home/registry/src/github.com-1ecc6299db9ec823/tetsy-rocksdb-sys-0.5.6/rocksdb/db/compaction_picker.h:18,
[INFO] [stderr]                    from /opt/rustwide/cargo-home/registry/src/github.com-1ecc6299db9ec823/tetsy-rocksdb-sys-0.5.6/rocksdb/db/compaction_picker.cc:10:
[INFO] [stderr]   /opt/rustwide/cargo-home/registry/src/github.com-1ecc6299db9ec823/tetsy-rocksdb-sys-0.5.6/rocksdb/db/version_edit.h: In constructor 'rocksdb::FdWithKeyRange::FdWithKeyRange(rocksdb::FileDescriptor, rocksdb::Slice, rocksdb::Slice, rocksdb::FileMetaData*)':
[INFO] [stderr]   /opt/rustwide/cargo-home/registry/src/github.com-1ecc6299db9ec823/tetsy-rocksdb-sys-0.5.6/rocksdb/db/version_edit.h:157:33: warning: implicitly-declared 'constexpr rocksdb::FileDescriptor::FileDescriptor(const rocksdb::FileDescriptor&)' is deprecated [-Wdeprecated-copy]
[INFO] [stderr]     157 |         largest_key(_largest_key) {}
[INFO] [stderr]         |                                 ^
[INFO] [stderr]   /opt/rustwide/cargo-home/registry/src/github.com-1ecc6299db9ec823/tetsy-rocksdb-sys-0.5.6/rocksdb/db/version_edit.h:47:19: note: because 'rocksdb::FileDescriptor' has user-provided 'rocksdb::FileDescriptor& rocksdb::FileDescriptor::operator=(const rocksdb::FileDescriptor&)'
[INFO] [stderr]      47 |   FileDescriptor& operator=(const FileDescriptor& fd) {
[INFO] [stderr]         |                   ^~~~~~~~
[INFO] [stderr]   c++: fatal error: Killed signal terminated program cc1plus
[INFO] [stderr]   compilation terminated.
[INFO] [stderr]   c++: fatal error: Killed signal terminated program cc1plus
[INFO] [stderr]   compilation terminated.
[INFO] [stderr]   c++: fatal error: Killed signal terminated program cc1plus
[INFO] [stderr]   compilation terminated.
[INFO] [stderr]   make[3]: *** [CMakeFiles/rocksdb.dir/build.make:118: CMakeFiles/rocksdb.dir/db/c.cc.o] Error 1
[INFO] [stderr]   make[3]: *** [CMakeFiles/rocksdb.dir/build.make:209: CMakeFiles/rocksdb.dir/db/compaction_picker_universal.cc.o] Error 1
[INFO] [stderr]   make[3]: *** [CMakeFiles/rocksdb.dir/build.make:196: CMakeFiles/rocksdb.dir/db/compaction_picker.cc.o] Error 1
[INFO] [stderr]   c++: fatal error: Killed signal terminated program cc1plus
[INFO] [stderr]   compilation terminated.
[INFO] [stderr]   make[3]: *** [CMakeFiles/rocksdb.dir/build.make:170: CMakeFiles/rocksdb.dir/db/compaction_iterator.cc.o] Error 1
[INFO] [stderr]   In file included from /opt/rustwide/cargo-home/registry/src/github.com-1ecc6299db9ec823/tetsy-rocksdb-sys-0.5.6/rocksdb/db/range_del_aggregator.h:16,
[INFO] [stderr]                    from /opt/rustwide/cargo-home/registry/src/github.com-1ecc6299db9ec823/tetsy-rocksdb-sys-0.5.6/rocksdb/db/memtable.h:19,
[INFO] [stderr]                    from /opt/rustwide/cargo-home/registry/src/github.com-1ecc6299db9ec823/tetsy-rocksdb-sys-0.5.6/rocksdb/db/memtable_list.h:17,
[INFO] [stderr]                    from /opt/rustwide/cargo-home/registry/src/github.com-1ecc6299db9ec823/tetsy-rocksdb-sys-0.5.6/rocksdb/db/column_family.h:17,
[INFO] [stderr]                    from /opt/rustwide/cargo-home/registry/src/github.com-1ecc6299db9ec823/tetsy-rocksdb-sys-0.5.6/rocksdb/db/version_set.h:31,
[INFO] [stderr]                    from /opt/rustwide/cargo-home/registry/src/github.com-1ecc6299db9ec823/tetsy-rocksdb-sys-0.5.6/rocksdb/db/compaction.h:11,
[INFO] [stderr]                    from /opt/rustwide/cargo-home/registry/src/github.com-1ecc6299db9ec823/tetsy-rocksdb-sys-0.5.6/rocksdb/db/compaction_iterator.h:12,
[INFO] [stderr]                    from /opt/rustwide/cargo-home/registry/src/github.com-1ecc6299db9ec823/tetsy-rocksdb-sys-0.5.6/rocksdb/db/builder.cc:16:
[INFO] [stderr]   /opt/rustwide/cargo-home/registry/src/github.com-1ecc6299db9ec823/tetsy-rocksdb-sys-0.5.6/rocksdb/db/version_edit.h: In constructor 'rocksdb::FdWithKeyRange::FdWithKeyRange(rocksdb::FileDescriptor, rocksdb::Slice, rocksdb::Slice, rocksdb::FileMetaData*)':
[INFO] [stderr]   /opt/rustwide/cargo-home/registry/src/github.com-1ecc6299db9ec823/tetsy-rocksdb-sys-0.5.6/rocksdb/db/version_edit.h:157:33: warning: implicitly-declared 'constexpr rocksdb::FileDescriptor::FileDescriptor(const rocksdb::FileDescriptor&)' is deprecated [-Wdeprecated-copy]
[INFO] [stderr]     157 |         largest_key(_largest_key) {}
[INFO] [stderr]         |                                 ^
[INFO] [stderr]   /opt/rustwide/cargo-home/registry/src/github.com-1ecc6299db9ec823/tetsy-rocksdb-sys-0.5.6/rocksdb/db/version_edit.h:47:19: note: because 'rocksdb::FileDescriptor' has user-provided 'rocksdb::FileDescriptor& rocksdb::FileDescriptor::operator=(const rocksdb::FileDescriptor&)'
[INFO] [stderr]      47 |   FileDescriptor& operator=(const FileDescriptor& fd) {
[INFO] [stderr]         |                   ^~~~~~~~
[INFO] [stderr]   In file included from /opt/rustwide/cargo-home/registry/src/github.com-1ecc6299db9ec823/tetsy-rocksdb-sys-0.5.6/rocksdb/db/range_del_aggregator.h:16,
[INFO] [stderr]                    from /opt/rustwide/cargo-home/registry/src/github.com-1ecc6299db9ec823/tetsy-rocksdb-sys-0.5.6/rocksdb/db/memtable.h:19,
[INFO] [stderr]                    from /opt/rustwide/cargo-home/registry/src/github.com-1ecc6299db9ec823/tetsy-rocksdb-sys-0.5.6/rocksdb/db/memtable_list.h:17,
[INFO] [stderr]                    from /opt/rustwide/cargo-home/registry/src/github.com-1ecc6299db9ec823/tetsy-rocksdb-sys-0.5.6/rocksdb/db/column_family.h:17,
[INFO] [stderr]                    from /opt/rustwide/cargo-home/registry/src/github.com-1ecc6299db9ec823/tetsy-rocksdb-sys-0.5.6/rocksdb/db/db_impl.h:22,
[INFO] [stderr]                    from /opt/rustwide/cargo-home/registry/src/github.com-1ecc6299db9ec823/tetsy-rocksdb-sys-0.5.6/rocksdb/db/db_impl.cc:9:
[INFO] [stderr]   /opt/rustwide/cargo-home/registry/src/github.com-1ecc6299db9ec823/tetsy-rocksdb-sys-0.5.6/rocksdb/db/version_edit.h: In constructor 'rocksdb::FdWithKeyRange::FdWithKeyRange(rocksdb::FileDescriptor, rocksdb::Slice, rocksdb::Slice, rocksdb::FileMetaData*)':
[INFO] [stderr]   /opt/rustwide/cargo-home/registry/src/github.com-1ecc6299db9ec823/tetsy-rocksdb-sys-0.5.6/rocksdb/db/version_edit.h:157:33: warning: implicitly-declared 'constexpr rocksdb::FileDescriptor::FileDescriptor(const rocksdb::FileDescriptor&)' is deprecated [-Wdeprecated-copy]
[INFO] [stderr]     157 |         largest_key(_largest_key) {}
[INFO] [stderr]         |                                 ^
[INFO] [stderr]   /opt/rustwide/cargo-home/registry/src/github.com-1ecc6299db9ec823/tetsy-rocksdb-sys-0.5.6/rocksdb/db/version_edit.h:47:19: note: because 'rocksdb::FileDescriptor' has user-provided 'rocksdb::FileDescriptor& rocksdb::FileDescriptor::operator=(const rocksdb::FileDescriptor&)'
[INFO] [stderr]      47 |   FileDescriptor& operator=(const FileDescriptor& fd) {
[INFO] [stderr]         |                   ^~~~~~~~
[INFO] [stderr]   In file included from /opt/rustwide/cargo-home/registry/src/github.com-1ecc6299db9ec823/tetsy-rocksdb-sys-0.5.6/rocksdb/db/range_del_aggregator.h:16,
[INFO] [stderr]                    from /opt/rustwide/cargo-home/registry/src/github.com-1ecc6299db9ec823/tetsy-rocksdb-sys-0.5.6/rocksdb/db/memtable.h:19,
[INFO] [stderr]                    from /opt/rustwide/cargo-home/registry/src/github.com-1ecc6299db9ec823/tetsy-rocksdb-sys-0.5.6/rocksdb/db/memtable_list.h:17,
[INFO] [stderr]                    from /opt/rustwide/cargo-home/registry/src/github.com-1ecc6299db9ec823/tetsy-rocksdb-sys-0.5.6/rocksdb/db/column_family.h:17,
[INFO] [stderr]                    from /opt/rustwide/cargo-home/registry/src/github.com-1ecc6299db9ec823/tetsy-rocksdb-sys-0.5.6/rocksdb/db/version_set.h:31,
[INFO] [stderr]                    from /opt/rustwide/cargo-home/registry/src/github.com-1ecc6299db9ec823/tetsy-rocksdb-sys-0.5.6/rocksdb/db/compaction.h:11,
[INFO] [stderr]                    from /opt/rustwide/cargo-home/registry/src/github.com-1ecc6299db9ec823/tetsy-rocksdb-sys-0.5.6/rocksdb/db/compaction.cc:10:
[INFO] [stderr]   /opt/rustwide/cargo-home/registry/src/github.com-1ecc6299db9ec823/tetsy-rocksdb-sys-0.5.6/rocksdb/db/version_edit.h: In constructor 'rocksdb::FdWithKeyRange::FdWithKeyRange(rocksdb::FileDescriptor, rocksdb::Slice, rocksdb::Slice, rocksdb::FileMetaData*)':
[INFO] [stderr]   /opt/rustwide/cargo-home/registry/src/github.com-1ecc6299db9ec823/tetsy-rocksdb-sys-0.5.6/rocksdb/db/version_edit.h:157:33: warning: implicitly-declared 'constexpr rocksdb::FileDescriptor::FileDescriptor(const rocksdb::FileDescriptor&)' is deprecated [-Wdeprecated-copy]
[INFO] [stderr]     157 |         largest_key(_largest_key) {}
[INFO] [stderr]         |                                 ^
[INFO] [stderr]   /opt/rustwide/cargo-home/registry/src/github.com-1ecc6299db9ec823/tetsy-rocksdb-sys-0.5.6/rocksdb/db/version_edit.h:47:19: note: because 'rocksdb::FileDescriptor' has user-provided 'rocksdb::FileDescriptor& rocksdb::FileDescriptor::operator=(const rocksdb::FileDescriptor&)'
[INFO] [stderr]      47 |   FileDescriptor& operator=(const FileDescriptor& fd) {
[INFO] [stderr]         |                   ^~~~~~~~
[INFO] [stderr]   In file included from /opt/rustwide/cargo-home/registry/src/github.com-1ecc6299db9ec823/tetsy-rocksdb-sys-0.5.6/rocksdb/db/range_del_aggregator.h:16,
[INFO] [stderr]                    from /opt/rustwide/cargo-home/registry/src/github.com-1ecc6299db9ec823/tetsy-rocksdb-sys-0.5.6/rocksdb/db/memtable.h:19,
[INFO] [stderr]                    from /opt/rustwide/cargo-home/registry/src/github.com-1ecc6299db9ec823/tetsy-rocksdb-sys-0.5.6/rocksdb/db/memtable_list.h:17,
[INFO] [stderr]                    from /opt/rustwide/cargo-home/registry/src/github.com-1ecc6299db9ec823/tetsy-rocksdb-sys-0.5.6/rocksdb/db/column_family.h:17,
[INFO] [stderr]                    from /opt/rustwide/cargo-home/registry/src/github.com-1ecc6299db9ec823/tetsy-rocksdb-sys-0.5.6/rocksdb/db/db_impl.h:22,
[INFO] [stderr]                    from /opt/rustwide/cargo-home/registry/src/github.com-1ecc6299db9ec823/tetsy-rocksdb-sys-0.5.6/rocksdb/db/compacted_db_impl.h:8,
[INFO] [stderr]                    from /opt/rustwide/cargo-home/registry/src/github.com-1ecc6299db9ec823/tetsy-rocksdb-sys-0.5.6/rocksdb/db/compacted_db_impl.cc:7:
[INFO] [stderr]   /opt/rustwide/cargo-home/registry/src/github.com-1ecc6299db9ec823/tetsy-rocksdb-sys-0.5.6/rocksdb/db/version_edit.h: In constructor 'rocksdb::FdWithKeyRange::FdWithKeyRange(rocksdb::FileDescriptor, rocksdb::Slice, rocksdb::Slice, rocksdb::FileMetaData*)':
[INFO] [stderr]   /opt/rustwide/cargo-home/registry/src/github.com-1ecc6299db9ec823/tetsy-rocksdb-sys-0.5.6/rocksdb/db/version_edit.h:157:33: warning: implicitly-declared 'constexpr rocksdb::FileDescriptor::FileDescriptor(const rocksdb::FileDescriptor&)' is deprecated [-Wdeprecated-copy]
[INFO] [stderr]     157 |         largest_key(_largest_key) {}
[INFO] [stderr]         |                                 ^
[INFO] [stderr]   /opt/rustwide/cargo-home/registry/src/github.com-1ecc6299db9ec823/tetsy-rocksdb-sys-0.5.6/rocksdb/db/version_edit.h:47:19: note: because 'rocksdb::FileDescriptor' has user-provided 'rocksdb::FileDescriptor& rocksdb::FileDescriptor::operator=(const rocksdb::FileDescriptor&)'
[INFO] [stderr]      47 |   FileDescriptor& operator=(const FileDescriptor& fd) {
[INFO] [stderr]         |                   ^~~~~~~~
[INFO] [stderr]   In file included from /opt/rustwide/cargo-home/registry/src/github.com-1ecc6299db9ec823/tetsy-rocksdb-sys-0.5.6/rocksdb/db/range_del_aggregator.h:16,
[INFO] [stderr]                    from /opt/rustwide/cargo-home/registry/src/github.com-1ecc6299db9ec823/tetsy-rocksdb-sys-0.5.6/rocksdb/db/memtable.h:19,
[INFO] [stderr]                    from /opt/rustwide/cargo-home/registry/src/github.com-1ecc6299db9ec823/tetsy-rocksdb-sys-0.5.6/rocksdb/db/memtable_list.h:17,
[INFO] [stderr]                    from /opt/rustwide/cargo-home/registry/src/github.com-1ecc6299db9ec823/tetsy-rocksdb-sys-0.5.6/rocksdb/db/column_family.h:17,
[INFO] [stderr]                    from /opt/rustwide/cargo-home/registry/src/github.com-1ecc6299db9ec823/tetsy-rocksdb-sys-0.5.6/rocksdb/db/compaction_job.h:20,
[INFO] [stderr]                    from /opt/rustwide/cargo-home/registry/src/github.com-1ecc6299db9ec823/tetsy-rocksdb-sys-0.5.6/rocksdb/db/compaction_job.cc:10:
[INFO] [stderr]   /opt/rustwide/cargo-home/registry/src/github.com-1ecc6299db9ec823/tetsy-rocksdb-sys-0.5.6/rocksdb/db/version_edit.h: In constructor 'rocksdb::FdWithKeyRange::FdWithKeyRange(rocksdb::FileDescriptor, rocksdb::Slice, rocksdb::Slice, rocksdb::FileMetaData*)':
[INFO] [stderr]   /opt/rustwide/cargo-home/registry/src/github.com-1ecc6299db9ec823/tetsy-rocksdb-sys-0.5.6/rocksdb/db/version_edit.h:157:33: warning: implicitly-declared 'constexpr rocksdb::FileDescriptor::FileDescriptor(const rocksdb::FileDescriptor&)' is deprecated [-Wdeprecated-copy]
[INFO] [stderr]     157 |         largest_key(_largest_key) {}
[INFO] [stderr]         |                                 ^
[INFO] [stderr]   /opt/rustwide/cargo-home/registry/src/github.com-1ecc6299db9ec823/tetsy-rocksdb-sys-0.5.6/rocksdb/db/version_edit.h:47:19: note: because 'rocksdb::FileDescriptor' has user-provided 'rocksdb::FileDescriptor& rocksdb::FileDescriptor::operator=(const rocksdb::FileDescriptor&)'
[INFO] [stderr]      47 |   FileDescriptor& operator=(const FileDescriptor& fd) {
[INFO] [stderr]         |                   ^~~~~~~~
[INFO] [stderr]   In file included from /opt/rustwide/cargo-home/registry/src/github.com-1ecc6299db9ec823/tetsy-rocksdb-sys-0.5.6/rocksdb/db/range_del_aggregator.h:16,
[INFO] [stderr]                    from /opt/rustwide/cargo-home/registry/src/github.com-1ecc6299db9ec823/tetsy-rocksdb-sys-0.5.6/rocksdb/db/memtable.h:19,
[INFO] [stderr]                    from /opt/rustwide/cargo-home/registry/src/github.com-1ecc6299db9ec823/tetsy-rocksdb-sys-0.5.6/rocksdb/db/memtable_list.h:17,
[INFO] [stderr]                    from /opt/rustwide/cargo-home/registry/src/github.com-1ecc6299db9ec823/tetsy-rocksdb-sys-0.5.6/rocksdb/db/column_family.h:17,
[INFO] [stderr]                    from /opt/rustwide/cargo-home/registry/src/github.com-1ecc6299db9ec823/tetsy-rocksdb-sys-0.5.6/rocksdb/db/column_family.cc:10:
[INFO] [stderr]   /opt/rustwide/cargo-home/registry/src/github.com-1ecc6299db9ec823/tetsy-rocksdb-sys-0.5.6/rocksdb/db/version_edit.h: In constructor 'rocksdb::FdWithKeyRange::FdWithKeyRange(rocksdb::FileDescriptor, rocksdb::Slice, rocksdb::Slice, rocksdb::FileMetaData*)':
[INFO] [stderr]   /opt/rustwide/cargo-home/registry/src/github.com-1ecc6299db9ec823/tetsy-rocksdb-sys-0.5.6/rocksdb/db/version_edit.h:157:33: warning: implicitly-declared 'constexpr rocksdb::FileDescriptor::FileDescriptor(const rocksdb::FileDescriptor&)' is deprecated [-Wdeprecated-copy]
[INFO] [stderr]     157 |         largest_key(_largest_key) {}
[INFO] [stderr]         |                                 ^
[INFO] [stderr]   /opt/rustwide/cargo-home/registry/src/github.com-1ecc6299db9ec823/tetsy-rocksdb-sys-0.5.6/rocksdb/db/version_edit.h:47:19: note: because 'rocksdb::FileDescriptor' has user-provided 'rocksdb::FileDescriptor& rocksdb::FileDescriptor::operator=(const rocksdb::FileDescriptor&)'
[INFO] [stderr]      47 |   FileDescriptor& operator=(const FileDescriptor& fd) {
[INFO] [stderr]         |                   ^~~~~~~~
[INFO] [stderr]   In file included from /opt/rustwide/cargo-home/registry/src/github.com-1ecc6299db9ec823/tetsy-rocksdb-sys-0.5.6/rocksdb/db/range_del_aggregator.h:16,
[INFO] [stderr]                    from /opt/rustwide/cargo-home/registry/src/github.com-1ecc6299db9ec823/tetsy-rocksdb-sys-0.5.6/rocksdb/db/memtable.h:19,
[INFO] [stderr]                    from /opt/rustwide/cargo-home/registry/src/github.com-1ecc6299db9ec823/tetsy-rocksdb-sys-0.5.6/rocksdb/db/memtable_list.h:17,
[INFO] [stderr]                    from /opt/rustwide/cargo-home/registry/src/github.com-1ecc6299db9ec823/tetsy-rocksdb-sys-0.5.6/rocksdb/db/column_family.h:17,
[INFO] [stderr]                    from /opt/rustwide/cargo-home/registry/src/github.com-1ecc6299db9ec823/tetsy-rocksdb-sys-0.5.6/rocksdb/db/db_impl.h:22,
[INFO] [stderr]                    from /opt/rustwide/cargo-home/registry/src/github.com-1ecc6299db9ec823/tetsy-rocksdb-sys-0.5.6/rocksdb/db/convenience.cc:11:
[INFO] [stderr]   /opt/rustwide/cargo-home/registry/src/github.com-1ecc6299db9ec823/tetsy-rocksdb-sys-0.5.6/rocksdb/db/version_edit.h: In constructor 'rocksdb::FdWithKeyRange::FdWithKeyRange(rocksdb::FileDescriptor, rocksdb::Slice, rocksdb::Slice, rocksdb::FileMetaData*)':
[INFO] [stderr]   /opt/rustwide/cargo-home/registry/src/github.com-1ecc6299db9ec823/tetsy-rocksdb-sys-0.5.6/rocksdb/db/version_edit.h:157:33: warning: implicitly-declared 'constexpr rocksdb::FileDescriptor::FileDescriptor(const rocksdb::FileDescriptor&)' is deprecated [-Wdeprecated-copy]
[INFO] [stderr]     157 |         largest_key(_largest_key) {}
[INFO] [stderr]         |                                 ^
[INFO] [stderr]   /opt/rustwide/cargo-home/registry/src/github.com-1ecc6299db9ec823/tetsy-rocksdb-sys-0.5.6/rocksdb/db/version_edit.h:47:19: note: because 'rocksdb::FileDescriptor' has user-provided 'rocksdb::FileDescriptor& rocksdb::FileDescriptor::operator=(const rocksdb::FileDescriptor&)'
[INFO] [stderr]      47 |   FileDescriptor& operator=(const FileDescriptor& fd) {
[INFO] [stderr]         |                   ^~~~~~~~
[INFO] [stderr]   /opt/rustwide/cargo-home/registry/src/github.com-1ecc6299db9ec823/tetsy-rocksdb-sys-0.5.6/rocksdb/db/version_edit.h: In instantiation of 'constexpr std::pair<_T1, _T2>::pair(_U1&&, _U2&&) [with _U1 = int&; _U2 = rocksdb::FileMetaData; typename std::enable_if<(std::_PCC<true, _T1, _T2>::_MoveConstructiblePair<_U1, _U2>() && std::_PCC<true, _T1, _T2>::_ImplicitlyMoveConvertiblePair<_U1, _U2>()), bool>::type <anonymous> = true; _T1 = int; _T2 = rocksdb::FileMetaData]':
[INFO] [stderr]   /usr/include/c++/9/ext/new_allocator.h:147:4:   required from 'void __gnu_cxx::new_allocator<_Tp>::construct(_Up*, _Args&& ...) [with _Up = std::pair<int, rocksdb::FileMetaData>; _Args = {int&, rocksdb::FileMetaData}; _Tp = std::pair<int, rocksdb::FileMetaData>]'
[INFO] [stderr]   /usr/include/c++/9/bits/alloc_traits.h:484:4:   required from 'static void std::allocator_traits<std::allocator<_CharT> >::construct(std::allocator_traits<std::allocator<_CharT> >::allocator_type&, _Up*, _Args&& ...) [with _Up = std::pair<int, rocksdb::FileMetaData>; _Args = {int&, rocksdb::FileMetaData}; _Tp = std::pair<int, rocksdb::FileMetaData>; std::allocator_traits<std::allocator<_CharT> >::allocator_type = std::allocator<std::pair<int, rocksdb::FileMetaData> >]'
[INFO] [stderr]   /usr/include/c++/9/bits/vector.tcc:115:30:   required from 'void std::vector<_Tp, _Alloc>::emplace_back(_Args&& ...) [with _Args = {int&, rocksdb::FileMetaData}; _Tp = std::pair<int, rocksdb::FileMetaData>; _Alloc = std::allocator<std::pair<int, rocksdb::FileMetaData> >]'
[INFO] [stderr]   /opt/rustwide/cargo-home/registry/src/github.com-1ecc6299db9ec823/tetsy-rocksdb-sys-0.5.6/rocksdb/db/version_edit.h:227:48:   required from here
[INFO] [stderr]   /opt/rustwide/cargo-home/registry/src/github.com-1ecc6299db9ec823/tetsy-rocksdb-sys-0.5.6/rocksdb/db/version_edit.h:76:8: warning: implicitly-declared 'constexpr rocksdb::FileDescriptor::FileDescriptor(const rocksdb::FileDescriptor&)' is deprecated [-Wdeprecated-copy]
[INFO] [stderr]      76 | struct FileMetaData {
[INFO] [stderr]         |        ^~~~~~~~~~~~
[INFO] [stderr]   /opt/rustwide/cargo-home/registry/src/github.com-1ecc6299db9ec823/tetsy-rocksdb-sys-0.5.6/rocksdb/db/version_edit.h:47:19: note: because 'rocksdb::FileDescriptor' has user-provided 'rocksdb::FileDescriptor& rocksdb::FileDescriptor::operator=(const rocksdb::FileDescriptor&)'
[INFO] [stderr]      47 |   FileDescriptor& operator=(const FileDescriptor& fd) {
[INFO] [stderr]         |                   ^~~~~~~~
[INFO] [stderr]   In file included from /usr/include/c++/9/bits/stl_algobase.h:64,
[INFO] [stderr]                    from /usr/include/c++/9/bits/char_traits.h:39,
[INFO] [stderr]                    from /usr/include/c++/9/string:40,
[INFO] [stderr]                    from /opt/rustwide/cargo-home/registry/src/github.com-1ecc6299db9ec823/tetsy-rocksdb-sys-0.5.6/rocksdb/db/builder.h:9,
[INFO] [stderr]                    from /opt/rustwide/cargo-home/registry/src/github.com-1ecc6299db9ec823/tetsy-rocksdb-sys-0.5.6/rocksdb/db/builder.cc:10:
[INFO] [stderr]   /usr/include/c++/9/bits/stl_pair.h:342:64: note: synthesized method 'rocksdb::FileMetaData::FileMetaData(rocksdb::FileMetaData&&)' first required here
[INFO] [stderr]     342 |  : first(std::forward<_U1>(__x)), second(std::forward<_U2>(__y)) { }
[INFO] [stderr]         |                                                                ^
[INFO] [stderr]   In file included from /opt/rustwide/cargo-home/registry/src/github.com-1ecc6299db9ec823/tetsy-rocksdb-sys-0.5.6/rocksdb/db/range_del_aggregator.h:16,
[INFO] [stderr]                    from /opt/rustwide/cargo-home/registry/src/github.com-1ecc6299db9ec823/tetsy-rocksdb-sys-0.5.6/rocksdb/db/memtable.h:19,
[INFO] [stderr]                    from /opt/rustwide/cargo-home/registry/src/github.com-1ecc6299db9ec823/tetsy-rocksdb-sys-0.5.6/rocksdb/db/memtable_list.h:17,
[INFO] [stderr]                    from /opt/rustwide/cargo-home/registry/src/github.com-1ecc6299db9ec823/tetsy-rocksdb-sys-0.5.6/rocksdb/db/column_family.h:17,
[INFO] [stderr]                    from /opt/rustwide/cargo-home/registry/src/github.com-1ecc6299db9ec823/tetsy-rocksdb-sys-0.5.6/rocksdb/db/version_set.h:31,
[INFO] [stderr]                    from /opt/rustwide/cargo-home/registry/src/github.com-1ecc6299db9ec823/tetsy-rocksdb-sys-0.5.6/rocksdb/db/compaction.h:11,
[INFO] [stderr]                    from /opt/rustwide/cargo-home/registry/src/github.com-1ecc6299db9ec823/tetsy-rocksdb-sys-0.5.6/rocksdb/db/compaction_iterator.h:12,
[INFO] [stderr]                    from /opt/rustwide/cargo-home/registry/src/github.com-1ecc6299db9ec823/tetsy-rocksdb-sys-0.5.6/rocksdb/db/builder.cc:16:
[INFO] [stderr]   /opt/rustwide/cargo-home/registry/src/github.com-1ecc6299db9ec823/tetsy-rocksdb-sys-0.5.6/rocksdb/db/version_edit.h: In instantiation of 'constexpr std::pair<_T1, _T2>::pair(_U1&&, const _T2&) [with _U1 = int&; typename std::enable_if<std::_PCC<true, _T1, _T2>::_MoveCopyPair<true, _U1, _T2>(), bool>::type <anonymous> = true; _T1 = int; _T2 = rocksdb::FileMetaData]':
[INFO] [stderr]   /usr/include/c++/9/ext/new_allocator.h:147:4:   required from 'void __gnu_cxx::new_allocator<_Tp>::construct(_Up*, _Args&& ...) [with _Up = std::pair<int, rocksdb::FileMetaData>; _Args = {int&, const rocksdb::FileMetaData&}; _Tp = std::pair<int, rocksdb::FileMetaData>]'
[INFO] [stderr]   /usr/include/c++/9/bits/alloc_traits.h:484:4:   required from 'static void std::allocator_traits<std::allocator<_CharT> >::construct(std::allocator_traits<std::allocator<_CharT> >::allocator_type&, _Up*, _Args&& ...) [with _Up = std::pair<int, rocksdb::FileMetaData>; _Args = {int&, const rocksdb::FileMetaData&}; _Tp = std::pair<int, rocksdb::FileMetaData>; std::allocator_traits<std::allocator<_CharT> >::allocator_type = std::allocator<std::pair<int, rocksdb::FileMetaData> >]'
[INFO] [stderr]   /usr/include/c++/9/bits/vector.tcc:115:30:   required from 'void std::vector<_Tp, _Alloc>::emplace_back(_Args&& ...) [with _Args = {int&, const rocksdb::FileMetaData&}; _Tp = std::pair<int, rocksdb::FileMetaData>; _Alloc = std::allocator<std::pair<int, rocksdb::FileMetaData> >]'
[INFO] [stderr]   /opt/rustwide/cargo-home/registry/src/github.com-1ecc6299db9ec823/tetsy-rocksdb-sys-0.5.6/rocksdb/db/version_edit.h:232:37:   required from here
[INFO] [stderr]   /opt/rustwide/cargo-home/registry/src/github.com-1ecc6299db9ec823/tetsy-rocksdb-sys-0.5.6/rocksdb/db/version_edit.h:76:8: warning: implicitly-declared 'constexpr rocksdb::FileDescriptor::FileDescriptor(const rocksdb::FileDescriptor&)' is deprecated [-Wdeprecated-copy]
[INFO] [stderr]      76 | struct FileMetaData {
[INFO] [stderr]         |        ^~~~~~~~~~~~
[INFO] [stderr]   /opt/rustwide/cargo-home/registry/src/github.com-1ecc6299db9ec823/tetsy-rocksdb-sys-0.5.6/rocksdb/db/version_edit.h:47:19: note: because 'rocksdb::FileDescriptor' has user-provided 'rocksdb::FileDescriptor& rocksdb::FileDescriptor::operator=(const rocksdb::FileDescriptor&)'
[INFO] [stderr]      47 |   FileDescriptor& operator=(const FileDescriptor& fd) {
[INFO] [stderr]         |                   ^~~~~~~~
[INFO] [stderr]   In file included from /usr/include/c++/9/bits/stl_algobase.h:64,
[INFO] [stderr]                    from /usr/include/c++/9/bits/char_traits.h:39,
[INFO] [stderr]                    from /usr/include/c++/9/string:40,
[INFO] [stderr]                    from /opt/rustwide/cargo-home/registry/src/github.com-1ecc6299db9ec823/tetsy-rocksdb-sys-0.5.6/rocksdb/db/builder.h:9,
[INFO] [stderr]                    from /opt/rustwide/cargo-home/registry/src/github.com-1ecc6299db9ec823/tetsy-rocksdb-sys-0.5.6/rocksdb/db/builder.cc:10:
[INFO] [stderr]   /usr/include/c++/9/bits/stl_pair.h:312:51: note: synthesized method 'rocksdb::FileMetaData::FileMetaData(const rocksdb::FileMetaData&)' first required here
[INFO] [stderr]     312 |        : first(std::forward<_U1>(__x)), second(__y) { }
[INFO] [stderr]         |                                                   ^
[INFO] [stderr]   c++: fatal error: Killed signal terminated program cc1plus
[INFO] [stderr]   compilation terminated.
[INFO] [stderr]   make[3]: *** [CMakeFiles/rocksdb.dir/build.make:105: CMakeFiles/rocksdb.dir/db/builder.cc.o] Error 1
[INFO] [stderr]   c++: fatal error: Killed signal terminated program cc1plus
[INFO] [stderr]   compilation terminated.
[INFO] [stderr]   make[3]: *** [CMakeFiles/rocksdb.dir/build.make:248: CMakeFiles/rocksdb.dir/db/db_impl.cc.o] Error 1
[INFO] [stderr]   /opt/rustwide/cargo-home/registry/src/github.com-1ecc6299db9ec823/tetsy-rocksdb-sys-0.5.6/rocksdb/db/version_edit.h: In instantiation of 'constexpr std::pair<_T1, _T2>::pair(_U1&&, _U2&&) [with _U1 = int&; _U2 = rocksdb::FileMetaData; typename std::enable_if<(std::_PCC<true, _T1, _T2>::_MoveConstructiblePair<_U1, _U2>() && std::_PCC<true, _T1, _T2>::_ImplicitlyMoveConvertiblePair<_U1, _U2>()), bool>::type <anonymous> = true; _T1 = int; _T2 = rocksdb::FileMetaData]':
[INFO] [stderr]   /usr/include/c++/9/ext/new_allocator.h:147:4:   required from 'void __gnu_cxx::new_allocator<_Tp>::construct(_Up*, _Args&& ...) [with _Up = std::pair<int, rocksdb::FileMetaData>; _Args = {int&, rocksdb::FileMetaData}; _Tp = std::pair<int, rocksdb::FileMetaData>]'
[INFO] [stderr]   /usr/include/c++/9/bits/alloc_traits.h:484:4:   required from 'static void std::allocator_traits<std::allocator<_Tp1> >::construct(std::allocator_traits<std::allocator<_Tp1> >::allocator_type&, _Up*, _Args&& ...) [with _Up = std::pair<int, rocksdb::FileMetaData>; _Args = {int&, rocksdb::FileMetaData}; _Tp = std::pair<int, rocksdb::FileMetaData>; std::allocator_traits<std::allocator<_Tp1> >::allocator_type = std::allocator<std::pair<int, rocksdb::FileMetaData> >]'
[INFO] [stderr]   /usr/include/c++/9/bits/vector.tcc:115:30:   required from 'void std::vector<_Tp, _Alloc>::emplace_back(_Args&& ...) [with _Args = {int&, rocksdb::FileMetaData}; _Tp = std::pair<int, rocksdb::FileMetaData>; _Alloc = std::allocator<std::pair<int, rocksdb::FileMetaData> >]'
[INFO] [stderr]   /opt/rustwide/cargo-home/registry/src/github.com-1ecc6299db9ec823/tetsy-rocksdb-sys-0.5.6/rocksdb/db/version_edit.h:227:48:   required from here
[INFO] [stderr]   /opt/rustwide/cargo-home/registry/src/github.com-1ecc6299db9ec823/tetsy-rocksdb-sys-0.5.6/rocksdb/db/version_edit.h:76:8: warning: implicitly-declared 'constexpr rocksdb::FileDescriptor::FileDescriptor(const rocksdb::FileDescriptor&)' is deprecated [-Wdeprecated-copy]
[INFO] [stderr]      76 | struct FileMetaData {
[INFO] [stderr]         |        ^~~~~~~~~~~~
[INFO] [stderr]   /opt/rustwide/cargo-home/registry/src/github.com-1ecc6299db9ec823/tetsy-rocksdb-sys-0.5.6/rocksdb/db/version_edit.h:47:19: note: because 'rocksdb::FileDescriptor' has user-provided 'rocksdb::FileDescriptor& rocksdb::FileDescriptor::operator=(const rocksdb::FileDescriptor&)'
[INFO] [stderr]      47 |   FileDescriptor& operator=(const FileDescriptor& fd) {
[INFO] [stderr]         |                   ^~~~~~~~
[INFO] [stderr]   In file included from /usr/include/c++/9/bits/stl_algobase.h:64,
[INFO] [stderr]                    from /usr/include/c++/9/deque:60,
[INFO] [stderr]                    from /opt/rustwide/cargo-home/registry/src/github.com-1ecc6299db9ec823/tetsy-rocksdb-sys-0.5.6/rocksdb/db/version_set.h:22,
[INFO] [stderr]                    from /opt/rustwide/cargo-home/registry/src/github.com-1ecc6299db9ec823/tetsy-rocksdb-sys-0.5.6/rocksdb/db/compaction.h:11,
[INFO] [stderr]                    from /opt/rustwide/cargo-home/registry/src/github.com-1ecc6299db9ec823/tetsy-rocksdb-sys-0.5.6/rocksdb/db/compaction.cc:10:
[INFO] [stderr]   /usr/include/c++/9/bits/stl_pair.h:342:64: note: synthesized method 'rocksdb::FileMetaData::FileMetaData(rocksdb::FileMetaData&&)' first required here
[INFO] [stderr]     342 |  : first(std::forward<_U1>(__x)), second(std::forward<_U2>(__y)) { }
[INFO] [stderr]         |                                                                ^
[INFO] [stderr]   In file included from /opt/rustwide/cargo-home/registry/src/github.com-1ecc6299db9ec823/tetsy-rocksdb-sys-0.5.6/rocksdb/db/range_del_aggregator.h:16,
[INFO] [stderr]                    from /opt/rustwide/cargo-home/registry/src/github.com-1ecc6299db9ec823/tetsy-rocksdb-sys-0.5.6/rocksdb/db/memtable.h:19,
[INFO] [stderr]                    from /opt/rustwide/cargo-home/registry/src/github.com-1ecc6299db9ec823/tetsy-rocksdb-sys-0.5.6/rocksdb/db/memtable_list.h:17,
[INFO] [stderr]                    from /opt/rustwide/cargo-home/registry/src/github.com-1ecc6299db9ec823/tetsy-rocksdb-sys-0.5.6/rocksdb/db/column_family.h:17,
[INFO] [stderr]                    from /opt/rustwide/cargo-home/registry/src/github.com-1ecc6299db9ec823/tetsy-rocksdb-sys-0.5.6/rocksdb/db/version_set.h:31,
[INFO] [stderr]                    from /opt/rustwide/cargo-home/registry/src/github.com-1ecc6299db9ec823/tetsy-rocksdb-sys-0.5.6/rocksdb/db/compaction.h:11,
[INFO] [stderr]                    from /opt/rustwide/cargo-home/registry/src/github.com-1ecc6299db9ec823/tetsy-rocksdb-sys-0.5.6/rocksdb/db/compaction.cc:10:
[INFO] [stderr]   /opt/rustwide/cargo-home/registry/src/github.com-1ecc6299db9ec823/tetsy-rocksdb-sys-0.5.6/rocksdb/db/version_edit.h: In instantiation of 'constexpr std::pair<_T1, _T2>::pair(_U1&&, const _T2&) [with _U1 = int&; typename std::enable_if<std::_PCC<true, _T1, _T2>::_MoveCopyPair<true, _U1, _T2>(), bool>::type <anonymous> = true; _T1 = int; _T2 = rocksdb::FileMetaData]':
[INFO] [stderr]   /usr/include/c++/9/ext/new_allocator.h:147:4:   required from 'void __gnu_cxx::new_allocator<_Tp>::construct(_Up*, _Args&& ...) [with _Up = std::pair<int, rocksdb::FileMetaData>; _Args = {int&, const rocksdb::FileMetaData&}; _Tp = std::pair<int, rocksdb::FileMetaData>]'
[INFO] [stderr]   /usr/include/c++/9/bits/alloc_traits.h:484:4:   required from 'static void std::allocator_traits<std::allocator<_Tp1> >::construct(std::allocator_traits<std::allocator<_Tp1> >::allocator_type&, _Up*, _Args&& ...) [with _Up = std::pair<int, rocksdb::FileMetaData>; _Args = {int&, const rocksdb::FileMetaData&}; _Tp = std::pair<int, rocksdb::FileMetaData>; std::allocator_traits<std::allocator<_Tp1> >::allocator_type = std::allocator<std::pair<int, rocksdb::FileMetaData> >]'
[INFO] [stderr]   /usr/include/c++/9/bits/vector.tcc:115:30:   required from 'void std::vector<_Tp, _Alloc>::emplace_back(_Args&& ...) [with _Args = {int&, const rocksdb::FileMetaData&}; _Tp = std::pair<int, rocksdb::FileMetaData>; _Alloc = std::allocator<std::pair<int, rocksdb::FileMetaData> >]'
[INFO] [stderr]   /opt/rustwide/cargo-home/registry/src/github.com-1ecc6299db9ec823/tetsy-rocksdb-sys-0.5.6/rocksdb/db/version_edit.h:232:37:   required from here
[INFO] [stderr]   /opt/rustwide/cargo-home/registry/src/github.com-1ecc6299db9ec823/tetsy-rocksdb-sys-0.5.6/rocksdb/db/version_edit.h:76:8: warning: implicitly-declared 'constexpr rocksdb::FileDescriptor::FileDescriptor(const rocksdb::FileDescriptor&)' is deprecated [-Wdeprecated-copy]
[INFO] [stderr]      76 | struct FileMetaData {
[INFO] [stderr]         |        ^~~~~~~~~~~~
[INFO] [stderr]   /opt/rustwide/cargo-home/registry/src/github.com-1ecc6299db9ec823/tetsy-rocksdb-sys-0.5.6/rocksdb/db/version_edit.h:47:19: note: because 'rocksdb::FileDescriptor' has user-provided 'rocksdb::FileDescriptor& rocksdb::FileDescriptor::operator=(const rocksdb::FileDescriptor&)'
[INFO] [stderr]      47 |   FileDescriptor& operator=(const FileDescriptor& fd) {
[INFO] [stderr]         |                   ^~~~~~~~
[INFO] [stderr]   In file included from /usr/include/c++/9/bits/stl_algobase.h:64,
[INFO] [stderr]                    from /usr/include/c++/9/deque:60,
[INFO] [stderr]                    from /opt/rustwide/cargo-home/registry/src/github.com-1ecc6299db9ec823/tetsy-rocksdb-sys-0.5.6/rocksdb/db/version_set.h:22,
[INFO] [stderr]                    from /opt/rustwide/cargo-home/registry/src/github.com-1ecc6299db9ec823/tetsy-rocksdb-sys-0.5.6/rocksdb/db/compaction.h:11,
[INFO] [stderr]                    from /opt/rustwide/cargo-home/registry/src/github.com-1ecc6299db9ec823/tetsy-rocksdb-sys-0.5.6/rocksdb/db/compaction.cc:10:
[INFO] [stderr]   /usr/include/c++/9/bits/stl_pair.h:312:51: note: synthesized method 'rocksdb::FileMetaData::FileMetaData(const rocksdb::FileMetaData&)' first required here
[INFO] [stderr]     312 |        : first(std::forward<_U1>(__x)), second(__y) { }
[INFO] [stderr]         |                                                   ^
[INFO] [stderr]   c++: fatal error: Killed signal terminated program cc1plus
[INFO] [stderr]   compilation terminated.
[INFO] [stderr]   make[3]: *** [CMakeFiles/rocksdb.dir/build.make:222: CMakeFiles/rocksdb.dir/db/convenience.cc.o] Error 1
[INFO] [stderr]   In file included from /opt/rustwide/cargo-home/registry/src/github.com-1ecc6299db9ec823/tetsy-rocksdb-sys-0.5.6/rocksdb/db/range_del_aggregator.h:16,
[INFO] [stderr]                    from /opt/rustwide/cargo-home/registry/src/github.com-1ecc6299db9ec823/tetsy-rocksdb-sys-0.5.6/rocksdb/db/memtable.h:19,
[INFO] [stderr]                    from /opt/rustwide/cargo-home/registry/src/github.com-1ecc6299db9ec823/tetsy-rocksdb-sys-0.5.6/rocksdb/db/memtable_list.h:17,
[INFO] [stderr]                    from /opt/rustwide/cargo-home/registry/src/github.com-1ecc6299db9ec823/tetsy-rocksdb-sys-0.5.6/rocksdb/db/column_family.h:17,
[INFO] [stderr]                    from /opt/rustwide/cargo-home/registry/src/github.com-1ecc6299db9ec823/tetsy-rocksdb-sys-0.5.6/rocksdb/db/db_impl.h:22,
[INFO] [stderr]                    from /opt/rustwide/cargo-home/registry/src/github.com-1ecc6299db9ec823/tetsy-rocksdb-sys-0.5.6/rocksdb/db/db_impl_compaction_flush.cc:9:
[INFO] [stderr]   /opt/rustwide/cargo-home/registry/src/github.com-1ecc6299db9ec823/tetsy-rocksdb-sys-0.5.6/rocksdb/db/version_edit.h: In constructor 'rocksdb::FdWithKeyRange::FdWithKeyRange(rocksdb::FileDescriptor, rocksdb::Slice, rocksdb::Slice, rocksdb::FileMetaData*)':
[INFO] [stderr]   /opt/rustwide/cargo-home/registry/src/github.com-1ecc6299db9ec823/tetsy-rocksdb-sys-0.5.6/rocksdb/db/version_edit.h:157:33: warning: implicitly-declared 'constexpr rocksdb::FileDescriptor::FileDescriptor(const rocksdb::FileDescriptor&)' is deprecated [-Wdeprecated-copy]
[INFO] [stderr]     157 |         largest_key(_largest_key) {}
[INFO] [stderr]         |                                 ^
[INFO] [stderr]   /opt/rustwide/cargo-home/registry/src/github.com-1ecc6299db9ec823/tetsy-rocksdb-sys-0.5.6/rocksdb/db/version_edit.h:47:19: note: because 'rocksdb::FileDescriptor' has user-provided 'rocksdb::FileDescriptor& rocksdb::FileDescriptor::operator=(const rocksdb::FileDescriptor&)'
[INFO] [stderr]      47 |   FileDescriptor& operator=(const FileDescriptor& fd) {
[INFO] [stderr]         |                   ^~~~~~~~
[INFO] [stderr]   /opt/rustwide/cargo-home/registry/src/github.com-1ecc6299db9ec823/tetsy-rocksdb-sys-0.5.6/rocksdb/db/version_edit.h: In instantiation of 'constexpr std::pair<_T1, _T2>::pair(_U1&&, _U2&&) [with _U1 = int&; _U2 = rocksdb::FileMetaData; typename std::enable_if<(std::_PCC<true, _T1, _T2>::_MoveConstructiblePair<_U1, _U2>() && std::_PCC<true, _T1, _T2>::_ImplicitlyMoveConvertiblePair<_U1, _U2>()), bool>::type <anonymous> = true; _T1 = int; _T2 = rocksdb::FileMetaData]':
[INFO] [stderr]   /usr/include/c++/9/ext/new_allocator.h:147:4:   required from 'void __gnu_cxx::new_allocator<_Tp>::construct(_Up*, _Args&& ...) [with _Up = std::pair<int, rocksdb::FileMetaData>; _Args = {int&, rocksdb::FileMetaData}; _Tp = std::pair<int, rocksdb::FileMetaData>]'
[INFO] [stderr]   /usr/include/c++/9/bits/alloc_traits.h:484:4:   required from 'static void std::allocator_traits<std::allocator<_Tp1> >::construct(std::allocator_traits<std::allocator<_Tp1> >::allocator_type&, _Up*, _Args&& ...) [with _Up = std::pair<int, rocksdb::FileMetaData>; _Args = {int&, rocksdb::FileMetaData}; _Tp = std::pair<int, rocksdb::FileMetaData>; std::allocator_traits<std::allocator<_Tp1> >::allocator_type = std::allocator<std::pair<int, rocksdb::FileMetaData> >]'
[INFO] [stderr]   /usr/include/c++/9/bits/vector.tcc:115:30:   required from 'void std::vector<_Tp, _Alloc>::emplace_back(_Args&& ...) [with _Args = {int&, rocksdb::FileMetaData}; _Tp = std::pair<int, rocksdb::FileMetaData>; _Alloc = std::allocator<std::pair<int, rocksdb::FileMetaData> >]'
[INFO] [stderr]   /opt/rustwide/cargo-home/registry/src/github.com-1ecc6299db9ec823/tetsy-rocksdb-sys-0.5.6/rocksdb/db/version_edit.h:227:48:   required from here
[INFO] [stderr]   /opt/rustwide/cargo-home/registry/src/github.com-1ecc6299db9ec823/tetsy-rocksdb-sys-0.5.6/rocksdb/db/version_edit.h:76:8: warning: implicitly-declared 'constexpr rocksdb::FileDescriptor::FileDescriptor(const rocksdb::FileDescriptor&)' is deprecated [-Wdeprecated-copy]
[INFO] [stderr]      76 | struct FileMetaData {
[INFO] [stderr]         |        ^~~~~~~~~~~~
[INFO] [stderr]   /opt/rustwide/cargo-home/registry/src/github.com-1ecc6299db9ec823/tetsy-rocksdb-sys-0.5.6/rocksdb/db/version_edit.h:47:19: note: because 'rocksdb::FileDescriptor' has user-provided 'rocksdb::FileDescriptor& rocksdb::FileDescriptor::operator=(const rocksdb::FileDescriptor&)'
[INFO] [stderr]      47 |   FileDescriptor& operator=(const FileDescriptor& fd) {
[INFO] [stderr]         |                   ^~~~~~~~
[INFO] [stderr]   In file included from /usr/include/c++/9/bits/stl_algobase.h:64,
[INFO] [stderr]                    from /usr/include/c++/9/deque:60,
[INFO] [stderr]                    from /opt/rustwide/cargo-home/registry/src/github.com-1ecc6299db9ec823/tetsy-rocksdb-sys-0.5.6/rocksdb/db/db_impl.h:12,
[INFO] [stderr]                    from /opt/rustwide/cargo-home/registry/src/github.com-1ecc6299db9ec823/tetsy-rocksdb-sys-0.5.6/rocksdb/db/compacted_db_impl.h:8,
[INFO] [stderr]                    from /opt/rustwide/cargo-home/registry/src/github.com-1ecc6299db9ec823/tetsy-rocksdb-sys-0.5.6/rocksdb/db/compacted_db_impl.cc:7:
[INFO] [stderr]   /usr/include/c++/9/bits/stl_pair.h:342:64: note: synthesized method 'rocksdb::FileMetaData::FileMetaData(rocksdb::FileMetaData&&)' first required here
[INFO] [stderr]     342 |  : first(std::forward<_U1>(__x)), second(std::forward<_U2>(__y)) { }
[INFO] [stderr]         |                                                                ^
[INFO] [stderr]   In file included from /opt/rustwide/cargo-home/registry/src/github.com-1ecc6299db9ec823/tetsy-rocksdb-sys-0.5.6/rocksdb/db/range_del_aggregator.h:16,
[INFO] [stderr]                    from /opt/rustwide/cargo-home/registry/src/github.com-1ecc6299db9ec823/tetsy-rocksdb-sys-0.5.6/rocksdb/db/memtable.h:19,
[INFO] [stderr]                    from /opt/rustwide/cargo-home/registry/src/github.com-1ecc6299db9ec823/tetsy-rocksdb-sys-0.5.6/rocksdb/db/memtable_list.h:17,
[INFO] [stderr]                    from /opt/rustwide/cargo-home/registry/src/github.com-1ecc6299db9ec823/tetsy-rocksdb-sys-0.5.6/rocksdb/db/column_family.h:17,
[INFO] [stderr]                    from /opt/rustwide/cargo-home/registry/src/github.com-1ecc6299db9ec823/tetsy-rocksdb-sys-0.5.6/rocksdb/db/db_impl.h:22,
[INFO] [stderr]                    from /opt/rustwide/cargo-home/registry/src/github.com-1ecc6299db9ec823/tetsy-rocksdb-sys-0.5.6/rocksdb/db/compacted_db_impl.h:8,
[INFO] [stderr]                    from /opt/rustwide/cargo-home/registry/src/github.com-1ecc6299db9ec823/tetsy-rocksdb-sys-0.5.6/rocksdb/db/compacted_db_impl.cc:7:
[INFO] [stderr]   /opt/rustwide/cargo-home/registry/src/github.com-1ecc6299db9ec823/tetsy-rocksdb-sys-0.5.6/rocksdb/db/version_edit.h: In instantiation of 'constexpr std::pair<_T1, _T2>::pair(_U1&&, const _T2&) [with _U1 = int&; typename std::enable_if<std::_PCC<true, _T1, _T2>::_MoveCopyPair<true, _U1, _T2>(), bool>::type <anonymous> = true; _T1 = int; _T2 = rocksdb::FileMetaData]':
[INFO] [stderr]   /usr/include/c++/9/ext/new_allocator.h:147:4:   required from 'void __gnu_cxx::new_allocator<_Tp>::construct(_Up*, _Args&& ...) [with _Up = std::pair<int, rocksdb::FileMetaData>; _Args = {int&, const rocksdb::FileMetaData&}; _Tp = std::pair<int, rocksdb::FileMetaData>]'
[INFO] [stderr]   /usr/include/c++/9/bits/alloc_traits.h:484:4:   required from 'static void std::allocator_traits<std::allocator<_Tp1> >::construct(std::allocator_traits<std::allocator<_Tp1> >::allocator_type&, _Up*, _Args&& ...) [with _Up = std::pair<int, rocksdb::FileMetaData>; _Args = {int&, const rocksdb::FileMetaData&}; _Tp = std::pair<int, rocksdb::FileMetaData>; std::allocator_traits<std::allocator<_Tp1> >::allocator_type = std::allocator<std::pair<int, rocksdb::FileMetaData> >]'
[INFO] [stderr]   /usr/include/c++/9/bits/vector.tcc:115:30:   required from 'void std::vector<_Tp, _Alloc>::emplace_back(_Args&& ...) [with _Args = {int&, const rocksdb::FileMetaData&}; _Tp = std::pair<int, rocksdb::FileMetaData>; _Alloc = std::allocator<std::pair<int, rocksdb::FileMetaData> >]'
[INFO] [stderr]   /opt/rustwide/cargo-home/registry/src/github.com-1ecc6299db9ec823/tetsy-rocksdb-sys-0.5.6/rocksdb/db/version_edit.h:232:37:   required from here
[INFO] [stderr]   /opt/rustwide/cargo-home/registry/src/github.com-1ecc6299db9ec823/tetsy-rocksdb-sys-0.5.6/rocksdb/db/version_edit.h:76:8: warning: implicitly-declared 'constexpr rocksdb::FileDescriptor::FileDescriptor(const rocksdb::FileDescriptor&)' is deprecated [-Wdeprecated-copy]
[INFO] [stderr]      76 | struct FileMetaData {
[INFO] [stderr]         |        ^~~~~~~~~~~~
[INFO] [stderr]   /opt/rustwide/cargo-home/registry/src/github.com-1ecc6299db9ec823/tetsy-rocksdb-sys-0.5.6/rocksdb/db/version_edit.h:47:19: note: because 'rocksdb::FileDescriptor' has user-provided 'rocksdb::FileDescriptor& rocksdb::FileDescriptor::operator=(const rocksdb::FileDescriptor&)'
[INFO] [stderr]      47 |   FileDescriptor& operator=(const FileDescriptor& fd) {
[INFO] [stderr]         |                   ^~~~~~~~
[INFO] [stderr]   In file included from /usr/include/c++/9/bits/stl_algobase.h:64,
[INFO] [stderr]                    from /usr/include/c++/9/deque:60,
[INFO] [stderr]                    from /opt/rustwide/cargo-home/registry/src/github.com-1ecc6299db9ec823/tetsy-rocksdb-sys-0.5.6/rocksdb/db/db_impl.h:12,
[INFO] [stderr]                    from /opt/rustwide/cargo-home/registry/src/github.com-1ecc6299db9ec823/tetsy-rocksdb-sys-0.5.6/rocksdb/db/compacted_db_impl.h:8,
[INFO] [stderr]                    from /opt/rustwide/cargo-home/registry/src/github.com-1ecc6299db9ec823/tetsy-rocksdb-sys-0.5.6/rocksdb/db/compacted_db_impl.cc:7:
[INFO] [stderr]   /usr/include/c++/9/bits/stl_pair.h:312:51: note: synthesized method 'rocksdb::FileMetaData::FileMetaData(const rocksdb::FileMetaData&)' first required here
[INFO] [stderr]     312 |        : first(std::forward<_U1>(__x)), second(__y) { }
[INFO] [stderr]         |                                                   ^
[INFO] [stderr]   /opt/rustwide/cargo-home/registry/src/github.com-1ecc6299db9ec823/tetsy-rocksdb-sys-0.5.6/rocksdb/db/version_edit.h: In copy constructor 'rocksdb::FileMetaData::FileMetaData(const rocksdb::FileMetaData&)':
[INFO] [stderr]   /opt/rustwide/cargo-home/registry/src/github.com-1ecc6299db9ec823/tetsy-rocksdb-sys-0.5.6/rocksdb/db/version_edit.h:76:8: warning: implicitly-declared 'constexpr rocksdb::FileDescriptor::FileDescriptor(const rocksdb::FileDescriptor&)' is deprecated [-Wdeprecated-copy]
[INFO] [stderr]      76 | struct FileMetaData {
[INFO] [stderr]         |        ^~~~~~~~~~~~
[INFO] [stderr]   /opt/rustwide/cargo-home/registry/src/github.com-1ecc6299db9ec823/tetsy-rocksdb-sys-0.5.6/rocksdb/db/version_edit.h:47:19: note: because 'rocksdb::FileDescriptor' has user-provided 'rocksdb::FileDescriptor& rocksdb::FileDescriptor::operator=(const rocksdb::FileDescriptor&)'
[INFO] [stderr]      47 |   FileDescriptor& operator=(const FileDescriptor& fd) {
[INFO] [stderr]         |                   ^~~~~~~~
[INFO] [stderr]   In file included from /usr/include/c++/9/bits/stl_algobase.h:64,
[INFO] [stderr]                    from /usr/include/c++/9/deque:60,
[INFO] [stderr]                    from /opt/rustwide/cargo-home/registry/src/github.com-1ecc6299db9ec823/tetsy-rocksdb-sys-0.5.6/rocksdb/db/db_impl.h:12,
[INFO] [stderr]                    from /opt/rustwide/cargo-home/registry/src/github.com-1ecc6299db9ec823/tetsy-rocksdb-sys-0.5.6/rocksdb/db/db_impl_compaction_flush.cc:9:
[INFO] [stderr]   /usr/include/c++/9/bits/stl_pair.h: In copy constructor 'std::pair<_T1, _T2>::pair(const std::pair<_T1, _T2>&) [with _T1 = int; _T2 = rocksdb::FileMetaData]':
[INFO] [stderr]   /usr/include/c++/9/bits/stl_pair.h:303:17: note: synthesized method 'rocksdb::FileMetaData::FileMetaData(const rocksdb::FileMetaData&)' first required here
[INFO] [stderr]     303 |       constexpr pair(const pair&) = default;
[INFO] [stderr]         |                 ^~~~
[INFO] [stderr]   /opt/rustwide/cargo-home/registry/src/github.com-1ecc6299db9ec823/tetsy-rocksdb-sys-0.5.6/rocksdb/db/db_impl_compaction_flush.cc: In member function 'rocksdb::Status rocksdb::DBImpl::CompactFilesImpl(const rocksdb::CompactionOptions&, rocksdb::ColumnFamilyData*, rocksdb::Version*, const std::vector<std::__cxx11::basic_string<char> >&, std::vector<std::__cxx11::basic_string<char> >*, int, int, rocksdb::JobContext*, rocksdb::LogBuffer*)':
[INFO] [stderr]   /opt/rustwide/cargo-home/registry/src/github.com-1ecc6299db9ec823/tetsy-rocksdb-sys-0.5.6/rocksdb/db/db_impl_compaction_flush.cc:752:51: note: synthesized method 'std::pair<_T1, _T2>::pair(const std::pair<_T1, _T2>&) [with _T1 = int; _T2 = rocksdb::FileMetaData]' first required here
[INFO] [stderr]     752 |     for (const auto newf : c->edit()->GetNewFiles()) {
[INFO] [stderr]         |                                                   ^
[INFO] [stderr]   /opt/rustwide/cargo-home/registry/src/github.com-1ecc6299db9ec823/tetsy-rocksdb-sys-0.5.6/rocksdb/db/version_edit.h: In instantiation of 'constexpr std::pair<_T1, _T2>::pair(_U1&&, _U2&&) [with _U1 = int&; _U2 = rocksdb::FileMetaData; typename std::enable_if<(std::_PCC<true, _T1, _T2>::_MoveConstructiblePair<_U1, _U2>() && std::_PCC<true, _T1, _T2>::_ImplicitlyMoveConvertiblePair<_U1, _U2>()), bool>::type <anonymous> = true; _T1 = int; _T2 = rocksdb::FileMetaData]':
[INFO] [stderr]   /usr/include/c++/9/ext/new_allocator.h:147:4:   required from 'void __gnu_cxx::new_allocator<_Tp>::construct(_Up*, _Args&& ...) [with _Up = std::pair<int, rocksdb::FileMetaData>; _Args = {int&, rocksdb::FileMetaData}; _Tp = std::pair<int, rocksdb::FileMetaData>]'
[INFO] [stderr]   /usr/include/c++/9/bits/alloc_traits.h:484:4:   required from 'static void std::allocator_traits<std::allocator<_Tp1> >::construct(std::allocator_traits<std::allocator<_Tp1> >::allocator_type&, _Up*, _Args&& ...) [with _Up = std::pair<int, rocksdb::FileMetaData>; _Args = {int&, rocksdb::FileMetaData}; _Tp = std::pair<int, rocksdb::FileMetaData>; std::allocator_traits<std::allocator<_Tp1> >::allocator_type = std::allocator<std::pair<int, rocksdb::FileMetaData> >]'
[INFO] [stderr]   /usr/include/c++/9/bits/vector.tcc:115:30:   required from 'void std::vector<_Tp, _Alloc>::emplace_back(_Args&& ...) [with _Args = {int&, rocksdb::FileMetaData}; _Tp = std::pair<int, rocksdb::FileMetaData>; _Alloc = std::allocator<std::pair<int, rocksdb::FileMetaData> >]'
[INFO] [stderr]   /opt/rustwide/cargo-home/registry/src/github.com-1ecc6299db9ec823/tetsy-rocksdb-sys-0.5.6/rocksdb/db/version_edit.h:227:48:   required from here
[INFO] [stderr]   /opt/rustwide/cargo-home/registry/src/github.com-1ecc6299db9ec823/tetsy-rocksdb-sys-0.5.6/rocksdb/db/version_edit.h:76:8: warning: implicitly-declared 'constexpr rocksdb::FileDescriptor::FileDescriptor(const rocksdb::FileDescriptor&)' is deprecated [-Wdeprecated-copy]
[INFO] [stderr]      76 | struct FileMetaData {
[INFO] [stderr]         |        ^~~~~~~~~~~~
[INFO] [stderr]   /opt/rustwide/cargo-home/registry/src/github.com-1ecc6299db9ec823/tetsy-rocksdb-sys-0.5.6/rocksdb/db/version_edit.h:47:19: note: because 'rocksdb::FileDescriptor' has user-provided 'rocksdb::FileDescriptor& rocksdb::FileDescriptor::operator=(const rocksdb::FileDescriptor&)'
[INFO] [stderr]      47 |   FileDescriptor& operator=(const FileDescriptor& fd) {
[INFO] [stderr]         |                   ^~~~~~~~
[INFO] [stderr]   In file included from /usr/include/c++/9/unordered_map:43,
[INFO] [stderr]                    from /opt/rustwide/cargo-home/registry/src/github.com-1ecc6299db9ec823/tetsy-rocksdb-sys-0.5.6/rocksdb/db/column_family.h:12,
[INFO] [stderr]                    from /opt/rustwide/cargo-home/registry/src/github.com-1ecc6299db9ec823/tetsy-rocksdb-sys-0.5.6/rocksdb/db/column_family.cc:10:
[INFO] [stderr]   /usr/include/c++/9/bits/stl_pair.h:342:64: note: synthesized method 'rocksdb::FileMetaData::FileMetaData(rocksdb::FileMetaData&&)' first required here
[INFO] [stderr]     342 |  : first(std::forward<_U1>(__x)), second(std::forward<_U2>(__y)) { }
[INFO] [stderr]         |                                                                ^
[INFO] [stderr]   In file included from /opt/rustwide/cargo-home/registry/src/github.com-1ecc6299db9ec823/tetsy-rocksdb-sys-0.5.6/rocksdb/db/range_del_aggregator.h:16,
[INFO] [stderr]                    from /opt/rustwide/cargo-home/registry/src/github.com-1ecc6299db9ec823/tetsy-rocksdb-sys-0.5.6/rocksdb/db/memtable.h:19,
[INFO] [stderr]                    from /opt/rustwide/cargo-home/registry/src/github.com-1ecc6299db9ec823/tetsy-rocksdb-sys-0.5.6/rocksdb/db/memtable_list.h:17,
[INFO] [stderr]                    from /opt/rustwide/cargo-home/registry/src/github.com-1ecc6299db9ec823/tetsy-rocksdb-sys-0.5.6/rocksdb/db/column_family.h:17,
[INFO] [stderr]                    from /opt/rustwide/cargo-home/registry/src/github.com-1ecc6299db9ec823/tetsy-rocksdb-sys-0.5.6/rocksdb/db/column_family.cc:10:
[INFO] [stderr]   /opt/rustwide/cargo-home/registry/src/github.com-1ecc6299db9ec823/tetsy-rocksdb-sys-0.5.6/rocksdb/db/version_edit.h: In instantiation of 'constexpr std::pair<_T1, _T2>::pair(_U1&&, const _T2&) [with _U1 = int&; typename std::enable_if<std::_PCC<true, _T1, _T2>::_MoveCopyPair<true, _U1, _T2>(), bool>::type <anonymous> = true; _T1 = int; _T2 = rocksdb::FileMetaData]':
[INFO] [stderr]   /usr/include/c++/9/ext/new_allocator.h:147:4:   required from 'void __gnu_cxx::new_allocator<_Tp>::construct(_Up*, _Args&& ...) [with _Up = std::pair<int, rocksdb::FileMetaData>; _Args = {int&, const rocksdb::FileMetaData&}; _Tp = std::pair<int, rocksdb::FileMetaData>]'
[INFO] [stderr]   /usr/include/c++/9/bits/alloc_traits.h:484:4:   required from 'static void std::allocator_traits<std::allocator<_Tp1> >::construct(std::allocator_traits<std::allocator<_Tp1> >::allocator_type&, _Up*, _Args&& ...) [with _Up = std::pair<int, rocksdb::FileMetaData>; _Args = {int&, const rocksdb::FileMetaData&}; _Tp = std::pair<int, rocksdb::FileMetaData>; std::allocator_traits<std::allocator<_Tp1> >::allocator_type = std::allocator<std::pair<int, rocksdb::FileMetaData> >]'
[INFO] [stderr]   /usr/include/c++/9/bits/vector.tcc:115:30:   required from 'void std::vector<_Tp, _Alloc>::emplace_back(_Args&& ...) [with _Args = {int&, const rocksdb::FileMetaData&}; _Tp = std::pair<int, rocksdb::FileMetaData>; _Alloc = std::allocator<std::pair<int, rocksdb::FileMetaData> >]'
[INFO] [stderr]   /opt/rustwide/cargo-home/registry/src/github.com-1ecc6299db9ec823/tetsy-rocksdb-sys-0.5.6/rocksdb/db/version_edit.h:232:37:   required from here
[INFO] [stderr]   /opt/rustwide/cargo-home/registry/src/github.com-1ecc6299db9ec823/tetsy-rocksdb-sys-0.5.6/rocksdb/db/version_edit.h:76:8: warning: implicitly-declared 'constexpr rocksdb::FileDescriptor::FileDescriptor(const rocksdb::FileDescriptor&)' is deprecated [-Wdeprecated-copy]
[INFO] [stderr]      76 | struct FileMetaData {
[INFO] [stderr]         |        ^~~~~~~~~~~~
[INFO] [stderr]   /opt/rustwide/cargo-home/registry/src/github.com-1ecc6299db9ec823/tetsy-rocksdb-sys-0.5.6/rocksdb/db/version_edit.h:47:19: note: because 'rocksdb::FileDescriptor' has user-provided 'rocksdb::FileDescriptor& rocksdb::FileDescriptor::operator=(const rocksdb::FileDescriptor&)'
[INFO] [stderr]      47 |   FileDescriptor& operator=(const FileDescriptor& fd) {
[INFO] [stderr]         |                   ^~~~~~~~
[INFO] [stderr]   In file included from /usr/include/c++/9/unordered_map:43,
[INFO] [stderr]                    from /opt/rustwide/cargo-home/registry/src/github.com-1ecc6299db9ec823/tetsy-rocksdb-sys-0.5.6/rocksdb/db/column_family.h:12,
[INFO] [stderr]                    from /opt/rustwide/cargo-home/registry/src/github.com-1ecc6299db9ec823/tetsy-rocksdb-sys-0.5.6/rocksdb/db/column_family.cc:10:
[INFO] [stderr]   /usr/include/c++/9/bits/stl_pair.h:312:51: note: synthesized method 'rocksdb::FileMetaData::FileMetaData(const rocksdb::FileMetaData&)' first required here
[INFO] [stderr]     312 |        : first(std::forward<_U1>(__x)), second(__y) { }
[INFO] [stderr]         |                                                   ^
[INFO] [stderr]   /opt/rustwide/cargo-home/registry/src/github.com-1ecc6299db9ec823/tetsy-rocksdb-sys-0.5.6/rocksdb/db/version_edit.h: In instantiation of 'void __gnu_cxx::new_allocator<_Tp>::construct(_Up*, _Args&& ...) [with _Up = rocksdb::CompactionJob::SubcompactionState::Output; _Args = {const rocksdb::CompactionJob::SubcompactionState::Output&}; _Tp = rocksdb::CompactionJob::SubcompactionState::Output]':
[INFO] [stderr]   /usr/include/c++/9/bits/alloc_traits.h:484:4:   required from 'static void std::allocator_traits<std::allocator<_Tp1> >::construct(std::allocator_traits<std::allocator<_Tp1> >::allocator_type&, _Up*, _Args&& ...) [with _Up = rocksdb::CompactionJob::SubcompactionState::Output; _Args = {const rocksdb::CompactionJob::SubcompactionState::Output&}; _Tp = rocksdb::CompactionJob::SubcompactionState::Output; std::allocator_traits<std::allocator<_Tp1> >::allocator_type = std::allocator<rocksdb::CompactionJob::SubcompactionState::Output>]'
[INFO] [stderr]   /usr/include/c++/9/bits/stl_vector.h:1189:30:   required from 'void std::vector<_Tp, _Alloc>::push_back(const value_type&) [with _Tp = rocksdb::CompactionJob::SubcompactionState::Output; _Alloc = std::allocator<rocksdb::CompactionJob::SubcompactionState::Output>; std::vector<_Tp, _Alloc>::value_type = rocksdb::CompactionJob::SubcompactionState::Output]'
[INFO] [stderr]   /opt/rustwide/cargo-home/registry/src/github.com-1ecc6299db9ec823/tetsy-rocksdb-sys-0.5.6/rocksdb/db/compaction_job.cc:1358:37:   required from here
[INFO] [stderr]   /opt/rustwide/cargo-home/registry/src/github.com-1ecc6299db9ec823/tetsy-rocksdb-sys-0.5.6/rocksdb/db/version_edit.h:76:8: warning: implicitly-declared 'constexpr rocksdb::FileDescriptor::FileDescriptor(const rocksdb::FileDescriptor&)' is deprecated [-Wdeprecated-copy]
[INFO] [stderr]      76 | struct FileMetaData {
[INFO] [stderr]         |        ^~~~~~~~~~~~
[INFO] [stderr]   /opt/rustwide/cargo-home/registry/src/github.com-1ecc6299db9ec823/tetsy-rocksdb-sys-0.5.6/rocksdb/db/version_edit.h:47:19: note: because 'rocksdb::FileDescriptor' has user-provided 'rocksdb::FileDescriptor& rocksdb::FileDescriptor::operator=(const rocksdb::FileDescriptor&)'
[INFO] [stderr]      47 |   FileDescriptor& operator=(const FileDescriptor& fd) {
[INFO] [stderr]         |                   ^~~~~~~~
[INFO] [stderr]   /opt/rustwide/cargo-home/registry/src/github.com-1ecc6299db9ec823/tetsy-rocksdb-sys-0.5.6/rocksdb/db/compaction_job.cc:119:10: note: synthesized method 'rocksdb::FileMetaData::FileMetaData(const rocksdb::FileMetaData&)' first required here
[INFO] [stderr]     119 |   struct Output {
[INFO] [stderr]         |          ^~~~~~
[INFO] [stderr]   In file included from /usr/include/x86_64-linux-gnu/c++/9/bits/c++allocator.h:33,
[INFO] [stderr]                    from /usr/include/c++/9/bits/allocator.h:46,
[INFO] [stderr]                    from /usr/include/c++/9/deque:64,
[INFO] [stderr]                    from /opt/rustwide/cargo-home/registry/src/github.com-1ecc6299db9ec823/tetsy-rocksdb-sys-0.5.6/rocksdb/db/compaction_job.h:12,
[INFO] [stderr]                    from /opt/rustwide/cargo-home/registry/src/github.com-1ecc6299db9ec823/tetsy-rocksdb-sys-0.5.6/rocksdb/db/compaction_job.cc:10:
[INFO] [stderr]   /usr/include/c++/9/ext/new_allocator.h:147:4: note: synthesized method 'rocksdb::CompactionJob::SubcompactionState::Output::Output(const rocksdb::CompactionJob::SubcompactionState::Output&)' first required here
[INFO] [stderr]     147 |  { ::new((void *)__p) _Up(std::forward<_Args>(__args)...); }
[INFO] [stderr]         |    ^~~~~~~~~~~~~~~~~~~~~~~~~~~~~~~~~~~~~~~~~~~~~~~~~~~~~~
[INFO] [stderr]   In file included from /opt/rustwide/cargo-home/registry/src/github.com-1ecc6299db9ec823/tetsy-rocksdb-sys-0.5.6/rocksdb/db/range_del_aggregator.h:16,
[INFO] [stderr]                    from /opt/rustwide/cargo-home/registry/src/github.com-1ecc6299db9ec823/tetsy-rocksdb-sys-0.5.6/rocksdb/db/memtable.h:19,
[INFO] [stderr]                    from /opt/rustwide/cargo-home/registry/src/github.com-1ecc6299db9ec823/tetsy-rocksdb-sys-0.5.6/rocksdb/db/memtable_list.h:17,
[INFO] [stderr]                    from /opt/rustwide/cargo-home/registry/src/github.com-1ecc6299db9ec823/tetsy-rocksdb-sys-0.5.6/rocksdb/db/column_family.h:17,
[INFO] [stderr]                    from /opt/rustwide/cargo-home/registry/src/github.com-1ecc6299db9ec823/tetsy-rocksdb-sys-0.5.6/rocksdb/db/compaction_job.h:20,
[INFO] [stderr]                    from /opt/rustwide/cargo-home/registry/src/github.com-1ecc6299db9ec823/tetsy-rocksdb-sys-0.5.6/rocksdb/db/compaction_job.cc:10:
[INFO] [stderr]   /opt/rustwide/cargo-home/registry/src/github.com-1ecc6299db9ec823/tetsy-rocksdb-sys-0.5.6/rocksdb/db/version_edit.h: In instantiation of 'constexpr std::pair<_T1, _T2>::pair(_U1&&, _U2&&) [with _U1 = int&; _U2 = rocksdb::FileMetaData; typename std::enable_if<(std::_PCC<true, _T1, _T2>::_MoveConstructiblePair<_U1, _U2>() && std::_PCC<true, _T1, _T2>::_ImplicitlyMoveConvertiblePair<_U1, _U2>()), bool>::type <anonymous> = true; _T1 = int; _T2 = rocksdb::FileMetaData]':
[INFO] [stderr]   /usr/include/c++/9/ext/new_allocator.h:147:4:   required from 'void __gnu_cxx::new_allocator<_Tp>::construct(_Up*, _Args&& ...) [with _Up = std::pair<int, rocksdb::FileMetaData>; _Args = {int&, rocksdb::FileMetaData}; _Tp = std::pair<int, rocksdb::FileMetaData>]'
[INFO] [stderr]   /usr/include/c++/9/bits/alloc_traits.h:484:4:   required from 'static void std::allocator_traits<std::allocator<_Tp1> >::construct(std::allocator_traits<std::allocator<_Tp1> >::allocator_type&, _Up*, _Args&& ...) [with _Up = std::pair<int, rocksdb::FileMetaData>; _Args = {int&, rocksdb::FileMetaData}; _Tp = std::pair<int, rocksdb::FileMetaData>; std::allocator_traits<std::allocator<_Tp1> >::allocator_type = std::allocator<std::pair<int, rocksdb::FileMetaData> >]'
[INFO] [stderr]   /usr/include/c++/9/bits/vector.tcc:115:30:   required from 'void std::vector<_Tp, _Alloc>::emplace_back(_Args&& ...) [with _Args = {int&, rocksdb::FileMetaData}; _Tp = std::pair<int, rocksdb::FileMetaData>; _Alloc = std::allocator<std::pair<int, rocksdb::FileMetaData> >]'
[INFO] [stderr]   /opt/rustwide/cargo-home/registry/src/github.com-1ecc6299db9ec823/tetsy-rocksdb-sys-0.5.6/rocksdb/db/version_edit.h:227:48:   required from here
[INFO] [stderr]   /opt/rustwide/cargo-home/registry/src/github.com-1ecc6299db9ec823/tetsy-rocksdb-sys-0.5.6/rocksdb/db/version_edit.h:76:8: warning: implicitly-declared 'constexpr rocksdb::FileDescriptor::FileDescriptor(const rocksdb::FileDescriptor&)' is deprecated [-Wdeprecated-copy]
[INFO] [stderr]      76 | struct FileMetaData {
[INFO] [stderr]         |        ^~~~~~~~~~~~
[INFO] [stderr]   /opt/rustwide/cargo-home/registry/src/github.com-1ecc6299db9ec823/tetsy-rocksdb-sys-0.5.6/rocksdb/db/version_edit.h:47:19: note: because 'rocksdb::FileDescriptor' has user-provided 'rocksdb::FileDescriptor& rocksdb::FileDescriptor::operator=(const rocksdb::FileDescriptor&)'
[INFO] [stderr]      47 |   FileDescriptor& operator=(const FileDescriptor& fd) {
[INFO] [stderr]         |                   ^~~~~~~~
[INFO] [stderr]   In file included from /usr/include/c++/9/bits/stl_algobase.h:64,
[INFO] [stderr]                    from /usr/include/c++/9/deque:60,
[INFO] [stderr]                    from /opt/rustwide/cargo-home/registry/src/github.com-1ecc6299db9ec823/tetsy-rocksdb-sys-0.5.6/rocksdb/db/compaction_job.h:12,
[INFO] [stderr]                    from /opt/rustwide/cargo-home/registry/src/github.com-1ecc6299db9ec823/tetsy-rocksdb-sys-0.5.6/rocksdb/db/compaction_job.cc:10:
[INFO] [stderr]   /usr/include/c++/9/bits/stl_pair.h:342:64: note: synthesized method 'rocksdb::FileMetaData::FileMetaData(rocksdb::FileMetaData&&)' first required here
[INFO] [stderr]     342 |  : first(std::forward<_U1>(__x)), second(std::forward<_U2>(__y)) { }
[INFO] [stderr]         |                                                                ^
[INFO] [stderr]   In file included from /opt/rustwide/cargo-home/registry/src/github.com-1ecc6299db9ec823/tetsy-rocksdb-sys-0.5.6/rocksdb/db/range_del_aggregator.h:16,
[INFO] [stderr]                    from /opt/rustwide/cargo-home/registry/src/github.com-1ecc6299db9ec823/tetsy-rocksdb-sys-0.5.6/rocksdb/db/memtable.h:19,
[INFO] [stderr]                    from /opt/rustwide/cargo-home/registry/src/github.com-1ecc6299db9ec823/tetsy-rocksdb-sys-0.5.6/rocksdb/db/memtable_list.h:17,
[INFO] [stderr]                    from /opt/rustwide/cargo-home/registry/src/github.com-1ecc6299db9ec823/tetsy-rocksdb-sys-0.5.6/rocksdb/db/column_family.h:17,
[INFO] [stderr]                    from /opt/rustwide/cargo-home/registry/src/github.com-1ecc6299db9ec823/tetsy-rocksdb-sys-0.5.6/rocksdb/db/db_impl.h:22,
[INFO] [stderr]                    from /opt/rustwide/cargo-home/registry/src/github.com-1ecc6299db9ec823/tetsy-rocksdb-sys-0.5.6/rocksdb/db/db_impl_compaction_flush.cc:9:
[INFO] [stderr]   /opt/rustwide/cargo-home/registry/src/github.com-1ecc6299db9ec823/tetsy-rocksdb-sys-0.5.6/rocksdb/db/version_edit.h: In instantiation of 'constexpr std::pair<_T1, _T2>::pair(_U1&&, _U2&&) [with _U1 = int&; _U2 = rocksdb::FileMetaData; typename std::enable_if<(std::_PCC<true, _T1, _T2>::_MoveConstructiblePair<_U1, _U2>() && std::_PCC<true, _T1, _T2>::_ImplicitlyMoveConvertiblePair<_U1, _U2>()), bool>::type <anonymous> = true; _T1 = int; _T2 = rocksdb::FileMetaData]':
[INFO] [stderr]   /usr/include/c++/9/ext/new_allocator.h:147:4:   required from 'void __gnu_cxx::new_allocator<_Tp>::construct(_Up*, _Args&& ...) [with _Up = std::pair<int, rocksdb::FileMetaData>; _Args = {int&, rocksdb::FileMetaData}; _Tp = std::pair<int, rocksdb::FileMetaData>]'
[INFO] [stderr]   /usr/include/c++/9/bits/alloc_traits.h:484:4:   required from 'static void std::allocator_traits<std::allocator<_Tp1> >::construct(std::allocator_traits<std::allocator<_Tp1> >::allocator_type&, _Up*, _Args&& ...) [with _Up = std::pair<int, rocksdb::FileMetaData>; _Args = {int&, rocksdb::FileMetaData}; _Tp = std::pair<int, rocksdb::FileMetaData>; std::allocator_traits<std::allocator<_Tp1> >::allocator_type = std::allocator<std::pair<int, rocksdb::FileMetaData> >]'
[INFO] [stderr]   /usr/include/c++/9/bits/vector.tcc:115:30:   required from 'void std::vector<_Tp, _Alloc>::emplace_back(_Args&& ...) [with _Args = {int&, rocksdb::FileMetaData}; _Tp = std::pair<int, rocksdb::FileMetaData>; _Alloc = std::allocator<std::pair<int, rocksdb::FileMetaData> >]'
[INFO] [stderr]   /opt/rustwide/cargo-home/registry/src/github.com-1ecc6299db9ec823/tetsy-rocksdb-sys-0.5.6/rocksdb/db/version_edit.h:227:48:   required from here
[INFO] [stderr]   /opt/rustwide/cargo-home/registry/src/github.com-1ecc6299db9ec823/tetsy-rocksdb-sys-0.5.6/rocksdb/db/version_edit.h:76:8: warning: implicitly-declared 'constexpr rocksdb::FileDescriptor::FileDescriptor(const rocksdb::FileDescriptor&)' is deprecated [-Wdeprecated-copy]
[INFO] [stderr]      76 | struct FileMetaData {
[INFO] [stderr]         |        ^~~~~~~~~~~~
[INFO] [stderr]   /opt/rustwide/cargo-home/registry/src/github.com-1ecc6299db9ec823/tetsy-rocksdb-sys-0.5.6/rocksdb/db/version_edit.h:47:19: note: because 'rocksdb::FileDescriptor' has user-provided 'rocksdb::FileDescriptor& rocksdb::FileDescriptor::operator=(const rocksdb::FileDescriptor&)'
[INFO] [stderr]      47 |   FileDescriptor& operator=(const FileDescriptor& fd) {
[INFO] [stderr]         |                   ^~~~~~~~
[INFO] [stderr]   In file included from /usr/include/c++/9/bits/stl_algobase.h:64,
[INFO] [stderr]                    from /usr/include/c++/9/deque:60,
[INFO] [stderr]                    from /opt/rustwide/cargo-home/registry/src/github.com-1ecc6299db9ec823/tetsy-rocksdb-sys-0.5.6/rocksdb/db/db_impl.h:12,
[INFO] [stderr]                    from /opt/rustwide/cargo-home/registry/src/github.com-1ecc6299db9ec823/tetsy-rocksdb-sys-0.5.6/rocksdb/db/db_impl_compaction_flush.cc:9:
[INFO] [stderr]   /usr/include/c++/9/bits/stl_pair.h:342:64: note: synthesized method 'rocksdb::FileMetaData::FileMetaData(rocksdb::FileMetaData&&)' first required here
[INFO] [stderr]     342 |  : first(std::forward<_U1>(__x)), second(std::forward<_U2>(__y)) { }
[INFO] [stderr]         |                                                                ^
[INFO] [stderr]   make[2]: *** [CMakeFiles/Makefile2:2205: CMakeFiles/rocksdb.dir/all] Error 2
[INFO] [stderr]   make[1]: *** [CMakeFiles/Makefile2:2212: CMakeFiles/rocksdb.dir/rule] Error 2
[INFO] [stderr]   make: *** [Makefile:893: rocksdb] Error 2
[INFO] [stderr]   thread 'main' panicked at '
[INFO] [stderr]   command did not execute successfully, got: exit status: 2
[INFO] [stderr] 
[INFO] [stderr]   build script failed, must exit now', /opt/rustwide/cargo-home/registry/src/github.com-1ecc6299db9ec823/cmake-0.1.45/src/lib.rs:894:5
[INFO] [stderr]   stack backtrace:
[INFO] [stderr]      0:     0x55aa639df060 - std::backtrace_rs::backtrace::libunwind::trace::h34055254b57d8e79
[INFO] [stderr]                                  at /rustc/a178d0322ce20e33eac124758e837cbd80a6f633/library/std/src/../../backtrace/src/backtrace/libunwind.rs:90:5
[INFO] [stderr]      1:     0x55aa639df060 - std::backtrace_rs::backtrace::trace_unsynchronized::h8f1e3fbd9afff6ec
[INFO] [stderr]                                  at /rustc/a178d0322ce20e33eac124758e837cbd80a6f633/library/std/src/../../backtrace/src/backtrace/mod.rs:66:5
[INFO] [stderr]      2:     0x55aa639df060 - std::sys_common::backtrace::_print_fmt::h3a99a796b770c360
[INFO] [stderr]                                  at /rustc/a178d0322ce20e33eac124758e837cbd80a6f633/library/std/src/sys_common/backtrace.rs:67:5
[INFO] [stderr]      3:     0x55aa639df060 - <std::sys_common::backtrace::_print::DisplayBacktrace as core::fmt::Display>::fmt::h32d1f94a80615d18
[INFO] [stderr]                                  at /rustc/a178d0322ce20e33eac124758e837cbd80a6f633/library/std/src/sys_common/backtrace.rs:46:22
[INFO] [stderr]      4:     0x55aa639fef6c - core::fmt::write::h306731c068f7162c
[INFO] [stderr]                                  at /rustc/a178d0322ce20e33eac124758e837cbd80a6f633/library/core/src/fmt/mod.rs:1110:17
[INFO] [stderr]      5:     0x55aa639dbe55 - std::io::Write::write_fmt::hd2fa90334eee2a21
[INFO] [stderr]                                  at /rustc/a178d0322ce20e33eac124758e837cbd80a6f633/library/std/src/io/mod.rs:1588:15
[INFO] [stderr]      6:     0x55aa639e16ab - std::sys_common::backtrace::_print::h5abaa2601a852287
[INFO] [stderr]                                  at /rustc/a178d0322ce20e33eac124758e837cbd80a6f633/library/std/src/sys_common/backtrace.rs:49:5
[INFO] [stderr]      7:     0x55aa639e16ab - std::sys_common::backtrace::print::h8d81445442bb638f
[INFO] [stderr]                                  at /rustc/a178d0322ce20e33eac124758e837cbd80a6f633/library/std/src/sys_common/backtrace.rs:36:9
[INFO] [stderr]      8:     0x55aa639e16ab - std::panicking::default_hook::{{closure}}::hcfe804496a9fa747
[INFO] [stderr]                                  at /rustc/a178d0322ce20e33eac124758e837cbd80a6f633/library/std/src/panicking.rs:208:50
[INFO] [stderr]      9:     0x55aa639e1181 - std::panicking::default_hook::hbea8e3ccf2ba8901
[INFO] [stderr]                                  at /rustc/a178d0322ce20e33eac124758e837cbd80a6f633/library/std/src/panicking.rs:225:9
[INFO] [stderr]     10:     0x55aa639e1d74 - std::panicking::rust_panic_with_hook::h7ee9e1a2d0f8975a
[INFO] [stderr]                                  at /rustc/a178d0322ce20e33eac124758e837cbd80a6f633/library/std/src/panicking.rs:622:17
[INFO] [stderr]     11:     0x55aa639e1857 - std::panicking::begin_panic_handler::{{closure}}::h8ab3b4491718b2c7
[INFO] [stderr]                                  at /rustc/a178d0322ce20e33eac124758e837cbd80a6f633/library/std/src/panicking.rs:519:13
[INFO] [stderr]     12:     0x55aa639df55c - std::sys_common::backtrace::__rust_end_short_backtrace::hd489062ffa586a9f
[INFO] [stderr]                                  at /rustc/a178d0322ce20e33eac124758e837cbd80a6f633/library/std/src/sys_common/backtrace.rs:141:18
[INFO] [stderr]     13:     0x55aa639e17b9 - rust_begin_unwind
[INFO] [stderr]                                  at /rustc/a178d0322ce20e33eac124758e837cbd80a6f633/library/std/src/panicking.rs:515:5
[INFO] [stderr]     14:     0x55aa6395ebeb - std::panicking::begin_panic_fmt::h5479575e112541f8
[INFO] [stderr]                                  at /rustc/a178d0322ce20e33eac124758e837cbd80a6f633/library/std/src/panicking.rs:457:5
[INFO] [stderr]     15:     0x55aa63969d13 - cmake::fail::h08c8662be6c84704
[INFO] [stderr]                                  at /opt/rustwide/cargo-home/registry/src/github.com-1ecc6299db9ec823/cmake-0.1.45/src/lib.rs:894:5
[INFO] [stderr]     16:     0x55aa63969721 - cmake::run::h6869989139aa3da5
[INFO] [stderr]                                  at /opt/rustwide/cargo-home/registry/src/github.com-1ecc6299db9ec823/cmake-0.1.45/src/lib.rs:872:9
[INFO] [stderr]     17:     0x55aa63967151 - cmake::Config::build::h030d9516e8473297
[INFO] [stderr]                                  at /opt/rustwide/cargo-home/registry/src/github.com-1ecc6299db9ec823/cmake-0.1.45/src/lib.rs:778:9
[INFO] [stderr]     18:     0x55aa63960442 - build_script_build::main::hbfa60c1e543456fd
[INFO] [stderr]                                  at /opt/rustwide/cargo-home/registry/src/github.com-1ecc6299db9ec823/tetsy-rocksdb-sys-0.5.6/build.rs:55:15
[INFO] [stderr]     19:     0x55aa639618ab - core::ops::function::FnOnce::call_once::hdec7998962daf018
[INFO] [stderr]                                  at /rustc/a178d0322ce20e33eac124758e837cbd80a6f633/library/core/src/ops/function.rs:227:5
[INFO] [stderr]     20:     0x55aa6396170e - std::sys_common::backtrace::__rust_begin_short_backtrace::hb63c6feeed8e6cc4
[INFO] [stderr]                                  at /rustc/a178d0322ce20e33eac124758e837cbd80a6f633/library/std/src/sys_common/backtrace.rs:125:18
[INFO] [stderr]     21:     0x55aa63961fd1 - std::rt::lang_start::{{closure}}::h2ac2abc52daffb07
[INFO] [stderr]                                  at /rustc/a178d0322ce20e33eac124758e837cbd80a6f633/library/std/src/rt.rs:49:18
[INFO] [stderr]     22:     0x55aa639e2279 - core::ops::function::impls::<impl core::ops::function::FnOnce<A> for &F>::call_once::h2aabc384aab89b7b
[INFO] [stderr]                                  at /rustc/a178d0322ce20e33eac124758e837cbd80a6f633/library/core/src/ops/function.rs:259:13
[INFO] [stderr]     23:     0x55aa639e2279 - std::panicking::try::do_call::hc5fcacb7a85fc7b1
[INFO] [stderr]                                  at /rustc/a178d0322ce20e33eac124758e837cbd80a6f633/library/std/src/panicking.rs:401:40
[INFO] [stderr]     24:     0x55aa639e2279 - std::panicking::try::hb5d9603af3abbe3a
[INFO] [stderr]                                  at /rustc/a178d0322ce20e33eac124758e837cbd80a6f633/library/std/src/panicking.rs:365:19
[INFO] [stderr]     25:     0x55aa639e2279 - std::panic::catch_unwind::h98fe6ac3925e64b4
[INFO] [stderr]                                  at /rustc/a178d0322ce20e33eac124758e837cbd80a6f633/library/std/src/panic.rs:434:14
[INFO] [stderr]     26:     0x55aa639e2279 - std::rt::lang_start_internal::h22ac7383c516f93e
[INFO] [stderr]                                  at /rustc/a178d0322ce20e33eac124758e837cbd80a6f633/library/std/src/rt.rs:34:21
[INFO] [stderr]     27:     0x55aa63961fb0 - std::rt::lang_start::h99598e6b5df6f076
[INFO] [stderr]                                  at /rustc/a178d0322ce20e33eac124758e837cbd80a6f633/library/std/src/rt.rs:48:5
[INFO] [stderr]     28:     0x55aa63960d9c - main
[INFO] [stderr]     29:     0x7f587c6010b3 - __libc_start_main
[INFO] [stderr]     30:     0x55aa6395fa8e - _start
[INFO] [stderr]     31:                0x0 - <unknown>
[INFO] running `Command { std: "docker" "inspect" "165fff7c0233338648c64b858d814438ae87c9ed4ec361a1c3d2e42925122a00", kill_on_drop: false }`
[INFO] running `Command { std: "docker" "rm" "-f" "165fff7c0233338648c64b858d814438ae87c9ed4ec361a1c3d2e42925122a00", kill_on_drop: false }`
[INFO] [stdout] 165fff7c0233338648c64b858d814438ae87c9ed4ec361a1c3d2e42925122a00
