[INFO] fetching crate tetsy-libp2p-core 0.27.1...
[INFO] testing tetsy-libp2p-core-0.27.1 against 1.54.0 for beta-1.55-1
[INFO] extracting crate tetsy-libp2p-core 0.27.1 into /workspace/builds/worker-13/source
[INFO] validating manifest of crates.io crate tetsy-libp2p-core 0.27.1 on toolchain 1.54.0
[INFO] running `Command { std: "/workspace/cargo-home/bin/cargo" "+1.54.0" "metadata" "--manifest-path" "Cargo.toml" "--no-deps", kill_on_drop: false }`
[INFO] started tweaking crates.io crate tetsy-libp2p-core 0.27.1
[INFO] finished tweaking crates.io crate tetsy-libp2p-core 0.27.1
[INFO] tweaked toml for crates.io crate tetsy-libp2p-core 0.27.1 written to /workspace/builds/worker-13/source/Cargo.toml
[INFO] running `Command { std: "/workspace/cargo-home/bin/cargo" "+1.54.0" "generate-lockfile" "--manifest-path" "Cargo.toml" "-Zno-index-update", kill_on_drop: false }`
[INFO] [stderr]     Blocking waiting for file lock on package cache
[INFO] running `Command { std: "/workspace/cargo-home/bin/cargo" "+1.54.0" "fetch" "--manifest-path" "Cargo.toml", kill_on_drop: false }`
[INFO] running `Command { std: "docker" "create" "-v" "/var/lib/crater-agent-workspace/builds/worker-13/target:/opt/rustwide/target:rw,Z" "-v" "/var/lib/crater-agent-workspace/builds/worker-13/source:/opt/rustwide/workdir:ro,Z" "-v" "/var/lib/crater-agent-workspace/cargo-home:/opt/rustwide/cargo-home:ro,Z" "-v" "/var/lib/crater-agent-workspace/rustup-home:/opt/rustwide/rustup-home:ro,Z" "-e" "SOURCE_DIR=/opt/rustwide/workdir" "-e" "CARGO_TARGET_DIR=/opt/rustwide/target" "-e" "CARGO_HOME=/opt/rustwide/cargo-home" "-e" "RUSTUP_HOME=/opt/rustwide/rustup-home" "-w" "/opt/rustwide/workdir" "-m" "1610612736" "--user" "0:0" "--network" "none" "ghcr.io/rust-lang/crates-build-env/linux@sha256:34b6a614d2c27851fe6cbf88fbd1137609cefab8b10d0615aaeb6fd47975d74e" "/opt/rustwide/cargo-home/bin/cargo" "+1.54.0" "metadata" "--no-deps" "--format-version=1", kill_on_drop: false }`
[INFO] [stderr] WARNING: Your kernel does not support swap limit capabilities or the cgroup is not mounted. Memory limited without swap.
[INFO] [stdout] de1b5b5770d9d8be2aaa2d9bc8dd8f0d7416bad0b9930f3539e7ce9517d67f66
[INFO] running `Command { std: "docker" "start" "-a" "de1b5b5770d9d8be2aaa2d9bc8dd8f0d7416bad0b9930f3539e7ce9517d67f66", kill_on_drop: false }`
[INFO] running `Command { std: "docker" "inspect" "de1b5b5770d9d8be2aaa2d9bc8dd8f0d7416bad0b9930f3539e7ce9517d67f66", kill_on_drop: false }`
[INFO] running `Command { std: "docker" "rm" "-f" "de1b5b5770d9d8be2aaa2d9bc8dd8f0d7416bad0b9930f3539e7ce9517d67f66", kill_on_drop: false }`
[INFO] [stdout] de1b5b5770d9d8be2aaa2d9bc8dd8f0d7416bad0b9930f3539e7ce9517d67f66
[INFO] running `Command { std: "docker" "create" "-v" "/var/lib/crater-agent-workspace/builds/worker-13/target:/opt/rustwide/target:rw,Z" "-v" "/var/lib/crater-agent-workspace/builds/worker-13/source:/opt/rustwide/workdir:ro,Z" "-v" "/var/lib/crater-agent-workspace/cargo-home:/opt/rustwide/cargo-home:ro,Z" "-v" "/var/lib/crater-agent-workspace/rustup-home:/opt/rustwide/rustup-home:ro,Z" "-e" "SOURCE_DIR=/opt/rustwide/workdir" "-e" "CARGO_TARGET_DIR=/opt/rustwide/target" "-e" "CARGO_INCREMENTAL=0" "-e" "RUST_BACKTRACE=full" "-e" "RUSTFLAGS=--cap-lints=warn" "-e" "CARGO_HOME=/opt/rustwide/cargo-home" "-e" "RUSTUP_HOME=/opt/rustwide/rustup-home" "-w" "/opt/rustwide/workdir" "-m" "1610612736" "--user" "0:0" "--network" "none" "ghcr.io/rust-lang/crates-build-env/linux@sha256:34b6a614d2c27851fe6cbf88fbd1137609cefab8b10d0615aaeb6fd47975d74e" "/opt/rustwide/cargo-home/bin/cargo" "+1.54.0" "build" "--frozen" "--message-format=json", kill_on_drop: false }`
[INFO] [stdout] 30edc05087a377bbaca13c24a707256b27875a07718ac92c990bb6081a907621
[INFO] [stderr] WARNING: Your kernel does not support swap limit capabilities or the cgroup is not mounted. Memory limited without swap.
[INFO] running `Command { std: "docker" "start" "-a" "30edc05087a377bbaca13c24a707256b27875a07718ac92c990bb6081a907621", kill_on_drop: false }`
[INFO] [stderr]    Compiling proc-macro2 v1.0.28
[INFO] [stderr]    Compiling log v0.4.14
[INFO] [stderr]    Compiling futures-io v0.3.16
[INFO] [stderr]    Compiling subtle v2.4.1
[INFO] [stderr]    Compiling signature v1.3.1
[INFO] [stderr]    Compiling unsigned-varint v0.6.0
[INFO] [stderr]    Compiling unsigned-varint v0.7.0
[INFO] [stderr]    Compiling value-bag v1.0.0-alpha.7
[INFO] [stderr]    Compiling ring v0.16.20
[INFO] [stderr]    Compiling futures-channel v0.3.16
[INFO] [stderr]    Compiling toml v0.5.8
[INFO] [stderr]    Compiling digest v0.8.1
[INFO] [stderr]    Compiling crypto-mac v0.7.0
[INFO] [stderr]    Compiling block-buffer v0.7.3
[INFO] [stderr]    Compiling ed25519 v1.2.0
[INFO] [stderr]    Compiling hmac v0.7.1
[INFO] [stderr]    Compiling sha2 v0.8.2
[INFO] [stderr]    Compiling hmac-drbg v0.2.0
[INFO] [stderr]    Compiling libsecp256k1 v0.3.5
[INFO] [stderr]    Compiling quote v1.0.9
[INFO] [stderr]    Compiling syn v1.0.74
[INFO] [stderr]    Compiling proc-macro-error-attr v1.0.4
[INFO] [stderr]    Compiling synstructure v0.12.5
[INFO] [stderr]    Compiling proc-macro-error v1.0.4
[INFO] [stderr]    Compiling ctor v0.1.20
[INFO] [stderr]    Compiling prost-derive v0.7.0
[INFO] [stderr]    Compiling thiserror-impl v1.0.26
[INFO] [stderr]    Compiling futures-macro v0.3.16
[INFO] [stderr]    Compiling zeroize_derive v1.1.0
[INFO] [stderr]    Compiling pin-project-internal v1.0.8
[INFO] [stderr]    Compiling pin-project-internal v0.4.28
[INFO] [stderr]    Compiling asn1_der_derive v0.1.2
[INFO] [stderr]    Compiling asn1_der v0.6.3
[INFO] [stderr]    Compiling zeroize v1.4.1
[INFO] [stderr]    Compiling futures-util v0.3.16
[INFO] [stderr]    Compiling curve25519-dalek v3.2.0
[INFO] [stderr]    Compiling thiserror v1.0.26
[INFO] [stderr]    Compiling proc-macro-crate v1.0.0
[INFO] [stderr]    Compiling env_logger v0.7.1
[INFO] [stderr]    Compiling pin-project v1.0.8
[INFO] [stderr]    Compiling multihash-derive v0.7.2
[INFO] [stderr]    Compiling pin-project v0.4.28
[INFO] [stderr]    Compiling quickcheck v0.9.2
[INFO] [stderr]    Compiling ed25519-dalek v1.0.1
[INFO] [stderr]    Compiling prost v0.7.0
[INFO] [stderr]    Compiling prost-types v0.7.0
[INFO] [stderr]    Compiling multihash v0.13.2
[INFO] [stderr]    Compiling tetsy-multiaddr v0.11.2
[INFO] [stderr]    Compiling futures-executor v0.3.16
[INFO] [stderr]    Compiling prost-build v0.7.0
[INFO] [stderr]    Compiling futures v0.3.16
[INFO] [stderr]    Compiling rw-stream-sink v0.2.1
[INFO] [stderr]    Compiling tetsy-multistream-select v0.10.2
[INFO] [stderr]    Compiling tetsy-libp2p-core v0.27.1 (/opt/rustwide/workdir)
[INFO] [stderr]     Finished dev [unoptimized + debuginfo] target(s) in 1m 30s
[INFO] running `Command { std: "docker" "inspect" "30edc05087a377bbaca13c24a707256b27875a07718ac92c990bb6081a907621", kill_on_drop: false }`
[INFO] running `Command { std: "docker" "rm" "-f" "30edc05087a377bbaca13c24a707256b27875a07718ac92c990bb6081a907621", kill_on_drop: false }`
[INFO] [stdout] 30edc05087a377bbaca13c24a707256b27875a07718ac92c990bb6081a907621
[INFO] running `Command { std: "docker" "create" "-v" "/var/lib/crater-agent-workspace/builds/worker-13/target:/opt/rustwide/target:rw,Z" "-v" "/var/lib/crater-agent-workspace/builds/worker-13/source:/opt/rustwide/workdir:ro,Z" "-v" "/var/lib/crater-agent-workspace/cargo-home:/opt/rustwide/cargo-home:ro,Z" "-v" "/var/lib/crater-agent-workspace/rustup-home:/opt/rustwide/rustup-home:ro,Z" "-e" "SOURCE_DIR=/opt/rustwide/workdir" "-e" "CARGO_TARGET_DIR=/opt/rustwide/target" "-e" "CARGO_INCREMENTAL=0" "-e" "RUST_BACKTRACE=full" "-e" "RUSTFLAGS=--cap-lints=warn" "-e" "CARGO_HOME=/opt/rustwide/cargo-home" "-e" "RUSTUP_HOME=/opt/rustwide/rustup-home" "-w" "/opt/rustwide/workdir" "-m" "1610612736" "--user" "0:0" "--network" "none" "ghcr.io/rust-lang/crates-build-env/linux@sha256:34b6a614d2c27851fe6cbf88fbd1137609cefab8b10d0615aaeb6fd47975d74e" "/opt/rustwide/cargo-home/bin/cargo" "+1.54.0" "test" "--frozen" "--no-run" "--message-format=json", kill_on_drop: false }`
[INFO] [stdout] dbb602e024b752945d81f7324a6a7698149c94bf46aeab63941bfc59ef11c217
[INFO] [stderr] WARNING: Your kernel does not support swap limit capabilities or the cgroup is not mounted. Memory limited without swap.
[INFO] running `Command { std: "docker" "start" "-a" "dbb602e024b752945d81f7324a6a7698149c94bf46aeab63941bfc59ef11c217", kill_on_drop: false }`
[INFO] [stderr]    Compiling fastrand v1.5.0
[INFO] [stderr]    Compiling itertools v0.10.1
[INFO] [stderr]    Compiling async-mutex v1.4.0
[INFO] [stderr]    Compiling async-lock v2.4.0
[INFO] [stderr]    Compiling async-channel v1.6.1
[INFO] [stderr]    Compiling socket2 v0.4.1
[INFO] [stderr]    Compiling bstr v0.2.16
[INFO] [stderr]    Compiling csv-core v0.1.10
[INFO] [stderr]    Compiling serde_cbor v0.11.1
[INFO] [stderr]    Compiling async-attributes v1.1.2
[INFO] [stderr]    Compiling serde_derive v1.0.127
[INFO] [stderr]    Compiling tinytemplate v1.2.1
[INFO] [stderr]    Compiling polling v2.1.0
[INFO] [stderr]    Compiling kv-log-macro v1.0.7
[INFO] [stderr]    Compiling rayon v1.5.1
[INFO] [stderr]    Compiling wasm-timer v0.2.5
[INFO] [stderr]    Compiling futures-lite v1.12.0
[INFO] [stderr]    Compiling csv v1.1.6
[INFO] [stderr]    Compiling async-io v1.6.0
[INFO] [stderr]    Compiling async-executor v1.4.1
[INFO] [stderr]    Compiling blocking v1.0.2
[INFO] [stderr]    Compiling criterion-plot v0.4.4
[INFO] [stderr]    Compiling async-global-executor v2.0.2
[INFO] [stderr]    Compiling async-std v1.9.0
[INFO] [stderr]    Compiling criterion v0.3.5
[INFO] [stderr]    Compiling tetsy-libp2p-core v0.27.1 (/opt/rustwide/workdir)
[INFO] [stdout] error[E0432]: unresolved import `tetsy_libp2p_mplex`
[INFO] [stdout]   --> tests/util.rs:21:5
[INFO] [stdout]    |
[INFO] [stdout] 21 | use tetsy_libp2p_mplex as mplex;
[INFO] [stdout]    |     ^^^^^^^^^^^^^^^^^^^^^^^^^^^ no external crate `tetsy_libp2p_mplex`
[INFO] [stdout] 
[INFO] [stdout] 
[INFO] [stdout] error[E0432]: unresolved import `tetsy_libp2p_noise`
[INFO] [stdout]   --> tests/util.rs:22:5
[INFO] [stdout]    |
[INFO] [stdout] 22 | use tetsy_libp2p_noise as noise;
[INFO] [stdout]    |     ^^^^^^^^^^^^^^^^^^^^^^^^^^^ no external crate `tetsy_libp2p_noise`
[INFO] [stdout] 
[INFO] [stdout] 
[INFO] [stdout] error[E0432]: unresolved import `tetsy_libp2p_tcp`
[INFO] [stdout]   --> tests/util.rs:23:5
[INFO] [stdout]    |
[INFO] [stdout] 23 | use tetsy_libp2p_tcp as tcp;
[INFO] [stdout]    |     ^^^^^^^^^^^^^^^^^^^^^^^ no external crate `tetsy_libp2p_tcp`
[INFO] [stdout] 
[INFO] [stdout] 
[INFO] [stdout] error[E0432]: unresolved import `tetsy_libp2p_mplex`
[INFO] [stdout]   --> tests/util.rs:21:5
[INFO] [stdout]    |
[INFO] [stdout] 21 | use tetsy_libp2p_mplex as mplex;
[INFO] [stdout]    |     ^^^^^^^^^^^^^^^^^^^^^^^^^^^ no external crate `tetsy_libp2p_mplex`
[INFO] [stdout] 
[INFO] [stdout] 
[INFO] [stdout] error[E0432]: unresolved import `tetsy_libp2p_noise`
[INFO] [stdout]   --> tests/util.rs:22:5
[INFO] [stdout]    |
[INFO] [stdout] 22 | use tetsy_libp2p_noise as noise;
[INFO] [stdout]    |     ^^^^^^^^^^^^^^^^^^^^^^^^^^^ no external crate `tetsy_libp2p_noise`
[INFO] [stdout] 
[INFO] [stdout] 
[INFO] [stdout] error[E0432]: unresolved import `tetsy_libp2p_tcp`
[INFO] [stdout]   --> tests/util.rs:23:5
[INFO] [stdout]    |
[INFO] [stdout] 23 | use tetsy_libp2p_tcp as tcp;
[INFO] [stdout]    |     ^^^^^^^^^^^^^^^^^^^^^^^ no external crate `tetsy_libp2p_tcp`
[INFO] [stdout] 
[INFO] [stdout] 
[INFO] [stdout] error[E0432]: unresolved import `tetsy_libp2p_mplex`
[INFO] [stdout]   --> tests/util.rs:21:5
[INFO] [stdout]    |
[INFO] [stdout] 21 | use tetsy_libp2p_mplex as mplex;
[INFO] [stdout]    |     ^^^^^^^^^^^^^^^^^^^^^^^^^^^ no external crate `tetsy_libp2p_mplex`
[INFO] [stdout] 
[INFO] [stdout] 
[INFO] [stdout] error[E0432]: unresolved import `tetsy_libp2p_noise`
[INFO] [stdout]   --> tests/util.rs:22:5
[INFO] [stdout]    |
[INFO] [stdout] 22 | use tetsy_libp2p_noise as noise;
[INFO] [stdout]    |     ^^^^^^^^^^^^^^^^^^^^^^^^^^^ no external crate `tetsy_libp2p_noise`
[INFO] [stdout] 
[INFO] [stdout] 
[INFO] [stdout] error[E0432]: unresolved import `tetsy_libp2p_tcp`
[INFO] [stdout]   --> tests/util.rs:23:5
[INFO] [stdout]    |
[INFO] [stdout] 23 | use tetsy_libp2p_tcp as tcp;
[INFO] [stdout]    |     ^^^^^^^^^^^^^^^^^^^^^^^ no external crate `tetsy_libp2p_tcp`
[INFO] [stdout] 
[INFO] [stdout] 
[INFO] [stdout] warning: unused import: `Transport`
[INFO] [stdout]  --> tests/util.rs:8:5
[INFO] [stdout]   |
[INFO] [stdout] 8 |     Transport,
[INFO] [stdout]   |     ^^^^^^^^^
[INFO] [stdout]   |
[INFO] [stdout]   = note: `#[warn(unused_imports)]` on by default
[INFO] [stdout] 
[INFO] [stdout] 
[INFO] [stdout] error: aborting due to 3 previous errors; 1 warning emitted
[INFO] [stdout] 
[INFO] [stdout] 
[INFO] [stdout] For more information about this error, try `rustc --explain E0432`.
[INFO] [stdout] 
[INFO] [stderr] error: could not compile `tetsy-libp2p-core`
[INFO] [stderr] 
[INFO] [stderr] To learn more, run the command again with --verbose.
[INFO] [stderr] warning: build failed, waiting for other jobs to finish...
[INFO] [stdout] error[E0432]: unresolved import `tetsy_libp2p_mplex`
[INFO] [stdout]   --> tests/util.rs:21:5
[INFO] [stdout]    |
[INFO] [stdout] 21 | use tetsy_libp2p_mplex as mplex;
[INFO] [stdout]    |     ^^^^^^^^^^^^^^^^^^^^^^^^^^^ no external crate `tetsy_libp2p_mplex`
[INFO] [stdout] 
[INFO] [stdout] 
[INFO] [stdout] error[E0432]: unresolved import `tetsy_libp2p_noise`
[INFO] [stdout]   --> tests/util.rs:22:5
[INFO] [stdout]    |
[INFO] [stdout] 22 | use tetsy_libp2p_noise as noise;
[INFO] [stdout]    |     ^^^^^^^^^^^^^^^^^^^^^^^^^^^ no external crate `tetsy_libp2p_noise`
[INFO] [stdout] 
[INFO] [stdout] 
[INFO] [stdout] warning: unused import: `Transport`
[INFO] [stdout]  --> tests/util.rs:8:5
[INFO] [stdout]   |
[INFO] [stdout] 8 |     Transport,
[INFO] [stdout]   |     ^^^^^^^^^
[INFO] [stdout]   |
[INFO] [stdout]   = note: `#[warn(unused_imports)]` on by default
[INFO] [stdout] 
[INFO] [stdout] 
[INFO] [stdout] warning: unused import: `Transport`
[INFO] [stdout]  --> tests/util.rs:8:5
[INFO] [stdout]   |
[INFO] [stdout] 8 |     Transport,
[INFO] [stdout]   |     ^^^^^^^^^
[INFO] [stdout]   |
[INFO] [stdout]   = note: `#[warn(unused_imports)]` on by default
[INFO] [stdout] 
[INFO] [stdout] 
[INFO] [stdout] error: aborting due to 3 previous errors; 1 warning emitted
[INFO] [stdout] 
[INFO] [stdout] 
[INFO] [stdout] For more information about this error, try `rustc --explain E0432`.
[INFO] [stdout] 
[INFO] [stdout] error: aborting due to 3 previous errors; 1 warning emitted
[INFO] [stdout] 
[INFO] [stdout] 
[INFO] [stdout] For more information about this error, try `rustc --explain E0432`.
[INFO] [stdout] 
[INFO] [stdout] error[E0432]: unresolved import `tetsy_libp2p_tcp`
[INFO] [stdout]   --> tests/util.rs:23:5
[INFO] [stdout]    |
[INFO] [stdout] 23 | use tetsy_libp2p_tcp as tcp;
[INFO] [stdout]    |     ^^^^^^^^^^^^^^^^^^^^^^^ no external crate `tetsy_libp2p_tcp`
[INFO] [stdout] 
[INFO] [stdout] 
[INFO] [stdout] error[E0432]: unresolved import `tetsy_libp2p_mplex`
[INFO] [stdout]   --> tests/transport_upgrade.rs:27:5
[INFO] [stdout]    |
[INFO] [stdout] 27 | use tetsy_libp2p_mplex::MplexConfig;
[INFO] [stdout]    |     ^^^^^^^^^^^^^^^^^^ use of undeclared crate or module `tetsy_libp2p_mplex`
[INFO] [stdout] 
[INFO] [stdout] 
[INFO] [stdout] error[E0432]: unresolved import `tetsy_libp2p_noise`
[INFO] [stdout]   --> tests/transport_upgrade.rs:28:5
[INFO] [stdout]    |
[INFO] [stdout] 28 | use tetsy_libp2p_noise as noise;
[INFO] [stdout]    |     ^^^^^^^^^^^^^^^^^^^^^^^^^^^ no external crate `tetsy_libp2p_noise`
[INFO] [stdout] 
[INFO] [stdout] 
[INFO] [stdout] warning: unused import: `Transport`
[INFO] [stdout]  --> tests/util.rs:8:5
[INFO] [stdout]   |
[INFO] [stdout] 8 |     Transport,
[INFO] [stdout]   |     ^^^^^^^^^
[INFO] [stdout]   |
[INFO] [stdout]   = note: `#[warn(unused_imports)]` on by default
[INFO] [stdout] 
[INFO] [stdout] 
[INFO] [stdout] error: aborting due to 5 previous errors; 1 warning emitted
[INFO] [stdout] 
[INFO] [stdout] 
[INFO] [stdout] For more information about this error, try `rustc --explain E0432`.
[INFO] [stdout] 
[INFO] [stderr] error: build failed
[INFO] running `Command { std: "docker" "inspect" "dbb602e024b752945d81f7324a6a7698149c94bf46aeab63941bfc59ef11c217", kill_on_drop: false }`
[INFO] running `Command { std: "docker" "rm" "-f" "dbb602e024b752945d81f7324a6a7698149c94bf46aeab63941bfc59ef11c217", kill_on_drop: false }`
[INFO] [stdout] dbb602e024b752945d81f7324a6a7698149c94bf46aeab63941bfc59ef11c217
