[INFO] fetching crate tc-table 0.1.5...
[INFO] testing tc-table-0.1.5 against 1.54.0 for beta-1.55-1
[INFO] extracting crate tc-table 0.1.5 into /workspace/builds/worker-22/source
[INFO] validating manifest of crates.io crate tc-table 0.1.5 on toolchain 1.54.0
[INFO] running `Command { std: "/workspace/cargo-home/bin/cargo" "+1.54.0" "metadata" "--manifest-path" "Cargo.toml" "--no-deps", kill_on_drop: false }`
[INFO] started tweaking crates.io crate tc-table 0.1.5
[INFO] finished tweaking crates.io crate tc-table 0.1.5
[INFO] tweaked toml for crates.io crate tc-table 0.1.5 written to /workspace/builds/worker-22/source/Cargo.toml
[INFO] running `Command { std: "/workspace/cargo-home/bin/cargo" "+1.54.0" "generate-lockfile" "--manifest-path" "Cargo.toml" "-Zno-index-update", kill_on_drop: false }`
[INFO] [stderr]     Blocking waiting for file lock on package cache
[INFO] running `Command { std: "/workspace/cargo-home/bin/cargo" "+1.54.0" "fetch" "--manifest-path" "Cargo.toml", kill_on_drop: false }`
[INFO] [stderr]     Blocking waiting for file lock on package cache
[INFO] [stderr]     Blocking waiting for file lock on package cache
[INFO] running `Command { std: "docker" "create" "-v" "/var/lib/crater-agent-workspace/builds/worker-22/target:/opt/rustwide/target:rw,Z" "-v" "/var/lib/crater-agent-workspace/builds/worker-22/source:/opt/rustwide/workdir:ro,Z" "-v" "/var/lib/crater-agent-workspace/cargo-home:/opt/rustwide/cargo-home:ro,Z" "-v" "/var/lib/crater-agent-workspace/rustup-home:/opt/rustwide/rustup-home:ro,Z" "-e" "SOURCE_DIR=/opt/rustwide/workdir" "-e" "CARGO_TARGET_DIR=/opt/rustwide/target" "-e" "CARGO_HOME=/opt/rustwide/cargo-home" "-e" "RUSTUP_HOME=/opt/rustwide/rustup-home" "-w" "/opt/rustwide/workdir" "-m" "1610612736" "--user" "0:0" "--network" "none" "ghcr.io/rust-lang/crates-build-env/linux@sha256:34b6a614d2c27851fe6cbf88fbd1137609cefab8b10d0615aaeb6fd47975d74e" "/opt/rustwide/cargo-home/bin/cargo" "+1.54.0" "metadata" "--no-deps" "--format-version=1", kill_on_drop: false }`
[INFO] [stdout] f26e73aad36b62f87da80e83d929ae418d3344882dd3f3097a6d6fe070ce6b42
[INFO] running `Command { std: "docker" "start" "-a" "f26e73aad36b62f87da80e83d929ae418d3344882dd3f3097a6d6fe070ce6b42", kill_on_drop: false }`
[INFO] running `Command { std: "docker" "inspect" "f26e73aad36b62f87da80e83d929ae418d3344882dd3f3097a6d6fe070ce6b42", kill_on_drop: false }`
[INFO] running `Command { std: "docker" "rm" "-f" "f26e73aad36b62f87da80e83d929ae418d3344882dd3f3097a6d6fe070ce6b42", kill_on_drop: false }`
[INFO] [stdout] f26e73aad36b62f87da80e83d929ae418d3344882dd3f3097a6d6fe070ce6b42
[INFO] running `Command { std: "docker" "create" "-v" "/var/lib/crater-agent-workspace/builds/worker-22/target:/opt/rustwide/target:rw,Z" "-v" "/var/lib/crater-agent-workspace/builds/worker-22/source:/opt/rustwide/workdir:ro,Z" "-v" "/var/lib/crater-agent-workspace/cargo-home:/opt/rustwide/cargo-home:ro,Z" "-v" "/var/lib/crater-agent-workspace/rustup-home:/opt/rustwide/rustup-home:ro,Z" "-e" "SOURCE_DIR=/opt/rustwide/workdir" "-e" "CARGO_TARGET_DIR=/opt/rustwide/target" "-e" "CARGO_INCREMENTAL=0" "-e" "RUST_BACKTRACE=full" "-e" "RUSTFLAGS=--cap-lints=warn" "-e" "CARGO_HOME=/opt/rustwide/cargo-home" "-e" "RUSTUP_HOME=/opt/rustwide/rustup-home" "-w" "/opt/rustwide/workdir" "-m" "1610612736" "--user" "0:0" "--network" "none" "ghcr.io/rust-lang/crates-build-env/linux@sha256:34b6a614d2c27851fe6cbf88fbd1137609cefab8b10d0615aaeb6fd47975d74e" "/opt/rustwide/cargo-home/bin/cargo" "+1.54.0" "build" "--frozen" "--message-format=json", kill_on_drop: false }`
[INFO] [stdout] c7b80b56d5f07fc6b26da6fd91d9fe2a34f1e015c7b746b186cf4b4c40e762e8
[INFO] running `Command { std: "docker" "start" "-a" "c7b80b56d5f07fc6b26da6fd91d9fe2a34f1e015c7b746b186cf4b4c40e762e8", kill_on_drop: false }`
[INFO] [stderr]    Compiling syn v1.0.74
[INFO] [stderr]    Compiling futures-core v0.3.16
[INFO] [stderr]    Compiling proc-macro-hack v0.5.19
[INFO] [stderr]    Compiling pin-project-lite v0.2.7
[INFO] [stderr]    Compiling proc-macro-nested v0.1.7
[INFO] [stderr]    Compiling futures-channel v0.3.16
[INFO] [stderr]    Compiling futures-task v0.3.16
[INFO] [stderr]    Compiling libc v0.2.98
[INFO] [stderr]    Compiling futures-sink v0.3.16
[INFO] [stderr]    Compiling futures-io v0.3.16
[INFO] [stderr]    Compiling pin-utils v0.1.0
[INFO] [stderr]    Compiling async-trait v0.1.51
[INFO] [stderr]    Compiling bytes v1.0.1
[INFO] [stderr]    Compiling log v0.4.14
[INFO] [stderr]    Compiling regex-syntax v0.6.25
[INFO] [stderr]    Compiling safecast v0.1.1
[INFO] [stderr]    Compiling collate v0.1.10
[INFO] [stderr]    Compiling termcolor v1.1.2
[INFO] [stderr]    Compiling cpufeatures v0.1.5
[INFO] [stderr]    Compiling humantime v2.1.0
[INFO] [stderr]    Compiling base64 v0.13.0
[INFO] [stderr]    Compiling opaque-debug v0.3.0
[INFO] [stderr]    Compiling hex v0.4.3
[INFO] [stderr]    Compiling futures-macro v0.3.16
[INFO] [stderr]    Compiling futures-util v0.3.16
[INFO] [stderr]    Compiling num-traits v0.2.14
[INFO] [stderr]    Compiling num-integer v0.1.44
[INFO] [stderr]    Compiling num-bigint v0.2.6
[INFO] [stderr]    Compiling num-rational v0.2.4
[INFO] [stderr]    Compiling num-iter v0.1.42
[INFO] [stderr]    Compiling num-complex v0.2.4
[INFO] [stderr]    Compiling tokio v1.9.0
[INFO] [stderr]    Compiling generic-array v0.14.4
[INFO] [stderr]    Compiling aho-corasick v0.7.18
[INFO] [stderr]    Compiling regex v1.5.4
[INFO] [stderr]    Compiling getrandom v0.2.3
[INFO] [stderr]    Compiling atty v0.2.14
[INFO] [stderr]    Compiling num_cpus v1.13.0
[INFO] [stderr]    Compiling tokio-util v0.6.7
[INFO] [stderr]    Compiling digest v0.9.0
[INFO] [stderr]    Compiling block-buffer v0.9.0
[INFO] [stderr]    Compiling sha2 v0.9.5
[INFO] [stderr]    Compiling env_logger v0.8.4
[INFO] [stderr]    Compiling uuid v0.8.2
[INFO] [stderr]    Compiling rand_core v0.6.3
[INFO] [stderr]    Compiling rand_chacha v0.3.1
[INFO] [stderr]    Compiling rand v0.8.4
[INFO] [stderr]    Compiling serde_derive v1.0.127
[INFO] [stderr]    Compiling pin-project-internal v1.0.8
[INFO] [stderr]    Compiling num-derive v0.3.3
[INFO] [stderr]    Compiling num v0.2.1
[INFO] [stderr]    Compiling pin-project v1.0.8
[INFO] [stderr]    Compiling futures-executor v0.3.16
[INFO] [stderr]    Compiling futures v0.3.16
[INFO] [stderr]    Compiling uplock v0.1.2
[INFO] [stderr]    Compiling serde v1.0.127
[INFO] [stderr]    Compiling destream v0.5.0
[INFO] [stderr]    Compiling tc-error v0.2.4
[INFO] [stderr]    Compiling number-general v0.3.10
[INFO] [stderr]    Compiling tbon v0.3.5
[INFO] [stderr]    Compiling tcgeneric v0.2.1
[INFO] [stderr]    Compiling tcgeneric v0.1.9
[INFO] [stderr]    Compiling tc-value v0.1.12
[INFO] [stderr]    Compiling tc-transact v0.8.0
[INFO] [stderr]    Compiling tc-transact v0.6.3
[INFO] [stderr]    Compiling tc-btree v0.1.6
[INFO] [stderr]    Compiling tc-table v0.1.5 (/opt/rustwide/workdir)
[INFO] [stdout] error[E0277]: the trait bound `Node: BlockData` is not satisfied
[INFO] [stdout]    --> src/index.rs:33:9
[INFO] [stdout]     |
[INFO] [stdout] 33  | impl<F: File<Node>, D: Dir, Txn: Transaction<D>> Index<F, D, Txn> {
[INFO] [stdout]     |         ^^^^^^^^^^ the trait `BlockData` is not implemented for `Node`
[INFO] [stdout]     | 
[INFO] [stdout]    ::: /opt/rustwide/cargo-home/registry/src/github.com-1ecc6299db9ec823/tc-transact-0.6.3/src/fs.rs:168:19
[INFO] [stdout]     |
[INFO] [stdout] 168 | pub trait File<B: BlockData>: Store + Sized + 'static {
[INFO] [stdout]     |                   --------- required by this bound in `tc_transact::fs::File`
[INFO] [stdout] 
[INFO] [stdout] 
[INFO] [stdout] error[E0277]: the trait bound `Node: BlockData` is not satisfied
[INFO] [stdout]    --> src/index.rs:272:9
[INFO] [stdout]     |
[INFO] [stdout] 272 | impl<F: File<Node>, D: Dir, Txn: Transaction<D>> ReadOnly<F, D, Txn> {
[INFO] [stdout]     |         ^^^^^^^^^^ the trait `BlockData` is not implemented for `Node`
[INFO] [stdout]     | 
[INFO] [stdout]    ::: /opt/rustwide/cargo-home/registry/src/github.com-1ecc6299db9ec823/tc-transact-0.6.3/src/fs.rs:168:19
[INFO] [stdout]     |
[INFO] [stdout] 168 | pub trait File<B: BlockData>: Store + Sized + 'static {
[INFO] [stdout]     |                   --------- required by this bound in `tc_transact::fs::File`
[INFO] [stdout] 
[INFO] [stdout] 
[INFO] [stdout] error[E0277]: the trait bound `Node: BlockData` is not satisfied
[INFO] [stdout]    --> src/index.rs:323:9
[INFO] [stdout]     |
[INFO] [stdout] 323 | impl<F: File<Node>, D: Dir, Txn: Transaction<D>> Instance for ReadOnly<F, D, Txn> {
[INFO] [stdout]     |         ^^^^^^^^^^ the trait `BlockData` is not implemented for `Node`
[INFO] [stdout]     | 
[INFO] [stdout]    ::: /opt/rustwide/cargo-home/registry/src/github.com-1ecc6299db9ec823/tc-transact-0.6.3/src/fs.rs:168:19
[INFO] [stdout]     |
[INFO] [stdout] 168 | pub trait File<B: BlockData>: Store + Sized + 'static {
[INFO] [stdout]     |                   --------- required by this bound in `tc_transact::fs::File`
[INFO] [stdout] 
[INFO] [stdout] 
[INFO] [stdout] error[E0277]: the trait bound `Node: BlockData` is not satisfied
[INFO] [stdout]    --> src/index.rs:388:9
[INFO] [stdout]     |
[INFO] [stdout] 388 | impl<F: File<Node>, D: Dir, Txn: Transaction<D>> From<ReadOnly<F, D, Txn>> for Table<F, D, Txn> {
[INFO] [stdout]     |         ^^^^^^^^^^ the trait `BlockData` is not implemented for `Node`
[INFO] [stdout]     | 
[INFO] [stdout]    ::: /opt/rustwide/cargo-home/registry/src/github.com-1ecc6299db9ec823/tc-transact-0.6.3/src/fs.rs:168:19
[INFO] [stdout]     |
[INFO] [stdout] 168 | pub trait File<B: BlockData>: Store + Sized + 'static {
[INFO] [stdout]     |                   --------- required by this bound in `tc_transact::fs::File`
[INFO] [stdout] 
[INFO] [stdout] 
[INFO] [stdout] error[E0277]: the trait bound `Node: BlockData` is not satisfied
[INFO] [stdout]    --> src/index.rs:406:9
[INFO] [stdout]     |
[INFO] [stdout] 406 | impl<F: File<Node>, D: Dir, Txn: Transaction<D>> TableIndex<F, D, Txn> {
[INFO] [stdout]     |         ^^^^^^^^^^ the trait `BlockData` is not implemented for `Node`
[INFO] [stdout]     | 
[INFO] [stdout]    ::: /opt/rustwide/cargo-home/registry/src/github.com-1ecc6299db9ec823/tc-transact-0.6.3/src/fs.rs:168:19
[INFO] [stdout]     |
[INFO] [stdout] 168 | pub trait File<B: BlockData>: Store + Sized + 'static {
[INFO] [stdout]     |                   --------- required by this bound in `tc_transact::fs::File`
[INFO] [stdout] 
[INFO] [stdout] 
[INFO] [stdout] error[E0277]: the trait bound `Node: BlockData` is not satisfied
[INFO] [stdout]    --> src/index.rs:554:9
[INFO] [stdout]     |
[INFO] [stdout] 554 | impl<F: File<Node>, D: Dir, Txn: Transaction<D>> Instance for TableIndex<F, D, Txn> {
[INFO] [stdout]     |         ^^^^^^^^^^ the trait `BlockData` is not implemented for `Node`
[INFO] [stdout]     | 
[INFO] [stdout]    ::: /opt/rustwide/cargo-home/registry/src/github.com-1ecc6299db9ec823/tc-transact-0.6.3/src/fs.rs:168:19
[INFO] [stdout]     |
[INFO] [stdout] 168 | pub trait File<B: BlockData>: Store + Sized + 'static {
[INFO] [stdout]     |                   --------- required by this bound in `tc_transact::fs::File`
[INFO] [stdout] 
[INFO] [stdout] 
[INFO] [stdout] error[E0277]: the trait bound `Node: BlockData` is not satisfied
[INFO] [stdout]     --> src/index.rs:1015:9
[INFO] [stdout]      |
[INFO] [stdout] 1015 | impl<F: File<Node>, D: Dir, Txn: Transaction<D>> From<TableIndex<F, D, Txn>> for Table<F, D, Txn> {
[INFO] [stdout]      |         ^^^^^^^^^^ the trait `BlockData` is not implemented for `Node`
[INFO] [stdout]      | 
[INFO] [stdout]     ::: /opt/rustwide/cargo-home/registry/src/github.com-1ecc6299db9ec823/tc-transact-0.6.3/src/fs.rs:168:19
[INFO] [stdout]      |
[INFO] [stdout] 168  | pub trait File<B: BlockData>: Store + Sized + 'static {
[INFO] [stdout]      |                   --------- required by this bound in `tc_transact::fs::File`
[INFO] [stdout] 
[INFO] [stdout] 
[INFO] [stdout] error[E0277]: the trait bound `Node: BlockData` is not satisfied
[INFO] [stdout]     --> src/index.rs:1021:9
[INFO] [stdout]      |
[INFO] [stdout] 1021 | impl<F: File<Node>, D: Dir, Txn: Transaction<D>> fmt::Display for TableIndex<F, D, Txn> {
[INFO] [stdout]      |         ^^^^^^^^^^ the trait `BlockData` is not implemented for `Node`
[INFO] [stdout]      | 
[INFO] [stdout]     ::: /opt/rustwide/cargo-home/registry/src/github.com-1ecc6299db9ec823/tc-transact-0.6.3/src/fs.rs:168:19
[INFO] [stdout]      |
[INFO] [stdout] 168  | pub trait File<B: BlockData>: Store + Sized + 'static {
[INFO] [stdout]      |                   --------- required by this bound in `tc_transact::fs::File`
[INFO] [stdout] 
[INFO] [stdout] 
[INFO] [stdout] error[E0277]: the trait bound `Node: BlockData` is not satisfied
[INFO] [stdout]    --> src/view.rs:102:9
[INFO] [stdout]     |
[INFO] [stdout] 102 | impl<F: File<Node>, D: Dir, Txn: Transaction<D>, T: TableInstance<F, D, Txn>>
[INFO] [stdout]     |         ^^^^^^^^^^ the trait `BlockData` is not implemented for `Node`
[INFO] [stdout]     | 
[INFO] [stdout]    ::: /opt/rustwide/cargo-home/registry/src/github.com-1ecc6299db9ec823/tc-transact-0.6.3/src/fs.rs:168:19
[INFO] [stdout]     |
[INFO] [stdout] 168 | pub trait File<B: BlockData>: Store + Sized + 'static {
[INFO] [stdout]     |                   --------- required by this bound in `tc_transact::fs::File`
[INFO] [stdout] 
[INFO] [stdout] 
[INFO] [stdout] error[E0277]: the trait bound `Node: BlockData` is not satisfied
[INFO] [stdout]    --> src/view.rs:130:9
[INFO] [stdout]     |
[INFO] [stdout] 130 | impl<F: File<Node>, D: Dir, Txn: Transaction<D>> IndexSlice<F, D, Txn> {
[INFO] [stdout]     |         ^^^^^^^^^^ the trait `BlockData` is not implemented for `Node`
[INFO] [stdout]     | 
[INFO] [stdout]    ::: /opt/rustwide/cargo-home/registry/src/github.com-1ecc6299db9ec823/tc-transact-0.6.3/src/fs.rs:168:19
[INFO] [stdout]     |
[INFO] [stdout] 168 | pub trait File<B: BlockData>: Store + Sized + 'static {
[INFO] [stdout]     |                   --------- required by this bound in `tc_transact::fs::File`
[INFO] [stdout] 
[INFO] [stdout] 
[INFO] [stdout] error[E0277]: the trait bound `Node: BlockData` is not satisfied
[INFO] [stdout]    --> src/view.rs:432:9
[INFO] [stdout]     |
[INFO] [stdout] 432 | impl<F: File<Node>, D: Dir, Txn: Transaction<D>> MergeSource<F, D, Txn> {
[INFO] [stdout]     |         ^^^^^^^^^^ the trait `BlockData` is not implemented for `Node`
[INFO] [stdout]     | 
[INFO] [stdout]    ::: /opt/rustwide/cargo-home/registry/src/github.com-1ecc6299db9ec823/tc-transact-0.6.3/src/fs.rs:168:19
[INFO] [stdout]     |
[INFO] [stdout] 168 | pub trait File<B: BlockData>: Store + Sized + 'static {
[INFO] [stdout]     |                   --------- required by this bound in `tc_transact::fs::File`
[INFO] [stdout] 
[INFO] [stdout] 
[INFO] [stdout] error[E0277]: the trait bound `Node: BlockData` is not satisfied
[INFO] [stdout]    --> src/view.rs:496:9
[INFO] [stdout]     |
[INFO] [stdout] 496 | impl<F: File<Node>, D: Dir, Txn: Transaction<D>> Merged<F, D, Txn> {
[INFO] [stdout]     |         ^^^^^^^^^^ the trait `BlockData` is not implemented for `Node`
[INFO] [stdout]     | 
[INFO] [stdout]    ::: /opt/rustwide/cargo-home/registry/src/github.com-1ecc6299db9ec823/tc-transact-0.6.3/src/fs.rs:168:19
[INFO] [stdout]     |
[INFO] [stdout] 168 | pub trait File<B: BlockData>: Store + Sized + 'static {
[INFO] [stdout]     |                   --------- required by this bound in `tc_transact::fs::File`
[INFO] [stdout] 
[INFO] [stdout] 
[INFO] [stdout] error[E0277]: the trait bound `Node: BlockData` is not satisfied
[INFO] [stdout]    --> src/view.rs:674:9
[INFO] [stdout]     |
[INFO] [stdout] 674 | impl<F: File<Node>, D: Dir, Txn: Transaction<D>, T: TableInstance<F, D, Txn>>
[INFO] [stdout]     |         ^^^^^^^^^^ the trait `BlockData` is not implemented for `Node`
[INFO] [stdout]     | 
[INFO] [stdout]    ::: /opt/rustwide/cargo-home/registry/src/github.com-1ecc6299db9ec823/tc-transact-0.6.3/src/fs.rs:168:19
[INFO] [stdout]     |
[INFO] [stdout] 168 | pub trait File<B: BlockData>: Store + Sized + 'static {
[INFO] [stdout]     |                   --------- required by this bound in `tc_transact::fs::File`
[INFO] [stdout] 
[INFO] [stdout] 
[INFO] [stdout] error[E0277]: the trait bound `Node: BlockData` is not satisfied
[INFO] [stdout]    --> src/view.rs:857:8
[INFO] [stdout]     |
[INFO] [stdout] 857 |     F: File<Node>,
[INFO] [stdout]     |        ^^^^^^^^^^ the trait `BlockData` is not implemented for `Node`
[INFO] [stdout]     | 
[INFO] [stdout]    ::: /opt/rustwide/cargo-home/registry/src/github.com-1ecc6299db9ec823/tc-transact-0.6.3/src/fs.rs:168:19
[INFO] [stdout]     |
[INFO] [stdout] 168 | pub trait File<B: BlockData>: Store + Sized + 'static {
[INFO] [stdout]     |                   --------- required by this bound in `tc_transact::fs::File`
[INFO] [stdout] 
[INFO] [stdout] 
[INFO] [stdout] error[E0277]: the trait bound `Node: BlockData` is not satisfied
[INFO] [stdout]    --> src/view.rs:879:9
[INFO] [stdout]     |
[INFO] [stdout] 879 | impl<F: File<Node>, D: Dir, Txn: Transaction<D>> TableSlice<F, D, Txn> {
[INFO] [stdout]     |         ^^^^^^^^^^ the trait `BlockData` is not implemented for `Node`
[INFO] [stdout]     | 
[INFO] [stdout]    ::: /opt/rustwide/cargo-home/registry/src/github.com-1ecc6299db9ec823/tc-transact-0.6.3/src/fs.rs:168:19
[INFO] [stdout]     |
[INFO] [stdout] 168 | pub trait File<B: BlockData>: Store + Sized + 'static {
[INFO] [stdout]     |                   --------- required by this bound in `tc_transact::fs::File`
[INFO] [stdout] 
[INFO] [stdout] 
[INFO] [stdout] error[E0277]: the trait bound `Node: BlockData` is not satisfied
[INFO] [stdout]     --> src/view.rs:1032:20
[INFO] [stdout]      |
[INFO] [stdout] 1032 | pub fn group_by<F: File<Node>, D: Dir, Txn: Transaction<D>, T: TableInstance<F, D, Txn>>(
[INFO] [stdout]      |                    ^^^^^^^^^^ the trait `BlockData` is not implemented for `Node`
[INFO] [stdout]      | 
[INFO] [stdout]     ::: /opt/rustwide/cargo-home/registry/src/github.com-1ecc6299db9ec823/tc-transact-0.6.3/src/fs.rs:168:19
[INFO] [stdout]      |
[INFO] [stdout] 168  | pub trait File<B: BlockData>: Store + Sized + 'static {
[INFO] [stdout]      |                   --------- required by this bound in `tc_transact::fs::File`
[INFO] [stdout] 
[INFO] [stdout] 
[INFO] [stdout] error[E0277]: the trait bound `Node: BlockData` is not satisfied
[INFO] [stdout]     --> src/view.rs:1052:9
[INFO] [stdout]      |
[INFO] [stdout] 1052 | impl<F: File<Node>, D: Dir, Txn: Transaction<D>> Default for Phantom<F, D, Txn> {
[INFO] [stdout]      |         ^^^^^^^^^^ the trait `BlockData` is not implemented for `Node`
[INFO] [stdout]      | 
[INFO] [stdout]     ::: /opt/rustwide/cargo-home/registry/src/github.com-1ecc6299db9ec823/tc-transact-0.6.3/src/fs.rs:168:19
[INFO] [stdout]      |
[INFO] [stdout] 168  | pub trait File<B: BlockData>: Store + Sized + 'static {
[INFO] [stdout]      |                   --------- required by this bound in `tc_transact::fs::File`
[INFO] [stdout] 
[INFO] [stdout] 
[INFO] [stdout] error[E0277]: the trait bound `Node: BlockData` is not satisfied
[INFO] [stdout]    --> src/lib.rs:550:24
[INFO] [stdout]     |
[INFO] [stdout] 550 | struct TableVisitor<F: File<Node>, D: Dir, Txn: Transaction<D>> {
[INFO] [stdout]     |                        ^^^^^^^^^^ the trait `BlockData` is not implemented for `Node`
[INFO] [stdout]     | 
[INFO] [stdout]    ::: /opt/rustwide/cargo-home/registry/src/github.com-1ecc6299db9ec823/tc-transact-0.6.3/src/fs.rs:168:19
[INFO] [stdout]     |
[INFO] [stdout] 168 | pub trait File<B: BlockData>: Store + Sized + 'static {
[INFO] [stdout]     |                   --------- required by this bound in `tc_transact::fs::File`
[INFO] [stdout] 
[INFO] [stdout] 
[INFO] [stdout] error[E0277]: the trait bound `Node: BlockData` is not satisfied
[INFO] [stdout]    --> src/lib.rs:589:22
[INFO] [stdout]     |
[INFO] [stdout] 589 | struct RowVisitor<F: File<Node>, D: Dir, Txn: Transaction<D>> {
[INFO] [stdout]     |                      ^^^^^^^^^^ the trait `BlockData` is not implemented for `Node`
[INFO] [stdout]     | 
[INFO] [stdout]    ::: /opt/rustwide/cargo-home/registry/src/github.com-1ecc6299db9ec823/tc-transact-0.6.3/src/fs.rs:168:19
[INFO] [stdout]     |
[INFO] [stdout] 168 | pub trait File<B: BlockData>: Store + Sized + 'static {
[INFO] [stdout]     |                   --------- required by this bound in `tc_transact::fs::File`
[INFO] [stdout] 
[INFO] [stdout] 
[INFO] [stdout] error[E0277]: the trait bound `Node: BlockData` is not satisfied
[INFO] [stdout]    --> src/index.rs:108:9
[INFO] [stdout]     |
[INFO] [stdout] 108 | impl<F: File<Node>, D: Dir, Txn: Transaction<D>> TableInstance<F, D, Txn> for Index<F, D, Txn> {
[INFO] [stdout]     |         ^^^^^^^^^^ the trait `BlockData` is not implemented for `Node`
[INFO] [stdout]     | 
[INFO] [stdout]    ::: /opt/rustwide/cargo-home/registry/src/github.com-1ecc6299db9ec823/tc-transact-0.6.3/src/fs.rs:168:19
[INFO] [stdout]     |
[INFO] [stdout] 168 | pub trait File<B: BlockData>: Store + Sized + 'static {
[INFO] [stdout]     |                   --------- required by this bound in `tc_transact::fs::File`
[INFO] [stdout] 
[INFO] [stdout] 
[INFO] [stdout] error[E0277]: the trait bound `Node: BlockData` is not satisfied
[INFO] [stdout]    --> src/index.rs:221:9
[INFO] [stdout]     |
[INFO] [stdout] 221 | impl<F: File<Node> + Transact, D: Dir, Txn: Transaction<D>> Transact for Index<F, D, Txn> {
[INFO] [stdout]     |         ^^^^^^^^^^ the trait `BlockData` is not implemented for `Node`
[INFO] [stdout]     | 
[INFO] [stdout]    ::: /opt/rustwide/cargo-home/registry/src/github.com-1ecc6299db9ec823/tc-transact-0.6.3/src/fs.rs:168:19
[INFO] [stdout]     |
[INFO] [stdout] 168 | pub trait File<B: BlockData>: Store + Sized + 'static {
[INFO] [stdout]     |                   --------- required by this bound in `tc_transact::fs::File`
[INFO] [stdout] 
[INFO] [stdout] 
[INFO] [stdout] error[E0277]: the trait bound `Node: BlockData` is not satisfied
[INFO] [stdout]    --> src/index.rs:232:9
[INFO] [stdout]     |
[INFO] [stdout] 232 | impl<F: File<Node>, D: Dir, Txn: Transaction<D>> Persist<D> for Index<F, D, Txn>
[INFO] [stdout]     |         ^^^^^^^^^^ the trait `BlockData` is not implemented for `Node`
[INFO] [stdout]     | 
[INFO] [stdout]    ::: /opt/rustwide/cargo-home/registry/src/github.com-1ecc6299db9ec823/tc-transact-0.6.3/src/fs.rs:168:19
[INFO] [stdout]     |
[INFO] [stdout] 168 | pub trait File<B: BlockData>: Store + Sized + 'static {
[INFO] [stdout]     |                   --------- required by this bound in `tc_transact::fs::File`
[INFO] [stdout] 
[INFO] [stdout] 
[INFO] [stdout] error[E0277]: the trait bound `Node: BlockData` is not satisfied
[INFO] [stdout]    --> src/index.rs:252:9
[INFO] [stdout]     |
[INFO] [stdout] 252 | impl<F: File<Node>, D: Dir, Txn: Transaction<D>> Restore<D> for Index<F, D, Txn>
[INFO] [stdout]     |         ^^^^^^^^^^ the trait `BlockData` is not implemented for `Node`
[INFO] [stdout]     | 
[INFO] [stdout]    ::: /opt/rustwide/cargo-home/registry/src/github.com-1ecc6299db9ec823/tc-transact-0.6.3/src/fs.rs:168:19
[INFO] [stdout]     |
[INFO] [stdout] 168 | pub trait File<B: BlockData>: Store + Sized + 'static {
[INFO] [stdout]     |                   --------- required by this bound in `tc_transact::fs::File`
[INFO] [stdout] 
[INFO] [stdout] 
[INFO] [stdout] error[E0277]: the trait bound `Node: BlockData` is not satisfied
[INFO] [stdout]    --> src/index.rs:332:9
[INFO] [stdout]     |
[INFO] [stdout] 332 | impl<F: File<Node>, D: Dir, Txn: Transaction<D>> TableInstance<F, D, Txn> for ReadOnly<F, D, Txn> {
[INFO] [stdout]     |         ^^^^^^^^^^ the trait `BlockData` is not implemented for `Node`
[INFO] [stdout]     | 
[INFO] [stdout]    ::: /opt/rustwide/cargo-home/registry/src/github.com-1ecc6299db9ec823/tc-transact-0.6.3/src/fs.rs:168:19
[INFO] [stdout]     |
[INFO] [stdout] 168 | pub trait File<B: BlockData>: Store + Sized + 'static {
[INFO] [stdout]     |                   --------- required by this bound in `tc_transact::fs::File`
[INFO] [stdout] 
[INFO] [stdout] 
[INFO] [stdout] error[E0277]: the trait bound `Node: BlockData` is not satisfied
[INFO] [stdout]    --> src/index.rs:563:9
[INFO] [stdout]     |
[INFO] [stdout] 563 | impl<F: File<Node>, D: Dir, Txn: Transaction<D>> TableInstance<F, D, Txn>
[INFO] [stdout]     |         ^^^^^^^^^^ the trait `BlockData` is not implemented for `Node`
[INFO] [stdout]     | 
[INFO] [stdout]    ::: /opt/rustwide/cargo-home/registry/src/github.com-1ecc6299db9ec823/tc-transact-0.6.3/src/fs.rs:168:19
[INFO] [stdout]     |
[INFO] [stdout] 168 | pub trait File<B: BlockData>: Store + Sized + 'static {
[INFO] [stdout]     |                   --------- required by this bound in `tc_transact::fs::File`
[INFO] [stdout] 
[INFO] [stdout] 
[INFO] [stdout] error[E0277]: the trait bound `Node: BlockData` is not satisfied
[INFO] [stdout]    --> src/index.rs:890:9
[INFO] [stdout]     |
[INFO] [stdout] 890 | impl<F: File<Node> + Transact, D: Dir, Txn: Transaction<D>> Transact for TableIndex<F, D, Txn> {
[INFO] [stdout]     |         ^^^^^^^^^^ the trait `BlockData` is not implemented for `Node`
[INFO] [stdout]     | 
[INFO] [stdout]    ::: /opt/rustwide/cargo-home/registry/src/github.com-1ecc6299db9ec823/tc-transact-0.6.3/src/fs.rs:168:19
[INFO] [stdout]     |
[INFO] [stdout] 168 | pub trait File<B: BlockData>: Store + Sized + 'static {
[INFO] [stdout]     |                   --------- required by this bound in `tc_transact::fs::File`
[INFO] [stdout] 
[INFO] [stdout] 
[INFO] [stdout] error[E0277]: the trait bound `Node: BlockData` is not satisfied
[INFO] [stdout]    --> src/index.rs:913:9
[INFO] [stdout]     |
[INFO] [stdout] 913 | impl<F: File<Node>, D: Dir, Txn: Transaction<D>> Persist<D> for TableIndex<F, D, Txn>
[INFO] [stdout]     |         ^^^^^^^^^^ the trait `BlockData` is not implemented for `Node`
[INFO] [stdout]     | 
[INFO] [stdout]    ::: /opt/rustwide/cargo-home/registry/src/github.com-1ecc6299db9ec823/tc-transact-0.6.3/src/fs.rs:168:19
[INFO] [stdout]     |
[INFO] [stdout] 168 | pub trait File<B: BlockData>: Store + Sized + 'static {
[INFO] [stdout]     |                   --------- required by this bound in `tc_transact::fs::File`
[INFO] [stdout] 
[INFO] [stdout] 
[INFO] [stdout] error[E0277]: the trait bound `Node: BlockData` is not satisfied
[INFO] [stdout]    --> src/index.rs:957:9
[INFO] [stdout]     |
[INFO] [stdout] 957 | impl<F: File<Node>, D: Dir, Txn: Transaction<D>> Restore<D> for TableIndex<F, D, Txn>
[INFO] [stdout]     |         ^^^^^^^^^^ the trait `BlockData` is not implemented for `Node`
[INFO] [stdout]     | 
[INFO] [stdout]    ::: /opt/rustwide/cargo-home/registry/src/github.com-1ecc6299db9ec823/tc-transact-0.6.3/src/fs.rs:168:19
[INFO] [stdout]     |
[INFO] [stdout] 168 | pub trait File<B: BlockData>: Store + Sized + 'static {
[INFO] [stdout]     |                   --------- required by this bound in `tc_transact::fs::File`
[INFO] [stdout] 
[INFO] [stdout] 
[INFO] [stdout] error[E0277]: the trait bound `Node: BlockData` is not satisfied
[INFO] [stdout]    --> src/index.rs:991:9
[INFO] [stdout]     |
[INFO] [stdout] 991 | impl<F: File<Node>, D: Dir, Txn: Transaction<D>, I: TableInstance<F, D, Txn> + 'static>
[INFO] [stdout]     |         ^^^^^^^^^^ the trait `BlockData` is not implemented for `Node`
[INFO] [stdout]     | 
[INFO] [stdout]    ::: /opt/rustwide/cargo-home/registry/src/github.com-1ecc6299db9ec823/tc-transact-0.6.3/src/fs.rs:168:19
[INFO] [stdout]     |
[INFO] [stdout] 168 | pub trait File<B: BlockData>: Store + Sized + 'static {
[INFO] [stdout]     |                   --------- required by this bound in `tc_transact::fs::File`
[INFO] [stdout] 
[INFO] [stdout] 
[INFO] [stdout] error[E0277]: the trait bound `Node: BlockData` is not satisfied
[INFO] [stdout]    --> src/view.rs:48:9
[INFO] [stdout]     |
[INFO] [stdout] 48  | impl<F: File<Node>, D: Dir, Txn: Transaction<D>, T: TableInstance<F, D, Txn>>
[INFO] [stdout]     |         ^^^^^^^^^^ the trait `BlockData` is not implemented for `Node`
[INFO] [stdout]     | 
[INFO] [stdout]    ::: /opt/rustwide/cargo-home/registry/src/github.com-1ecc6299db9ec823/tc-transact-0.6.3/src/fs.rs:168:19
[INFO] [stdout]     |
[INFO] [stdout] 168 | pub trait File<B: BlockData>: Store + Sized + 'static {
[INFO] [stdout]     |                   --------- required by this bound in `tc_transact::fs::File`
[INFO] [stdout] 
[INFO] [stdout] 
[INFO] [stdout] error[E0277]: the trait bound `Node: BlockData` is not satisfied
[INFO] [stdout]    --> src/view.rs:230:8
[INFO] [stdout]     |
[INFO] [stdout] 230 |     F: File<Node>,
[INFO] [stdout]     |        ^^^^^^^^^^ the trait `BlockData` is not implemented for `Node`
[INFO] [stdout]     | 
[INFO] [stdout]    ::: /opt/rustwide/cargo-home/registry/src/github.com-1ecc6299db9ec823/tc-transact-0.6.3/src/fs.rs:168:19
[INFO] [stdout]     |
[INFO] [stdout] 168 | pub trait File<B: BlockData>: Store + Sized + 'static {
[INFO] [stdout]     |                   --------- required by this bound in `tc_transact::fs::File`
[INFO] [stdout] 
[INFO] [stdout] 
[INFO] [stdout] error[E0277]: the trait bound `Node: BlockData` is not satisfied
[INFO] [stdout]    --> src/view.rs:347:9
[INFO] [stdout]     |
[INFO] [stdout] 347 | impl<F: File<Node>, D: Dir, Txn: Transaction<D>> TableInstance<F, D, Txn> for Limited<F, D, Txn> {
[INFO] [stdout]     |         ^^^^^^^^^^ the trait `BlockData` is not implemented for `Node`
[INFO] [stdout]     | 
[INFO] [stdout]    ::: /opt/rustwide/cargo-home/registry/src/github.com-1ecc6299db9ec823/tc-transact-0.6.3/src/fs.rs:168:19
[INFO] [stdout]     |
[INFO] [stdout] 168 | pub trait File<B: BlockData>: Store + Sized + 'static {
[INFO] [stdout]     |                   --------- required by this bound in `tc_transact::fs::File`
[INFO] [stdout] 
[INFO] [stdout] 
[INFO] [stdout] error[E0277]: the trait bound `Node: BlockData` is not satisfied
[INFO] [stdout]    --> src/view.rs:544:9
[INFO] [stdout]     |
[INFO] [stdout] 544 | impl<F: File<Node>, D: Dir, Txn: Transaction<D>> TableInstance<F, D, Txn> for Merged<F, D, Txn> {
[INFO] [stdout]     |         ^^^^^^^^^^ the trait `BlockData` is not implemented for `Node`
[INFO] [stdout]     | 
[INFO] [stdout]    ::: /opt/rustwide/cargo-home/registry/src/github.com-1ecc6299db9ec823/tc-transact-0.6.3/src/fs.rs:168:19
[INFO] [stdout]     |
[INFO] [stdout] 168 | pub trait File<B: BlockData>: Store + Sized + 'static {
[INFO] [stdout]     |                   --------- required by this bound in `tc_transact::fs::File`
[INFO] [stdout] 
[INFO] [stdout] 
[INFO] [stdout] error[E0277]: the trait bound `Node: BlockData` is not satisfied
[INFO] [stdout]    --> src/view.rs:743:8
[INFO] [stdout]     |
[INFO] [stdout] 743 |     F: File<Node>,
[INFO] [stdout]     |        ^^^^^^^^^^ the trait `BlockData` is not implemented for `Node`
[INFO] [stdout]     | 
[INFO] [stdout]    ::: /opt/rustwide/cargo-home/registry/src/github.com-1ecc6299db9ec823/tc-transact-0.6.3/src/fs.rs:168:19
[INFO] [stdout]     |
[INFO] [stdout] 168 | pub trait File<B: BlockData>: Store + Sized + 'static {
[INFO] [stdout]     |                   --------- required by this bound in `tc_transact::fs::File`
[INFO] [stdout] 
[INFO] [stdout] 
[INFO] [stdout] error[E0277]: the trait bound `Node: BlockData` is not satisfied
[INFO] [stdout]    --> src/view.rs:930:8
[INFO] [stdout]     |
[INFO] [stdout] 930 |     F: File<Node>,
[INFO] [stdout]     |        ^^^^^^^^^^ the trait `BlockData` is not implemented for `Node`
[INFO] [stdout]     | 
[INFO] [stdout]    ::: /opt/rustwide/cargo-home/registry/src/github.com-1ecc6299db9ec823/tc-transact-0.6.3/src/fs.rs:168:19
[INFO] [stdout]     |
[INFO] [stdout] 168 | pub trait File<B: BlockData>: Store + Sized + 'static {
[INFO] [stdout]     |                   --------- required by this bound in `tc_transact::fs::File`
[INFO] [stdout] 
[INFO] [stdout] 
[INFO] [stdout] error[E0277]: the trait bound `Node: BlockData` is not satisfied
[INFO] [stdout]    --> src/lib.rs:43:28
[INFO] [stdout]     |
[INFO] [stdout] 43  | pub trait TableInstance<F: File<Node>, D: Dir, Txn: Transaction<D>>:
[INFO] [stdout]     |                            ^^^^^^^^^^ the trait `BlockData` is not implemented for `Node`
[INFO] [stdout]     | 
[INFO] [stdout]    ::: /opt/rustwide/cargo-home/registry/src/github.com-1ecc6299db9ec823/tc-transact-0.6.3/src/fs.rs:168:19
[INFO] [stdout]     |
[INFO] [stdout] 168 | pub trait File<B: BlockData>: Store + Sized + 'static {
[INFO] [stdout]     |                   --------- required by this bound in `tc_transact::fs::File`
[INFO] [stdout] 
[INFO] [stdout] 
[INFO] [stdout] error[E0277]: the trait bound `Node: BlockData` is not satisfied
[INFO] [stdout]    --> src/lib.rs:236:9
[INFO] [stdout]     |
[INFO] [stdout] 236 | impl<F: File<Node>, D: Dir, Txn: Transaction<D>> TableInstance<F, D, Txn> for Table<F, D, Txn>
[INFO] [stdout]     |         ^^^^^^^^^^ the trait `BlockData` is not implemented for `Node`
[INFO] [stdout]     | 
[INFO] [stdout]    ::: /opt/rustwide/cargo-home/registry/src/github.com-1ecc6299db9ec823/tc-transact-0.6.3/src/fs.rs:168:19
[INFO] [stdout]     |
[INFO] [stdout] 168 | pub trait File<B: BlockData>: Store + Sized + 'static {
[INFO] [stdout]     |                   --------- required by this bound in `tc_transact::fs::File`
[INFO] [stdout] 
[INFO] [stdout] 
[INFO] [stdout] error[E0277]: the trait bound `Node: BlockData` is not satisfied
[INFO] [stdout]    --> src/lib.rs:492:14
[INFO] [stdout]     |
[INFO] [stdout] 492 | impl<'en, F: File<Node>, D: Dir, Txn: Transaction<D>> Hash<'en, D> for Table<F, D, Txn> {
[INFO] [stdout]     |              ^^^^^^^^^^ the trait `BlockData` is not implemented for `Node`
[INFO] [stdout]     | 
[INFO] [stdout]    ::: /opt/rustwide/cargo-home/registry/src/github.com-1ecc6299db9ec823/tc-transact-0.6.3/src/fs.rs:168:19
[INFO] [stdout]     |
[INFO] [stdout] 168 | pub trait File<B: BlockData>: Store + Sized + 'static {
[INFO] [stdout]     |                   --------- required by this bound in `tc_transact::fs::File`
[INFO] [stdout] 
[INFO] [stdout] 
[INFO] [stdout] error[E0277]: the trait bound `Node: BlockData` is not satisfied
[INFO] [stdout]    --> src/lib.rs:502:9
[INFO] [stdout]     |
[INFO] [stdout] 502 | impl<F: File<Node>, D: Dir, Txn: Transaction<D>> de::FromStream for Table<F, D, Txn>
[INFO] [stdout]     |         ^^^^^^^^^^ the trait `BlockData` is not implemented for `Node`
[INFO] [stdout]     | 
[INFO] [stdout]    ::: /opt/rustwide/cargo-home/registry/src/github.com-1ecc6299db9ec823/tc-transact-0.6.3/src/fs.rs:168:19
[INFO] [stdout]     |
[INFO] [stdout] 168 | pub trait File<B: BlockData>: Store + Sized + 'static {
[INFO] [stdout]     |                   --------- required by this bound in `tc_transact::fs::File`
[INFO] [stdout] 
[INFO] [stdout] 
[INFO] [stdout] error[E0277]: the trait bound `Node: BlockData` is not satisfied
[INFO] [stdout]    --> src/lib.rs:521:14
[INFO] [stdout]     |
[INFO] [stdout] 521 | impl<'en, F: File<Node>, D: Dir, Txn: Transaction<D>> IntoView<'en, D> for Table<F, D, Txn> {
[INFO] [stdout]     |              ^^^^^^^^^^ the trait `BlockData` is not implemented for `Node`
[INFO] [stdout]     | 
[INFO] [stdout]    ::: /opt/rustwide/cargo-home/registry/src/github.com-1ecc6299db9ec823/tc-transact-0.6.3/src/fs.rs:168:19
[INFO] [stdout]     |
[INFO] [stdout] 168 | pub trait File<B: BlockData>: Store + Sized + 'static {
[INFO] [stdout]     |                   --------- required by this bound in `tc_transact::fs::File`
[INFO] [stdout] 
[INFO] [stdout] 
[INFO] [stdout] error[E0277]: the trait bound `Node: BlockData` is not satisfied
[INFO] [stdout]    --> src/lib.rs:557:9
[INFO] [stdout]     |
[INFO] [stdout] 557 | impl<F: File<Node>, D: Dir, Txn: Transaction<D>> de::Visitor for TableVisitor<F, D, Txn>
[INFO] [stdout]     |         ^^^^^^^^^^ the trait `BlockData` is not implemented for `Node`
[INFO] [stdout]     | 
[INFO] [stdout]    ::: /opt/rustwide/cargo-home/registry/src/github.com-1ecc6299db9ec823/tc-transact-0.6.3/src/fs.rs:168:19
[INFO] [stdout]     |
[INFO] [stdout] 168 | pub trait File<B: BlockData>: Store + Sized + 'static {
[INFO] [stdout]     |                   --------- required by this bound in `tc_transact::fs::File`
[INFO] [stdout] 
[INFO] [stdout] 
[INFO] [stdout] error[E0277]: the trait bound `Node: BlockData` is not satisfied
[INFO] [stdout]    --> src/lib.rs:595:9
[INFO] [stdout]     |
[INFO] [stdout] 595 | impl<F: File<Node>, D: Dir, Txn: Transaction<D>> de::Visitor for RowVisitor<F, D, Txn> {
[INFO] [stdout]     |         ^^^^^^^^^^ the trait `BlockData` is not implemented for `Node`
[INFO] [stdout]     | 
[INFO] [stdout]    ::: /opt/rustwide/cargo-home/registry/src/github.com-1ecc6299db9ec823/tc-transact-0.6.3/src/fs.rs:168:19
[INFO] [stdout]     |
[INFO] [stdout] 168 | pub trait File<B: BlockData>: Store + Sized + 'static {
[INFO] [stdout]     |                   --------- required by this bound in `tc_transact::fs::File`
[INFO] [stdout] 
[INFO] [stdout] 
[INFO] [stdout] error[E0277]: the trait bound `Node: BlockData` is not satisfied
[INFO] [stdout]    --> src/lib.rs:619:9
[INFO] [stdout]     |
[INFO] [stdout] 619 | impl<F: File<Node>, D: Dir, Txn: Transaction<D>> de::FromStream for RowVisitor<F, D, Txn> {
[INFO] [stdout]     |         ^^^^^^^^^^ the trait `BlockData` is not implemented for `Node`
[INFO] [stdout]     | 
[INFO] [stdout]    ::: /opt/rustwide/cargo-home/registry/src/github.com-1ecc6299db9ec823/tc-transact-0.6.3/src/fs.rs:168:19
[INFO] [stdout]     |
[INFO] [stdout] 168 | pub trait File<B: BlockData>: Store + Sized + 'static {
[INFO] [stdout]     |                   --------- required by this bound in `tc_transact::fs::File`
[INFO] [stdout] 
[INFO] [stdout] 
[INFO] [stdout] error: aborting due to 43 previous errors
[INFO] [stdout] 
[INFO] [stdout] 
[INFO] [stdout] For more information about this error, try `rustc --explain E0277`.
[INFO] [stdout] 
[INFO] [stderr] error: could not compile `tc-table`
[INFO] [stderr] 
[INFO] [stderr] To learn more, run the command again with --verbose.
[INFO] running `Command { std: "docker" "inspect" "c7b80b56d5f07fc6b26da6fd91d9fe2a34f1e015c7b746b186cf4b4c40e762e8", kill_on_drop: false }`
[INFO] running `Command { std: "docker" "rm" "-f" "c7b80b56d5f07fc6b26da6fd91d9fe2a34f1e015c7b746b186cf4b4c40e762e8", kill_on_drop: false }`
[INFO] [stdout] c7b80b56d5f07fc6b26da6fd91d9fe2a34f1e015c7b746b186cf4b4c40e762e8
