[INFO] fetching crate sysfs-serde 0.2.3...
[INFO] testing sysfs-serde-0.2.3 against beta-2021-08-01 for beta-1.55-1
[INFO] extracting crate sysfs-serde 0.2.3 into /workspace/builds/worker-24/source
[INFO] validating manifest of crates.io crate sysfs-serde 0.2.3 on toolchain beta-2021-08-01
[INFO] running `Command { std: "/workspace/cargo-home/bin/cargo" "+beta-2021-08-01" "metadata" "--manifest-path" "Cargo.toml" "--no-deps", kill_on_drop: false }`
[INFO] started tweaking crates.io crate sysfs-serde 0.2.3
[INFO] finished tweaking crates.io crate sysfs-serde 0.2.3
[INFO] tweaked toml for crates.io crate sysfs-serde 0.2.3 written to /workspace/builds/worker-24/source/Cargo.toml
[INFO] crate crates.io crate sysfs-serde 0.2.3 already has a lockfile, it will not be regenerated
[INFO] running `Command { std: "/workspace/cargo-home/bin/cargo" "+beta-2021-08-01" "fetch" "--manifest-path" "Cargo.toml", kill_on_drop: false }`
[INFO] running `Command { std: "docker" "create" "-v" "/var/lib/crater-agent-workspace/builds/worker-24/target:/opt/rustwide/target:rw,Z" "-v" "/var/lib/crater-agent-workspace/builds/worker-24/source:/opt/rustwide/workdir:ro,Z" "-v" "/var/lib/crater-agent-workspace/cargo-home:/opt/rustwide/cargo-home:ro,Z" "-v" "/var/lib/crater-agent-workspace/rustup-home:/opt/rustwide/rustup-home:ro,Z" "-e" "SOURCE_DIR=/opt/rustwide/workdir" "-e" "CARGO_TARGET_DIR=/opt/rustwide/target" "-e" "CARGO_HOME=/opt/rustwide/cargo-home" "-e" "RUSTUP_HOME=/opt/rustwide/rustup-home" "-w" "/opt/rustwide/workdir" "-m" "1610612736" "--user" "0:0" "--network" "none" "ghcr.io/rust-lang/crates-build-env/linux@sha256:34b6a614d2c27851fe6cbf88fbd1137609cefab8b10d0615aaeb6fd47975d74e" "/opt/rustwide/cargo-home/bin/cargo" "+beta-2021-08-01" "metadata" "--no-deps" "--format-version=1", kill_on_drop: false }`
[INFO] [stdout] ff287bce0c68b419c765fd91f0d1088a6ec0b59195e68c3caaa86776d0b39ab7
[INFO] running `Command { std: "docker" "start" "-a" "ff287bce0c68b419c765fd91f0d1088a6ec0b59195e68c3caaa86776d0b39ab7", kill_on_drop: false }`
[INFO] running `Command { std: "docker" "inspect" "ff287bce0c68b419c765fd91f0d1088a6ec0b59195e68c3caaa86776d0b39ab7", kill_on_drop: false }`
[INFO] running `Command { std: "docker" "rm" "-f" "ff287bce0c68b419c765fd91f0d1088a6ec0b59195e68c3caaa86776d0b39ab7", kill_on_drop: false }`
[INFO] [stdout] ff287bce0c68b419c765fd91f0d1088a6ec0b59195e68c3caaa86776d0b39ab7
[INFO] running `Command { std: "docker" "create" "-v" "/var/lib/crater-agent-workspace/builds/worker-24/target:/opt/rustwide/target:rw,Z" "-v" "/var/lib/crater-agent-workspace/builds/worker-24/source:/opt/rustwide/workdir:ro,Z" "-v" "/var/lib/crater-agent-workspace/cargo-home:/opt/rustwide/cargo-home:ro,Z" "-v" "/var/lib/crater-agent-workspace/rustup-home:/opt/rustwide/rustup-home:ro,Z" "-e" "SOURCE_DIR=/opt/rustwide/workdir" "-e" "CARGO_TARGET_DIR=/opt/rustwide/target" "-e" "CARGO_INCREMENTAL=0" "-e" "RUST_BACKTRACE=full" "-e" "RUSTFLAGS=--cap-lints=warn" "-e" "CARGO_HOME=/opt/rustwide/cargo-home" "-e" "RUSTUP_HOME=/opt/rustwide/rustup-home" "-w" "/opt/rustwide/workdir" "-m" "1610612736" "--user" "0:0" "--network" "none" "ghcr.io/rust-lang/crates-build-env/linux@sha256:34b6a614d2c27851fe6cbf88fbd1137609cefab8b10d0615aaeb6fd47975d74e" "/opt/rustwide/cargo-home/bin/cargo" "+beta-2021-08-01" "build" "--frozen" "--message-format=json", kill_on_drop: false }`
[INFO] [stdout] 1c7104df0e6e7228448db404a24a10eb3ec8b5eb4de884e751d1a5abd6ce4579
[INFO] running `Command { std: "docker" "start" "-a" "1c7104df0e6e7228448db404a24a10eb3ec8b5eb4de884e751d1a5abd6ce4579", kill_on_drop: false }`
[INFO] [stderr]     Blocking waiting for file lock on package cache
[INFO] [stderr]     Blocking waiting for file lock on package cache
[INFO] [stderr]    Compiling log v0.4.14
[INFO] [stderr]    Compiling sysfs-serde v0.2.3 (/opt/rustwide/workdir)
[INFO] [stderr]     Finished dev [unoptimized + debuginfo] target(s) in 2.16s
[INFO] running `Command { std: "docker" "inspect" "1c7104df0e6e7228448db404a24a10eb3ec8b5eb4de884e751d1a5abd6ce4579", kill_on_drop: false }`
[INFO] running `Command { std: "docker" "rm" "-f" "1c7104df0e6e7228448db404a24a10eb3ec8b5eb4de884e751d1a5abd6ce4579", kill_on_drop: false }`
[INFO] [stdout] 1c7104df0e6e7228448db404a24a10eb3ec8b5eb4de884e751d1a5abd6ce4579
[INFO] running `Command { std: "docker" "create" "-v" "/var/lib/crater-agent-workspace/builds/worker-24/target:/opt/rustwide/target:rw,Z" "-v" "/var/lib/crater-agent-workspace/builds/worker-24/source:/opt/rustwide/workdir:ro,Z" "-v" "/var/lib/crater-agent-workspace/cargo-home:/opt/rustwide/cargo-home:ro,Z" "-v" "/var/lib/crater-agent-workspace/rustup-home:/opt/rustwide/rustup-home:ro,Z" "-e" "SOURCE_DIR=/opt/rustwide/workdir" "-e" "CARGO_TARGET_DIR=/opt/rustwide/target" "-e" "CARGO_INCREMENTAL=0" "-e" "RUST_BACKTRACE=full" "-e" "RUSTFLAGS=--cap-lints=warn" "-e" "CARGO_HOME=/opt/rustwide/cargo-home" "-e" "RUSTUP_HOME=/opt/rustwide/rustup-home" "-w" "/opt/rustwide/workdir" "-m" "1610612736" "--user" "0:0" "--network" "none" "ghcr.io/rust-lang/crates-build-env/linux@sha256:34b6a614d2c27851fe6cbf88fbd1137609cefab8b10d0615aaeb6fd47975d74e" "/opt/rustwide/cargo-home/bin/cargo" "+beta-2021-08-01" "test" "--frozen" "--no-run" "--message-format=json", kill_on_drop: false }`
[INFO] [stdout] 59f949549558eb89af3cd2d671f8a2f32f817c2db2c299607747ff72d864cdbe
[INFO] running `Command { std: "docker" "start" "-a" "59f949549558eb89af3cd2d671f8a2f32f817c2db2c299607747ff72d864cdbe", kill_on_drop: false }`
[INFO] [stderr]     Blocking waiting for file lock on package cache
[INFO] [stderr]    Compiling libc v0.2.91
[INFO] [stderr]    Compiling serde v1.0.125
[INFO] [stderr]    Compiling regex-syntax v0.6.23
[INFO] [stderr]    Compiling serde_json v1.0.64
[INFO] [stderr]    Compiling quick-error v1.2.3
[INFO] [stderr]    Compiling termcolor v1.1.2
[INFO] [stderr]    Compiling itoa v0.4.7
[INFO] [stderr]    Compiling humantime v1.3.0
[INFO] [stderr]    Compiling atty v0.2.14
[INFO] [stderr]    Compiling regex v1.4.5
[INFO] [stderr]    Compiling env_logger v0.7.1
[INFO] [stderr]    Compiling sysfs-serde v0.2.3 (/opt/rustwide/workdir)
[INFO] [stdout] error[E0277]: the trait bound `UsbAttributes: serde::ser::Serialize` is not satisfied
[INFO] [stdout]     --> examples/enumerate.rs:5:49
[INFO] [stdout]      |
[INFO] [stdout] 5    |     println!("{}", serde_json::to_string_pretty(&p).unwrap());
[INFO] [stdout]      |                                                 ^^ the trait `serde::ser::Serialize` is not implemented for `UsbAttributes`
[INFO] [stdout]      | 
[INFO] [stdout]     ::: /opt/rustwide/cargo-home/registry/src/github.com-1ecc6299db9ec823/serde_json-1.0.64/src/ser.rs:2240:17
[INFO] [stdout]      |
[INFO] [stdout] 2240 |     T: ?Sized + Serialize,
[INFO] [stdout]      |                 --------- required by this bound in `to_string_pretty`
[INFO] [stdout]      |
[INFO] [stdout]      = note: required because of the requirements on the impl of `serde::ser::Serialize` for `HashMap<std::string::String, UsbAttributes>`
[INFO] [stdout] 
[INFO] [stdout] 
[INFO] [stdout] error[E0277]: the trait bound `PciAttributes: serde::ser::Serialize` is not satisfied
[INFO] [stdout]     --> examples/enumerate.rs:7:49
[INFO] [stdout]      |
[INFO] [stdout] 7    |     println!("{}", serde_json::to_string_pretty(&p).unwrap());
[INFO] [stdout]      |                                                 ^^ the trait `serde::ser::Serialize` is not implemented for `PciAttributes`
[INFO] [stdout]      | 
[INFO] [stdout]     ::: /opt/rustwide/cargo-home/registry/src/github.com-1ecc6299db9ec823/serde_json-1.0.64/src/ser.rs:2240:17
[INFO] [stdout]      |
[INFO] [stdout] 2240 |     T: ?Sized + Serialize,
[INFO] [stdout]      |                 --------- required by this bound in `to_string_pretty`
[INFO] [stdout]      |
[INFO] [stdout]      = note: required because of the requirements on the impl of `serde::ser::Serialize` for `HashMap<std::string::String, PciAttributes>`
[INFO] [stdout] 
[INFO] [stdout] 
[INFO] [stdout] error[E0277]: the trait bound `GenericClassAttributes: serde::ser::Serialize` is not satisfied
[INFO] [stdout]     --> examples/enumerate.rs:9:49
[INFO] [stdout]      |
[INFO] [stdout] 9    |     println!("{}", serde_json::to_string_pretty(&p).unwrap());
[INFO] [stdout]      |                                                 ^^ the trait `serde::ser::Serialize` is not implemented for `GenericClassAttributes`
[INFO] [stdout]      | 
[INFO] [stdout]     ::: /opt/rustwide/cargo-home/registry/src/github.com-1ecc6299db9ec823/serde_json-1.0.64/src/ser.rs:2240:17
[INFO] [stdout]      |
[INFO] [stdout] 2240 |     T: ?Sized + Serialize,
[INFO] [stdout]      |                 --------- required by this bound in `to_string_pretty`
[INFO] [stdout]      |
[INFO] [stdout]      = note: required because of the requirements on the impl of `serde::ser::Serialize` for `HashMap<std::string::String, GenericClassAttributes>`
[INFO] [stdout] 
[INFO] [stdout] 
[INFO] [stdout] error[E0277]: the trait bound `GenericClassAttributes: serde::ser::Serialize` is not satisfied
[INFO] [stdout]     --> examples/enumerate.rs:11:49
[INFO] [stdout]      |
[INFO] [stdout] 11   |     println!("{}", serde_json::to_string_pretty(&p).unwrap());
[INFO] [stdout]      |                                                 ^^ the trait `serde::ser::Serialize` is not implemented for `GenericClassAttributes`
[INFO] [stdout]      | 
[INFO] [stdout]     ::: /opt/rustwide/cargo-home/registry/src/github.com-1ecc6299db9ec823/serde_json-1.0.64/src/ser.rs:2240:17
[INFO] [stdout]      |
[INFO] [stdout] 2240 |     T: ?Sized + Serialize,
[INFO] [stdout]      |                 --------- required by this bound in `to_string_pretty`
[INFO] [stdout]      |
[INFO] [stdout]      = note: required because of the requirements on the impl of `serde::ser::Serialize` for `HashMap<std::string::String, GenericClassAttributes>`
[INFO] [stdout] 
[INFO] [stdout] 
[INFO] [stdout] error: aborting due to 4 previous errors
[INFO] [stdout] 
[INFO] [stdout] 
[INFO] [stdout] For more information about this error, try `rustc --explain E0277`.
[INFO] [stdout] 
[INFO] [stderr] error: could not compile `sysfs-serde` due to 5 previous errors
[INFO] [stderr] warning: build failed, waiting for other jobs to finish...
[INFO] [stderr] error: build failed
[INFO] running `Command { std: "docker" "inspect" "59f949549558eb89af3cd2d671f8a2f32f817c2db2c299607747ff72d864cdbe", kill_on_drop: false }`
[INFO] running `Command { std: "docker" "rm" "-f" "59f949549558eb89af3cd2d671f8a2f32f817c2db2c299607747ff72d864cdbe", kill_on_drop: false }`
[INFO] [stdout] 59f949549558eb89af3cd2d671f8a2f32f817c2db2c299607747ff72d864cdbe
