[INFO] fetching crate sycamore-router 0.5.2...
[INFO] testing sycamore-router-0.5.2 against beta-2021-08-01 for beta-1.55-1
[INFO] extracting crate sycamore-router 0.5.2 into /workspace/builds/worker-23/source
[INFO] validating manifest of crates.io crate sycamore-router 0.5.2 on toolchain beta-2021-08-01
[INFO] running `Command { std: "/workspace/cargo-home/bin/cargo" "+beta-2021-08-01" "metadata" "--manifest-path" "Cargo.toml" "--no-deps", kill_on_drop: false }`
[INFO] started tweaking crates.io crate sycamore-router 0.5.2
[INFO] finished tweaking crates.io crate sycamore-router 0.5.2
[INFO] tweaked toml for crates.io crate sycamore-router 0.5.2 written to /workspace/builds/worker-23/source/Cargo.toml
[INFO] running `Command { std: "/workspace/cargo-home/bin/cargo" "+beta-2021-08-01" "generate-lockfile" "--manifest-path" "Cargo.toml" "-Zno-index-update", kill_on_drop: false }`
[INFO] [stderr]     Blocking waiting for file lock on package cache
[INFO] running `Command { std: "/workspace/cargo-home/bin/cargo" "+beta-2021-08-01" "fetch" "--manifest-path" "Cargo.toml", kill_on_drop: false }`
[INFO] [stderr]     Blocking waiting for file lock on package cache
[INFO] [stderr]     Blocking waiting for file lock on package cache
[INFO] [stderr]  Downloading crates ...
[INFO] [stderr]   Downloaded sycamore v0.5.2
[INFO] [stderr]   Downloaded sycamore-router-macro v0.5.2
[INFO] running `Command { std: "docker" "create" "-v" "/var/lib/crater-agent-workspace/builds/worker-23/target:/opt/rustwide/target:rw,Z" "-v" "/var/lib/crater-agent-workspace/builds/worker-23/source:/opt/rustwide/workdir:ro,Z" "-v" "/var/lib/crater-agent-workspace/cargo-home:/opt/rustwide/cargo-home:ro,Z" "-v" "/var/lib/crater-agent-workspace/rustup-home:/opt/rustwide/rustup-home:ro,Z" "-e" "SOURCE_DIR=/opt/rustwide/workdir" "-e" "CARGO_TARGET_DIR=/opt/rustwide/target" "-e" "CARGO_HOME=/opt/rustwide/cargo-home" "-e" "RUSTUP_HOME=/opt/rustwide/rustup-home" "-w" "/opt/rustwide/workdir" "-m" "1610612736" "--user" "0:0" "--network" "none" "ghcr.io/rust-lang/crates-build-env/linux@sha256:34b6a614d2c27851fe6cbf88fbd1137609cefab8b10d0615aaeb6fd47975d74e" "/opt/rustwide/cargo-home/bin/cargo" "+beta-2021-08-01" "metadata" "--no-deps" "--format-version=1", kill_on_drop: false }`
[INFO] [stdout] a376ed8bbe7fa56a7a4893d44f2e0246373390f2d0f6e34b25259462f16bb96d
[INFO] running `Command { std: "docker" "start" "-a" "a376ed8bbe7fa56a7a4893d44f2e0246373390f2d0f6e34b25259462f16bb96d", kill_on_drop: false }`
[INFO] running `Command { std: "docker" "inspect" "a376ed8bbe7fa56a7a4893d44f2e0246373390f2d0f6e34b25259462f16bb96d", kill_on_drop: false }`
[INFO] running `Command { std: "docker" "rm" "-f" "a376ed8bbe7fa56a7a4893d44f2e0246373390f2d0f6e34b25259462f16bb96d", kill_on_drop: false }`
[INFO] [stdout] a376ed8bbe7fa56a7a4893d44f2e0246373390f2d0f6e34b25259462f16bb96d
[INFO] running `Command { std: "docker" "create" "-v" "/var/lib/crater-agent-workspace/builds/worker-23/target:/opt/rustwide/target:rw,Z" "-v" "/var/lib/crater-agent-workspace/builds/worker-23/source:/opt/rustwide/workdir:ro,Z" "-v" "/var/lib/crater-agent-workspace/cargo-home:/opt/rustwide/cargo-home:ro,Z" "-v" "/var/lib/crater-agent-workspace/rustup-home:/opt/rustwide/rustup-home:ro,Z" "-e" "SOURCE_DIR=/opt/rustwide/workdir" "-e" "CARGO_TARGET_DIR=/opt/rustwide/target" "-e" "CARGO_INCREMENTAL=0" "-e" "RUST_BACKTRACE=full" "-e" "RUSTFLAGS=--cap-lints=warn" "-e" "CARGO_HOME=/opt/rustwide/cargo-home" "-e" "RUSTUP_HOME=/opt/rustwide/rustup-home" "-w" "/opt/rustwide/workdir" "-m" "1610612736" "--user" "0:0" "--network" "none" "ghcr.io/rust-lang/crates-build-env/linux@sha256:34b6a614d2c27851fe6cbf88fbd1137609cefab8b10d0615aaeb6fd47975d74e" "/opt/rustwide/cargo-home/bin/cargo" "+beta-2021-08-01" "build" "--frozen" "--message-format=json", kill_on_drop: false }`
[INFO] [stdout] 10728b9a684ad8dd8a168a89f58cdc2ac6dbf5fc146eae00e41f430c7a2803b5
[INFO] running `Command { std: "docker" "start" "-a" "10728b9a684ad8dd8a168a89f58cdc2ac6dbf5fc146eae00e41f430c7a2803b5", kill_on_drop: false }`
[INFO] [stderr]     Blocking waiting for file lock on package cache
[INFO] [stderr]     Blocking waiting for file lock on package cache
[INFO] [stderr]    Compiling wasm-bindgen-shared v0.2.75
[INFO] [stderr]    Compiling bumpalo v3.7.0
[INFO] [stderr]    Compiling wasm-bindgen v0.2.75
[INFO] [stderr]    Compiling radium v0.5.3
[INFO] [stderr]    Compiling lexical-core v0.7.6
[INFO] [stderr]    Compiling memchr v2.3.4
[INFO] [stderr]    Compiling funty v1.1.0
[INFO] [stderr]    Compiling arrayvec v0.5.2
[INFO] [stderr]    Compiling nom v6.2.1
[INFO] [stderr]    Compiling indexmap v1.7.0
[INFO] [stderr]    Compiling sycamore-macro v0.5.2
[INFO] [stderr]    Compiling chrono v0.4.19
[INFO] [stderr]    Compiling wasm-bindgen-backend v0.2.75
[INFO] [stderr]    Compiling bitvec v0.19.5
[INFO] [stderr]    Compiling wasm-bindgen-macro-support v0.2.75
[INFO] [stderr]    Compiling wasm-bindgen-macro v0.2.75
[INFO] [stderr]    Compiling js-sys v0.3.52
[INFO] [stderr]    Compiling sycamore-router-macro v0.5.2
[INFO] [stderr]    Compiling web-sys v0.3.52
[INFO] [stderr]    Compiling sycamore v0.5.2
[INFO] [stderr]    Compiling sycamore-router v0.5.2 (/opt/rustwide/workdir)
[INFO] [stderr]     Finished dev [unoptimized + debuginfo] target(s) in 22.40s
[INFO] running `Command { std: "docker" "inspect" "10728b9a684ad8dd8a168a89f58cdc2ac6dbf5fc146eae00e41f430c7a2803b5", kill_on_drop: false }`
[INFO] running `Command { std: "docker" "rm" "-f" "10728b9a684ad8dd8a168a89f58cdc2ac6dbf5fc146eae00e41f430c7a2803b5", kill_on_drop: false }`
[INFO] [stdout] 10728b9a684ad8dd8a168a89f58cdc2ac6dbf5fc146eae00e41f430c7a2803b5
[INFO] running `Command { std: "docker" "create" "-v" "/var/lib/crater-agent-workspace/builds/worker-23/target:/opt/rustwide/target:rw,Z" "-v" "/var/lib/crater-agent-workspace/builds/worker-23/source:/opt/rustwide/workdir:ro,Z" "-v" "/var/lib/crater-agent-workspace/cargo-home:/opt/rustwide/cargo-home:ro,Z" "-v" "/var/lib/crater-agent-workspace/rustup-home:/opt/rustwide/rustup-home:ro,Z" "-e" "SOURCE_DIR=/opt/rustwide/workdir" "-e" "CARGO_TARGET_DIR=/opt/rustwide/target" "-e" "CARGO_INCREMENTAL=0" "-e" "RUST_BACKTRACE=full" "-e" "RUSTFLAGS=--cap-lints=warn" "-e" "CARGO_HOME=/opt/rustwide/cargo-home" "-e" "RUSTUP_HOME=/opt/rustwide/rustup-home" "-w" "/opt/rustwide/workdir" "-m" "1610612736" "--user" "0:0" "--network" "none" "ghcr.io/rust-lang/crates-build-env/linux@sha256:34b6a614d2c27851fe6cbf88fbd1137609cefab8b10d0615aaeb6fd47975d74e" "/opt/rustwide/cargo-home/bin/cargo" "+beta-2021-08-01" "test" "--frozen" "--no-run" "--message-format=json", kill_on_drop: false }`
[INFO] [stdout] 5ac4b8c5b55480bbc90457dfcaf6fe6ac5a916b56cb7b26eda8bc1e919d01494
[INFO] running `Command { std: "docker" "start" "-a" "5ac4b8c5b55480bbc90457dfcaf6fe6ac5a916b56cb7b26eda8bc1e919d01494", kill_on_drop: false }`
[INFO] [stderr]    Compiling sycamore-router v0.5.2 (/opt/rustwide/workdir)
[INFO] [stdout] error[E0425]: cannot find function `render_to_string` in crate `sycamore`
[INFO] [stdout]    --> src/router.rs:195:23
[INFO] [stdout]     |
[INFO] [stdout] 195 |             sycamore::render_to_string(|| template! { Comp("/".to_string()) }),
[INFO] [stdout]     |                       ^^^^^^^^^^^^^^^^ not found in `sycamore`
[INFO] [stdout] 
[INFO] [stdout] 
[INFO] [stdout] error[E0425]: cannot find function `render_to_string` in crate `sycamore`
[INFO] [stdout]    --> src/router.rs:200:23
[INFO] [stdout]     |
[INFO] [stdout] 200 |             sycamore::render_to_string(|| template! { Comp("/about".to_string()) }),
[INFO] [stdout]     |                       ^^^^^^^^^^^^^^^^ not found in `sycamore`
[INFO] [stdout] 
[INFO] [stdout] 
[INFO] [stdout] error[E0425]: cannot find function `render_to_string` in crate `sycamore`
[INFO] [stdout]    --> src/router.rs:205:23
[INFO] [stdout]     |
[INFO] [stdout] 205 |             sycamore::render_to_string(|| template! { Comp("/404".to_string()) }),
[INFO] [stdout]     |                       ^^^^^^^^^^^^^^^^ not found in `sycamore`
[INFO] [stdout] 
[INFO] [stdout] 
[INFO] [stdout] error: aborting due to 3 previous errors
[INFO] [stdout] 
[INFO] [stdout] 
[INFO] [stdout] For more information about this error, try `rustc --explain E0425`.
[INFO] [stdout] 
[INFO] [stderr] error: could not compile `sycamore-router` due to 4 previous errors
[INFO] running `Command { std: "docker" "inspect" "5ac4b8c5b55480bbc90457dfcaf6fe6ac5a916b56cb7b26eda8bc1e919d01494", kill_on_drop: false }`
[INFO] running `Command { std: "docker" "rm" "-f" "5ac4b8c5b55480bbc90457dfcaf6fe6ac5a916b56cb7b26eda8bc1e919d01494", kill_on_drop: false }`
[INFO] [stdout] 5ac4b8c5b55480bbc90457dfcaf6fe6ac5a916b56cb7b26eda8bc1e919d01494
