[INFO] fetching crate svd 1.0.0...
[INFO] testing svd-1.0.0 against beta-2021-08-01 for beta-1.55-1
[INFO] extracting crate svd 1.0.0 into /workspace/builds/worker-4/source
[INFO] validating manifest of crates.io crate svd 1.0.0 on toolchain beta-2021-08-01
[INFO] running `Command { std: "/workspace/cargo-home/bin/cargo" "+beta-2021-08-01" "metadata" "--manifest-path" "Cargo.toml" "--no-deps", kill_on_drop: false }`
[INFO] started tweaking crates.io crate svd 1.0.0
[INFO] finished tweaking crates.io crate svd 1.0.0
[INFO] tweaked toml for crates.io crate svd 1.0.0 written to /workspace/builds/worker-4/source/Cargo.toml
[INFO] running `Command { std: "/workspace/cargo-home/bin/cargo" "+beta-2021-08-01" "generate-lockfile" "--manifest-path" "Cargo.toml" "-Zno-index-update", kill_on_drop: false }`
[INFO] [stderr]     Blocking waiting for file lock on package cache
[INFO] running `Command { std: "/workspace/cargo-home/bin/cargo" "+beta-2021-08-01" "fetch" "--manifest-path" "Cargo.toml", kill_on_drop: false }`
[INFO] running `Command { std: "docker" "create" "-v" "/var/lib/crater-agent-workspace/builds/worker-4/target:/opt/rustwide/target:rw,Z" "-v" "/var/lib/crater-agent-workspace/builds/worker-4/source:/opt/rustwide/workdir:ro,Z" "-v" "/var/lib/crater-agent-workspace/cargo-home:/opt/rustwide/cargo-home:ro,Z" "-v" "/var/lib/crater-agent-workspace/rustup-home:/opt/rustwide/rustup-home:ro,Z" "-e" "SOURCE_DIR=/opt/rustwide/workdir" "-e" "CARGO_TARGET_DIR=/opt/rustwide/target" "-e" "CARGO_HOME=/opt/rustwide/cargo-home" "-e" "RUSTUP_HOME=/opt/rustwide/rustup-home" "-w" "/opt/rustwide/workdir" "-m" "1610612736" "--user" "0:0" "--network" "none" "ghcr.io/rust-lang/crates-build-env/linux@sha256:34b6a614d2c27851fe6cbf88fbd1137609cefab8b10d0615aaeb6fd47975d74e" "/opt/rustwide/cargo-home/bin/cargo" "+beta-2021-08-01" "metadata" "--no-deps" "--format-version=1", kill_on_drop: false }`
[INFO] [stderr] WARNING: Your kernel does not support swap limit capabilities or the cgroup is not mounted. Memory limited without swap.
[INFO] [stdout] af8cb5018709ab0765455b4d65bd1d87753e3c5e4e265133d9261a81f0b53e09
[INFO] running `Command { std: "docker" "start" "-a" "af8cb5018709ab0765455b4d65bd1d87753e3c5e4e265133d9261a81f0b53e09", kill_on_drop: false }`
[INFO] running `Command { std: "docker" "inspect" "af8cb5018709ab0765455b4d65bd1d87753e3c5e4e265133d9261a81f0b53e09", kill_on_drop: false }`
[INFO] running `Command { std: "docker" "rm" "-f" "af8cb5018709ab0765455b4d65bd1d87753e3c5e4e265133d9261a81f0b53e09", kill_on_drop: false }`
[INFO] [stdout] af8cb5018709ab0765455b4d65bd1d87753e3c5e4e265133d9261a81f0b53e09
[INFO] running `Command { std: "docker" "create" "-v" "/var/lib/crater-agent-workspace/builds/worker-4/target:/opt/rustwide/target:rw,Z" "-v" "/var/lib/crater-agent-workspace/builds/worker-4/source:/opt/rustwide/workdir:ro,Z" "-v" "/var/lib/crater-agent-workspace/cargo-home:/opt/rustwide/cargo-home:ro,Z" "-v" "/var/lib/crater-agent-workspace/rustup-home:/opt/rustwide/rustup-home:ro,Z" "-e" "SOURCE_DIR=/opt/rustwide/workdir" "-e" "CARGO_TARGET_DIR=/opt/rustwide/target" "-e" "CARGO_INCREMENTAL=0" "-e" "RUST_BACKTRACE=full" "-e" "RUSTFLAGS=--cap-lints=warn" "-e" "CARGO_HOME=/opt/rustwide/cargo-home" "-e" "RUSTUP_HOME=/opt/rustwide/rustup-home" "-w" "/opt/rustwide/workdir" "-m" "1610612736" "--user" "0:0" "--network" "none" "ghcr.io/rust-lang/crates-build-env/linux@sha256:34b6a614d2c27851fe6cbf88fbd1137609cefab8b10d0615aaeb6fd47975d74e" "/opt/rustwide/cargo-home/bin/cargo" "+beta-2021-08-01" "build" "--frozen" "--message-format=json", kill_on_drop: false }`
[INFO] [stdout] 1aed7c34410b11e0b692b11c336ea77b9cac5ee4dacbb5fff2a623a26f6a06b0
[INFO] [stderr] WARNING: Your kernel does not support swap limit capabilities or the cgroup is not mounted. Memory limited without swap.
[INFO] running `Command { std: "docker" "start" "-a" "1aed7c34410b11e0b692b11c336ea77b9cac5ee4dacbb5fff2a623a26f6a06b0", kill_on_drop: false }`
[INFO] [stderr]    Compiling svd v1.0.0 (/opt/rustwide/workdir)
[INFO] [stdout] error[E0412]: cannot find type `uint` in this scope
[INFO] [stdout]  --> src/regs.rs:3:16
[INFO] [stdout]   |
[INFO] [stdout] 3 |     pub width: uint,
[INFO] [stdout]   |                ^^^^ not found in this scope
[INFO] [stdout] 
[INFO] [stdout] 
[INFO] [stdout] error[E0412]: cannot find type `uint` in this scope
[INFO] [stdout]  --> src/regs.rs:7:17
[INFO] [stdout]   |
[INFO] [stdout] 7 | fn spread(width:uint) -> uint {
[INFO] [stdout]   |                 ^^^^ not found in this scope
[INFO] [stdout] 
[INFO] [stdout] 
[INFO] [stdout] error[E0412]: cannot find type `uint` in this scope
[INFO] [stdout]  --> src/regs.rs:7:26
[INFO] [stdout]   |
[INFO] [stdout] 7 | fn spread(width:uint) -> uint {
[INFO] [stdout]   |                          ^^^^ not found in this scope
[INFO] [stdout] 
[INFO] [stdout] 
[INFO] [stdout] error[E0412]: cannot find type `uint` in this scope
[INFO] [stdout]   --> src/regs.rs:12:27
[INFO] [stdout]    |
[INFO] [stdout] 12 |     pub fn set(&self) -> (uint, uint) {
[INFO] [stdout]    |                           ^^^^ not found in this scope
[INFO] [stdout] 
[INFO] [stdout] 
[INFO] [stdout] error[E0412]: cannot find type `uint` in this scope
[INFO] [stdout]   --> src/regs.rs:12:33
[INFO] [stdout]    |
[INFO] [stdout] 12 |     pub fn set(&self) -> (uint, uint) {
[INFO] [stdout]    |                                 ^^^^ not found in this scope
[INFO] [stdout] 
[INFO] [stdout] 
[INFO] [stdout] error[E0412]: cannot find type `uint` in this scope
[INFO] [stdout]   --> src/regs.rs:16:30
[INFO] [stdout]    |
[INFO] [stdout] 16 |     pub fn update(&self) -> (uint, uint) {
[INFO] [stdout]    |                              ^^^^ not found in this scope
[INFO] [stdout] 
[INFO] [stdout] 
[INFO] [stdout] error[E0412]: cannot find type `uint` in this scope
[INFO] [stdout]   --> src/regs.rs:16:36
[INFO] [stdout]    |
[INFO] [stdout] 16 |     pub fn update(&self) -> (uint, uint) {
[INFO] [stdout]    |                                    ^^^^ not found in this scope
[INFO] [stdout] 
[INFO] [stdout] 
[INFO] [stdout] error[E0412]: cannot find type `uint` in this scope
[INFO] [stdout]   --> src/regs.rs:20:35
[INFO] [stdout]    |
[INFO] [stdout] 20 |     pub fn set_value(&self, value:uint) -> (uint, uint) {
[INFO] [stdout]    |                                   ^^^^ not found in this scope
[INFO] [stdout] 
[INFO] [stdout] 
[INFO] [stdout] error[E0412]: cannot find type `uint` in this scope
[INFO] [stdout]   --> src/regs.rs:20:45
[INFO] [stdout]    |
[INFO] [stdout] 20 |     pub fn set_value(&self, value:uint) -> (uint, uint) {
[INFO] [stdout]    |                                             ^^^^ not found in this scope
[INFO] [stdout] 
[INFO] [stdout] 
[INFO] [stdout] error[E0412]: cannot find type `uint` in this scope
[INFO] [stdout]   --> src/regs.rs:20:51
[INFO] [stdout]    |
[INFO] [stdout] 20 |     pub fn set_value(&self, value:uint) -> (uint, uint) {
[INFO] [stdout]    |                                                   ^^^^ not found in this scope
[INFO] [stdout] 
[INFO] [stdout] 
[INFO] [stdout] error[E0412]: cannot find type `uint` in this scope
[INFO] [stdout]   --> src/regs.rs:24:38
[INFO] [stdout]    |
[INFO] [stdout] 24 |     pub fn update_value(&self, value:uint) -> (uint, uint) {
[INFO] [stdout]    |                                      ^^^^ not found in this scope
[INFO] [stdout] 
[INFO] [stdout] 
[INFO] [stdout] error[E0412]: cannot find type `uint` in this scope
[INFO] [stdout]   --> src/regs.rs:24:48
[INFO] [stdout]    |
[INFO] [stdout] 24 |     pub fn update_value(&self, value:uint) -> (uint, uint) {
[INFO] [stdout]    |                                                ^^^^ not found in this scope
[INFO] [stdout] 
[INFO] [stdout] 
[INFO] [stdout] error[E0412]: cannot find type `uint` in this scope
[INFO] [stdout]   --> src/regs.rs:24:54
[INFO] [stdout]    |
[INFO] [stdout] 24 |     pub fn update_value(&self, value:uint) -> (uint, uint) {
[INFO] [stdout]    |                                                      ^^^^ not found in this scope
[INFO] [stdout] 
[INFO] [stdout] 
[INFO] [stdout] error[E0412]: cannot find type `uint` in this scope
[INFO] [stdout]   --> src/regs.rs:28:30
[INFO] [stdout]    |
[INFO] [stdout] 28 |     pub fn read(&self, value:uint) -> uint {
[INFO] [stdout]    |                              ^^^^ not found in this scope
[INFO] [stdout] 
[INFO] [stdout] 
[INFO] [stdout] error[E0412]: cannot find type `uint` in this scope
[INFO] [stdout]   --> src/regs.rs:28:39
[INFO] [stdout]    |
[INFO] [stdout] 28 |     pub fn read(&self, value:uint) -> uint {
[INFO] [stdout]    |                                       ^^^^ not found in this scope
[INFO] [stdout] 
[INFO] [stdout] 
[INFO] [stdout] error[E0412]: cannot find type `uint` in this scope
[INFO] [stdout]  --> src/util.rs:2:21
[INFO] [stdout]   |
[INFO] [stdout] 2 | pub fn or_tuples(l:(uint, uint), r:(uint, uint)) -> (uint, uint) {
[INFO] [stdout]   |                     ^^^^ not found in this scope
[INFO] [stdout] 
[INFO] [stdout] 
[INFO] [stdout] error[E0412]: cannot find type `uint` in this scope
[INFO] [stdout]  --> src/util.rs:2:27
[INFO] [stdout]   |
[INFO] [stdout] 2 | pub fn or_tuples(l:(uint, uint), r:(uint, uint)) -> (uint, uint) {
[INFO] [stdout]   |                           ^^^^ not found in this scope
[INFO] [stdout] 
[INFO] [stdout] 
[INFO] [stdout] error[E0412]: cannot find type `uint` in this scope
[INFO] [stdout]  --> src/util.rs:2:37
[INFO] [stdout]   |
[INFO] [stdout] 2 | pub fn or_tuples(l:(uint, uint), r:(uint, uint)) -> (uint, uint) {
[INFO] [stdout]   |                                     ^^^^ not found in this scope
[INFO] [stdout] 
[INFO] [stdout] 
[INFO] [stdout] error[E0412]: cannot find type `uint` in this scope
[INFO] [stdout]  --> src/util.rs:2:43
[INFO] [stdout]   |
[INFO] [stdout] 2 | pub fn or_tuples(l:(uint, uint), r:(uint, uint)) -> (uint, uint) {
[INFO] [stdout]   |                                           ^^^^ not found in this scope
[INFO] [stdout] 
[INFO] [stdout] 
[INFO] [stdout] error[E0412]: cannot find type `uint` in this scope
[INFO] [stdout]  --> src/util.rs:2:54
[INFO] [stdout]   |
[INFO] [stdout] 2 | pub fn or_tuples(l:(uint, uint), r:(uint, uint)) -> (uint, uint) {
[INFO] [stdout]   |                                                      ^^^^ not found in this scope
[INFO] [stdout] 
[INFO] [stdout] 
[INFO] [stdout] error[E0412]: cannot find type `uint` in this scope
[INFO] [stdout]  --> src/util.rs:2:60
[INFO] [stdout]   |
[INFO] [stdout] 2 | pub fn or_tuples(l:(uint, uint), r:(uint, uint)) -> (uint, uint) {
[INFO] [stdout]   |                                                            ^^^^ not found in this scope
[INFO] [stdout] 
[INFO] [stdout] 
[INFO] [stdout] error[E0412]: cannot find type `uint` in this scope
[INFO] [stdout]  --> src/util.rs:9:24
[INFO] [stdout]   |
[INFO] [stdout] 9 | pub fn shift_tuple(pos:uint, l:(uint, uint)) -> (uint, uint) {
[INFO] [stdout]   |                        ^^^^ not found in this scope
[INFO] [stdout] 
[INFO] [stdout] 
[INFO] [stdout] error[E0412]: cannot find type `uint` in this scope
[INFO] [stdout]  --> src/util.rs:9:33
[INFO] [stdout]   |
[INFO] [stdout] 9 | pub fn shift_tuple(pos:uint, l:(uint, uint)) -> (uint, uint) {
[INFO] [stdout]   |                                 ^^^^ not found in this scope
[INFO] [stdout] 
[INFO] [stdout] 
[INFO] [stdout] error[E0412]: cannot find type `uint` in this scope
[INFO] [stdout]  --> src/util.rs:9:39
[INFO] [stdout]   |
[INFO] [stdout] 9 | pub fn shift_tuple(pos:uint, l:(uint, uint)) -> (uint, uint) {
[INFO] [stdout]   |                                       ^^^^ not found in this scope
[INFO] [stdout] 
[INFO] [stdout] 
[INFO] [stdout] error[E0412]: cannot find type `uint` in this scope
[INFO] [stdout]  --> src/util.rs:9:50
[INFO] [stdout]   |
[INFO] [stdout] 9 | pub fn shift_tuple(pos:uint, l:(uint, uint)) -> (uint, uint) {
[INFO] [stdout]   |                                                  ^^^^ not found in this scope
[INFO] [stdout] 
[INFO] [stdout] 
[INFO] [stdout] error[E0412]: cannot find type `uint` in this scope
[INFO] [stdout]  --> src/util.rs:9:56
[INFO] [stdout]   |
[INFO] [stdout] 9 | pub fn shift_tuple(pos:uint, l:(uint, uint)) -> (uint, uint) {
[INFO] [stdout]   |                                                        ^^^^ not found in this scope
[INFO] [stdout] 
[INFO] [stdout] 
[INFO] [stdout] error[E0277]: the trait bound `RegField: Clone` is not satisfied
[INFO] [stdout]    --> src/regs.rs:1:10
[INFO] [stdout]     |
[INFO] [stdout] 1   | #[derive(Copy)]
[INFO] [stdout]     |          ^^^^ the trait `Clone` is not implemented for `RegField`
[INFO] [stdout]     |
[INFO] [stdout]     = note: this error originates in the derive macro `Copy` (in Nightly builds, run with -Z macro-backtrace for more info)
[INFO] [stdout] 
[INFO] [stdout] 
[INFO] [stdout] error: aborting due to 27 previous errors
[INFO] [stdout] 
[INFO] [stdout] 
[INFO] [stdout] Some errors have detailed explanations: E0277, E0412.
[INFO] [stdout] 
[INFO] [stdout] For more information about an error, try `rustc --explain E0277`.
[INFO] [stdout] 
[INFO] [stderr] error: could not compile `svd` due to 28 previous errors
[INFO] running `Command { std: "docker" "inspect" "1aed7c34410b11e0b692b11c336ea77b9cac5ee4dacbb5fff2a623a26f6a06b0", kill_on_drop: false }`
[INFO] running `Command { std: "docker" "rm" "-f" "1aed7c34410b11e0b692b11c336ea77b9cac5ee4dacbb5fff2a623a26f6a06b0", kill_on_drop: false }`
[INFO] [stdout] 1aed7c34410b11e0b692b11c336ea77b9cac5ee4dacbb5fff2a623a26f6a06b0
