[INFO] fetching crate svc-rumq-client 0.1.0-alpha.11...
[INFO] testing svc-rumq-client-0.1.0-alpha.11 against 1.54.0 for beta-1.55-1
[INFO] extracting crate svc-rumq-client 0.1.0-alpha.11 into /workspace/builds/worker-4/source
[INFO] validating manifest of crates.io crate svc-rumq-client 0.1.0-alpha.11 on toolchain 1.54.0
[INFO] running `Command { std: "/workspace/cargo-home/bin/cargo" "+1.54.0" "metadata" "--manifest-path" "Cargo.toml" "--no-deps", kill_on_drop: false }`
[INFO] started tweaking crates.io crate svc-rumq-client 0.1.0-alpha.11
[INFO] finished tweaking crates.io crate svc-rumq-client 0.1.0-alpha.11
[INFO] tweaked toml for crates.io crate svc-rumq-client 0.1.0-alpha.11 written to /workspace/builds/worker-4/source/Cargo.toml
[INFO] crate crates.io crate svc-rumq-client 0.1.0-alpha.11 already has a lockfile, it will not be regenerated
[INFO] running `Command { std: "/workspace/cargo-home/bin/cargo" "+1.54.0" "fetch" "--manifest-path" "Cargo.toml", kill_on_drop: false }`
[INFO] [stderr]     Blocking waiting for file lock on package cache
[INFO] running `Command { std: "docker" "create" "-v" "/var/lib/crater-agent-workspace/builds/worker-4/target:/opt/rustwide/target:rw,Z" "-v" "/var/lib/crater-agent-workspace/builds/worker-4/source:/opt/rustwide/workdir:ro,Z" "-v" "/var/lib/crater-agent-workspace/cargo-home:/opt/rustwide/cargo-home:ro,Z" "-v" "/var/lib/crater-agent-workspace/rustup-home:/opt/rustwide/rustup-home:ro,Z" "-e" "SOURCE_DIR=/opt/rustwide/workdir" "-e" "CARGO_TARGET_DIR=/opt/rustwide/target" "-e" "CARGO_HOME=/opt/rustwide/cargo-home" "-e" "RUSTUP_HOME=/opt/rustwide/rustup-home" "-w" "/opt/rustwide/workdir" "-m" "1610612736" "--user" "0:0" "--network" "none" "ghcr.io/rust-lang/crates-build-env/linux@sha256:34b6a614d2c27851fe6cbf88fbd1137609cefab8b10d0615aaeb6fd47975d74e" "/opt/rustwide/cargo-home/bin/cargo" "+1.54.0" "metadata" "--no-deps" "--format-version=1", kill_on_drop: false }`
[INFO] [stderr] WARNING: Your kernel does not support swap limit capabilities or the cgroup is not mounted. Memory limited without swap.
[INFO] [stdout] 89a8d943ca691403e7f8cfd8dfb6596d1e3e606e9740124479c45d31430ada99
[INFO] running `Command { std: "docker" "start" "-a" "89a8d943ca691403e7f8cfd8dfb6596d1e3e606e9740124479c45d31430ada99", kill_on_drop: false }`
[INFO] running `Command { std: "docker" "inspect" "89a8d943ca691403e7f8cfd8dfb6596d1e3e606e9740124479c45d31430ada99", kill_on_drop: false }`
[INFO] running `Command { std: "docker" "rm" "-f" "89a8d943ca691403e7f8cfd8dfb6596d1e3e606e9740124479c45d31430ada99", kill_on_drop: false }`
[INFO] [stdout] 89a8d943ca691403e7f8cfd8dfb6596d1e3e606e9740124479c45d31430ada99
[INFO] running `Command { std: "docker" "create" "-v" "/var/lib/crater-agent-workspace/builds/worker-4/target:/opt/rustwide/target:rw,Z" "-v" "/var/lib/crater-agent-workspace/builds/worker-4/source:/opt/rustwide/workdir:ro,Z" "-v" "/var/lib/crater-agent-workspace/cargo-home:/opt/rustwide/cargo-home:ro,Z" "-v" "/var/lib/crater-agent-workspace/rustup-home:/opt/rustwide/rustup-home:ro,Z" "-e" "SOURCE_DIR=/opt/rustwide/workdir" "-e" "CARGO_TARGET_DIR=/opt/rustwide/target" "-e" "CARGO_INCREMENTAL=0" "-e" "RUST_BACKTRACE=full" "-e" "RUSTFLAGS=--cap-lints=warn" "-e" "CARGO_HOME=/opt/rustwide/cargo-home" "-e" "RUSTUP_HOME=/opt/rustwide/rustup-home" "-w" "/opt/rustwide/workdir" "-m" "1610612736" "--user" "0:0" "--network" "none" "ghcr.io/rust-lang/crates-build-env/linux@sha256:34b6a614d2c27851fe6cbf88fbd1137609cefab8b10d0615aaeb6fd47975d74e" "/opt/rustwide/cargo-home/bin/cargo" "+1.54.0" "build" "--frozen" "--message-format=json", kill_on_drop: false }`
[INFO] [stderr] WARNING: Your kernel does not support swap limit capabilities or the cgroup is not mounted. Memory limited without swap.
[INFO] [stdout] 05ccc09da34cbffc46040b69e8595f6eeaa37cb29a8ad8bfeac806dda3744317
[INFO] running `Command { std: "docker" "start" "-a" "05ccc09da34cbffc46040b69e8595f6eeaa37cb29a8ad8bfeac806dda3744317", kill_on_drop: false }`
[INFO] [stderr]    Compiling syn v1.0.35
[INFO] [stderr]    Compiling ring v0.16.15
[INFO] [stderr]    Compiling net2 v0.2.34
[INFO] [stderr]    Compiling iovec v0.1.4
[INFO] [stderr]    Compiling signal-hook-registry v1.2.0
[INFO] [stderr]    Compiling num_cpus v1.13.0
[INFO] [stderr]    Compiling mio v0.6.22
[INFO] [stderr]    Compiling mio-uds v0.6.8
[INFO] [stderr]    Compiling webpki v0.21.3
[INFO] [stderr]    Compiling sct v0.6.0
[INFO] [stderr]    Compiling rustls v0.17.0
[INFO] [stderr]    Compiling tokio-macros v0.2.5
[INFO] [stderr]    Compiling pin-project-internal v0.4.22
[INFO] [stderr]    Compiling thiserror-impl v1.0.20
[INFO] [stderr]    Compiling futures-macro v0.3.5
[INFO] [stderr]    Compiling async-trait v0.1.36
[INFO] [stderr]    Compiling async-stream-impl v0.2.1
[INFO] [stderr]    Compiling async-stream v0.2.1
[INFO] [stderr]    Compiling tokio v0.2.22
[INFO] [stderr]    Compiling thiserror v1.0.20
[INFO] [stderr]    Compiling pin-project v0.4.22
[INFO] [stderr]    Compiling futures-util v0.3.5
[INFO] [stderr]    Compiling tokio-util v0.3.1
[INFO] [stderr]    Compiling tokio-rustls v0.13.1
[INFO] [stderr]    Compiling rumq-core v0.1.0-alpha.10
[INFO] [stderr]    Compiling svc-rumq-client v0.1.0-alpha.11 (/opt/rustwide/workdir)
[INFO] [stderr]     Finished dev [unoptimized + debuginfo] target(s) in 31.32s
[INFO] running `Command { std: "docker" "inspect" "05ccc09da34cbffc46040b69e8595f6eeaa37cb29a8ad8bfeac806dda3744317", kill_on_drop: false }`
[INFO] running `Command { std: "docker" "rm" "-f" "05ccc09da34cbffc46040b69e8595f6eeaa37cb29a8ad8bfeac806dda3744317", kill_on_drop: false }`
[INFO] [stdout] 05ccc09da34cbffc46040b69e8595f6eeaa37cb29a8ad8bfeac806dda3744317
[INFO] running `Command { std: "docker" "create" "-v" "/var/lib/crater-agent-workspace/builds/worker-4/target:/opt/rustwide/target:rw,Z" "-v" "/var/lib/crater-agent-workspace/builds/worker-4/source:/opt/rustwide/workdir:ro,Z" "-v" "/var/lib/crater-agent-workspace/cargo-home:/opt/rustwide/cargo-home:ro,Z" "-v" "/var/lib/crater-agent-workspace/rustup-home:/opt/rustwide/rustup-home:ro,Z" "-e" "SOURCE_DIR=/opt/rustwide/workdir" "-e" "CARGO_TARGET_DIR=/opt/rustwide/target" "-e" "CARGO_INCREMENTAL=0" "-e" "RUST_BACKTRACE=full" "-e" "RUSTFLAGS=--cap-lints=warn" "-e" "CARGO_HOME=/opt/rustwide/cargo-home" "-e" "RUSTUP_HOME=/opt/rustwide/rustup-home" "-w" "/opt/rustwide/workdir" "-m" "1610612736" "--user" "0:0" "--network" "none" "ghcr.io/rust-lang/crates-build-env/linux@sha256:34b6a614d2c27851fe6cbf88fbd1137609cefab8b10d0615aaeb6fd47975d74e" "/opt/rustwide/cargo-home/bin/cargo" "+1.54.0" "test" "--frozen" "--no-run" "--message-format=json", kill_on_drop: false }`
[INFO] [stderr] WARNING: Your kernel does not support swap limit capabilities or the cgroup is not mounted. Memory limited without swap.
[INFO] [stdout] 93b13ad09d153bf199c7dc3923c19c2bcc32c2ed32b0fd02c7cd8c3cdfefbbbe
[INFO] running `Command { std: "docker" "start" "-a" "93b13ad09d153bf199c7dc3923c19c2bcc32c2ed32b0fd02c7cd8c3cdfefbbbe", kill_on_drop: false }`
[INFO] [stderr]    Compiling crossbeam-utils v0.7.2
[INFO] [stderr]    Compiling time v0.1.43
[INFO] [stderr]    Compiling backtrace v0.3.50
[INFO] [stderr]    Compiling serde_derive v1.0.114
[INFO] [stderr]    Compiling pem v0.8.1
[INFO] [stderr]    Compiling env_logger v0.7.1
[INFO] [stderr]    Compiling pretty_env_logger v0.4.0
[INFO] [stderr]    Compiling chrono v0.4.13
[INFO] [stderr]    Compiling color-backtrace v0.3.0
[INFO] [stderr]    Compiling simple_asn1 v0.4.1
[INFO] [stderr]    Compiling crossbeam-channel v0.4.3
[INFO] [stderr]    Compiling serde v1.0.114
[INFO] [stderr]    Compiling serde_json v1.0.56
[INFO] [stderr]    Compiling envy v0.4.1
[INFO] [stderr]    Compiling jsonwebtoken v7.2.0
[INFO] [stderr]    Compiling svc-rumq-client v0.1.0-alpha.11 (/opt/rustwide/workdir)
[INFO] [stdout] error[E0432]: unresolved import `rumq_client`
[INFO] [stdout]  --> examples/pubsub.rs:5:19
[INFO] [stdout]   |
[INFO] [stdout] 5 | use rumq_client::{self, MqttOptions, QoS, Publish, Subscribe, Request, MqttEventLoop, eventloop};
[INFO] [stdout]   |                   ^^^^ no external crate `rumq_client`
[INFO] [stdout] 
[INFO] [stdout] 
[INFO] [stdout] error[E0432]: unresolved import `rumq_client`
[INFO] [stdout]  --> examples/tls.rs:6:19
[INFO] [stdout]   |
[INFO] [stdout] 6 | use rumq_client::{self, MqttOptions, QoS, Publish, Subscribe, Request, MqttEventLoop, eventloop};
[INFO] [stdout]   |                   ^^^^ no external crate `rumq_client`
[INFO] [stdout] 
[INFO] [stdout] 
[INFO] [stdout] error[E0432]: unresolved import `rumq_client`
[INFO] [stdout]  --> examples/smoke.rs:6:19
[INFO] [stdout]   |
[INFO] [stdout] 6 | use rumq_client::{self, QoS, MqttOptions, Publish, Request, MqttEventLoop, eventloop};
[INFO] [stdout]   |                   ^^^^ no external crate `rumq_client`
[INFO] [stdout] 
[INFO] [stdout] 
[INFO] [stdout] error[E0432]: unresolved import `rumq_client`
[INFO] [stdout]  --> examples/reconnection.rs:6:19
[INFO] [stdout]   |
[INFO] [stdout] 6 | use rumq_client::{self, MqttOptions, QoS, Publish, Request, MqttEventLoop, eventloop};
[INFO] [stdout]   |                   ^^^^ no external crate `rumq_client`
[INFO] [stdout] 
[INFO] [stdout] 
[INFO] [stdout] error[E0432]: unresolved import `rumq_client`
[INFO] [stdout]  --> examples/gcloud.rs:6:19
[INFO] [stdout]   |
[INFO] [stdout] 6 | use rumq_client::{self, QoS, MqttOptions, Publish, Request, MqttEventLoop, eventloop};
[INFO] [stdout]   |                   ^^^^ no external crate `rumq_client`
[INFO] [stdout] 
[INFO] [stdout] 
[INFO] [stdout] error[E0433]: failed to resolve: use of undeclared type `QoS`
[INFO] [stdout]   --> examples/smoke.rs:50:40
[INFO] [stdout]    |
[INFO] [stdout] 50 |     let publish = Publish::new(&topic, QoS::AtLeastOnce, payload);
[INFO] [stdout]    |                                        ^^^ use of undeclared type `QoS`
[INFO] [stdout] 
[INFO] [stdout] 
[INFO] [stdout] error[E0433]: failed to resolve: use of undeclared type `MqttOptions`
[INFO] [stdout]   --> examples/smoke.rs:15:27
[INFO] [stdout]    |
[INFO] [stdout] 15 |     let mut mqttoptions = MqttOptions::new("test-1", "localhost", 1883);
[INFO] [stdout]    |                           ^^^^^^^^^^^ not found in this scope
[INFO] [stdout]    |
[INFO] [stdout] help: consider importing this struct
[INFO] [stdout]    |
[INFO] [stdout] 1  | use svc_rumq_client::MqttOptions;
[INFO] [stdout]    |
[INFO] [stdout] 
[INFO] [stdout] 
[INFO] [stdout] error[E0425]: cannot find function `eventloop` in this scope
[INFO] [stdout]   --> examples/smoke.rs:17:25
[INFO] [stdout]    |
[INFO] [stdout] 17 |     let mut eventloop = eventloop(mqttoptions, requests_rx);
[INFO] [stdout]    |                         ^^^^^^^^^ not found in this scope
[INFO] [stdout]    |
[INFO] [stdout] help: consider importing this function
[INFO] [stdout]    |
[INFO] [stdout] 1  | use svc_rumq_client::eventloop;
[INFO] [stdout]    |
[INFO] [stdout] 
[INFO] [stdout] 
[INFO] [stdout] error[E0412]: cannot find type `MqttEventLoop` in this scope
[INFO] [stdout]   --> examples/smoke.rs:27:36
[INFO] [stdout]    |
[INFO] [stdout] 27 | async fn stream_it(eventloop: &mut MqttEventLoop) {
[INFO] [stdout]    |                                    ^^^^^^^^^^^^^ not found in this scope
[INFO] [stdout]    |
[INFO] [stdout] help: consider importing this struct
[INFO] [stdout]    |
[INFO] [stdout] 1  | use svc_rumq_client::MqttEventLoop;
[INFO] [stdout]    |
[INFO] [stdout] 
[INFO] [stdout] 
[INFO] [stdout] error[E0412]: cannot find type `Request` in this scope
[INFO] [stdout]   --> examples/smoke.rs:37:43
[INFO] [stdout]    |
[INFO] [stdout] 37 | async fn requests(mut requests_tx: Sender<Request>) {
[INFO] [stdout]    |                                           ^^^^^^^ not found in this scope
[INFO] [stdout]    |
[INFO] [stdout] help: consider importing this enum
[INFO] [stdout]    |
[INFO] [stdout] 1  | use svc_rumq_client::Request;
[INFO] [stdout]    |
[INFO] [stdout] 
[INFO] [stdout] 
[INFO] [stdout] error[E0412]: cannot find type `Request` in this scope
[INFO] [stdout]   --> examples/smoke.rs:46:30
[INFO] [stdout]    |
[INFO] [stdout] 46 | fn publish_request(i: u8) -> Request {
[INFO] [stdout]    |                              ^^^^^^^ not found in this scope
[INFO] [stdout]    |
[INFO] [stdout] help: consider importing this enum
[INFO] [stdout]    |
[INFO] [stdout] 1  | use svc_rumq_client::Request;
[INFO] [stdout]    |
[INFO] [stdout] 
[INFO] [stdout] 
[INFO] [stdout] error[E0433]: failed to resolve: use of undeclared type `Publish`
[INFO] [stdout]   --> examples/smoke.rs:50:19
[INFO] [stdout]    |
[INFO] [stdout] 50 |     let publish = Publish::new(&topic, QoS::AtLeastOnce, payload);
[INFO] [stdout]    |                   ^^^^^^^ not found in this scope
[INFO] [stdout]    |
[INFO] [stdout] help: consider importing one of these items
[INFO] [stdout]    |
[INFO] [stdout] 1  | use rumq_core::mqtt4::Publish;
[INFO] [stdout]    |
[INFO] [stdout] 1  | use svc_rumq_client::Publish;
[INFO] [stdout]    |
[INFO] [stdout] 
[INFO] [stdout] 
[INFO] [stdout] error[E0433]: failed to resolve: use of undeclared type `Request`
[INFO] [stdout]   --> examples/smoke.rs:51:5
[INFO] [stdout]    |
[INFO] [stdout] 51 |     Request::Publish(publish)
[INFO] [stdout]    |     ^^^^^^^ not found in this scope
[INFO] [stdout]    |
[INFO] [stdout] help: consider importing this enum
[INFO] [stdout]    |
[INFO] [stdout] 1  | use svc_rumq_client::Request;
[INFO] [stdout]    |
[INFO] [stdout] 
[INFO] [stdout] 
[INFO] [stdout] error[E0433]: failed to resolve: use of undeclared type `QoS`
[INFO] [stdout]   --> examples/gcloud.rs:69:40
[INFO] [stdout]    |
[INFO] [stdout] 69 |     let publish = Publish::new(&topic, QoS::AtLeastOnce, payload);
[INFO] [stdout]    |                                        ^^^ use of undeclared type `QoS`
[INFO] [stdout] 
[INFO] [stdout] 
[INFO] [stdout] error[E0425]: cannot find function `eventloop` in this scope
[INFO] [stdout]   --> examples/gcloud.rs:23:25
[INFO] [stdout]    |
[INFO] [stdout] 23 |     let mut eventloop = eventloop(mqttoptions, requests_rx);
[INFO] [stdout]    |                         ^^^^^^^^^ not found in this scope
[INFO] [stdout]    |
[INFO] [stdout] help: consider importing this function
[INFO] [stdout]    |
[INFO] [stdout] 1  | use svc_rumq_client::eventloop;
[INFO] [stdout]    |
[INFO] [stdout] 
[INFO] [stdout] 
[INFO] [stdout] error[E0412]: cannot find type `MqttEventLoop` in this scope
[INFO] [stdout]   --> examples/gcloud.rs:33:36
[INFO] [stdout]    |
[INFO] [stdout] 33 | async fn stream_it(eventloop: &mut MqttEventLoop) {
[INFO] [stdout]    |                                    ^^^^^^^^^^^^^ not found in this scope
[INFO] [stdout]    |
[INFO] [stdout] help: consider importing this struct
[INFO] [stdout]    |
[INFO] [stdout] 1  | use svc_rumq_client::MqttEventLoop;
[INFO] [stdout]    |
[INFO] [stdout] 
[INFO] [stdout] 
[INFO] [stdout] error[E0412]: cannot find type `Request` in this scope
[INFO] [stdout]   --> examples/gcloud.rs:43:43
[INFO] [stdout]    |
[INFO] [stdout] 43 | async fn requests(mut requests_tx: Sender<Request>) {
[INFO] [stdout]    |                                           ^^^^^^^ not found in this scope
[INFO] [stdout]    |
[INFO] [stdout] help: consider importing this enum
[INFO] [stdout]    |
[INFO] [stdout] 1  | use svc_rumq_client::Request;
[INFO] [stdout]    |
[INFO] [stdout] 
[INFO] [stdout] 
[INFO] [stdout] error[E0412]: cannot find type `MqttOptions` in this scope
[INFO] [stdout]   --> examples/gcloud.rs:52:16
[INFO] [stdout]    |
[INFO] [stdout] 52 | fn gcloud() -> MqttOptions {
[INFO] [stdout]    |                ^^^^^^^^^^^ not found in this scope
[INFO] [stdout]    |
[INFO] [stdout] help: consider importing this struct
[INFO] [stdout]    |
[INFO] [stdout] 1  | use svc_rumq_client::MqttOptions;
[INFO] [stdout]    |
[INFO] [stdout] 
[INFO] [stdout] 
[INFO] [stdout] error[E0433]: failed to resolve: use of undeclared type `MqttOptions`
[INFO] [stdout]   --> examples/gcloud.rs:53:27
[INFO] [stdout]    |
[INFO] [stdout] 53 |     let mut mqttoptions = MqttOptions::new(&id(), "mqtt.googleapis.com", 8883);
[INFO] [stdout]    |                           ^^^^^^^^^^^ not found in this scope
[INFO] [stdout]    |
[INFO] [stdout] help: consider importing this struct
[INFO] [stdout]    |
[INFO] [stdout] 1  | use svc_rumq_client::MqttOptions;
[INFO] [stdout]    |
[INFO] [stdout] 
[INFO] [stdout] 
[INFO] [stdout] error[E0412]: cannot find type `Request` in this scope
[INFO] [stdout]   --> examples/gcloud.rs:65:30
[INFO] [stdout]    |
[INFO] [stdout] 65 | fn publish_request(i: u8) -> Request {
[INFO] [stdout]    |                              ^^^^^^^ not found in this scope
[INFO] [stdout]    |
[INFO] [stdout] help: consider importing this enum
[INFO] [stdout]    |
[INFO] [stdout] 1  | use svc_rumq_client::Request;
[INFO] [stdout]    |
[INFO] [stdout] 
[INFO] [stdout] 
[INFO] [stdout] error[E0433]: failed to resolve: use of undeclared type `Publish`
[INFO] [stdout]   --> examples/gcloud.rs:69:19
[INFO] [stdout]    |
[INFO] [stdout] 69 |     let publish = Publish::new(&topic, QoS::AtLeastOnce, payload);
[INFO] [stdout]    |                   ^^^^^^^ not found in this scope
[INFO] [stdout]    |
[INFO] [stdout] help: consider importing one of these items
[INFO] [stdout]    |
[INFO] [stdout] 1  | use rumq_core::mqtt4::Publish;
[INFO] [stdout]    |
[INFO] [stdout] 1  | use svc_rumq_client::Publish;
[INFO] [stdout]    |
[INFO] [stdout] 
[INFO] [stdout] 
[INFO] [stdout] error[E0433]: failed to resolve: use of undeclared type `Request`
[INFO] [stdout]   --> examples/gcloud.rs:70:5
[INFO] [stdout]    |
[INFO] [stdout] 70 |     Request::Publish(publish)
[INFO] [stdout]    |     ^^^^^^^ not found in this scope
[INFO] [stdout]    |
[INFO] [stdout] help: consider importing this enum
[INFO] [stdout]    |
[INFO] [stdout] 1  | use svc_rumq_client::Request;
[INFO] [stdout]    |
[INFO] [stdout] 
[INFO] [stdout] 
[INFO] [stdout] error[E0433]: failed to resolve: use of undeclared type `QoS`
[INFO] [stdout]   --> examples/tls.rs:49:54
[INFO] [stdout]    |
[INFO] [stdout] 49 |     let subscription = Subscribe::new("hello/world", QoS::AtLeastOnce);
[INFO] [stdout]    |                                                      ^^^ use of undeclared type `QoS`
[INFO] [stdout] 
[INFO] [stdout] 
[INFO] [stdout] error[E0433]: failed to resolve: use of undeclared type `QoS`
[INFO] [stdout]   --> examples/tls.rs:64:40
[INFO] [stdout]    |
[INFO] [stdout] 64 |     let publish = Publish::new(&topic, QoS::AtLeastOnce, payload);
[INFO] [stdout]    |                                        ^^^ use of undeclared type `QoS`
[INFO] [stdout] 
[INFO] [stdout] 
[INFO] [stdout] error[E0433]: failed to resolve: use of undeclared type `MqttOptions`
[INFO] [stdout]   --> examples/tls.rs:20:27
[INFO] [stdout]    |
[INFO] [stdout] 20 |     let mut mqttoptions = MqttOptions::new("device-1", "mqtt.bytebeam.io", 8883);
[INFO] [stdout]    |                           ^^^^^^^^^^^ not found in this scope
[INFO] [stdout]    |
[INFO] [stdout] help: consider importing this struct
[INFO] [stdout]    |
[INFO] [stdout] 1  | use svc_rumq_client::MqttOptions;
[INFO] [stdout]    |
[INFO] [stdout] 
[INFO] [stdout] 
[INFO] [stdout] error[E0425]: cannot find function `eventloop` in this scope
[INFO] [stdout]   --> examples/tls.rs:25:25
[INFO] [stdout]    |
[INFO] [stdout] 25 |     let mut eventloop = eventloop(mqttoptions, requests_rx);
[INFO] [stdout]    |                         ^^^^^^^^^ not found in this scope
[INFO] [stdout]    |
[INFO] [stdout] help: consider importing this function
[INFO] [stdout]    |
[INFO] [stdout] 1  | use svc_rumq_client::eventloop;
[INFO] [stdout]    |
[INFO] [stdout] 
[INFO] [stdout] 
[INFO] [stdout] error[E0412]: cannot find type `MqttEventLoop` in this scope
[INFO] [stdout]   --> examples/tls.rs:37:36
[INFO] [stdout]    |
[INFO] [stdout] 37 | async fn stream_it(eventloop: &mut MqttEventLoop) {
[INFO] [stdout]    |                                    ^^^^^^^^^^^^^ not found in this scope
[INFO] [stdout]    |
[INFO] [stdout] help: consider importing this struct
[INFO] [stdout]    |
[INFO] [stdout] 1  | use svc_rumq_client::MqttEventLoop;
[INFO] [stdout]    |
[INFO] [stdout] 
[INFO] [stdout] 
[INFO] [stdout] error[E0412]: cannot find type `Request` in this scope
[INFO] [stdout]   --> examples/tls.rs:48:43
[INFO] [stdout]    |
[INFO] [stdout] 48 | async fn requests(mut requests_tx: Sender<Request>) {
[INFO] [stdout]    |                                           ^^^^^^^ not found in this scope
[INFO] [stdout]    |
[INFO] [stdout] help: consider importing this enum
[INFO] [stdout]    |
[INFO] [stdout] 1  | use svc_rumq_client::Request;
[INFO] [stdout]    |
[INFO] [stdout] 
[INFO] [stdout] 
[INFO] [stdout] error[E0433]: failed to resolve: use of undeclared type `Subscribe`
[INFO] [stdout]   --> examples/tls.rs:49:24
[INFO] [stdout]    |
[INFO] [stdout] 49 |     let subscription = Subscribe::new("hello/world", QoS::AtLeastOnce);
[INFO] [stdout]    |                        ^^^^^^^^^ not found in this scope
[INFO] [stdout]    |
[INFO] [stdout] help: consider importing one of these items
[INFO] [stdout]    |
[INFO] [stdout] 1  | use rumq_core::mqtt4::Subscribe;
[INFO] [stdout]    |
[INFO] [stdout] 1  | use svc_rumq_client::Subscribe;
[INFO] [stdout]    |
[INFO] [stdout] 
[INFO] [stdout] 
[INFO] [stdout] error[E0433]: failed to resolve: use of undeclared type `Request`
[INFO] [stdout]   --> examples/tls.rs:50:30
[INFO] [stdout]    |
[INFO] [stdout] 50 |     let _ = requests_tx.send(Request::Subscribe(subscription)).await;
[INFO] [stdout]    |                              ^^^^^^^ not found in this scope
[INFO] [stdout]    |
[INFO] [stdout] help: consider importing this enum
[INFO] [stdout]    |
[INFO] [stdout] 1  | use svc_rumq_client::Request;
[INFO] [stdout]    |
[INFO] [stdout] 
[INFO] [stdout] 
[INFO] [stdout] error[E0412]: cannot find type `Request` in this scope
[INFO] [stdout]   --> examples/tls.rs:60:30
[INFO] [stdout]    |
[INFO] [stdout] 60 | fn publish_request(i: u8) -> Request {
[INFO] [stdout]    |                              ^^^^^^^ not found in this scope
[INFO] [stdout]    |
[INFO] [stdout] help: consider importing this enum
[INFO] [stdout]    |
[INFO] [stdout] 1  | use svc_rumq_client::Request;
[INFO] [stdout]    |
[INFO] [stdout] 
[INFO] [stdout] 
[INFO] [stdout] error[E0433]: failed to resolve: use of undeclared type `Publish`
[INFO] [stdout]   --> examples/tls.rs:64:19
[INFO] [stdout]    |
[INFO] [stdout] 64 |     let publish = Publish::new(&topic, QoS::AtLeastOnce, payload);
[INFO] [stdout]    |                   ^^^^^^^ not found in this scope
[INFO] [stdout]    |
[INFO] [stdout] help: consider importing one of these items
[INFO] [stdout]    |
[INFO] [stdout] 1  | use rumq_core::mqtt4::Publish;
[INFO] [stdout]    |
[INFO] [stdout] 1  | use svc_rumq_client::Publish;
[INFO] [stdout]    |
[INFO] [stdout] 
[INFO] [stdout] 
[INFO] [stdout] error[E0433]: failed to resolve: use of undeclared type `Request`
[INFO] [stdout]   --> examples/tls.rs:65:5
[INFO] [stdout]    |
[INFO] [stdout] 65 |     Request::Publish(publish)
[INFO] [stdout]    |     ^^^^^^^ not found in this scope
[INFO] [stdout]    |
[INFO] [stdout] help: consider importing this enum
[INFO] [stdout]    |
[INFO] [stdout] 1  | use svc_rumq_client::Request;
[INFO] [stdout]    |
[INFO] [stdout] 
[INFO] [stdout] 
[INFO] [stdout] error[E0433]: failed to resolve: use of undeclared type `QoS`
[INFO] [stdout]   --> examples/reconnection.rs:49:44
[INFO] [stdout]    |
[INFO] [stdout] 49 |         let publish = Publish::new(&topic, QoS::AtLeastOnce, payload);
[INFO] [stdout]    |                                            ^^^ use of undeclared type `QoS`
[INFO] [stdout] 
[INFO] [stdout] 
[INFO] [stdout] error[E0433]: failed to resolve: use of undeclared type `MqttOptions`
[INFO] [stdout]   --> examples/reconnection.rs:14:27
[INFO] [stdout]    |
[INFO] [stdout] 14 |     let mut mqttoptions = MqttOptions::new("test-1", "localhost", 1883);
[INFO] [stdout]    |                           ^^^^^^^^^^^ not found in this scope
[INFO] [stdout]    |
[INFO] [stdout] help: consider importing this struct
[INFO] [stdout]    |
[INFO] [stdout] 1  | use svc_rumq_client::MqttOptions;
[INFO] [stdout]    |
[INFO] [stdout] 
[INFO] [stdout] 
[INFO] [stdout] error[E0425]: cannot find function `eventloop` in this scope
[INFO] [stdout]   --> examples/reconnection.rs:18:25
[INFO] [stdout]    |
[INFO] [stdout] 18 |     let mut eventloop = eventloop(mqttoptions, requests_rx);
[INFO] [stdout]    |                         ^^^^^^^^^ not found in this scope
[INFO] [stdout]    |
[INFO] [stdout] help: consider importing this function
[INFO] [stdout]    |
[INFO] [stdout] 1  | use svc_rumq_client::eventloop;
[INFO] [stdout]    |
[INFO] [stdout] 
[INFO] [stdout] 
[INFO] [stdout] error[E0412]: cannot find type `MqttEventLoop` in this scope
[INFO] [stdout]   --> examples/reconnection.rs:33:36
[INFO] [stdout]    |
[INFO] [stdout] 33 | async fn stream_it(eventloop: &mut MqttEventLoop) {
[INFO] [stdout]    |                                    ^^^^^^^^^^^^^ not found in this scope
[INFO] [stdout]    |
[INFO] [stdout] help: consider importing this struct
[INFO] [stdout]    |
[INFO] [stdout] 1  | use svc_rumq_client::MqttEventLoop;
[INFO] [stdout]    |
[INFO] [stdout] 
[INFO] [stdout] 
[INFO] [stdout] error[E0412]: cannot find type `Request` in this scope
[INFO] [stdout]   --> examples/reconnection.rs:44:43
[INFO] [stdout]    |
[INFO] [stdout] 44 | async fn requests(mut requests_tx: Sender<Request>) {
[INFO] [stdout]    |                                           ^^^^^^^ not found in this scope
[INFO] [stdout]    |
[INFO] [stdout] help: consider importing this enum
[INFO] [stdout]    |
[INFO] [stdout] 1  | use svc_rumq_client::Request;
[INFO] [stdout]    |
[INFO] [stdout] 
[INFO] [stdout] 
[INFO] [stdout] error[E0433]: failed to resolve: use of undeclared type `Publish`
[INFO] [stdout]   --> examples/reconnection.rs:49:23
[INFO] [stdout]    |
[INFO] [stdout] 49 |         let publish = Publish::new(&topic, QoS::AtLeastOnce, payload);
[INFO] [stdout]    |                       ^^^^^^^ not found in this scope
[INFO] [stdout]    |
[INFO] [stdout] help: consider importing one of these items
[INFO] [stdout]    |
[INFO] [stdout] 1  | use rumq_core::mqtt4::Publish;
[INFO] [stdout]    |
[INFO] [stdout] 1  | use svc_rumq_client::Publish;
[INFO] [stdout]    |
[INFO] [stdout] 
[INFO] [stdout] 
[INFO] [stdout] error[E0433]: failed to resolve: use of undeclared type `Request`
[INFO] [stdout]   --> examples/reconnection.rs:50:23
[INFO] [stdout]    |
[INFO] [stdout] 50 |         let publish = Request::Publish(publish);
[INFO] [stdout]    |                       ^^^^^^^ not found in this scope
[INFO] [stdout]    |
[INFO] [stdout] help: consider importing this enum
[INFO] [stdout]    |
[INFO] [stdout] 1  | use svc_rumq_client::Request;
[INFO] [stdout]    |
[INFO] [stdout] 
[INFO] [stdout] 
[INFO] [stdout] warning: unused import: `futures_util::stream::StreamExt`
[INFO] [stdout]  --> examples/smoke.rs:1:5
[INFO] [stdout]   |
[INFO] [stdout] 1 | use futures_util::stream::StreamExt;
[INFO] [stdout]   |     ^^^^^^^^^^^^^^^^^^^^^^^^^^^^^^^
[INFO] [stdout]   |
[INFO] [stdout]   = note: `#[warn(unused_imports)]` on by default
[INFO] [stdout] 
[INFO] [stdout] 
[INFO] [stdout] error: aborting due to 9 previous errors; 1 warning emitted
[INFO] [stdout] 
[INFO] [stdout] 
[INFO] [stdout] Some errors have detailed explanations: E0412, E0425, E0432, E0433.
[INFO] [stdout] 
[INFO] [stdout] For more information about an error, try `rustc --explain E0412`.
[INFO] [stdout] 
[INFO] [stdout] error[E0433]: failed to resolve: use of undeclared type `QoS`
[INFO] [stdout]   --> examples/pubsub.rs:41:54
[INFO] [stdout]    |
[INFO] [stdout] 41 |     let subscription = Subscribe::new("hello/world", QoS::AtLeastOnce);
[INFO] [stdout]    |                                                      ^^^ use of undeclared type `QoS`
[INFO] [stdout] 
[INFO] [stdout] 
[INFO] [stderr] error: could not compile `svc-rumq-client`
[INFO] [stderr] 
[INFO] [stderr] To learn more, run the command again with --verbose.
[INFO] [stderr] warning: build failed, waiting for other jobs to finish...
[INFO] [stdout] error[E0433]: failed to resolve: use of undeclared type `QoS`
[INFO] [stdout]   --> examples/pubsub.rs:56:40
[INFO] [stdout]    |
[INFO] [stdout] 56 |     let publish = Publish::new(&topic, QoS::AtLeastOnce, payload);
[INFO] [stdout]    |                                        ^^^ use of undeclared type `QoS`
[INFO] [stdout] 
[INFO] [stdout] 
[INFO] [stdout] error[E0433]: failed to resolve: use of undeclared type `MqttOptions`
[INFO] [stdout]   --> examples/pubsub.rs:14:27
[INFO] [stdout]    |
[INFO] [stdout] 14 |     let mut mqttoptions = MqttOptions::new("test-1", "localhost", 1883);
[INFO] [stdout]    |                           ^^^^^^^^^^^ not found in this scope
[INFO] [stdout]    |
[INFO] [stdout] help: consider importing this struct
[INFO] [stdout]    |
[INFO] [stdout] 1  | use svc_rumq_client::MqttOptions;
[INFO] [stdout]    |
[INFO] [stdout] 
[INFO] [stdout] 
[INFO] [stdout] error[E0425]: cannot find function `eventloop` in this scope
[INFO] [stdout]   --> examples/pubsub.rs:17:25
[INFO] [stdout]    |
[INFO] [stdout] 17 |     let mut eventloop = eventloop(mqttoptions, requests_rx);
[INFO] [stdout]    |                         ^^^^^^^^^ not found in this scope
[INFO] [stdout]    |
[INFO] [stdout] help: consider importing this function
[INFO] [stdout]    |
[INFO] [stdout] 1  | use svc_rumq_client::eventloop;
[INFO] [stdout]    |
[INFO] [stdout] 
[INFO] [stdout] 
[INFO] [stdout] error[E0412]: cannot find type `MqttEventLoop` in this scope
[INFO] [stdout]   --> examples/pubsub.rs:29:36
[INFO] [stdout]    |
[INFO] [stdout] 29 | async fn stream_it(eventloop: &mut MqttEventLoop) {
[INFO] [stdout]    |                                    ^^^^^^^^^^^^^ not found in this scope
[INFO] [stdout]    |
[INFO] [stdout] help: consider importing this struct
[INFO] [stdout]    |
[INFO] [stdout] 1  | use svc_rumq_client::MqttEventLoop;
[INFO] [stdout]    |
[INFO] [stdout] 
[INFO] [stdout] 
[INFO] [stdout] error[E0412]: cannot find type `Request` in this scope
[INFO] [stdout]   --> examples/pubsub.rs:40:43
[INFO] [stdout]    |
[INFO] [stdout] 40 | async fn requests(mut requests_tx: Sender<Request>) {
[INFO] [stdout]    |                                           ^^^^^^^ not found in this scope
[INFO] [stdout]    |
[INFO] [stdout] help: consider importing this enum
[INFO] [stdout]    |
[INFO] [stdout] 1  | use svc_rumq_client::Request;
[INFO] [stdout]    |
[INFO] [stdout] 
[INFO] [stdout] 
[INFO] [stdout] error[E0433]: failed to resolve: use of undeclared type `Subscribe`
[INFO] [stdout]   --> examples/pubsub.rs:41:24
[INFO] [stdout]    |
[INFO] [stdout] 41 |     let subscription = Subscribe::new("hello/world", QoS::AtLeastOnce);
[INFO] [stdout]    |                        ^^^^^^^^^ not found in this scope
[INFO] [stdout]    |
[INFO] [stdout] help: consider importing one of these items
[INFO] [stdout]    |
[INFO] [stdout] 1  | use rumq_core::mqtt4::Subscribe;
[INFO] [stdout]    |
[INFO] [stdout] 1  | use svc_rumq_client::Subscribe;
[INFO] [stdout]    |
[INFO] [stdout] 
[INFO] [stdout] 
[INFO] [stdout] error[E0433]: failed to resolve: use of undeclared type `Request`
[INFO] [stdout]   --> examples/pubsub.rs:42:30
[INFO] [stdout]    |
[INFO] [stdout] 42 |     let _ = requests_tx.send(Request::Subscribe(subscription)).await;
[INFO] [stdout]    |                              ^^^^^^^ not found in this scope
[INFO] [stdout]    |
[INFO] [stdout] help: consider importing this enum
[INFO] [stdout]    |
[INFO] [stdout] 1  | use svc_rumq_client::Request;
[INFO] [stdout]    |
[INFO] [stdout] 
[INFO] [stdout] 
[INFO] [stdout] error[E0412]: cannot find type `Request` in this scope
[INFO] [stdout]   --> examples/pubsub.rs:52:30
[INFO] [stdout]    |
[INFO] [stdout] 52 | fn publish_request(i: u8) -> Request {
[INFO] [stdout]    |                              ^^^^^^^ not found in this scope
[INFO] [stdout]    |
[INFO] [stdout] help: consider importing this enum
[INFO] [stdout]    |
[INFO] [stdout] 1  | use svc_rumq_client::Request;
[INFO] [stdout]    |
[INFO] [stdout] 
[INFO] [stdout] 
[INFO] [stdout] error[E0433]: failed to resolve: use of undeclared type `Publish`
[INFO] [stdout]   --> examples/pubsub.rs:56:19
[INFO] [stdout]    |
[INFO] [stdout] 56 |     let publish = Publish::new(&topic, QoS::AtLeastOnce, payload);
[INFO] [stdout]    |                   ^^^^^^^ not found in this scope
[INFO] [stdout]    |
[INFO] [stdout] help: consider importing one of these items
[INFO] [stdout]    |
[INFO] [stdout] 1  | use rumq_core::mqtt4::Publish;
[INFO] [stdout]    |
[INFO] [stdout] 1  | use svc_rumq_client::Publish;
[INFO] [stdout]    |
[INFO] [stdout] 
[INFO] [stdout] 
[INFO] [stdout] error[E0433]: failed to resolve: use of undeclared type `Request`
[INFO] [stdout]   --> examples/pubsub.rs:57:5
[INFO] [stdout]    |
[INFO] [stdout] 57 |     Request::Publish(publish)
[INFO] [stdout]    |     ^^^^^^^ not found in this scope
[INFO] [stdout]    |
[INFO] [stdout] help: consider importing this enum
[INFO] [stdout]    |
[INFO] [stdout] 1  | use svc_rumq_client::Request;
[INFO] [stdout]    |
[INFO] [stdout] 
[INFO] [stdout] 
[INFO] [stdout] warning: unused import: `futures_util::stream::StreamExt`
[INFO] [stdout]  --> examples/tls.rs:1:5
[INFO] [stdout]   |
[INFO] [stdout] 1 | use futures_util::stream::StreamExt;
[INFO] [stdout]   |     ^^^^^^^^^^^^^^^^^^^^^^^^^^^^^^^
[INFO] [stdout]   |
[INFO] [stdout]   = note: `#[warn(unused_imports)]` on by default
[INFO] [stdout] 
[INFO] [stdout] 
[INFO] [stdout] warning: unused import: `futures_util::stream::StreamExt`
[INFO] [stdout]  --> examples/reconnection.rs:1:5
[INFO] [stdout]   |
[INFO] [stdout] 1 | use futures_util::stream::StreamExt;
[INFO] [stdout]   |     ^^^^^^^^^^^^^^^^^^^^^^^^^^^^^^^
[INFO] [stdout]   |
[INFO] [stdout]   = note: `#[warn(unused_imports)]` on by default
[INFO] [stdout] 
[INFO] [stdout] 
[INFO] [stdout] error: aborting due to 12 previous errors; 1 warning emitted
[INFO] [stdout] 
[INFO] [stdout] 
[INFO] [stdout] Some errors have detailed explanations: E0412, E0425, E0432, E0433.
[INFO] [stdout] 
[INFO] [stdout] For more information about an error, try `rustc --explain E0412`.
[INFO] [stdout] 
[INFO] [stdout] error: aborting due to 8 previous errors; 1 warning emitted
[INFO] [stdout] 
[INFO] [stdout] 
[INFO] [stdout] Some errors have detailed explanations: E0412, E0425, E0432, E0433.
[INFO] [stdout] 
[INFO] [stdout] For more information about an error, try `rustc --explain E0412`.
[INFO] [stdout] 
[INFO] [stdout] warning: unused import: `futures_util::stream::StreamExt`
[INFO] [stdout]  --> examples/gcloud.rs:9:5
[INFO] [stdout]   |
[INFO] [stdout] 9 | use futures_util::stream::StreamExt;
[INFO] [stdout]   |     ^^^^^^^^^^^^^^^^^^^^^^^^^^^^^^^
[INFO] [stdout]   |
[INFO] [stdout]   = note: `#[warn(unused_imports)]` on by default
[INFO] [stdout] 
[INFO] [stdout] 
[INFO] [stdout] error: aborting due to 10 previous errors; 1 warning emitted
[INFO] [stdout] 
[INFO] [stdout] 
[INFO] [stdout] Some errors have detailed explanations: E0412, E0425, E0432, E0433.
[INFO] [stdout] 
[INFO] [stdout] For more information about an error, try `rustc --explain E0412`.
[INFO] [stdout] 
[INFO] [stdout] warning: unused import: `tokio::stream::StreamExt`
[INFO] [stdout]  --> examples/pubsub.rs:3:5
[INFO] [stdout]   |
[INFO] [stdout] 3 | use tokio::stream::StreamExt;
[INFO] [stdout]   |     ^^^^^^^^^^^^^^^^^^^^^^^^
[INFO] [stdout]   |
[INFO] [stdout]   = note: `#[warn(unused_imports)]` on by default
[INFO] [stdout] 
[INFO] [stdout] 
[INFO] [stdout] error: aborting due to 12 previous errors; 1 warning emitted
[INFO] [stdout] 
[INFO] [stdout] 
[INFO] [stdout] Some errors have detailed explanations: E0412, E0425, E0432, E0433.
[INFO] [stdout] 
[INFO] [stdout] For more information about an error, try `rustc --explain E0412`.
[INFO] [stdout] 
[INFO] [stderr] error: build failed
[INFO] running `Command { std: "docker" "inspect" "93b13ad09d153bf199c7dc3923c19c2bcc32c2ed32b0fd02c7cd8c3cdfefbbbe", kill_on_drop: false }`
[INFO] running `Command { std: "docker" "rm" "-f" "93b13ad09d153bf199c7dc3923c19c2bcc32c2ed32b0fd02c7cd8c3cdfefbbbe", kill_on_drop: false }`
[INFO] [stdout] 93b13ad09d153bf199c7dc3923c19c2bcc32c2ed32b0fd02c7cd8c3cdfefbbbe
