[INFO] fetching crate sunshine-donate 0.1.1...
[INFO] testing sunshine-donate-0.1.1 against 1.54.0 for beta-1.55-1
[INFO] extracting crate sunshine-donate 0.1.1 into /workspace/builds/worker-6/source
[INFO] validating manifest of crates.io crate sunshine-donate 0.1.1 on toolchain 1.54.0
[INFO] running `Command { std: "/workspace/cargo-home/bin/cargo" "+1.54.0" "metadata" "--manifest-path" "Cargo.toml" "--no-deps", kill_on_drop: false }`
[INFO] started tweaking crates.io crate sunshine-donate 0.1.1
[INFO] finished tweaking crates.io crate sunshine-donate 0.1.1
[INFO] tweaked toml for crates.io crate sunshine-donate 0.1.1 written to /workspace/builds/worker-6/source/Cargo.toml
[INFO] running `Command { std: "/workspace/cargo-home/bin/cargo" "+1.54.0" "generate-lockfile" "--manifest-path" "Cargo.toml" "-Zno-index-update", kill_on_drop: false }`
[INFO] running `Command { std: "/workspace/cargo-home/bin/cargo" "+1.54.0" "fetch" "--manifest-path" "Cargo.toml", kill_on_drop: false }`
[INFO] running `Command { std: "docker" "create" "-v" "/var/lib/crater-agent-workspace/builds/worker-6/target:/opt/rustwide/target:rw,Z" "-v" "/var/lib/crater-agent-workspace/builds/worker-6/source:/opt/rustwide/workdir:ro,Z" "-v" "/var/lib/crater-agent-workspace/cargo-home:/opt/rustwide/cargo-home:ro,Z" "-v" "/var/lib/crater-agent-workspace/rustup-home:/opt/rustwide/rustup-home:ro,Z" "-e" "SOURCE_DIR=/opt/rustwide/workdir" "-e" "CARGO_TARGET_DIR=/opt/rustwide/target" "-e" "CARGO_HOME=/opt/rustwide/cargo-home" "-e" "RUSTUP_HOME=/opt/rustwide/rustup-home" "-w" "/opt/rustwide/workdir" "-m" "1610612736" "--user" "0:0" "--network" "none" "ghcr.io/rust-lang/crates-build-env/linux@sha256:34b6a614d2c27851fe6cbf88fbd1137609cefab8b10d0615aaeb6fd47975d74e" "/opt/rustwide/cargo-home/bin/cargo" "+1.54.0" "metadata" "--no-deps" "--format-version=1", kill_on_drop: false }`
[INFO] [stdout] 6ffe364e5b0382a4c809ec2704223a66ac85a79c3fb7e36954d737001c69bf53
[INFO] [stderr] WARNING: Your kernel does not support swap limit capabilities or the cgroup is not mounted. Memory limited without swap.
[INFO] running `Command { std: "docker" "start" "-a" "6ffe364e5b0382a4c809ec2704223a66ac85a79c3fb7e36954d737001c69bf53", kill_on_drop: false }`
[INFO] running `Command { std: "docker" "inspect" "6ffe364e5b0382a4c809ec2704223a66ac85a79c3fb7e36954d737001c69bf53", kill_on_drop: false }`
[INFO] running `Command { std: "docker" "rm" "-f" "6ffe364e5b0382a4c809ec2704223a66ac85a79c3fb7e36954d737001c69bf53", kill_on_drop: false }`
[INFO] [stdout] 6ffe364e5b0382a4c809ec2704223a66ac85a79c3fb7e36954d737001c69bf53
[INFO] running `Command { std: "docker" "create" "-v" "/var/lib/crater-agent-workspace/builds/worker-6/target:/opt/rustwide/target:rw,Z" "-v" "/var/lib/crater-agent-workspace/builds/worker-6/source:/opt/rustwide/workdir:ro,Z" "-v" "/var/lib/crater-agent-workspace/cargo-home:/opt/rustwide/cargo-home:ro,Z" "-v" "/var/lib/crater-agent-workspace/rustup-home:/opt/rustwide/rustup-home:ro,Z" "-e" "SOURCE_DIR=/opt/rustwide/workdir" "-e" "CARGO_TARGET_DIR=/opt/rustwide/target" "-e" "CARGO_INCREMENTAL=0" "-e" "RUST_BACKTRACE=full" "-e" "RUSTFLAGS=--cap-lints=warn" "-e" "CARGO_HOME=/opt/rustwide/cargo-home" "-e" "RUSTUP_HOME=/opt/rustwide/rustup-home" "-w" "/opt/rustwide/workdir" "-m" "1610612736" "--user" "0:0" "--network" "none" "ghcr.io/rust-lang/crates-build-env/linux@sha256:34b6a614d2c27851fe6cbf88fbd1137609cefab8b10d0615aaeb6fd47975d74e" "/opt/rustwide/cargo-home/bin/cargo" "+1.54.0" "build" "--frozen" "--message-format=json", kill_on_drop: false }`
[INFO] [stdout] 1c62648f27e0a151164c1651e498bd3db99c417fb682f2af12c4a1c9ac8e1d8e
[INFO] [stderr] WARNING: Your kernel does not support swap limit capabilities or the cgroup is not mounted. Memory limited without swap.
[INFO] running `Command { std: "docker" "start" "-a" "1c62648f27e0a151164c1651e498bd3db99c417fb682f2af12c4a1c9ac8e1d8e", kill_on_drop: false }`
[INFO] [stderr]    Compiling libm v0.2.1
[INFO] [stderr]    Compiling hash-db v0.15.2
[INFO] [stderr]    Compiling num-traits v0.2.14
[INFO] [stderr]    Compiling trie-root v0.16.0
[INFO] [stderr]    Compiling trie-db v0.22.6
[INFO] [stderr]    Compiling memory-db v0.24.1
[INFO] [stderr]    Compiling num-integer v0.1.44
[INFO] [stderr]    Compiling integer-sqrt v0.1.5
[INFO] [stderr]    Compiling sp-arithmetic v2.0.1
[INFO] [stderr]    Compiling num-bigint v0.2.6
[INFO] [stderr]    Compiling chrono v0.4.19
[INFO] [stderr]    Compiling tracing-subscriber v0.2.19
[INFO] [stderr]    Compiling num-rational v0.2.4
[INFO] [stderr]    Compiling wasmi v0.6.2
[INFO] [stderr]    Compiling sp-tracing v2.0.1
[INFO] [stderr]    Compiling sp-wasm-interface v2.0.1
[INFO] [stderr]    Compiling sp-runtime-interface v2.0.1
[INFO] [stderr]    Compiling sp-core v2.0.1
[INFO] [stderr]    Compiling sp-trie v2.0.1
[INFO] [stderr]    Compiling sp-inherents v2.0.1
[INFO] [stderr]    Compiling frame-metadata v12.0.1
[INFO] [stderr]    Compiling sp-state-machine v0.8.1
[INFO] [stderr]    Compiling sp-io v2.0.1
[INFO] [stderr]    Compiling sp-application-crypto v2.0.1
[INFO] [stderr]    Compiling sp-runtime v2.0.1
[INFO] [stderr]    Compiling frame-support v2.0.1
[INFO] [stderr]    Compiling sp-version v2.0.1
[INFO] [stderr]    Compiling frame-system v2.0.1
[INFO] [stderr]    Compiling orml-utilities v0.1.1
[INFO] [stderr]    Compiling sunshine-util v0.1.1
[INFO] [stderr]    Compiling sunshine-org v0.1.1
[INFO] [stderr]    Compiling sunshine-donate v0.1.1 (/opt/rustwide/workdir)
[INFO] [stderr]     Finished dev [unoptimized + debuginfo] target(s) in 51.56s
[INFO] running `Command { std: "docker" "inspect" "1c62648f27e0a151164c1651e498bd3db99c417fb682f2af12c4a1c9ac8e1d8e", kill_on_drop: false }`
[INFO] running `Command { std: "docker" "rm" "-f" "1c62648f27e0a151164c1651e498bd3db99c417fb682f2af12c4a1c9ac8e1d8e", kill_on_drop: false }`
[INFO] [stdout] 1c62648f27e0a151164c1651e498bd3db99c417fb682f2af12c4a1c9ac8e1d8e
[INFO] running `Command { std: "docker" "create" "-v" "/var/lib/crater-agent-workspace/builds/worker-6/target:/opt/rustwide/target:rw,Z" "-v" "/var/lib/crater-agent-workspace/builds/worker-6/source:/opt/rustwide/workdir:ro,Z" "-v" "/var/lib/crater-agent-workspace/cargo-home:/opt/rustwide/cargo-home:ro,Z" "-v" "/var/lib/crater-agent-workspace/rustup-home:/opt/rustwide/rustup-home:ro,Z" "-e" "SOURCE_DIR=/opt/rustwide/workdir" "-e" "CARGO_TARGET_DIR=/opt/rustwide/target" "-e" "CARGO_INCREMENTAL=0" "-e" "RUST_BACKTRACE=full" "-e" "RUSTFLAGS=--cap-lints=warn" "-e" "CARGO_HOME=/opt/rustwide/cargo-home" "-e" "RUSTUP_HOME=/opt/rustwide/rustup-home" "-w" "/opt/rustwide/workdir" "-m" "1610612736" "--user" "0:0" "--network" "none" "ghcr.io/rust-lang/crates-build-env/linux@sha256:34b6a614d2c27851fe6cbf88fbd1137609cefab8b10d0615aaeb6fd47975d74e" "/opt/rustwide/cargo-home/bin/cargo" "+1.54.0" "test" "--frozen" "--no-run" "--message-format=json", kill_on_drop: false }`
[INFO] [stdout] 52eeedc598115c500b4775d49d76e664dd949bfc41a632fd41ad22a424503228
[INFO] [stderr] WARNING: Your kernel does not support swap limit capabilities or the cgroup is not mounted. Memory limited without swap.
[INFO] running `Command { std: "docker" "start" "-a" "52eeedc598115c500b4775d49d76e664dd949bfc41a632fd41ad22a424503228", kill_on_drop: false }`
[INFO] [stderr]    Compiling rand_core v0.4.2
[INFO] [stderr]    Compiling autocfg v0.1.7
[INFO] [stderr]    Compiling rawpointer v0.2.1
[INFO] [stderr]    Compiling num-complex v0.2.4
[INFO] [stderr]    Compiling approx v0.3.2
[INFO] [stderr]    Compiling sp-api-proc-macro v2.0.1
[INFO] [stderr]    Compiling matrixmultiply v0.2.4
[INFO] [stderr]    Compiling rand_core v0.3.1
[INFO] [stderr]    Compiling rand_os v0.1.3
[INFO] [stderr]    Compiling rand_jitter v0.1.4
[INFO] [stderr]    Compiling rand_xorshift v0.1.1
[INFO] [stderr]    Compiling rand_hc v0.1.0
[INFO] [stderr]    Compiling rand_isaac v0.1.1
[INFO] [stderr]    Compiling rand v0.5.6
[INFO] [stderr]    Compiling rand_chacha v0.1.1
[INFO] [stderr]    Compiling rand_pcg v0.1.2
[INFO] [stderr]    Compiling rand v0.6.5
[INFO] [stderr]    Compiling alga v0.9.3
[INFO] [stderr]    Compiling statrs v0.10.0
[INFO] [stderr]    Compiling nalgebra v0.18.1
[INFO] [stderr]    Compiling sp-api v2.0.1
[INFO] [stderr]    Compiling linregress v0.1.7
[INFO] [stderr]    Compiling frame-benchmarking v2.0.1
[INFO] [stderr]    Compiling pallet-balances v2.0.1
[INFO] [stderr]    Compiling sunshine-donate v0.1.1 (/opt/rustwide/workdir)
[INFO] [stdout] error[E0437]: type `ModuleToIndex` is not a member of trait `frame_system::Trait`
[INFO] [stdout]   --> src/tests.rs:71:5
[INFO] [stdout]    |
[INFO] [stdout] 71 |     type ModuleToIndex = ();
[INFO] [stdout]    |     ^^^^^^^^^^^^^^^^^^^^^^^^ not a member of trait `frame_system::Trait`
[INFO] [stdout] 
[INFO] [stdout] 
[INFO] [stdout] warning: unused import: `assert_noop`
[INFO] [stdout]  --> src/tests.rs:3:5
[INFO] [stdout]   |
[INFO] [stdout] 3 |     assert_noop,
[INFO] [stdout]   |     ^^^^^^^^^^^
[INFO] [stdout]   |
[INFO] [stdout]   = note: `#[warn(unused_imports)]` on by default
[INFO] [stdout] 
[INFO] [stdout] 
[INFO] [stdout] error[E0046]: not all trait items implemented, missing: `PalletInfo`, `SystemWeightInfo`
[INFO] [stdout]   --> src/tests.rs:51:1
[INFO] [stdout]    |
[INFO] [stdout] 51 | impl frame_system::Trait for Test {
[INFO] [stdout]    | ^^^^^^^^^^^^^^^^^^^^^^^^^^^^^^^^^ missing `PalletInfo`, `SystemWeightInfo` in implementation
[INFO] [stdout]    |
[INFO] [stdout]    = help: implement the missing item: `type PalletInfo = Type;`
[INFO] [stdout]    = help: implement the missing item: `type SystemWeightInfo = Type;`
[INFO] [stdout] 
[INFO] [stdout] 
[INFO] [stdout] error[E0046]: not all trait items implemented, missing: `WeightInfo`, `MaxLocks`
[INFO] [stdout]   --> src/tests.rs:80:1
[INFO] [stdout]    |
[INFO] [stdout] 80 | impl pallet_balances::Trait for Test {
[INFO] [stdout]    | ^^^^^^^^^^^^^^^^^^^^^^^^^^^^^^^^^^^^ missing `WeightInfo`, `MaxLocks` in implementation
[INFO] [stdout]    |
[INFO] [stdout]    = help: implement the missing item: `type WeightInfo = Type;`
[INFO] [stdout]    = help: implement the missing item: `type MaxLocks = Type;`
[INFO] [stdout] 
[INFO] [stdout] 
[INFO] [stdout] error: aborting due to 3 previous errors; 1 warning emitted
[INFO] [stdout] 
[INFO] [stdout] 
[INFO] [stdout] Some errors have detailed explanations: E0046, E0437.
[INFO] [stdout] 
[INFO] [stdout] For more information about an error, try `rustc --explain E0046`.
[INFO] [stdout] 
[INFO] [stderr] error: could not compile `sunshine-donate`
[INFO] [stderr] 
[INFO] [stderr] To learn more, run the command again with --verbose.
[INFO] running `Command { std: "docker" "inspect" "52eeedc598115c500b4775d49d76e664dd949bfc41a632fd41ad22a424503228", kill_on_drop: false }`
[INFO] running `Command { std: "docker" "rm" "-f" "52eeedc598115c500b4775d49d76e664dd949bfc41a632fd41ad22a424503228", kill_on_drop: false }`
[INFO] [stdout] 52eeedc598115c500b4775d49d76e664dd949bfc41a632fd41ad22a424503228
