[INFO] fetching crate substrate-frame-rpc-system 3.0.0...
[INFO] testing substrate-frame-rpc-system-3.0.0 against beta-2021-08-01 for beta-1.55-1
[INFO] extracting crate substrate-frame-rpc-system 3.0.0 into /workspace/builds/worker-3/source
[INFO] validating manifest of crates.io crate substrate-frame-rpc-system 3.0.0 on toolchain beta-2021-08-01
[INFO] running `Command { std: "/workspace/cargo-home/bin/cargo" "+beta-2021-08-01" "metadata" "--manifest-path" "Cargo.toml" "--no-deps", kill_on_drop: false }`
[INFO] started tweaking crates.io crate substrate-frame-rpc-system 3.0.0
[INFO] finished tweaking crates.io crate substrate-frame-rpc-system 3.0.0
[INFO] tweaked toml for crates.io crate substrate-frame-rpc-system 3.0.0 written to /workspace/builds/worker-3/source/Cargo.toml
[INFO] running `Command { std: "/workspace/cargo-home/bin/cargo" "+beta-2021-08-01" "generate-lockfile" "--manifest-path" "Cargo.toml" "-Zno-index-update", kill_on_drop: false }`
[INFO] running `Command { std: "/workspace/cargo-home/bin/cargo" "+beta-2021-08-01" "fetch" "--manifest-path" "Cargo.toml", kill_on_drop: false }`
[INFO] [stderr]  Downloading crates ...
[INFO] [stderr]   Downloaded frame-system-rpc-runtime-api v3.0.0
[INFO] running `Command { std: "docker" "create" "-v" "/var/lib/crater-agent-workspace/builds/worker-3/target:/opt/rustwide/target:rw,Z" "-v" "/var/lib/crater-agent-workspace/builds/worker-3/source:/opt/rustwide/workdir:ro,Z" "-v" "/var/lib/crater-agent-workspace/cargo-home:/opt/rustwide/cargo-home:ro,Z" "-v" "/var/lib/crater-agent-workspace/rustup-home:/opt/rustwide/rustup-home:ro,Z" "-e" "SOURCE_DIR=/opt/rustwide/workdir" "-e" "CARGO_TARGET_DIR=/opt/rustwide/target" "-e" "CARGO_HOME=/opt/rustwide/cargo-home" "-e" "RUSTUP_HOME=/opt/rustwide/rustup-home" "-w" "/opt/rustwide/workdir" "-m" "1610612736" "--user" "0:0" "--network" "none" "ghcr.io/rust-lang/crates-build-env/linux@sha256:34b6a614d2c27851fe6cbf88fbd1137609cefab8b10d0615aaeb6fd47975d74e" "/opt/rustwide/cargo-home/bin/cargo" "+beta-2021-08-01" "metadata" "--no-deps" "--format-version=1", kill_on_drop: false }`
[INFO] [stderr] WARNING: Your kernel does not support swap limit capabilities or the cgroup is not mounted. Memory limited without swap.
[INFO] [stdout] 82612100ac7b71656ce5a57902e95656eb4ac0df07f9059c5e9f8394fe9d8f6e
[INFO] running `Command { std: "docker" "start" "-a" "82612100ac7b71656ce5a57902e95656eb4ac0df07f9059c5e9f8394fe9d8f6e", kill_on_drop: false }`
[INFO] running `Command { std: "docker" "inspect" "82612100ac7b71656ce5a57902e95656eb4ac0df07f9059c5e9f8394fe9d8f6e", kill_on_drop: false }`
[INFO] running `Command { std: "docker" "rm" "-f" "82612100ac7b71656ce5a57902e95656eb4ac0df07f9059c5e9f8394fe9d8f6e", kill_on_drop: false }`
[INFO] [stdout] 82612100ac7b71656ce5a57902e95656eb4ac0df07f9059c5e9f8394fe9d8f6e
[INFO] running `Command { std: "docker" "create" "-v" "/var/lib/crater-agent-workspace/builds/worker-3/target:/opt/rustwide/target:rw,Z" "-v" "/var/lib/crater-agent-workspace/builds/worker-3/source:/opt/rustwide/workdir:ro,Z" "-v" "/var/lib/crater-agent-workspace/cargo-home:/opt/rustwide/cargo-home:ro,Z" "-v" "/var/lib/crater-agent-workspace/rustup-home:/opt/rustwide/rustup-home:ro,Z" "-e" "SOURCE_DIR=/opt/rustwide/workdir" "-e" "CARGO_TARGET_DIR=/opt/rustwide/target" "-e" "CARGO_INCREMENTAL=0" "-e" "RUST_BACKTRACE=full" "-e" "RUSTFLAGS=--cap-lints=warn" "-e" "CARGO_HOME=/opt/rustwide/cargo-home" "-e" "RUSTUP_HOME=/opt/rustwide/rustup-home" "-w" "/opt/rustwide/workdir" "-m" "1610612736" "--user" "0:0" "--network" "none" "ghcr.io/rust-lang/crates-build-env/linux@sha256:34b6a614d2c27851fe6cbf88fbd1137609cefab8b10d0615aaeb6fd47975d74e" "/opt/rustwide/cargo-home/bin/cargo" "+beta-2021-08-01" "build" "--frozen" "--message-format=json", kill_on_drop: false }`
[INFO] [stdout] 334ad373a4d5c32f65f74417751f1f19d0fa6fab26d49f4f961fa7b86c58a70b
[INFO] [stderr] WARNING: Your kernel does not support swap limit capabilities or the cgroup is not mounted. Memory limited without swap.
[INFO] running `Command { std: "docker" "start" "-a" "334ad373a4d5c32f65f74417751f1f19d0fa6fab26d49f4f961fa7b86c58a70b", kill_on_drop: false }`
[INFO] [stderr]    Compiling proc-macro2 v1.0.28
[INFO] [stderr]    Compiling sp-std v3.0.0
[INFO] [stderr]    Compiling parity-wasm v0.41.0
[INFO] [stderr]    Compiling unsigned-varint v0.5.1
[INFO] [stderr]    Compiling unsigned-varint v0.7.0
[INFO] [stderr]    Compiling signal-hook v0.3.9
[INFO] [stderr]    Compiling prometheus v0.11.0
[INFO] [stderr]    Compiling futures-util v0.3.16
[INFO] [stderr]    Compiling atomic v0.5.0
[INFO] [stderr]    Compiling ring v0.16.20
[INFO] [stderr]    Compiling futures-channel v0.3.16
[INFO] [stderr]    Compiling which v4.2.2
[INFO] [stderr]    Compiling signal-hook-registry v1.4.0
[INFO] [stderr]    Compiling tokio v0.2.25
[INFO] [stderr]    Compiling uint v0.9.1
[INFO] [stderr]    Compiling pbkdf2 v0.3.0
[INFO] [stderr]    Compiling hashbrown v0.11.2
[INFO] [stderr]    Compiling fixed-hash v0.7.0
[INFO] [stderr]    Compiling tempfile v3.2.0
[INFO] [stderr]    Compiling libsecp256k1 v0.3.5
[INFO] [stderr]    Compiling prost-build v0.7.0
[INFO] [stderr]    Compiling indexmap v1.7.0
[INFO] [stderr]    Compiling lru v0.6.6
[INFO] [stderr]    Compiling petgraph v0.5.1
[INFO] [stderr]    Compiling quote v1.0.9
[INFO] [stderr]    Compiling syn v1.0.74
[INFO] [stderr]    Compiling proc-macro-error-attr v1.0.4
[INFO] [stderr]    Compiling wasmi-validation v0.3.0
[INFO] [stderr]    Compiling wasmi v0.6.2
[INFO] [stderr]    Compiling synstructure v0.12.5
[INFO] [stderr]    Compiling proc-macro-error v1.0.4
[INFO] [stderr]    Compiling serde_derive v1.0.127
[INFO] [stderr]    Compiling ctor v0.1.20
[INFO] [stderr]    Compiling thiserror-impl v1.0.26
[INFO] [stderr]    Compiling futures-macro v0.3.16
[INFO] [stderr]    Compiling impl-trait-for-tuples v0.2.1
[INFO] [stderr]    Compiling zeroize_derive v1.1.0
[INFO] [stderr]    Compiling parity-util-mem-derive v0.1.0
[INFO] [stderr]    Compiling ref-cast-impl v1.0.6
[INFO] [stderr]    Compiling sp-debug-derive v3.0.0
[INFO] [stderr]    Compiling dyn-clonable-impl v0.9.0
[INFO] [stderr]    Compiling derive_more v0.99.16
[INFO] [stderr]    Compiling async-trait v0.1.51
[INFO] [stderr]    Compiling pin-project-internal v1.0.8
[INFO] [stderr]    Compiling prost-derive v0.7.0
[INFO] [stderr]    Compiling pin-project-internal v0.4.28
[INFO] [stderr]    Compiling asn1_der_derive v0.1.2
[INFO] [stderr]    Compiling libp2p-core-derive v0.21.0
[INFO] [stderr]    Compiling failure_derive v0.1.8
[INFO] [stderr]    Compiling ref-cast v1.0.6
[INFO] [stderr]    Compiling dyn-clonable v0.9.0
[INFO] [stderr]    Compiling asn1_der v0.6.3
[INFO] [stderr]    Compiling value-bag v1.0.0-alpha.7
[INFO] [stderr]    Compiling zeroize v1.4.1
[INFO] [stderr]    Compiling curve25519-dalek v3.2.0
[INFO] [stderr]    Compiling merlin v2.0.1
[INFO] [stderr]    Compiling curve25519-dalek v2.1.3
[INFO] [stderr]    Compiling secrecy v0.7.0
[INFO] [stderr]    Compiling log v0.4.14
[INFO] [stderr]    Compiling tracing v0.1.26
[INFO] [stderr]    Compiling tracing-log v0.1.2
[INFO] [stderr]    Compiling trie-db v0.22.6
[INFO] [stderr]    Compiling polling v2.1.0
[INFO] [stderr]    Compiling tokio-util v0.3.1
[INFO] [stderr]    Compiling kv-log-macro v1.0.7
[INFO] [stderr]    Compiling want v0.3.0
[INFO] [stderr]    Compiling thiserror v1.0.26
[INFO] [stderr]    Compiling failure v0.1.8
[INFO] [stderr]    Compiling async-io v1.6.0
[INFO] [stderr]    Compiling tiny-bip39 v0.8.0
[INFO] [stderr]    Compiling prost v0.7.0
[INFO] [stderr]    Compiling pin-project v1.0.8
[INFO] [stderr]    Compiling tracing-futures v0.2.5
[INFO] [stderr]    Compiling async-process v1.1.0
[INFO] [stderr]    Compiling async-global-executor v2.0.2
[INFO] [stderr]    Compiling prost-types v0.7.0
[INFO] [stderr]    Compiling pin-project v0.4.28
[INFO] [stderr]    Compiling async-std v1.9.0
[INFO] [stderr]    Compiling futures-executor v0.3.16
[INFO] [stderr]    Compiling h2 v0.2.7
[INFO] [stderr]    Compiling futures v0.3.16
[INFO] [stderr]    Compiling multistream-select v0.10.2
[INFO] [stderr]    Compiling rw-stream-sink v0.2.1
[INFO] [stderr]    Compiling wasm-timer v0.2.5
[INFO] [stderr]    Compiling sp-utils v3.0.0
[INFO] [stderr]    Compiling serde v1.0.127
[INFO] [stderr]    Compiling libp2p-core v0.27.1
[INFO] [stderr]    Compiling toml v0.5.8
[INFO] [stderr]    Compiling serde_json v1.0.66
[INFO] [stderr]    Compiling impl-serde v0.3.1
[INFO] [stderr]    Compiling tracing-serde v0.1.2
[INFO] [stderr]    Compiling ed25519-dalek v1.0.1
[INFO] [stderr]    Compiling schnorrkel v0.9.1
[INFO] [stderr]    Compiling hyper v0.13.10
[INFO] [stderr]    Compiling substrate-bip39 v0.4.2
[INFO] [stderr]    Compiling tracing-subscriber v0.2.19
[INFO] [stderr]    Compiling jsonrpc-core v15.1.0
[INFO] [stderr]    Compiling sp-serializer v3.0.0
[INFO] [stderr]    Compiling sp-chain-spec v3.0.0
[INFO] [stderr]    Compiling proc-macro-crate v1.0.0
[INFO] [stderr]    Compiling proc-macro-crate v0.1.5
[INFO] [stderr]    Compiling jsonrpc-pubsub v15.1.0
[INFO] [stderr]    Compiling parity-scale-codec-derive v2.2.0
[INFO] [stderr]    Compiling sp-runtime-interface-proc-macro v3.0.0
[INFO] [stderr]    Compiling multihash-derive v0.7.2
[INFO] [stderr]    Compiling sp-api-proc-macro v3.0.0
[INFO] [stderr]    Compiling jsonrpc-derive v15.1.0
[INFO] [stderr]    Compiling jsonrpc-client-transports v15.1.0
[INFO] [stderr]    Compiling jsonrpc-core-client v15.1.0
[INFO] [stderr]    Compiling substrate-prometheus-endpoint v0.9.0
[INFO] [stderr]    Compiling multihash v0.13.2
[INFO] [stderr]    Compiling parity-multiaddr v0.11.2
[INFO] [stderr]    Compiling parity-scale-codec v2.2.0
[INFO] [stderr]    Compiling impl-codec v0.5.1
[INFO] [stderr]    Compiling sp-storage v3.0.0
[INFO] [stderr]    Compiling sp-wasm-interface v3.0.0
[INFO] [stderr]    Compiling sp-tracing v3.0.0
[INFO] [stderr]    Compiling sp-arithmetic v3.0.0
[INFO] [stderr]    Compiling primitive-types v0.9.1
[INFO] [stderr]    Compiling sp-externalities v0.9.0
[INFO] [stderr]    Compiling libp2p-swarm v0.27.2
[INFO] [stderr]    Compiling parity-util-mem v0.9.0
[INFO] [stderr]    Compiling sp-runtime-interface v3.0.0
[INFO] [stderr]    Compiling memory-db v0.26.0
[INFO] [stderr]    Compiling kvdb v0.9.0
[INFO] [stderr]    Compiling libp2p v0.34.0
[INFO] [stderr]    Compiling sp-database v3.0.0
[INFO] [stderr]    Compiling sp-core v3.0.0
[INFO] [stderr]    Compiling sp-trie v3.0.0
[INFO] [stderr]    Compiling sp-keystore v0.9.0
[INFO] [stderr]    Compiling sp-inherents v3.0.0
[INFO] [stderr]    Compiling sp-allocator v3.0.0
[INFO] [stderr]    Compiling sp-rpc v3.0.0
[INFO] [stderr]    Compiling sc-executor-common v0.9.0
[INFO] [stderr]    Compiling sp-state-machine v0.9.0
[INFO] [stderr]    Compiling sc-executor-wasmi v0.9.0
[INFO] [stderr]    Compiling sp-io v3.0.0
[INFO] [stderr]    Compiling sp-application-crypto v3.0.0
[INFO] [stderr]    Compiling sp-tasks v3.0.0
[INFO] [stderr]    Compiling sp-runtime v3.0.0
[INFO] [stderr]    Compiling sp-version v3.0.0
[INFO] [stderr]    Compiling sp-api v3.0.0
[INFO] [stderr]    Compiling sp-consensus v0.9.0
[INFO] [stderr]    Compiling sc-executor v0.9.0
[INFO] [stderr]    Compiling frame-system-rpc-runtime-api v3.0.0
[INFO] [stderr]    Compiling sp-block-builder v3.0.0
[INFO] [stderr]    Compiling sp-blockchain v3.0.0
[INFO] [stderr]    Compiling sp-transaction-pool v3.0.0
[INFO] [stderr]    Compiling sc-client-api v3.0.0
[INFO] [stderr]    Compiling sc-rpc-api v0.9.0
[INFO] [stderr]    Compiling substrate-frame-rpc-system v3.0.0 (/opt/rustwide/workdir)
[INFO] [stderr]     Finished dev [unoptimized + debuginfo] target(s) in 3m 20s
[INFO] running `Command { std: "docker" "inspect" "334ad373a4d5c32f65f74417751f1f19d0fa6fab26d49f4f961fa7b86c58a70b", kill_on_drop: false }`
[INFO] running `Command { std: "docker" "rm" "-f" "334ad373a4d5c32f65f74417751f1f19d0fa6fab26d49f4f961fa7b86c58a70b", kill_on_drop: false }`
[INFO] [stdout] 334ad373a4d5c32f65f74417751f1f19d0fa6fab26d49f4f961fa7b86c58a70b
[INFO] running `Command { std: "docker" "create" "-v" "/var/lib/crater-agent-workspace/builds/worker-3/target:/opt/rustwide/target:rw,Z" "-v" "/var/lib/crater-agent-workspace/builds/worker-3/source:/opt/rustwide/workdir:ro,Z" "-v" "/var/lib/crater-agent-workspace/cargo-home:/opt/rustwide/cargo-home:ro,Z" "-v" "/var/lib/crater-agent-workspace/rustup-home:/opt/rustwide/rustup-home:ro,Z" "-e" "SOURCE_DIR=/opt/rustwide/workdir" "-e" "CARGO_TARGET_DIR=/opt/rustwide/target" "-e" "CARGO_INCREMENTAL=0" "-e" "RUST_BACKTRACE=full" "-e" "RUSTFLAGS=--cap-lints=warn" "-e" "CARGO_HOME=/opt/rustwide/cargo-home" "-e" "RUSTUP_HOME=/opt/rustwide/rustup-home" "-w" "/opt/rustwide/workdir" "-m" "1610612736" "--user" "0:0" "--network" "none" "ghcr.io/rust-lang/crates-build-env/linux@sha256:34b6a614d2c27851fe6cbf88fbd1137609cefab8b10d0615aaeb6fd47975d74e" "/opt/rustwide/cargo-home/bin/cargo" "+beta-2021-08-01" "test" "--frozen" "--no-run" "--message-format=json", kill_on_drop: false }`
[INFO] [stderr] WARNING: Your kernel does not support swap limit capabilities or the cgroup is not mounted. Memory limited without swap.
[INFO] [stdout] 4c38b9dd9501af3da05199cf6f2133e85a3ecf53efa3f2cc49f015cd1cad46f6
[INFO] running `Command { std: "docker" "start" "-a" "4c38b9dd9501af3da05199cf6f2133e85a3ecf53efa3f2cc49f015cd1cad46f6", kill_on_drop: false }`
[INFO] [stderr]    Compiling substrate-frame-rpc-system v3.0.0 (/opt/rustwide/workdir)
[INFO] [stdout] error[E0433]: failed to resolve: use of undeclared crate or module `substrate_test_runtime_client`
[INFO] [stdout]    --> src/lib.rs:291:6
[INFO] [stdout]     |
[INFO] [stdout] 291 |     use substrate_test_runtime_client::{runtime::Transfer, AccountKeyring};
[INFO] [stdout]     |         ^^^^^^^^^^^^^^^^^^^^^^^^^^^^^ use of undeclared crate or module `substrate_test_runtime_client`
[INFO] [stdout] 
[INFO] [stdout] 
[INFO] [stdout] error[E0432]: unresolved import `substrate_test_runtime_client`
[INFO] [stdout]    --> src/lib.rs:291:6
[INFO] [stdout]     |
[INFO] [stdout] 291 |     use substrate_test_runtime_client::{runtime::Transfer, AccountKeyring};
[INFO] [stdout]     |         ^^^^^^^^^^^^^^^^^^^^^^^^^^^^^ use of undeclared crate or module `substrate_test_runtime_client`
[INFO] [stdout] 
[INFO] [stdout] 
[INFO] [stdout] error[E0432]: unresolved import `sc_transaction_pool`
[INFO] [stdout]    --> src/lib.rs:292:6
[INFO] [stdout]     |
[INFO] [stdout] 292 |     use sc_transaction_pool::BasicPool;
[INFO] [stdout]     |         ^^^^^^^^^^^^^^^^^^^ use of undeclared crate or module `sc_transaction_pool`
[INFO] [stdout] 
[INFO] [stdout] 
[INFO] [stdout] error[E0433]: failed to resolve: use of undeclared crate or module `sp_tracing`
[INFO] [stdout]    --> src/lib.rs:297:3
[INFO] [stdout]     |
[INFO] [stdout] 297 |         sp_tracing::try_init_simple();
[INFO] [stdout]     |         ^^^^^^^^^^ use of undeclared crate or module `sp_tracing`
[INFO] [stdout] 
[INFO] [stdout] 
[INFO] [stdout] error[E0433]: failed to resolve: use of undeclared crate or module `substrate_test_runtime_client`
[INFO] [stdout]    --> src/lib.rs:300:25
[INFO] [stdout]     |
[INFO] [stdout] 300 |         let client = Arc::new(substrate_test_runtime_client::new());
[INFO] [stdout]     |                               ^^^^^^^^^^^^^^^^^^^^^^^^^^^^^ use of undeclared crate or module `substrate_test_runtime_client`
[INFO] [stdout] 
[INFO] [stdout] 
[INFO] [stdout] error[E0433]: failed to resolve: use of undeclared crate or module `sp_tracing`
[INFO] [stdout]    --> src/lib.rs:337:3
[INFO] [stdout]     |
[INFO] [stdout] 337 |         sp_tracing::try_init_simple();
[INFO] [stdout]     |         ^^^^^^^^^^ use of undeclared crate or module `sp_tracing`
[INFO] [stdout] 
[INFO] [stdout] 
[INFO] [stdout] error[E0433]: failed to resolve: use of undeclared crate or module `substrate_test_runtime_client`
[INFO] [stdout]    --> src/lib.rs:340:25
[INFO] [stdout]     |
[INFO] [stdout] 340 |         let client = Arc::new(substrate_test_runtime_client::new());
[INFO] [stdout]     |                               ^^^^^^^^^^^^^^^^^^^^^^^^^^^^^ use of undeclared crate or module `substrate_test_runtime_client`
[INFO] [stdout] 
[INFO] [stdout] 
[INFO] [stdout] error[E0433]: failed to resolve: use of undeclared crate or module `sp_tracing`
[INFO] [stdout]    --> src/lib.rs:361:3
[INFO] [stdout]     |
[INFO] [stdout] 361 |         sp_tracing::try_init_simple();
[INFO] [stdout]     |         ^^^^^^^^^^ use of undeclared crate or module `sp_tracing`
[INFO] [stdout] 
[INFO] [stdout] 
[INFO] [stdout] error[E0433]: failed to resolve: use of undeclared crate or module `substrate_test_runtime_client`
[INFO] [stdout]    --> src/lib.rs:364:25
[INFO] [stdout]     |
[INFO] [stdout] 364 |         let client = Arc::new(substrate_test_runtime_client::new());
[INFO] [stdout]     |                               ^^^^^^^^^^^^^^^^^^^^^^^^^^^^^ use of undeclared crate or module `substrate_test_runtime_client`
[INFO] [stdout] 
[INFO] [stdout] 
[INFO] [stdout] error[E0433]: failed to resolve: use of undeclared crate or module `sp_tracing`
[INFO] [stdout]    --> src/lib.rs:394:3
[INFO] [stdout]     |
[INFO] [stdout] 394 |         sp_tracing::try_init_simple();
[INFO] [stdout]     |         ^^^^^^^^^^ use of undeclared crate or module `sp_tracing`
[INFO] [stdout] 
[INFO] [stdout] 
[INFO] [stdout] error[E0433]: failed to resolve: use of undeclared crate or module `substrate_test_runtime_client`
[INFO] [stdout]    --> src/lib.rs:397:25
[INFO] [stdout]     |
[INFO] [stdout] 397 |         let client = Arc::new(substrate_test_runtime_client::new());
[INFO] [stdout]     |                               ^^^^^^^^^^^^^^^^^^^^^^^^^^^^^ use of undeclared crate or module `substrate_test_runtime_client`
[INFO] [stdout] 
[INFO] [stdout] 
[INFO] [stdout] error[E0422]: cannot find struct, variant or union type `Transfer` in this scope
[INFO] [stdout]    --> src/lib.rs:312:12
[INFO] [stdout]     |
[INFO] [stdout] 312 |             let t = Transfer {
[INFO] [stdout]     |                     ^^^^^^^^ not found in this scope
[INFO] [stdout] 
[INFO] [stdout] 
[INFO] [stdout] error[E0422]: cannot find struct, variant or union type `Transfer` in this scope
[INFO] [stdout]    --> src/lib.rs:376:12
[INFO] [stdout]     |
[INFO] [stdout] 376 |         let tx = Transfer {
[INFO] [stdout]     |                  ^^^^^^^^ not found in this scope
[INFO] [stdout] 
[INFO] [stdout] 
[INFO] [stdout] error[E0422]: cannot find struct, variant or union type `Transfer` in this scope
[INFO] [stdout]    --> src/lib.rs:409:12
[INFO] [stdout]     |
[INFO] [stdout] 409 |         let tx = Transfer {
[INFO] [stdout]     |                  ^^^^^^^^ not found in this scope
[INFO] [stdout] 
[INFO] [stdout] 
[INFO] [stdout] error[E0599]: no method named `clone` found for struct `std::sync::Arc<_>` in the current scope
[INFO] [stdout]    --> src/lib.rs:307:11
[INFO] [stdout]     |
[INFO] [stdout] 307 |             client.clone(),
[INFO] [stdout]     |                    ^^^^^ method not found in `std::sync::Arc<_>`
[INFO] [stdout]     |
[INFO] [stdout]     = note: `client` is a function, perhaps you wish to call it
[INFO] [stdout] 
[INFO] [stdout] 
[INFO] [stdout] error[E0599]: no method named `clone` found for struct `std::sync::Arc<_>` in the current scope
[INFO] [stdout]    --> src/lib.rs:347:11
[INFO] [stdout]     |
[INFO] [stdout] 347 |             client.clone(),
[INFO] [stdout]     |                    ^^^^^ method not found in `std::sync::Arc<_>`
[INFO] [stdout]     |
[INFO] [stdout]     = note: `client` is a function, perhaps you wish to call it
[INFO] [stdout] 
[INFO] [stdout] 
[INFO] [stdout] error[E0599]: no method named `clone` found for struct `std::sync::Arc<_>` in the current scope
[INFO] [stdout]    --> src/lib.rs:371:11
[INFO] [stdout]     |
[INFO] [stdout] 371 |             client.clone(),
[INFO] [stdout]     |                    ^^^^^ method not found in `std::sync::Arc<_>`
[INFO] [stdout]     |
[INFO] [stdout]     = note: `client` is a function, perhaps you wish to call it
[INFO] [stdout] 
[INFO] [stdout] 
[INFO] [stdout] error[E0599]: no method named `clone` found for struct `std::sync::Arc<_>` in the current scope
[INFO] [stdout]    --> src/lib.rs:404:11
[INFO] [stdout]     |
[INFO] [stdout] 404 |             client.clone(),
[INFO] [stdout]     |                    ^^^^^ method not found in `std::sync::Arc<_>`
[INFO] [stdout]     |
[INFO] [stdout]     = note: `client` is a function, perhaps you wish to call it
[INFO] [stdout] 
[INFO] [stdout] 
[INFO] [stdout] error: aborting due to 18 previous errors
[INFO] [stdout] 
[INFO] [stdout] 
[INFO] [stdout] Some errors have detailed explanations: E0422, E0432, E0433, E0599.
[INFO] [stdout] 
[INFO] [stdout] For more information about an error, try `rustc --explain E0422`.
[INFO] [stdout] 
[INFO] [stderr] error: could not compile `substrate-frame-rpc-system` due to 19 previous errors
[INFO] running `Command { std: "docker" "inspect" "4c38b9dd9501af3da05199cf6f2133e85a3ecf53efa3f2cc49f015cd1cad46f6", kill_on_drop: false }`
[INFO] running `Command { std: "docker" "rm" "-f" "4c38b9dd9501af3da05199cf6f2133e85a3ecf53efa3f2cc49f015cd1cad46f6", kill_on_drop: false }`
[INFO] [stdout] 4c38b9dd9501af3da05199cf6f2133e85a3ecf53efa3f2cc49f015cd1cad46f6
