[INFO] fetching crate stm32l1xx-hal 0.1.0...
[INFO] testing stm32l1xx-hal-0.1.0 against 1.54.0 for beta-1.55-1
[INFO] extracting crate stm32l1xx-hal 0.1.0 into /workspace/builds/worker-1/source
[INFO] validating manifest of crates.io crate stm32l1xx-hal 0.1.0 on toolchain 1.54.0
[INFO] running `Command { std: "/workspace/cargo-home/bin/cargo" "+1.54.0" "metadata" "--manifest-path" "Cargo.toml" "--no-deps", kill_on_drop: false }`
[INFO] removed /workspace/builds/worker-1/source/.cargo/config
[INFO] started tweaking crates.io crate stm32l1xx-hal 0.1.0
[INFO] finished tweaking crates.io crate stm32l1xx-hal 0.1.0
[INFO] tweaked toml for crates.io crate stm32l1xx-hal 0.1.0 written to /workspace/builds/worker-1/source/Cargo.toml
[INFO] crate crates.io crate stm32l1xx-hal 0.1.0 already has a lockfile, it will not be regenerated
[INFO] running `Command { std: "/workspace/cargo-home/bin/cargo" "+1.54.0" "fetch" "--manifest-path" "Cargo.toml", kill_on_drop: false }`
[INFO] running `Command { std: "docker" "create" "-v" "/var/lib/crater-agent-workspace/builds/worker-1/target:/opt/rustwide/target:rw,Z" "-v" "/var/lib/crater-agent-workspace/builds/worker-1/source:/opt/rustwide/workdir:ro,Z" "-v" "/var/lib/crater-agent-workspace/cargo-home:/opt/rustwide/cargo-home:ro,Z" "-v" "/var/lib/crater-agent-workspace/rustup-home:/opt/rustwide/rustup-home:ro,Z" "-e" "SOURCE_DIR=/opt/rustwide/workdir" "-e" "CARGO_TARGET_DIR=/opt/rustwide/target" "-e" "CARGO_HOME=/opt/rustwide/cargo-home" "-e" "RUSTUP_HOME=/opt/rustwide/rustup-home" "-w" "/opt/rustwide/workdir" "-m" "1610612736" "--user" "0:0" "--network" "none" "ghcr.io/rust-lang/crates-build-env/linux@sha256:34b6a614d2c27851fe6cbf88fbd1137609cefab8b10d0615aaeb6fd47975d74e" "/opt/rustwide/cargo-home/bin/cargo" "+1.54.0" "metadata" "--no-deps" "--format-version=1", kill_on_drop: false }`
[INFO] [stdout] 439d4cc9a799a25bdf9d60375fd2b9e3ebb03f18de5254324a7f642c3de6d762
[INFO] [stderr] WARNING: Your kernel does not support swap limit capabilities or the cgroup is not mounted. Memory limited without swap.
[INFO] running `Command { std: "docker" "start" "-a" "439d4cc9a799a25bdf9d60375fd2b9e3ebb03f18de5254324a7f642c3de6d762", kill_on_drop: false }`
[INFO] running `Command { std: "docker" "inspect" "439d4cc9a799a25bdf9d60375fd2b9e3ebb03f18de5254324a7f642c3de6d762", kill_on_drop: false }`
[INFO] running `Command { std: "docker" "rm" "-f" "439d4cc9a799a25bdf9d60375fd2b9e3ebb03f18de5254324a7f642c3de6d762", kill_on_drop: false }`
[INFO] [stdout] 439d4cc9a799a25bdf9d60375fd2b9e3ebb03f18de5254324a7f642c3de6d762
[INFO] running `Command { std: "docker" "create" "-v" "/var/lib/crater-agent-workspace/builds/worker-1/target:/opt/rustwide/target:rw,Z" "-v" "/var/lib/crater-agent-workspace/builds/worker-1/source:/opt/rustwide/workdir:ro,Z" "-v" "/var/lib/crater-agent-workspace/cargo-home:/opt/rustwide/cargo-home:ro,Z" "-v" "/var/lib/crater-agent-workspace/rustup-home:/opt/rustwide/rustup-home:ro,Z" "-e" "SOURCE_DIR=/opt/rustwide/workdir" "-e" "CARGO_TARGET_DIR=/opt/rustwide/target" "-e" "CARGO_INCREMENTAL=0" "-e" "RUST_BACKTRACE=full" "-e" "RUSTFLAGS=--cap-lints=warn" "-e" "CARGO_HOME=/opt/rustwide/cargo-home" "-e" "RUSTUP_HOME=/opt/rustwide/rustup-home" "-w" "/opt/rustwide/workdir" "-m" "1610612736" "--user" "0:0" "--network" "none" "ghcr.io/rust-lang/crates-build-env/linux@sha256:34b6a614d2c27851fe6cbf88fbd1137609cefab8b10d0615aaeb6fd47975d74e" "/opt/rustwide/cargo-home/bin/cargo" "+1.54.0" "build" "--frozen" "--message-format=json", kill_on_drop: false }`
[INFO] [stderr] WARNING: Your kernel does not support swap limit capabilities or the cgroup is not mounted. Memory limited without swap.
[INFO] [stdout] 9541d42cb73aae8da2d2871c1fd150273a459b706ed426e23d32048e0d152cee
[INFO] running `Command { std: "docker" "start" "-a" "9541d42cb73aae8da2d2871c1fd150273a459b706ed426e23d32048e0d152cee", kill_on_drop: false }`
[INFO] [stderr]     Blocking waiting for file lock on package cache
[INFO] [stderr]    Compiling proc-macro2 v0.4.24
[INFO] [stderr]    Compiling rand_core v0.3.0
[INFO] [stderr]    Compiling vcell v0.1.0
[INFO] [stderr]    Compiling cortex-m v0.5.8
[INFO] [stderr]    Compiling cortex-m-rt v0.6.7
[INFO] [stderr]    Compiling stm32l1 v0.5.0
[INFO] [stderr]    Compiling r0 v0.2.2
[INFO] [stderr]    Compiling aligned v0.2.0
[INFO] [stderr]    Compiling void v1.0.2
[INFO] [stderr]    Compiling nb v0.1.1
[INFO] [stderr]    Compiling cast v0.2.2
[INFO] [stderr]    Compiling bare-metal v0.2.4
[INFO] [stderr]    Compiling volatile-register v0.2.0
[INFO] [stderr]    Compiling embedded-hal v0.2.3
[INFO] [stderr]    Compiling rand_core v0.2.2
[INFO] [stderr]    Compiling rand v0.5.5
[INFO] [stderr]    Compiling quote v0.6.10
[INFO] [stderr]    Compiling syn v0.15.23
[INFO] [stderr]    Compiling cortex-m-rt-macros v0.1.5
[INFO] [stderr]    Compiling stm32l1xx-hal v0.1.0 (/opt/rustwide/workdir)
[INFO] [stderr]     Finished dev [unoptimized + debuginfo] target(s) in 26.56s
[INFO] running `Command { std: "docker" "inspect" "9541d42cb73aae8da2d2871c1fd150273a459b706ed426e23d32048e0d152cee", kill_on_drop: false }`
[INFO] running `Command { std: "docker" "rm" "-f" "9541d42cb73aae8da2d2871c1fd150273a459b706ed426e23d32048e0d152cee", kill_on_drop: false }`
[INFO] [stdout] 9541d42cb73aae8da2d2871c1fd150273a459b706ed426e23d32048e0d152cee
[INFO] running `Command { std: "docker" "create" "-v" "/var/lib/crater-agent-workspace/builds/worker-1/target:/opt/rustwide/target:rw,Z" "-v" "/var/lib/crater-agent-workspace/builds/worker-1/source:/opt/rustwide/workdir:ro,Z" "-v" "/var/lib/crater-agent-workspace/cargo-home:/opt/rustwide/cargo-home:ro,Z" "-v" "/var/lib/crater-agent-workspace/rustup-home:/opt/rustwide/rustup-home:ro,Z" "-e" "SOURCE_DIR=/opt/rustwide/workdir" "-e" "CARGO_TARGET_DIR=/opt/rustwide/target" "-e" "CARGO_INCREMENTAL=0" "-e" "RUST_BACKTRACE=full" "-e" "RUSTFLAGS=--cap-lints=warn" "-e" "CARGO_HOME=/opt/rustwide/cargo-home" "-e" "RUSTUP_HOME=/opt/rustwide/rustup-home" "-w" "/opt/rustwide/workdir" "-m" "1610612736" "--user" "0:0" "--network" "none" "ghcr.io/rust-lang/crates-build-env/linux@sha256:34b6a614d2c27851fe6cbf88fbd1137609cefab8b10d0615aaeb6fd47975d74e" "/opt/rustwide/cargo-home/bin/cargo" "+1.54.0" "test" "--frozen" "--no-run" "--message-format=json", kill_on_drop: false }`
[INFO] [stderr] WARNING: Your kernel does not support swap limit capabilities or the cgroup is not mounted. Memory limited without swap.
[INFO] [stdout] c2debc2a964b4bf66b7b1838beb42f5dd57795e47fb1d792ce8c7de0a58479ad
[INFO] running `Command { std: "docker" "start" "-a" "c2debc2a964b4bf66b7b1838beb42f5dd57795e47fb1d792ce8c7de0a58479ad", kill_on_drop: false }`
[INFO] [stderr]    Compiling typenum v1.10.0
[INFO] [stderr]    Compiling cortex-m-semihosting v0.3.2
[INFO] [stderr]    Compiling byteorder v1.2.7
[INFO] [stderr]    Compiling cortex-m-rtfm v0.4.2
[INFO] [stderr]    Compiling stable_deref_trait v1.1.1
[INFO] [stderr]    Compiling owned-singleton-macros v0.1.0
[INFO] [stderr]    Compiling cortex-m-rtfm-macros v0.4.2
[INFO] [stderr]    Compiling hash32 v0.1.0
[INFO] [stderr]    Compiling panic-semihosting v0.5.1
[INFO] [stderr]    Compiling owned-singleton v0.1.0
[INFO] [stderr]    Compiling generic-array v0.11.1
[INFO] [stderr]    Compiling heapless v0.4.1
[INFO] [stderr]    Compiling stm32l1xx-hal v0.1.0 (/opt/rustwide/workdir)
[INFO] [stdout] error: language item required, but not found: `eh_personality`
[INFO] [stdout] 
[INFO] [stdout] 
[INFO] [stdout] error: aborting due to previous error
[INFO] [stdout] 
[INFO] [stdout] 
[INFO] [stdout] error: language item required, but not found: `eh_personality`
[INFO] [stdout] 
[INFO] [stdout] 
[INFO] [stderr] error: could not compile `stm32l1xx-hal`
[INFO] [stderr] 
[INFO] [stderr] To learn more, run the command again with --verbose.
[INFO] [stderr] warning: build failed, waiting for other jobs to finish...
[INFO] [stdout] error: aborting due to previous error
[INFO] [stdout] 
[INFO] [stdout] 
[INFO] [stdout] error: language item required, but not found: `eh_personality`
[INFO] [stdout] 
[INFO] [stdout] 
[INFO] [stdout] error: language item required, but not found: `eh_personality`
[INFO] [stdout] 
[INFO] [stdout] 
[INFO] [stdout] error: aborting due to previous error
[INFO] [stdout] 
[INFO] [stdout] 
[INFO] [stdout] error: language item required, but not found: `eh_personality`
[INFO] [stdout] 
[INFO] [stdout] 
[INFO] [stdout] error: aborting due to previous error
[INFO] [stdout] 
[INFO] [stdout] 
[INFO] [stdout] warning: unused import: `spi`
[INFO] [stdout]   --> examples/touch.rs:13:11
[INFO] [stdout]    |
[INFO] [stdout] 13 | use hal::{spi, stm32};
[INFO] [stdout]    |           ^^^
[INFO] [stdout]    |
[INFO] [stdout]    = note: `#[warn(unused_imports)]` on by default
[INFO] [stdout] 
[INFO] [stdout] 
[INFO] [stdout] error: language item required, but not found: `eh_personality`
[INFO] [stdout] 
[INFO] [stdout] 
[INFO] [stdout] error: language item required, but not found: `eh_personality`
[INFO] [stdout] 
[INFO] [stdout] 
[INFO] [stdout] error: aborting due to previous error; 1 warning emitted
[INFO] [stdout] 
[INFO] [stdout] 
[INFO] [stdout] error: language item required, but not found: `eh_personality`
[INFO] [stdout] 
[INFO] [stdout] 
[INFO] [stdout] error: aborting due to previous error
[INFO] [stdout] 
[INFO] [stdout] 
[INFO] [stdout] error: language item required, but not found: `eh_personality`
[INFO] [stdout] 
[INFO] [stdout] 
[INFO] [stdout] error: aborting due to previous error
[INFO] [stdout] 
[INFO] [stdout] 
[INFO] [stdout] error: language item required, but not found: `eh_personality`
[INFO] [stdout] 
[INFO] [stdout] 
[INFO] [stdout] error: aborting due to previous error
[INFO] [stdout] 
[INFO] [stdout] 
[INFO] [stdout] error: language item required, but not found: `eh_personality`
[INFO] [stdout] 
[INFO] [stdout] 
[INFO] [stdout] error: language item required, but not found: `eh_personality`
[INFO] [stdout] 
[INFO] [stdout] 
[INFO] [stdout] error: language item required, but not found: `eh_personality`
[INFO] [stdout] 
[INFO] [stdout] 
[INFO] [stdout] error: aborting due to previous error
[INFO] [stdout] 
[INFO] [stdout] 
[INFO] [stdout] error: language item required, but not found: `eh_personality`
[INFO] [stdout] 
[INFO] [stdout] 
[INFO] [stdout] error: aborting due to previous error
[INFO] [stdout] 
[INFO] [stdout] 
[INFO] [stdout] error: language item required, but not found: `eh_personality`
[INFO] [stdout] 
[INFO] [stdout] 
[INFO] [stdout] error: aborting due to previous error
[INFO] [stdout] 
[INFO] [stdout] 
[INFO] [stdout] error[E0599]: no method named `is_high` found for struct `PA0` in the current scope
[INFO] [stdout]    --> examples/button.rs:31:19
[INFO] [stdout]     |
[INFO] [stdout] 31  |         if button.is_high() {
[INFO] [stdout]     |                   ^^^^^^^ method not found in `PA0<Input<PullUp>>`
[INFO] [stdout]     | 
[INFO] [stdout]    ::: /opt/rustwide/cargo-home/registry/src/github.com-1ecc6299db9ec823/embedded-hal-0.2.3/src/digital/v2.rs:134:8
[INFO] [stdout]     |
[INFO] [stdout] 134 |     fn is_high(&self) -> Result<bool, Self::Error>;
[INFO] [stdout]     |        ------- the method is available for `PA0<Input<PullUp>>` here
[INFO] [stdout]     |
[INFO] [stdout]     = help: items from traits can only be used if the trait is in scope
[INFO] [stdout] help: the following trait is implemented but not in scope; perhaps add a `use` for it:
[INFO] [stdout]     |
[INFO] [stdout] 11  | use crate::hal::embedded_hal::digital::v2::InputPin;
[INFO] [stdout]     |
[INFO] [stdout] 
[INFO] [stdout] 
[INFO] [stdout] error[E0599]: no method named `set_high` found for struct `PB6` in the current scope
[INFO] [stdout]   --> examples/button.rs:32:17
[INFO] [stdout]    |
[INFO] [stdout] 32 |             led.set_high();
[INFO] [stdout]    |                 ^^^^^^^^ method not found in `PB6<Output<PushPull>>`
[INFO] [stdout]    | 
[INFO] [stdout]   ::: /opt/rustwide/cargo-home/registry/src/github.com-1ecc6299db9ec823/embedded-hal-0.2.3/src/digital/v2.rs:20:8
[INFO] [stdout]    |
[INFO] [stdout] 20 |     fn set_high(&mut self) -> Result<(), Self::Error>;
[INFO] [stdout]    |        -------- the method is available for `PB6<Output<PushPull>>` here
[INFO] [stdout]    |
[INFO] [stdout]    = help: items from traits can only be used if the trait is in scope
[INFO] [stdout] help: the following trait is implemented but not in scope; perhaps add a `use` for it:
[INFO] [stdout]    |
[INFO] [stdout] 11 | use crate::hal::embedded_hal::digital::v2::OutputPin;
[INFO] [stdout]    |
[INFO] [stdout] 
[INFO] [stdout] 
[INFO] [stdout] error[E0599]: no method named `set_low` found for struct `PB6` in the current scope
[INFO] [stdout]   --> examples/button.rs:35:17
[INFO] [stdout]    |
[INFO] [stdout] 35 |             led.set_low();
[INFO] [stdout]    |                 ^^^^^^^ method not found in `PB6<Output<PushPull>>`
[INFO] [stdout]    | 
[INFO] [stdout]   ::: /opt/rustwide/cargo-home/registry/src/github.com-1ecc6299db9ec823/embedded-hal-0.2.3/src/digital/v2.rs:14:8
[INFO] [stdout]    |
[INFO] [stdout] 14 |     fn set_low(&mut self) -> Result<(), Self::Error>;
[INFO] [stdout]    |        ------- the method is available for `PB6<Output<PushPull>>` here
[INFO] [stdout]    |
[INFO] [stdout]    = help: items from traits can only be used if the trait is in scope
[INFO] [stdout] help: the following trait is implemented but not in scope; perhaps add a `use` for it:
[INFO] [stdout]    |
[INFO] [stdout] 11 | use crate::hal::embedded_hal::digital::v2::OutputPin;
[INFO] [stdout]    |
[INFO] [stdout] 
[INFO] [stdout] 
[INFO] [stdout] error: aborting due to 4 previous errors
[INFO] [stdout] 
[INFO] [stdout] 
[INFO] [stdout] For more information about this error, try `rustc --explain E0599`.
[INFO] [stdout] 
[INFO] [stdout] error[E0599]: no method named `set_high` found for struct `PB7` in the current scope
[INFO] [stdout]   --> examples/blinky.rs:23:17
[INFO] [stdout]    |
[INFO] [stdout] 23 |             led.set_high();
[INFO] [stdout]    |                 ^^^^^^^^ method not found in `PB7<Output<PushPull>>`
[INFO] [stdout]    | 
[INFO] [stdout]   ::: /opt/rustwide/cargo-home/registry/src/github.com-1ecc6299db9ec823/embedded-hal-0.2.3/src/digital/v2.rs:20:8
[INFO] [stdout]    |
[INFO] [stdout] 20 |     fn set_high(&mut self) -> Result<(), Self::Error>;
[INFO] [stdout]    |        -------- the method is available for `PB7<Output<PushPull>>` here
[INFO] [stdout]    |
[INFO] [stdout]    = help: items from traits can only be used if the trait is in scope
[INFO] [stdout] help: the following trait is implemented but not in scope; perhaps add a `use` for it:
[INFO] [stdout]    |
[INFO] [stdout] 10 | use crate::hal::embedded_hal::digital::v2::OutputPin;
[INFO] [stdout]    |
[INFO] [stdout] 
[INFO] [stdout] 
[INFO] [stdout] error[E0599]: no method named `set_low` found for struct `PB7` in the current scope
[INFO] [stdout]   --> examples/blinky.rs:26:17
[INFO] [stdout]    |
[INFO] [stdout] 26 |             led.set_low();
[INFO] [stdout]    |                 ^^^^^^^ method not found in `PB7<Output<PushPull>>`
[INFO] [stdout]    | 
[INFO] [stdout]   ::: /opt/rustwide/cargo-home/registry/src/github.com-1ecc6299db9ec823/embedded-hal-0.2.3/src/digital/v2.rs:14:8
[INFO] [stdout]    |
[INFO] [stdout] 14 |     fn set_low(&mut self) -> Result<(), Self::Error>;
[INFO] [stdout]    |        ------- the method is available for `PB7<Output<PushPull>>` here
[INFO] [stdout]    |
[INFO] [stdout]    = help: items from traits can only be used if the trait is in scope
[INFO] [stdout] help: the following trait is implemented but not in scope; perhaps add a `use` for it:
[INFO] [stdout]    |
[INFO] [stdout] 10 | use crate::hal::embedded_hal::digital::v2::OutputPin;
[INFO] [stdout]    |
[INFO] [stdout] 
[INFO] [stdout] 
[INFO] [stdout] error: aborting due to 3 previous errors
[INFO] [stdout] 
[INFO] [stdout] 
[INFO] [stdout] For more information about this error, try `rustc --explain E0599`.
[INFO] [stdout] 
[INFO] [stdout] error[E0599]: the method `toggle` exists for struct `PB6<Output<PushPull>>`, but its trait bounds were not satisfied
[INFO] [stdout]    --> examples/blinky_timer.rs:30:13
[INFO] [stdout]     |
[INFO] [stdout] 30  |           led.toggle();
[INFO] [stdout]     |               ^^^^^^ method cannot be called on `PB6<Output<PushPull>>` due to unsatisfied trait bounds
[INFO] [stdout]     | 
[INFO] [stdout]    ::: /opt/rustwide/workdir/src/gpio.rs:420:1
[INFO] [stdout]     |
[INFO] [stdout] 420 | / gpio!(GPIOB, gpiob, gpiopben, PB, [
[INFO] [stdout] 421 | |     PB0: (pb0, 0, Input<Floating>),
[INFO] [stdout] 422 | |     PB1: (pb1, 1, Input<Floating>),
[INFO] [stdout] 423 | |     PB2: (pb2, 2, Input<Floating>),
[INFO] [stdout] ...   |
[INFO] [stdout] 436 | |     PB15: (pb15, 15, Input<Floating>),
[INFO] [stdout] 437 | | ]);
[INFO] [stdout]     | |   -
[INFO] [stdout]     | |   |
[INFO] [stdout]     | |___doesn't satisfy `_: hal::embedded_hal::digital::toggleable::Default`
[INFO] [stdout]     |     doesn't satisfy `_: hal::prelude::_embedded_hal_digital_ToggleableOutputPin`
[INFO] [stdout]     |
[INFO] [stdout]     = note: the following trait bounds were not satisfied:
[INFO] [stdout]             `PB6<Output<PushPull>>: hal::embedded_hal::digital::toggleable::Default`
[INFO] [stdout]             which is required by `PB6<Output<PushPull>>: hal::prelude::_embedded_hal_digital_ToggleableOutputPin`
[INFO] [stdout]     = help: items from traits can only be used if the trait is in scope
[INFO] [stdout] help: the following trait is implemented but not in scope; perhaps add a `use` for it:
[INFO] [stdout]     |
[INFO] [stdout] 12  | use crate::hal::embedded_hal::digital::v2::ToggleableOutputPin;
[INFO] [stdout]     |
[INFO] [stdout] 
[INFO] [stdout] 
[INFO] [stdout] error: aborting due to 2 previous errors
[INFO] [stdout] 
[INFO] [stdout] 
[INFO] [stdout] For more information about this error, try `rustc --explain E0599`.
[INFO] [stdout] 
[INFO] [stdout] error[E0599]: no method named `usart` found for struct `hal::stm32::USART3` in the current scope
[INFO] [stdout]    --> examples/serial.rs:32:10
[INFO] [stdout]     |
[INFO] [stdout] 32  |         .usart((tx, rx), serial::Config::default(), &mut rcc)
[INFO] [stdout]     |          ^^^^^ method not found in `hal::stm32::USART3`
[INFO] [stdout]     | 
[INFO] [stdout]    ::: /opt/rustwide/workdir/src/serial.rs:166:8
[INFO] [stdout]     |
[INFO] [stdout] 166 |     fn usart(
[INFO] [stdout]     |        ----- the method is available for `hal::stm32::USART3` here
[INFO] [stdout]     |
[INFO] [stdout]     = help: items from traits can only be used if the trait is in scope
[INFO] [stdout] help: the following trait is implemented but not in scope; perhaps add a `use` for it:
[INFO] [stdout]     |
[INFO] [stdout] 12  | use crate::hal::serial::SerialExt;
[INFO] [stdout]     |
[INFO] [stdout] 
[INFO] [stdout] 
[INFO] [stdout] warning: unused import: `core::fmt::Write`
[INFO] [stdout]   --> examples/serial.rs:12:5
[INFO] [stdout]    |
[INFO] [stdout] 12 | use core::fmt::Write;
[INFO] [stdout]    |     ^^^^^^^^^^^^^^^^
[INFO] [stdout]    |
[INFO] [stdout] note: the lint level is defined here
[INFO] [stdout]   --> examples/serial.rs:1:9
[INFO] [stdout]    |
[INFO] [stdout] 1  | #![deny(warnings)]
[INFO] [stdout]    |         ^^^^^^^^
[INFO] [stdout]    = note: `#[warn(unused_imports)]` implied by `#[warn(warnings)]`
[INFO] [stdout] 
[INFO] [stdout] 
[INFO] [stdout] error: aborting due to 2 previous errors; 1 warning emitted
[INFO] [stdout] 
[INFO] [stdout] 
[INFO] [stdout] For more information about this error, try `rustc --explain E0599`.
[INFO] [stdout] 
[INFO] [stderr] error: build failed
[INFO] running `Command { std: "docker" "inspect" "c2debc2a964b4bf66b7b1838beb42f5dd57795e47fb1d792ce8c7de0a58479ad", kill_on_drop: false }`
[INFO] running `Command { std: "docker" "rm" "-f" "c2debc2a964b4bf66b7b1838beb42f5dd57795e47fb1d792ce8c7de0a58479ad", kill_on_drop: false }`
[INFO] [stdout] c2debc2a964b4bf66b7b1838beb42f5dd57795e47fb1d792ce8c7de0a58479ad
