[INFO] fetching crate stm32f105xx 0.1.0...
[INFO] testing stm32f105xx-0.1.0 against beta-2021-08-01 for beta-1.55-1
[INFO] extracting crate stm32f105xx 0.1.0 into /workspace/builds/worker-6/source
[INFO] validating manifest of crates.io crate stm32f105xx 0.1.0 on toolchain beta-2021-08-01
[INFO] running `Command { std: "/workspace/cargo-home/bin/cargo" "+beta-2021-08-01" "metadata" "--manifest-path" "Cargo.toml" "--no-deps", kill_on_drop: false }`
[INFO] started tweaking crates.io crate stm32f105xx 0.1.0
[INFO] finished tweaking crates.io crate stm32f105xx 0.1.0
[INFO] tweaked toml for crates.io crate stm32f105xx 0.1.0 written to /workspace/builds/worker-6/source/Cargo.toml
[INFO] running `Command { std: "/workspace/cargo-home/bin/cargo" "+beta-2021-08-01" "generate-lockfile" "--manifest-path" "Cargo.toml" "-Zno-index-update", kill_on_drop: false }`
[INFO] running `Command { std: "/workspace/cargo-home/bin/cargo" "+beta-2021-08-01" "fetch" "--manifest-path" "Cargo.toml", kill_on_drop: false }`
[INFO] running `Command { std: "docker" "create" "-v" "/var/lib/crater-agent-workspace/builds/worker-6/target:/opt/rustwide/target:rw,Z" "-v" "/var/lib/crater-agent-workspace/builds/worker-6/source:/opt/rustwide/workdir:ro,Z" "-v" "/var/lib/crater-agent-workspace/cargo-home:/opt/rustwide/cargo-home:ro,Z" "-v" "/var/lib/crater-agent-workspace/rustup-home:/opt/rustwide/rustup-home:ro,Z" "-e" "SOURCE_DIR=/opt/rustwide/workdir" "-e" "CARGO_TARGET_DIR=/opt/rustwide/target" "-e" "CARGO_HOME=/opt/rustwide/cargo-home" "-e" "RUSTUP_HOME=/opt/rustwide/rustup-home" "-w" "/opt/rustwide/workdir" "-m" "1610612736" "--user" "0:0" "--network" "none" "ghcr.io/rust-lang/crates-build-env/linux@sha256:34b6a614d2c27851fe6cbf88fbd1137609cefab8b10d0615aaeb6fd47975d74e" "/opt/rustwide/cargo-home/bin/cargo" "+beta-2021-08-01" "metadata" "--no-deps" "--format-version=1", kill_on_drop: false }`
[INFO] [stderr] WARNING: Your kernel does not support swap limit capabilities or the cgroup is not mounted. Memory limited without swap.
[INFO] [stdout] e02cabfb7b6e0e0e4e783d3456b885c0f224b838b4c540cee68d52e05db7a0e0
[INFO] running `Command { std: "docker" "start" "-a" "e02cabfb7b6e0e0e4e783d3456b885c0f224b838b4c540cee68d52e05db7a0e0", kill_on_drop: false }`
[INFO] running `Command { std: "docker" "inspect" "e02cabfb7b6e0e0e4e783d3456b885c0f224b838b4c540cee68d52e05db7a0e0", kill_on_drop: false }`
[INFO] running `Command { std: "docker" "rm" "-f" "e02cabfb7b6e0e0e4e783d3456b885c0f224b838b4c540cee68d52e05db7a0e0", kill_on_drop: false }`
[INFO] [stdout] e02cabfb7b6e0e0e4e783d3456b885c0f224b838b4c540cee68d52e05db7a0e0
[INFO] running `Command { std: "docker" "create" "-v" "/var/lib/crater-agent-workspace/builds/worker-6/target:/opt/rustwide/target:rw,Z" "-v" "/var/lib/crater-agent-workspace/builds/worker-6/source:/opt/rustwide/workdir:ro,Z" "-v" "/var/lib/crater-agent-workspace/cargo-home:/opt/rustwide/cargo-home:ro,Z" "-v" "/var/lib/crater-agent-workspace/rustup-home:/opt/rustwide/rustup-home:ro,Z" "-e" "SOURCE_DIR=/opt/rustwide/workdir" "-e" "CARGO_TARGET_DIR=/opt/rustwide/target" "-e" "CARGO_INCREMENTAL=0" "-e" "RUST_BACKTRACE=full" "-e" "RUSTFLAGS=--cap-lints=warn" "-e" "CARGO_HOME=/opt/rustwide/cargo-home" "-e" "RUSTUP_HOME=/opt/rustwide/rustup-home" "-w" "/opt/rustwide/workdir" "-m" "1610612736" "--user" "0:0" "--network" "none" "ghcr.io/rust-lang/crates-build-env/linux@sha256:34b6a614d2c27851fe6cbf88fbd1137609cefab8b10d0615aaeb6fd47975d74e" "/opt/rustwide/cargo-home/bin/cargo" "+beta-2021-08-01" "build" "--frozen" "--message-format=json", kill_on_drop: false }`
[INFO] [stderr] WARNING: Your kernel does not support swap limit capabilities or the cgroup is not mounted. Memory limited without swap.
[INFO] [stdout] 678c07e9707cf8f3aa11bca2a2107519572c271a9eceac1bf35cb43bef11cce5
[INFO] running `Command { std: "docker" "start" "-a" "678c07e9707cf8f3aa11bca2a2107519572c271a9eceac1bf35cb43bef11cce5", kill_on_drop: false }`
[INFO] [stderr]    Compiling aligned v0.1.2
[INFO] [stderr]    Compiling untagged-option v0.1.1
[INFO] [stderr]    Compiling bare-metal v0.1.3
[INFO] [stdout] error[E0557]: feature has been removed
[INFO] [stdout]  --> /opt/rustwide/cargo-home/registry/src/github.com-1ecc6299db9ec823/bare-metal-0.1.3/src/lib.rs:5:43
[INFO] [stdout]   |
[INFO] [stdout] 5 | #![cfg_attr(feature = "const-fn", feature(const_fn))]
[INFO] [stdout]   |                                           ^^^^^^^^ feature has been removed
[INFO] [stdout]   |
[INFO] [stdout]   = note: split into finer-grained feature gates
[INFO] [stdout] 
[INFO] [stdout] 
[INFO] [stdout] error[E0554]: `#![feature]` may not be used on the beta release channel
[INFO] [stdout]  --> /opt/rustwide/cargo-home/registry/src/github.com-1ecc6299db9ec823/bare-metal-0.1.3/src/lib.rs:5:35
[INFO] [stdout]   |
[INFO] [stdout] 5 | #![cfg_attr(feature = "const-fn", feature(const_fn))]
[INFO] [stdout]   |                                   ^^^^^^^^^^^^^^^^^
[INFO] [stdout] 
[INFO] [stdout] 
[INFO] [stdout] error[E0557]: feature has been removed
[INFO] [stdout]   --> /opt/rustwide/cargo-home/registry/src/github.com-1ecc6299db9ec823/aligned-0.1.2/src/lib.rs:32:43
[INFO] [stdout]    |
[INFO] [stdout] 32 | #![cfg_attr(feature = "const-fn", feature(const_fn))]
[INFO] [stdout]    |                                           ^^^^^^^^ feature has been removed
[INFO] [stdout]    |
[INFO] [stdout]    = note: split into finer-grained feature gates
[INFO] [stdout] 
[INFO] [stdout] 
[INFO] [stdout] error: aborting due to 2 previous errors
[INFO] [stdout] 
[INFO] [stdout] 
[INFO] [stdout] Some errors have detailed explanations: E0554, E0557.
[INFO] [stdout] 
[INFO] [stdout] For more information about an error, try `rustc --explain E0554`.
[INFO] [stdout] 
[INFO] [stderr] error: could not compile `bare-metal` due to 3 previous errors
[INFO] [stderr] warning: build failed, waiting for other jobs to finish...
[INFO] [stdout] error[E0554]: `#![feature]` may not be used on the beta release channel
[INFO] [stdout]   --> /opt/rustwide/cargo-home/registry/src/github.com-1ecc6299db9ec823/aligned-0.1.2/src/lib.rs:32:35
[INFO] [stdout]    |
[INFO] [stdout] 32 | #![cfg_attr(feature = "const-fn", feature(const_fn))]
[INFO] [stdout]    |                                   ^^^^^^^^^^^^^^^^^
[INFO] [stdout] 
[INFO] [stdout] 
[INFO] [stdout] error[E0557]: feature has been removed
[INFO] [stdout]  --> /opt/rustwide/cargo-home/registry/src/github.com-1ecc6299db9ec823/untagged-option-0.1.1/src/lib.rs:5:29
[INFO] [stdout]   |
[INFO] [stdout] 5 | #![feature(untagged_unions, const_fn)]
[INFO] [stdout]   |                             ^^^^^^^^ feature has been removed
[INFO] [stdout]   |
[INFO] [stdout]   = note: split into finer-grained feature gates
[INFO] [stdout] 
[INFO] [stdout] 
[INFO] [stdout] error[E0554]: `#![feature]` may not be used on the beta release channel
[INFO] [stdout]  --> /opt/rustwide/cargo-home/registry/src/github.com-1ecc6299db9ec823/untagged-option-0.1.1/src/lib.rs:5:1
[INFO] [stdout]   |
[INFO] [stdout] 5 | #![feature(untagged_unions, const_fn)]
[INFO] [stdout]   | ^^^^^^^^^^^^^^^^^^^^^^^^^^^^^^^^^^^^^^
[INFO] [stdout] 
[INFO] [stdout] 
[INFO] [stdout] error[E0740]: unions may not contain fields that need dropping
[INFO] [stdout]   --> /opt/rustwide/cargo-home/registry/src/github.com-1ecc6299db9ec823/untagged-option-0.1.1/src/lib.rs:53:5
[INFO] [stdout]    |
[INFO] [stdout] 53 |     pub some: T,
[INFO] [stdout]    |     ^^^^^^^^^^^
[INFO] [stdout]    |
[INFO] [stdout] note: `std::mem::ManuallyDrop` can be used to wrap the type
[INFO] [stdout]   --> /opt/rustwide/cargo-home/registry/src/github.com-1ecc6299db9ec823/untagged-option-0.1.1/src/lib.rs:53:5
[INFO] [stdout]    |
[INFO] [stdout] 53 |     pub some: T,
[INFO] [stdout]    |     ^^^^^^^^^^^
[INFO] [stdout] 
[INFO] [stdout] 
[INFO] [stdout] error: aborting due to 3 previous errors
[INFO] [stdout] 
[INFO] [stdout] 
[INFO] [stdout] Some errors have detailed explanations: E0554, E0557, E0740.
[INFO] [stdout] 
[INFO] [stdout] For more information about an error, try `rustc --explain E0554`.
[INFO] [stdout] 
[INFO] [stdout] error: aborting due to 2 previous errors
[INFO] [stdout] 
[INFO] [stdout] 
[INFO] [stdout] Some errors have detailed explanations: E0554, E0557.
[INFO] [stdout] 
[INFO] [stdout] For more information about an error, try `rustc --explain E0554`.
[INFO] [stdout] 
[INFO] [stderr] error: build failed
[INFO] running `Command { std: "docker" "inspect" "678c07e9707cf8f3aa11bca2a2107519572c271a9eceac1bf35cb43bef11cce5", kill_on_drop: false }`
[INFO] running `Command { std: "docker" "rm" "-f" "678c07e9707cf8f3aa11bca2a2107519572c271a9eceac1bf35cb43bef11cce5", kill_on_drop: false }`
[INFO] [stdout] 678c07e9707cf8f3aa11bca2a2107519572c271a9eceac1bf35cb43bef11cce5
