[INFO] fetching crate stellar-federation 0.2.0...
[INFO] testing stellar-federation-0.2.0 against beta-2021-08-01 for beta-1.55-1
[INFO] extracting crate stellar-federation 0.2.0 into /workspace/builds/worker-70/source
[INFO] validating manifest of crates.io crate stellar-federation 0.2.0 on toolchain beta-2021-08-01
[INFO] running `Command { std: "/workspace/cargo-home/bin/cargo" "+beta-2021-08-01" "metadata" "--manifest-path" "Cargo.toml" "--no-deps", kill_on_drop: false }`
[INFO] started tweaking crates.io crate stellar-federation 0.2.0
[INFO] finished tweaking crates.io crate stellar-federation 0.2.0
[INFO] tweaked toml for crates.io crate stellar-federation 0.2.0 written to /workspace/builds/worker-70/source/Cargo.toml
[INFO] running `Command { std: "/workspace/cargo-home/bin/cargo" "+beta-2021-08-01" "generate-lockfile" "--manifest-path" "Cargo.toml" "-Zno-index-update", kill_on_drop: false }`
[INFO] [stderr]     Blocking waiting for file lock on package cache
[INFO] running `Command { std: "/workspace/cargo-home/bin/cargo" "+beta-2021-08-01" "fetch" "--manifest-path" "Cargo.toml", kill_on_drop: false }`
[INFO] [stderr]     Blocking waiting for file lock on package cache
[INFO] [stderr]     Blocking waiting for file lock on package cache
[INFO] [stderr]  Downloading crates ...
[INFO] [stderr]   Downloaded stellar-toml v0.3.0
[INFO] running `Command { std: "docker" "create" "-v" "/var/lib/crater-agent-workspace/builds/worker-70/target:/opt/rustwide/target:rw,Z" "-v" "/var/lib/crater-agent-workspace/builds/worker-70/source:/opt/rustwide/workdir:ro,Z" "-v" "/var/lib/crater-agent-workspace/cargo-home:/opt/rustwide/cargo-home:ro,Z" "-v" "/var/lib/crater-agent-workspace/rustup-home:/opt/rustwide/rustup-home:ro,Z" "-e" "SOURCE_DIR=/opt/rustwide/workdir" "-e" "CARGO_TARGET_DIR=/opt/rustwide/target" "-e" "CARGO_HOME=/opt/rustwide/cargo-home" "-e" "RUSTUP_HOME=/opt/rustwide/rustup-home" "-w" "/opt/rustwide/workdir" "-m" "1610612736" "--user" "0:0" "--network" "none" "ghcr.io/rust-lang/crates-build-env/linux@sha256:34b6a614d2c27851fe6cbf88fbd1137609cefab8b10d0615aaeb6fd47975d74e" "/opt/rustwide/cargo-home/bin/cargo" "+beta-2021-08-01" "metadata" "--no-deps" "--format-version=1", kill_on_drop: false }`
[INFO] [stdout] dca8f45dd7b817e9241af505dff6bb8fbfcf04b8d2d5a0083ea67a030904a416
[INFO] running `Command { std: "docker" "start" "-a" "dca8f45dd7b817e9241af505dff6bb8fbfcf04b8d2d5a0083ea67a030904a416", kill_on_drop: false }`
[INFO] running `Command { std: "docker" "inspect" "dca8f45dd7b817e9241af505dff6bb8fbfcf04b8d2d5a0083ea67a030904a416", kill_on_drop: false }`
[INFO] running `Command { std: "docker" "rm" "-f" "dca8f45dd7b817e9241af505dff6bb8fbfcf04b8d2d5a0083ea67a030904a416", kill_on_drop: false }`
[INFO] [stdout] dca8f45dd7b817e9241af505dff6bb8fbfcf04b8d2d5a0083ea67a030904a416
[INFO] running `Command { std: "docker" "create" "-v" "/var/lib/crater-agent-workspace/builds/worker-70/target:/opt/rustwide/target:rw,Z" "-v" "/var/lib/crater-agent-workspace/builds/worker-70/source:/opt/rustwide/workdir:ro,Z" "-v" "/var/lib/crater-agent-workspace/cargo-home:/opt/rustwide/cargo-home:ro,Z" "-v" "/var/lib/crater-agent-workspace/rustup-home:/opt/rustwide/rustup-home:ro,Z" "-e" "SOURCE_DIR=/opt/rustwide/workdir" "-e" "CARGO_TARGET_DIR=/opt/rustwide/target" "-e" "CARGO_INCREMENTAL=0" "-e" "RUST_BACKTRACE=full" "-e" "RUSTFLAGS=--cap-lints=warn" "-e" "CARGO_HOME=/opt/rustwide/cargo-home" "-e" "RUSTUP_HOME=/opt/rustwide/rustup-home" "-w" "/opt/rustwide/workdir" "-m" "1610612736" "--user" "0:0" "--network" "none" "ghcr.io/rust-lang/crates-build-env/linux@sha256:34b6a614d2c27851fe6cbf88fbd1137609cefab8b10d0615aaeb6fd47975d74e" "/opt/rustwide/cargo-home/bin/cargo" "+beta-2021-08-01" "build" "--frozen" "--message-format=json", kill_on_drop: false }`
[INFO] [stdout] 980f2a6aef0279a8978855c46aa903edce475daa582d0a51d471a00799b21587
[INFO] running `Command { std: "docker" "start" "-a" "980f2a6aef0279a8978855c46aa903edce475daa582d0a51d471a00799b21587", kill_on_drop: false }`
[INFO] [stderr]     Blocking waiting for file lock on package cache
[INFO] [stderr]    Compiling pin-project-lite v0.2.7
[INFO] [stderr]    Compiling futures-core v0.3.16
[INFO] [stderr]    Compiling smallvec v1.6.1
[INFO] [stderr]    Compiling once_cell v1.8.0
[INFO] [stderr]    Compiling bytes v1.0.1
[INFO] [stderr]    Compiling memchr v2.4.0
[INFO] [stderr]    Compiling openssl v0.10.35
[INFO] [stderr]    Compiling ident_case v1.0.1
[INFO] [stderr]    Compiling strsim v0.10.0
[INFO] [stderr]    Compiling futures-task v0.3.16
[INFO] [stderr]    Compiling futures-channel v0.3.16
[INFO] [stderr]    Compiling native-tls v0.2.7
[INFO] [stderr]    Compiling syn v0.15.44
[INFO] [stderr]    Compiling try-lock v0.2.3
[INFO] [stderr]    Compiling signature v1.3.1
[INFO] [stderr]    Compiling openssl-probe v0.1.4
[INFO] [stderr]    Compiling pin-utils v0.1.0
[INFO] [stderr]    Compiling rustversion v1.0.5
[INFO] [stderr]    Compiling crc16 v0.4.0
[INFO] [stderr]    Compiling httpdate v1.0.1
[INFO] [stderr]    Compiling tower-service v0.3.1
[INFO] [stderr]    Compiling base64 v0.11.0
[INFO] [stderr]    Compiling json v0.12.4
[INFO] [stderr]    Compiling arrayvec v0.5.2
[INFO] [stderr]    Compiling percent-encoding v2.1.0
[INFO] [stderr]    Compiling base64 v0.13.0
[INFO] [stderr]    Compiling base32 v0.4.0
[INFO] [stderr]    Compiling base64 v0.12.3
[INFO] [stderr]    Compiling num-traits v0.2.14
[INFO] [stderr]    Compiling num-integer v0.1.44
[INFO] [stderr]    Compiling tokio v1.9.0
[INFO] [stderr]    Compiling futures-util v0.3.16
[INFO] [stderr]    Compiling num-bigint v0.3.2
[INFO] [stderr]    Compiling num-rational v0.3.2
[INFO] [stderr]    Compiling num-bigint v0.2.6
[INFO] [stderr]    Compiling instant v0.1.10
[INFO] [stderr]    Compiling lock_api v0.4.4
[INFO] [stderr]    Compiling tracing-core v0.1.18
[INFO] [stderr]    Compiling libsodium-sys v0.2.7
[INFO] [stderr]    Compiling signal-hook-registry v1.4.0
[INFO] [stderr]    Compiling mio v0.7.13
[INFO] [stderr]    Compiling socket2 v0.4.1
[INFO] [stderr]    Compiling idna v0.2.3
[INFO] [stderr]    Compiling serde_derive v1.0.127
[INFO] [stderr]    Compiling tokio-macros v1.3.0
[INFO] [stderr]    Compiling thiserror-impl v1.0.26
[INFO] [stderr]    Compiling want v0.3.0
[INFO] [stderr]    Compiling ed25519 v1.2.0
[INFO] [stderr]    Compiling tracing v0.1.26
[INFO] [stderr]    Compiling form_urlencoded v1.0.1
[INFO] [stderr]    Compiling xdr-rs-serialize v0.2.5
[INFO] [stderr]    Compiling parking_lot_core v0.8.3
[INFO] [stderr]    Compiling darling_core v0.13.0
[INFO] [stderr]    Compiling http v0.2.4
[INFO] [stderr]    Compiling parking_lot v0.11.1
[INFO] [stderr]    Compiling url v2.2.2
[INFO] [stderr]    Compiling thiserror v1.0.26
[INFO] [stderr]    Compiling http-body v0.4.2
[INFO] [stderr]    Compiling chrono v0.4.19
[INFO] [stderr]    Compiling darling_macro v0.13.0
[INFO] [stderr]    Compiling serde v1.0.127
[INFO] [stderr]    Compiling darling v0.13.0
[INFO] [stderr]    Compiling serde_with_macros v1.4.2
[INFO] [stderr]    Compiling tokio-native-tls v0.3.0
[INFO] [stderr]    Compiling xdr-rs-serialize-derive v0.2.5
[INFO] [stderr]    Compiling hyper v0.14.11
[INFO] [stderr]    Compiling serde_json v1.0.66
[INFO] [stderr]    Compiling rust_decimal v1.15.0
[INFO] [stderr]    Compiling serde_with v1.9.4
[INFO] [stderr]    Compiling toml v0.5.8
[INFO] [stderr]    Compiling hyper-tls v0.5.0
[INFO] [stderr]    Compiling sodiumoxide v0.2.7
[INFO] [stderr]    Compiling stellar-base v0.5.0
[INFO] [stdout] error[E0599]: no function or associated item named `from_slice` found for struct `sodiumoxide::crypto::sign::Signature` in the current scope
[INFO] [stdout]   --> /opt/rustwide/cargo-home/registry/src/github.com-1ecc6299db9ec823/stellar-base-0.5.0/src/signature.rs:60:39
[INFO] [stdout]    |
[INFO] [stdout] 60 |         let sig = ed25519::Signature::from_slice(sb).ok_or(Error::InvalidSignature)?;
[INFO] [stdout]    |                                       ^^^^^^^^^^ function or associated item not found in `sodiumoxide::crypto::sign::Signature`
[INFO] [stdout] 
[INFO] [stdout] 
[INFO] [stdout] error[E0616]: field `0` of struct `sodiumoxide::crypto::sign::Signature` is private
[INFO] [stdout]   --> /opt/rustwide/cargo-home/registry/src/github.com-1ecc6299db9ec823/stellar-base-0.5.0/src/signature.rs:66:18
[INFO] [stdout]    |
[INFO] [stdout] 66 |         self.sig.0.len()
[INFO] [stdout]    |                  ^ private field
[INFO] [stdout] 
[INFO] [stdout] 
[INFO] [stdout] error[E0616]: field `0` of struct `sodiumoxide::crypto::sign::Signature` is private
[INFO] [stdout]   --> /opt/rustwide/cargo-home/registry/src/github.com-1ecc6299db9ec823/stellar-base-0.5.0/src/signature.rs:76:18
[INFO] [stdout]    |
[INFO] [stdout] 76 |         self.sig.0.to_vec()
[INFO] [stdout]    |                  ^ private field
[INFO] [stdout] 
[INFO] [stdout] 
[INFO] [stdout] error[E0616]: field `0` of struct `sodiumoxide::crypto::sign::Signature` is private
[INFO] [stdout]   --> /opt/rustwide/cargo-home/registry/src/github.com-1ecc6299db9ec823/stellar-base-0.5.0/src/signature.rs:81:19
[INFO] [stdout]    |
[INFO] [stdout] 81 |         &self.sig.0
[INFO] [stdout]    |                   ^ private field
[INFO] [stdout] 
[INFO] [stdout] 
[INFO] [stdout] error: aborting due to 4 previous errors
[INFO] [stdout] 
[INFO] [stdout] 
[INFO] [stdout] Some errors have detailed explanations: E0599, E0616.
[INFO] [stdout] 
[INFO] [stdout] For more information about an error, try `rustc --explain E0599`.
[INFO] [stdout] 
[INFO] [stderr] error: could not compile `stellar-base` due to 5 previous errors
[INFO] running `Command { std: "docker" "inspect" "980f2a6aef0279a8978855c46aa903edce475daa582d0a51d471a00799b21587", kill_on_drop: false }`
[INFO] running `Command { std: "docker" "rm" "-f" "980f2a6aef0279a8978855c46aa903edce475daa582d0a51d471a00799b21587", kill_on_drop: false }`
[INFO] [stdout] 980f2a6aef0279a8978855c46aa903edce475daa582d0a51d471a00799b21587
