[INFO] fetching crate stellar-base 0.5.0...
[INFO] testing stellar-base-0.5.0 against beta-2021-08-01 for beta-1.55-1
[INFO] extracting crate stellar-base 0.5.0 into /workspace/builds/worker-96/source
[INFO] validating manifest of crates.io crate stellar-base 0.5.0 on toolchain beta-2021-08-01
[INFO] running `Command { std: "/workspace/cargo-home/bin/cargo" "+beta-2021-08-01" "metadata" "--manifest-path" "Cargo.toml" "--no-deps", kill_on_drop: false }`
[INFO] started tweaking crates.io crate stellar-base 0.5.0
[INFO] finished tweaking crates.io crate stellar-base 0.5.0
[INFO] tweaked toml for crates.io crate stellar-base 0.5.0 written to /workspace/builds/worker-96/source/Cargo.toml
[INFO] running `Command { std: "/workspace/cargo-home/bin/cargo" "+beta-2021-08-01" "generate-lockfile" "--manifest-path" "Cargo.toml" "-Zno-index-update", kill_on_drop: false }`
[INFO] [stderr]     Blocking waiting for file lock on package cache
[INFO] running `Command { std: "/workspace/cargo-home/bin/cargo" "+beta-2021-08-01" "fetch" "--manifest-path" "Cargo.toml", kill_on_drop: false }`
[INFO] [stderr]     Blocking waiting for file lock on package cache
[INFO] [stderr]     Blocking waiting for file lock on package cache
[INFO] running `Command { std: "docker" "create" "-v" "/var/lib/crater-agent-workspace/builds/worker-96/target:/opt/rustwide/target:rw,Z" "-v" "/var/lib/crater-agent-workspace/builds/worker-96/source:/opt/rustwide/workdir:ro,Z" "-v" "/var/lib/crater-agent-workspace/cargo-home:/opt/rustwide/cargo-home:ro,Z" "-v" "/var/lib/crater-agent-workspace/rustup-home:/opt/rustwide/rustup-home:ro,Z" "-e" "SOURCE_DIR=/opt/rustwide/workdir" "-e" "CARGO_TARGET_DIR=/opt/rustwide/target" "-e" "CARGO_HOME=/opt/rustwide/cargo-home" "-e" "RUSTUP_HOME=/opt/rustwide/rustup-home" "-w" "/opt/rustwide/workdir" "-m" "1610612736" "--user" "0:0" "--network" "none" "ghcr.io/rust-lang/crates-build-env/linux@sha256:34b6a614d2c27851fe6cbf88fbd1137609cefab8b10d0615aaeb6fd47975d74e" "/opt/rustwide/cargo-home/bin/cargo" "+beta-2021-08-01" "metadata" "--no-deps" "--format-version=1", kill_on_drop: false }`
[INFO] [stdout] 6a3046a7f2f076a417f0ce32adbd2e60581dc3cb3ed78c8197b20ea9eb0388c7
[INFO] running `Command { std: "docker" "start" "-a" "6a3046a7f2f076a417f0ce32adbd2e60581dc3cb3ed78c8197b20ea9eb0388c7", kill_on_drop: false }`
[INFO] running `Command { std: "docker" "inspect" "6a3046a7f2f076a417f0ce32adbd2e60581dc3cb3ed78c8197b20ea9eb0388c7", kill_on_drop: false }`
[INFO] running `Command { std: "docker" "rm" "-f" "6a3046a7f2f076a417f0ce32adbd2e60581dc3cb3ed78c8197b20ea9eb0388c7", kill_on_drop: false }`
[INFO] [stdout] 6a3046a7f2f076a417f0ce32adbd2e60581dc3cb3ed78c8197b20ea9eb0388c7
[INFO] running `Command { std: "docker" "create" "-v" "/var/lib/crater-agent-workspace/builds/worker-96/target:/opt/rustwide/target:rw,Z" "-v" "/var/lib/crater-agent-workspace/builds/worker-96/source:/opt/rustwide/workdir:ro,Z" "-v" "/var/lib/crater-agent-workspace/cargo-home:/opt/rustwide/cargo-home:ro,Z" "-v" "/var/lib/crater-agent-workspace/rustup-home:/opt/rustwide/rustup-home:ro,Z" "-e" "SOURCE_DIR=/opt/rustwide/workdir" "-e" "CARGO_TARGET_DIR=/opt/rustwide/target" "-e" "CARGO_INCREMENTAL=0" "-e" "RUST_BACKTRACE=full" "-e" "RUSTFLAGS=--cap-lints=warn" "-e" "CARGO_HOME=/opt/rustwide/cargo-home" "-e" "RUSTUP_HOME=/opt/rustwide/rustup-home" "-w" "/opt/rustwide/workdir" "-m" "1610612736" "--user" "0:0" "--network" "none" "ghcr.io/rust-lang/crates-build-env/linux@sha256:34b6a614d2c27851fe6cbf88fbd1137609cefab8b10d0615aaeb6fd47975d74e" "/opt/rustwide/cargo-home/bin/cargo" "+beta-2021-08-01" "build" "--frozen" "--message-format=json", kill_on_drop: false }`
[INFO] [stdout] 7e0ae5f7b791e1b6af734bb871263b4870411e9c352dc79b810efd9b3e204a5d
[INFO] running `Command { std: "docker" "start" "-a" "7e0ae5f7b791e1b6af734bb871263b4870411e9c352dc79b810efd9b3e204a5d", kill_on_drop: false }`
[INFO] [stderr]    Compiling syn v1.0.74
[INFO] [stderr]    Compiling same-file v1.0.6
[INFO] [stderr]    Compiling proc-macro2 v0.4.30
[INFO] [stderr]    Compiling syn v0.15.44
[INFO] [stderr]    Compiling crc16 v0.4.0
[INFO] [stderr]    Compiling signature v1.3.1
[INFO] [stderr]    Compiling hex v0.4.3
[INFO] [stderr]    Compiling base64 v0.11.0
[INFO] [stderr]    Compiling arrayvec v0.5.2
[INFO] [stderr]    Compiling json v0.12.4
[INFO] [stderr]    Compiling base32 v0.4.0
[INFO] [stderr]    Compiling num-integer v0.1.44
[INFO] [stderr]    Compiling num-bigint v0.3.2
[INFO] [stderr]    Compiling num-bigint v0.2.6
[INFO] [stderr]    Compiling num-rational v0.3.2
[INFO] [stderr]    Compiling time v0.1.44
[INFO] [stderr]    Compiling ed25519 v1.2.0
[INFO] [stderr]    Compiling walkdir v2.3.2
[INFO] [stderr]    Compiling xdr-rs-serialize v0.2.5
[INFO] [stderr]    Compiling libsodium-sys v0.2.7
[INFO] [stderr]    Compiling chrono v0.4.19
[INFO] [stderr]    Compiling quote v0.6.13
[INFO] [stderr]    Compiling serde_derive v1.0.127
[INFO] [stderr]    Compiling thiserror-impl v1.0.26
[INFO] [stderr]    Compiling thiserror v1.0.26
[INFO] [stderr]    Compiling serde v1.0.127
[INFO] [stderr]    Compiling xdr-rs-serialize-derive v0.2.5
[INFO] [stderr]    Compiling rust_decimal v1.15.0
[INFO] [stderr]    Compiling serde_json v1.0.66
[INFO] [stderr]    Compiling sodiumoxide v0.2.7
[INFO] [stderr]    Compiling stellar-base v0.5.0 (/opt/rustwide/workdir)
[INFO] [stdout] error[E0599]: no function or associated item named `from_slice` found for struct `sodiumoxide::crypto::sign::Signature` in the current scope
[INFO] [stdout]   --> src/signature.rs:60:39
[INFO] [stdout]    |
[INFO] [stdout] 60 |         let sig = ed25519::Signature::from_slice(sb).ok_or(Error::InvalidSignature)?;
[INFO] [stdout]    |                                       ^^^^^^^^^^ function or associated item not found in `sodiumoxide::crypto::sign::Signature`
[INFO] [stdout] 
[INFO] [stdout] 
[INFO] [stdout] error[E0616]: field `0` of struct `sodiumoxide::crypto::sign::Signature` is private
[INFO] [stdout]   --> src/signature.rs:66:18
[INFO] [stdout]    |
[INFO] [stdout] 66 |         self.sig.0.len()
[INFO] [stdout]    |                  ^ private field
[INFO] [stdout] 
[INFO] [stdout] 
[INFO] [stdout] error[E0616]: field `0` of struct `sodiumoxide::crypto::sign::Signature` is private
[INFO] [stdout]   --> src/signature.rs:76:18
[INFO] [stdout]    |
[INFO] [stdout] 76 |         self.sig.0.to_vec()
[INFO] [stdout]    |                  ^ private field
[INFO] [stdout] 
[INFO] [stdout] 
[INFO] [stdout] error[E0616]: field `0` of struct `sodiumoxide::crypto::sign::Signature` is private
[INFO] [stdout]   --> src/signature.rs:81:19
[INFO] [stdout]    |
[INFO] [stdout] 81 |         &self.sig.0
[INFO] [stdout]    |                   ^ private field
[INFO] [stdout] 
[INFO] [stdout] 
[INFO] [stdout] error: aborting due to 4 previous errors
[INFO] [stdout] 
[INFO] [stdout] 
[INFO] [stdout] Some errors have detailed explanations: E0599, E0616.
[INFO] [stdout] 
[INFO] [stdout] For more information about an error, try `rustc --explain E0599`.
[INFO] [stdout] 
[INFO] [stderr] error: could not compile `stellar-base` due to 5 previous errors
[INFO] running `Command { std: "docker" "inspect" "7e0ae5f7b791e1b6af734bb871263b4870411e9c352dc79b810efd9b3e204a5d", kill_on_drop: false }`
[INFO] running `Command { std: "docker" "rm" "-f" "7e0ae5f7b791e1b6af734bb871263b4870411e9c352dc79b810efd9b3e204a5d", kill_on_drop: false }`
[INFO] [stdout] 7e0ae5f7b791e1b6af734bb871263b4870411e9c352dc79b810efd9b3e204a5d
