[INFO] fetching crate stackstring 0.0.2...
[INFO] testing stackstring-0.0.2 against 1.54.0 for beta-1.55-1
[INFO] extracting crate stackstring 0.0.2 into /workspace/builds/worker-14/source
[INFO] validating manifest of crates.io crate stackstring 0.0.2 on toolchain 1.54.0
[INFO] running `Command { std: "/workspace/cargo-home/bin/cargo" "+1.54.0" "metadata" "--manifest-path" "Cargo.toml" "--no-deps", kill_on_drop: false }`
[INFO] started tweaking crates.io crate stackstring 0.0.2
[INFO] finished tweaking crates.io crate stackstring 0.0.2
[INFO] tweaked toml for crates.io crate stackstring 0.0.2 written to /workspace/builds/worker-14/source/Cargo.toml
[INFO] crate crates.io crate stackstring 0.0.2 already has a lockfile, it will not be regenerated
[INFO] running `Command { std: "/workspace/cargo-home/bin/cargo" "+1.54.0" "fetch" "--manifest-path" "Cargo.toml", kill_on_drop: false }`
[INFO] [stderr]     Blocking waiting for file lock on package cache
[INFO] running `Command { std: "docker" "create" "-v" "/var/lib/crater-agent-workspace/builds/worker-14/target:/opt/rustwide/target:rw,Z" "-v" "/var/lib/crater-agent-workspace/builds/worker-14/source:/opt/rustwide/workdir:ro,Z" "-v" "/var/lib/crater-agent-workspace/cargo-home:/opt/rustwide/cargo-home:ro,Z" "-v" "/var/lib/crater-agent-workspace/rustup-home:/opt/rustwide/rustup-home:ro,Z" "-e" "SOURCE_DIR=/opt/rustwide/workdir" "-e" "CARGO_TARGET_DIR=/opt/rustwide/target" "-e" "CARGO_HOME=/opt/rustwide/cargo-home" "-e" "RUSTUP_HOME=/opt/rustwide/rustup-home" "-w" "/opt/rustwide/workdir" "-m" "1610612736" "--user" "0:0" "--network" "none" "ghcr.io/rust-lang/crates-build-env/linux@sha256:34b6a614d2c27851fe6cbf88fbd1137609cefab8b10d0615aaeb6fd47975d74e" "/opt/rustwide/cargo-home/bin/cargo" "+1.54.0" "metadata" "--no-deps" "--format-version=1", kill_on_drop: false }`
[INFO] [stdout] e0d94ac6c3993ae70e08518eb1ba058b2a02fe331fe7fe7b38b08bf1a17f45b1
[INFO] running `Command { std: "docker" "start" "-a" "e0d94ac6c3993ae70e08518eb1ba058b2a02fe331fe7fe7b38b08bf1a17f45b1", kill_on_drop: false }`
[INFO] running `Command { std: "docker" "inspect" "e0d94ac6c3993ae70e08518eb1ba058b2a02fe331fe7fe7b38b08bf1a17f45b1", kill_on_drop: false }`
[INFO] running `Command { std: "docker" "rm" "-f" "e0d94ac6c3993ae70e08518eb1ba058b2a02fe331fe7fe7b38b08bf1a17f45b1", kill_on_drop: false }`
[INFO] [stdout] e0d94ac6c3993ae70e08518eb1ba058b2a02fe331fe7fe7b38b08bf1a17f45b1
[INFO] running `Command { std: "docker" "create" "-v" "/var/lib/crater-agent-workspace/builds/worker-14/target:/opt/rustwide/target:rw,Z" "-v" "/var/lib/crater-agent-workspace/builds/worker-14/source:/opt/rustwide/workdir:ro,Z" "-v" "/var/lib/crater-agent-workspace/cargo-home:/opt/rustwide/cargo-home:ro,Z" "-v" "/var/lib/crater-agent-workspace/rustup-home:/opt/rustwide/rustup-home:ro,Z" "-e" "SOURCE_DIR=/opt/rustwide/workdir" "-e" "CARGO_TARGET_DIR=/opt/rustwide/target" "-e" "CARGO_INCREMENTAL=0" "-e" "RUST_BACKTRACE=full" "-e" "RUSTFLAGS=--cap-lints=warn" "-e" "CARGO_HOME=/opt/rustwide/cargo-home" "-e" "RUSTUP_HOME=/opt/rustwide/rustup-home" "-w" "/opt/rustwide/workdir" "-m" "1610612736" "--user" "0:0" "--network" "none" "ghcr.io/rust-lang/crates-build-env/linux@sha256:34b6a614d2c27851fe6cbf88fbd1137609cefab8b10d0615aaeb6fd47975d74e" "/opt/rustwide/cargo-home/bin/cargo" "+1.54.0" "build" "--frozen" "--message-format=json", kill_on_drop: false }`
[INFO] [stdout] 8e05f443d64ee1aa4c25ca87610012557d53db45e863f446c75adbb477b9330c
[INFO] running `Command { std: "docker" "start" "-a" "8e05f443d64ee1aa4c25ca87610012557d53db45e863f446c75adbb477b9330c", kill_on_drop: false }`
[INFO] [stderr]     Blocking waiting for file lock on package cache
[INFO] [stderr]    Compiling stackstring v0.0.2 (/opt/rustwide/workdir)
[INFO] [stderr]     Finished dev [unoptimized + debuginfo] target(s) in 0.34s
[INFO] running `Command { std: "docker" "inspect" "8e05f443d64ee1aa4c25ca87610012557d53db45e863f446c75adbb477b9330c", kill_on_drop: false }`
[INFO] running `Command { std: "docker" "rm" "-f" "8e05f443d64ee1aa4c25ca87610012557d53db45e863f446c75adbb477b9330c", kill_on_drop: false }`
[INFO] [stdout] 8e05f443d64ee1aa4c25ca87610012557d53db45e863f446c75adbb477b9330c
[INFO] running `Command { std: "docker" "create" "-v" "/var/lib/crater-agent-workspace/builds/worker-14/target:/opt/rustwide/target:rw,Z" "-v" "/var/lib/crater-agent-workspace/builds/worker-14/source:/opt/rustwide/workdir:ro,Z" "-v" "/var/lib/crater-agent-workspace/cargo-home:/opt/rustwide/cargo-home:ro,Z" "-v" "/var/lib/crater-agent-workspace/rustup-home:/opt/rustwide/rustup-home:ro,Z" "-e" "SOURCE_DIR=/opt/rustwide/workdir" "-e" "CARGO_TARGET_DIR=/opt/rustwide/target" "-e" "CARGO_INCREMENTAL=0" "-e" "RUST_BACKTRACE=full" "-e" "RUSTFLAGS=--cap-lints=warn" "-e" "CARGO_HOME=/opt/rustwide/cargo-home" "-e" "RUSTUP_HOME=/opt/rustwide/rustup-home" "-w" "/opt/rustwide/workdir" "-m" "1610612736" "--user" "0:0" "--network" "none" "ghcr.io/rust-lang/crates-build-env/linux@sha256:34b6a614d2c27851fe6cbf88fbd1137609cefab8b10d0615aaeb6fd47975d74e" "/opt/rustwide/cargo-home/bin/cargo" "+1.54.0" "test" "--frozen" "--no-run" "--message-format=json", kill_on_drop: false }`
[INFO] [stdout] c0bb320fd5d9e3331b7321ac126531effa0023664daf90d0965e8871109521c1
[INFO] running `Command { std: "docker" "start" "-a" "c0bb320fd5d9e3331b7321ac126531effa0023664daf90d0965e8871109521c1", kill_on_drop: false }`
[INFO] [stderr]    Compiling stackstring v0.0.2 (/opt/rustwide/workdir)
[INFO] [stdout] error[E0433]: failed to resolve: use of undeclared crate or module `rkyv`
[INFO] [stdout]  --> examples/rkyv.rs:4:5
[INFO] [stdout]   |
[INFO] [stdout] 4 | use rkyv::{
[INFO] [stdout]   |     ^^^^ use of undeclared crate or module `rkyv`
[INFO] [stdout] 
[INFO] [stdout] 
[INFO] [stdout] error[E0432]: unresolved import `rkyv`
[INFO] [stdout]  --> examples/rkyv.rs:4:5
[INFO] [stdout]   |
[INFO] [stdout] 4 | use rkyv::{
[INFO] [stdout]   |     ^^^^ use of undeclared crate or module `rkyv`
[INFO] [stdout] 
[INFO] [stdout] 
[INFO] [stdout] error: cannot determine resolution for the derive macro `Archive`
[INFO] [stdout]   --> examples/rkyv.rs:11:10
[INFO] [stdout]    |
[INFO] [stdout] 11 | #[derive(Archive, Deserialize, Serialize, PartialEq, Debug)]
[INFO] [stdout]    |          ^^^^^^^
[INFO] [stdout]    |
[INFO] [stdout]    = note: import resolution is stuck, try simplifying macro imports
[INFO] [stdout] 
[INFO] [stdout] 
[INFO] [stdout] error: cannot determine resolution for the derive macro `Deserialize`
[INFO] [stdout]   --> examples/rkyv.rs:11:19
[INFO] [stdout]    |
[INFO] [stdout] 11 | #[derive(Archive, Deserialize, Serialize, PartialEq, Debug)]
[INFO] [stdout]    |                   ^^^^^^^^^^^
[INFO] [stdout]    |
[INFO] [stdout]    = note: import resolution is stuck, try simplifying macro imports
[INFO] [stdout] 
[INFO] [stdout] 
[INFO] [stdout] error: cannot determine resolution for the derive macro `Serialize`
[INFO] [stdout]   --> examples/rkyv.rs:11:32
[INFO] [stdout]    |
[INFO] [stdout] 11 | #[derive(Archive, Deserialize, Serialize, PartialEq, Debug)]
[INFO] [stdout]    |                                ^^^^^^^^^
[INFO] [stdout]    |
[INFO] [stdout]    = note: import resolution is stuck, try simplifying macro imports
[INFO] [stdout] 
[INFO] [stdout] 
[INFO] [stdout] error[E0433]: failed to resolve: use of undeclared type `AlignedSerializer`
[INFO] [stdout]   --> examples/rkyv.rs:23:26
[INFO] [stdout]    |
[INFO] [stdout] 23 |     let mut serializer = AlignedSerializer::new(AlignedVec::new());
[INFO] [stdout]    |                          ^^^^^^^^^^^^^^^^^ use of undeclared type `AlignedSerializer`
[INFO] [stdout] 
[INFO] [stdout] 
[INFO] [stdout] error[E0425]: cannot find value `AllocDeserializer` in this scope
[INFO] [stdout]   --> examples/rkyv.rs:33:28
[INFO] [stdout]    |
[INFO] [stdout] 33 |     let mut deserializer = AllocDeserializer;
[INFO] [stdout]    |                            ^^^^^^^^^^^^^^^^^ not found in this scope
[INFO] [stdout] 
[INFO] [stdout] 
[INFO] [stdout] error: aborting due to 7 previous errors
[INFO] [stdout] 
[INFO] [stdout] 
[INFO] [stdout] Some errors have detailed explanations: E0425, E0432, E0433.
[INFO] [stdout] 
[INFO] [stdout] For more information about an error, try `rustc --explain E0425`.
[INFO] [stdout] 
[INFO] [stderr] error: could not compile `stackstring`
[INFO] [stderr] 
[INFO] [stderr] To learn more, run the command again with --verbose.
[INFO] [stderr] warning: build failed, waiting for other jobs to finish...
[INFO] [stderr] error: build failed
[INFO] running `Command { std: "docker" "inspect" "c0bb320fd5d9e3331b7321ac126531effa0023664daf90d0965e8871109521c1", kill_on_drop: false }`
[INFO] running `Command { std: "docker" "rm" "-f" "c0bb320fd5d9e3331b7321ac126531effa0023664daf90d0965e8871109521c1", kill_on_drop: false }`
[INFO] [stdout] c0bb320fd5d9e3331b7321ac126531effa0023664daf90d0965e8871109521c1
