[INFO] fetching crate srx 0.1.3...
[INFO] testing srx-0.1.3 against beta-2021-08-01 for beta-1.55-1
[INFO] extracting crate srx 0.1.3 into /workspace/builds/worker-81/source
[INFO] validating manifest of crates.io crate srx 0.1.3 on toolchain beta-2021-08-01
[INFO] running `Command { std: "/workspace/cargo-home/bin/cargo" "+beta-2021-08-01" "metadata" "--manifest-path" "Cargo.toml" "--no-deps", kill_on_drop: false }`
[INFO] started tweaking crates.io crate srx 0.1.3
[INFO] finished tweaking crates.io crate srx 0.1.3
[INFO] tweaked toml for crates.io crate srx 0.1.3 written to /workspace/builds/worker-81/source/Cargo.toml
[INFO] running `Command { std: "/workspace/cargo-home/bin/cargo" "+beta-2021-08-01" "generate-lockfile" "--manifest-path" "Cargo.toml" "-Zno-index-update", kill_on_drop: false }`
[INFO] [stderr]     Blocking waiting for file lock on package cache
[INFO] running `Command { std: "/workspace/cargo-home/bin/cargo" "+beta-2021-08-01" "fetch" "--manifest-path" "Cargo.toml", kill_on_drop: false }`
[INFO] [stderr]     Blocking waiting for file lock on package cache
[INFO] [stderr]     Blocking waiting for file lock on package cache
[INFO] [stderr]  Downloading crates ...
[INFO] [stderr]   Downloaded serde-xml-rs v0.4.1
[INFO] running `Command { std: "docker" "create" "-v" "/var/lib/crater-agent-workspace/builds/worker-81/target:/opt/rustwide/target:rw,Z" "-v" "/var/lib/crater-agent-workspace/builds/worker-81/source:/opt/rustwide/workdir:ro,Z" "-v" "/var/lib/crater-agent-workspace/cargo-home:/opt/rustwide/cargo-home:ro,Z" "-v" "/var/lib/crater-agent-workspace/rustup-home:/opt/rustwide/rustup-home:ro,Z" "-e" "SOURCE_DIR=/opt/rustwide/workdir" "-e" "CARGO_TARGET_DIR=/opt/rustwide/target" "-e" "CARGO_HOME=/opt/rustwide/cargo-home" "-e" "RUSTUP_HOME=/opt/rustwide/rustup-home" "-w" "/opt/rustwide/workdir" "-m" "1610612736" "--user" "0:0" "--network" "none" "ghcr.io/rust-lang/crates-build-env/linux@sha256:34b6a614d2c27851fe6cbf88fbd1137609cefab8b10d0615aaeb6fd47975d74e" "/opt/rustwide/cargo-home/bin/cargo" "+beta-2021-08-01" "metadata" "--no-deps" "--format-version=1", kill_on_drop: false }`
[INFO] [stdout] ae9367f047d8cbdeb2efe8adb64a6a31c5b84b5e2f2989040f362671d1c4f18e
[INFO] running `Command { std: "docker" "start" "-a" "ae9367f047d8cbdeb2efe8adb64a6a31c5b84b5e2f2989040f362671d1c4f18e", kill_on_drop: false }`
[INFO] running `Command { std: "docker" "inspect" "ae9367f047d8cbdeb2efe8adb64a6a31c5b84b5e2f2989040f362671d1c4f18e", kill_on_drop: false }`
[INFO] running `Command { std: "docker" "rm" "-f" "ae9367f047d8cbdeb2efe8adb64a6a31c5b84b5e2f2989040f362671d1c4f18e", kill_on_drop: false }`
[INFO] [stdout] ae9367f047d8cbdeb2efe8adb64a6a31c5b84b5e2f2989040f362671d1c4f18e
[INFO] running `Command { std: "docker" "create" "-v" "/var/lib/crater-agent-workspace/builds/worker-81/target:/opt/rustwide/target:rw,Z" "-v" "/var/lib/crater-agent-workspace/builds/worker-81/source:/opt/rustwide/workdir:ro,Z" "-v" "/var/lib/crater-agent-workspace/cargo-home:/opt/rustwide/cargo-home:ro,Z" "-v" "/var/lib/crater-agent-workspace/rustup-home:/opt/rustwide/rustup-home:ro,Z" "-e" "SOURCE_DIR=/opt/rustwide/workdir" "-e" "CARGO_TARGET_DIR=/opt/rustwide/target" "-e" "CARGO_INCREMENTAL=0" "-e" "RUST_BACKTRACE=full" "-e" "RUSTFLAGS=--cap-lints=warn" "-e" "CARGO_HOME=/opt/rustwide/cargo-home" "-e" "RUSTUP_HOME=/opt/rustwide/rustup-home" "-w" "/opt/rustwide/workdir" "-m" "1610612736" "--user" "0:0" "--network" "none" "ghcr.io/rust-lang/crates-build-env/linux@sha256:34b6a614d2c27851fe6cbf88fbd1137609cefab8b10d0615aaeb6fd47975d74e" "/opt/rustwide/cargo-home/bin/cargo" "+beta-2021-08-01" "build" "--frozen" "--message-format=json", kill_on_drop: false }`
[INFO] [stdout] 63e849bf34409bbbf72b693ce1d39bf6d29b502b4b920b6f2f2b92150cf830cf
[INFO] running `Command { std: "docker" "start" "-a" "63e849bf34409bbbf72b693ce1d39bf6d29b502b4b920b6f2f2b92150cf830cf", kill_on_drop: false }`
[INFO] [stderr]    Compiling memchr v2.4.0
[INFO] [stderr]    Compiling regex-syntax v0.6.25
[INFO] [stderr]    Compiling aho-corasick v0.7.18
[INFO] [stderr]    Compiling regex v1.5.4
[INFO] [stderr]    Compiling srx v0.1.3 (/opt/rustwide/workdir)
[INFO] [stderr]     Finished dev [unoptimized + debuginfo] target(s) in 10.00s
[INFO] running `Command { std: "docker" "inspect" "63e849bf34409bbbf72b693ce1d39bf6d29b502b4b920b6f2f2b92150cf830cf", kill_on_drop: false }`
[INFO] running `Command { std: "docker" "rm" "-f" "63e849bf34409bbbf72b693ce1d39bf6d29b502b4b920b6f2f2b92150cf830cf", kill_on_drop: false }`
[INFO] [stdout] 63e849bf34409bbbf72b693ce1d39bf6d29b502b4b920b6f2f2b92150cf830cf
[INFO] running `Command { std: "docker" "create" "-v" "/var/lib/crater-agent-workspace/builds/worker-81/target:/opt/rustwide/target:rw,Z" "-v" "/var/lib/crater-agent-workspace/builds/worker-81/source:/opt/rustwide/workdir:ro,Z" "-v" "/var/lib/crater-agent-workspace/cargo-home:/opt/rustwide/cargo-home:ro,Z" "-v" "/var/lib/crater-agent-workspace/rustup-home:/opt/rustwide/rustup-home:ro,Z" "-e" "SOURCE_DIR=/opt/rustwide/workdir" "-e" "CARGO_TARGET_DIR=/opt/rustwide/target" "-e" "CARGO_INCREMENTAL=0" "-e" "RUST_BACKTRACE=full" "-e" "RUSTFLAGS=--cap-lints=warn" "-e" "CARGO_HOME=/opt/rustwide/cargo-home" "-e" "RUSTUP_HOME=/opt/rustwide/rustup-home" "-w" "/opt/rustwide/workdir" "-m" "1610612736" "--user" "0:0" "--network" "none" "ghcr.io/rust-lang/crates-build-env/linux@sha256:34b6a614d2c27851fe6cbf88fbd1137609cefab8b10d0615aaeb6fd47975d74e" "/opt/rustwide/cargo-home/bin/cargo" "+beta-2021-08-01" "test" "--frozen" "--no-run" "--message-format=json", kill_on_drop: false }`
[INFO] [stdout] 2a3d26a8cb8f1868b4864a77af434eb29efa3f6d4a522d9320a2572c1468b45d
[INFO] running `Command { std: "docker" "start" "-a" "2a3d26a8cb8f1868b4864a77af434eb29efa3f6d4a522d9320a2572c1468b45d", kill_on_drop: false }`
[INFO] [stderr]    Compiling autocfg v1.0.1
[INFO] [stderr]    Compiling lazy_static v1.4.0
[INFO] [stderr]    Compiling serde v1.0.127
[INFO] [stderr]    Compiling semver v1.0.4
[INFO] [stderr]    Compiling crossbeam-utils v0.8.5
[INFO] [stderr]    Compiling libc v0.2.98
[INFO] [stderr]    Compiling cfg-if v1.0.0
[INFO] [stderr]    Compiling proc-macro2 v1.0.28
[INFO] [stderr]    Compiling crossbeam-epoch v0.9.5
[INFO] [stderr]    Compiling ryu v1.0.5
[INFO] [stderr]    Compiling unicode-xid v0.2.2
[INFO] [stderr]    Compiling scopeguard v1.1.0
[INFO] [stderr]    Compiling rayon-core v1.9.1
[INFO] [stderr]    Compiling serde_json v1.0.66
[INFO] [stderr]    Compiling syn v1.0.74
[INFO] [stderr]    Compiling either v1.6.1
[INFO] [stderr]    Compiling itoa v0.4.7
[INFO] [stderr]    Compiling bitflags v1.2.1
[INFO] [stderr]    Compiling unicode-width v0.1.8
[INFO] [stderr]    Compiling regex-automata v0.1.10
[INFO] [stderr]    Compiling serde_derive v1.0.127
[INFO] [stderr]    Compiling plotters-backend v0.3.2
[INFO] [stderr]    Compiling half v1.7.1
[INFO] [stderr]    Compiling same-file v1.0.6
[INFO] [stderr]    Compiling oorandom v11.1.3
[INFO] [stderr]    Compiling csv-core v0.1.10
[INFO] [stderr]    Compiling walkdir v2.3.2
[INFO] [stderr]    Compiling textwrap v0.11.0
[INFO] [stderr]    Compiling itertools v0.10.1
[INFO] [stderr]    Compiling plotters-svg v0.3.1
[INFO] [stderr]    Compiling memoffset v0.6.4
[INFO] [stderr]    Compiling num-traits v0.2.14
[INFO] [stderr]    Compiling rayon v1.5.1
[INFO] [stderr]    Compiling clap v2.33.3
[INFO] [stderr]    Compiling rustc_version v0.4.0
[INFO] [stderr]    Compiling crossbeam-channel v0.5.1
[INFO] [stderr]    Compiling num_cpus v1.13.0
[INFO] [stderr]    Compiling atty v0.2.14
[INFO] [stderr]    Compiling quote v1.0.9
[INFO] [stderr]    Compiling cast v0.2.7
[INFO] [stderr]    Compiling crossbeam-deque v0.8.1
[INFO] [stderr]    Compiling criterion-plot v0.4.4
[INFO] [stderr]    Compiling plotters v0.3.1
[INFO] [stderr]    Compiling bstr v0.2.16
[INFO] [stderr]    Compiling serde_cbor v0.11.1
[INFO] [stderr]    Compiling bincode v1.3.3
[INFO] [stderr]    Compiling csv v1.1.6
[INFO] [stderr]    Compiling tinytemplate v1.2.1
[INFO] [stderr]    Compiling criterion v0.3.5
[INFO] [stderr]    Compiling srx v0.1.3 (/opt/rustwide/workdir)
[INFO] [stdout] error[E0599]: no function or associated item named `new` found for struct `Rule` in the current scope
[INFO] [stdout]    --> src/lib.rs:241:26
[INFO] [stdout]     |
[INFO] [stdout] 81  | struct Rule {
[INFO] [stdout]     | ----------- function or associated item `new` not found for this
[INFO] [stdout] ...
[INFO] [stdout] 241 |         let rule = Rule::new(Some("abc"), Some("d+fg"), true).expect("test rule is valid");
[INFO] [stdout]     |                          ^^^ function or associated item not found in `Rule`
[INFO] [stdout] 
[INFO] [stdout] 
[INFO] [stdout] error[E0599]: no function or associated item named `from_str` found for struct `SRX` in the current scope
[INFO] [stdout]    --> src/lib.rs:252:18
[INFO] [stdout]     |
[INFO] [stdout] 200 | pub struct SRX {
[INFO] [stdout]     | -------------- function or associated item `from_str` not found for this
[INFO] [stdout] ...
[INFO] [stdout] 252 |             SRX::from_str(&fs::read_to_string("data/example.srx").expect("example file exists"))
[INFO] [stdout]     |                  ^^^^^^^^ function or associated item not found in `SRX`
[INFO] [stdout]     |
[INFO] [stdout]     = help: items from traits can only be used if the trait is implemented and in scope
[INFO] [stdout]     = note: the following trait defines an item `from_str`, perhaps you need to implement it:
[INFO] [stdout]             candidate #1: `FromStr`
[INFO] [stdout] 
[INFO] [stdout] 
[INFO] [stdout] error[E0599]: no function or associated item named `from_str` found for struct `SRX` in the current scope
[INFO] [stdout]    --> src/lib.rs:270:18
[INFO] [stdout]     |
[INFO] [stdout] 200 | pub struct SRX {
[INFO] [stdout]     | -------------- function or associated item `from_str` not found for this
[INFO] [stdout] ...
[INFO] [stdout] 270 |             SRX::from_str(&fs::read_to_string("data/segment.srx").expect("example file exists"))
[INFO] [stdout]     |                  ^^^^^^^^ function or associated item not found in `SRX`
[INFO] [stdout]     |
[INFO] [stdout]     = help: items from traits can only be used if the trait is implemented and in scope
[INFO] [stdout]     = note: the following trait defines an item `from_str`, perhaps you need to implement it:
[INFO] [stdout]             candidate #1: `FromStr`
[INFO] [stdout] 
[INFO] [stdout] 
[INFO] [stdout] error[E0599]: no function or associated item named `from_str` found for struct `SRX` in the current scope
[INFO] [stdout]    --> src/lib.rs:287:18
[INFO] [stdout]     |
[INFO] [stdout] 200 | pub struct SRX {
[INFO] [stdout]     | -------------- function or associated item `from_str` not found for this
[INFO] [stdout] ...
[INFO] [stdout] 287 |             SRX::from_str(&fs::read_to_string("data/segment.srx").expect("example file exists"))
[INFO] [stdout]     |                  ^^^^^^^^ function or associated item not found in `SRX`
[INFO] [stdout]     |
[INFO] [stdout]     = help: items from traits can only be used if the trait is implemented and in scope
[INFO] [stdout]     = note: the following trait defines an item `from_str`, perhaps you need to implement it:
[INFO] [stdout]             candidate #1: `FromStr`
[INFO] [stdout] 
[INFO] [stdout] 
[INFO] [stdout] error[E0599]: no function or associated item named `from_str` found for struct `SRX` in the current scope
[INFO] [stdout]    --> src/lib.rs:297:18
[INFO] [stdout]     |
[INFO] [stdout] 200 | pub struct SRX {
[INFO] [stdout]     | -------------- function or associated item `from_str` not found for this
[INFO] [stdout] ...
[INFO] [stdout] 297 |             SRX::from_str(&fs::read_to_string("data/segment.srx").expect("segment file exists"))
[INFO] [stdout]     |                  ^^^^^^^^ function or associated item not found in `SRX`
[INFO] [stdout]     |
[INFO] [stdout]     = help: items from traits can only be used if the trait is implemented and in scope
[INFO] [stdout]     = note: the following trait defines an item `from_str`, perhaps you need to implement it:
[INFO] [stdout]             candidate #1: `FromStr`
[INFO] [stdout] 
[INFO] [stdout] 
[INFO] [stdout] warning: unused import: `str::FromStr`
[INFO] [stdout]    --> src/lib.rs:237:19
[INFO] [stdout]     |
[INFO] [stdout] 237 |     use std::{fs, str::FromStr};
[INFO] [stdout]     |                   ^^^^^^^^^^^^
[INFO] [stdout]     |
[INFO] [stdout]     = note: `#[warn(unused_imports)]` on by default
[INFO] [stdout] 
[INFO] [stdout] 
[INFO] [stdout] error: aborting due to 5 previous errors; 1 warning emitted
[INFO] [stdout] 
[INFO] [stdout] 
[INFO] [stdout] For more information about this error, try `rustc --explain E0599`.
[INFO] [stdout] 
[INFO] [stderr] error: could not compile `srx` due to 6 previous errors; 1 warning emitted
[INFO] running `Command { std: "docker" "inspect" "2a3d26a8cb8f1868b4864a77af434eb29efa3f6d4a522d9320a2572c1468b45d", kill_on_drop: false }`
[INFO] running `Command { std: "docker" "rm" "-f" "2a3d26a8cb8f1868b4864a77af434eb29efa3f6d4a522d9320a2572c1468b45d", kill_on_drop: false }`
[INFO] [stdout] 2a3d26a8cb8f1868b4864a77af434eb29efa3f6d4a522d9320a2572c1468b45d
