[INFO] fetching crate srcconsole 0.1.0...
[INFO] testing srcconsole-0.1.0 against 1.54.0 for beta-1.55-1
[INFO] extracting crate srcconsole 0.1.0 into /workspace/builds/worker-40/source
[INFO] validating manifest of crates.io crate srcconsole 0.1.0 on toolchain 1.54.0
[INFO] running `Command { std: "/workspace/cargo-home/bin/cargo" "+1.54.0" "metadata" "--manifest-path" "Cargo.toml" "--no-deps", kill_on_drop: false }`
[INFO] started tweaking crates.io crate srcconsole 0.1.0
[INFO] finished tweaking crates.io crate srcconsole 0.1.0
[INFO] tweaked toml for crates.io crate srcconsole 0.1.0 written to /workspace/builds/worker-40/source/Cargo.toml
[INFO] running `Command { std: "/workspace/cargo-home/bin/cargo" "+1.54.0" "generate-lockfile" "--manifest-path" "Cargo.toml" "-Zno-index-update", kill_on_drop: false }`
[INFO] [stderr]     Blocking waiting for file lock on package cache
[INFO] running `Command { std: "/workspace/cargo-home/bin/cargo" "+1.54.0" "fetch" "--manifest-path" "Cargo.toml", kill_on_drop: false }`
[INFO] [stderr]     Blocking waiting for file lock on package cache
[INFO] [stderr]     Blocking waiting for file lock on package cache
[INFO] running `Command { std: "docker" "create" "-v" "/var/lib/crater-agent-workspace/builds/worker-40/target:/opt/rustwide/target:rw,Z" "-v" "/var/lib/crater-agent-workspace/builds/worker-40/source:/opt/rustwide/workdir:ro,Z" "-v" "/var/lib/crater-agent-workspace/cargo-home:/opt/rustwide/cargo-home:ro,Z" "-v" "/var/lib/crater-agent-workspace/rustup-home:/opt/rustwide/rustup-home:ro,Z" "-e" "SOURCE_DIR=/opt/rustwide/workdir" "-e" "CARGO_TARGET_DIR=/opt/rustwide/target" "-e" "CARGO_HOME=/opt/rustwide/cargo-home" "-e" "RUSTUP_HOME=/opt/rustwide/rustup-home" "-w" "/opt/rustwide/workdir" "-m" "1610612736" "--user" "0:0" "--network" "none" "ghcr.io/rust-lang/crates-build-env/linux@sha256:34b6a614d2c27851fe6cbf88fbd1137609cefab8b10d0615aaeb6fd47975d74e" "/opt/rustwide/cargo-home/bin/cargo" "+1.54.0" "metadata" "--no-deps" "--format-version=1", kill_on_drop: false }`
[INFO] [stdout] 2825a80ea18bbce8a77bf8d32d8bf1c378964fef4278c65b78058279ac0d7e7c
[INFO] running `Command { std: "docker" "start" "-a" "2825a80ea18bbce8a77bf8d32d8bf1c378964fef4278c65b78058279ac0d7e7c", kill_on_drop: false }`
[INFO] running `Command { std: "docker" "inspect" "2825a80ea18bbce8a77bf8d32d8bf1c378964fef4278c65b78058279ac0d7e7c", kill_on_drop: false }`
[INFO] running `Command { std: "docker" "rm" "-f" "2825a80ea18bbce8a77bf8d32d8bf1c378964fef4278c65b78058279ac0d7e7c", kill_on_drop: false }`
[INFO] [stdout] 2825a80ea18bbce8a77bf8d32d8bf1c378964fef4278c65b78058279ac0d7e7c
[INFO] running `Command { std: "docker" "create" "-v" "/var/lib/crater-agent-workspace/builds/worker-40/target:/opt/rustwide/target:rw,Z" "-v" "/var/lib/crater-agent-workspace/builds/worker-40/source:/opt/rustwide/workdir:ro,Z" "-v" "/var/lib/crater-agent-workspace/cargo-home:/opt/rustwide/cargo-home:ro,Z" "-v" "/var/lib/crater-agent-workspace/rustup-home:/opt/rustwide/rustup-home:ro,Z" "-e" "SOURCE_DIR=/opt/rustwide/workdir" "-e" "CARGO_TARGET_DIR=/opt/rustwide/target" "-e" "CARGO_INCREMENTAL=0" "-e" "RUST_BACKTRACE=full" "-e" "RUSTFLAGS=--cap-lints=warn" "-e" "CARGO_HOME=/opt/rustwide/cargo-home" "-e" "RUSTUP_HOME=/opt/rustwide/rustup-home" "-w" "/opt/rustwide/workdir" "-m" "1610612736" "--user" "0:0" "--network" "none" "ghcr.io/rust-lang/crates-build-env/linux@sha256:34b6a614d2c27851fe6cbf88fbd1137609cefab8b10d0615aaeb6fd47975d74e" "/opt/rustwide/cargo-home/bin/cargo" "+1.54.0" "build" "--frozen" "--message-format=json", kill_on_drop: false }`
[INFO] [stdout] a1802e57ee8368403e3fc39ef9f822497c76e7a1413250858111f0fad5139dc9
[INFO] running `Command { std: "docker" "start" "-a" "a1802e57ee8368403e3fc39ef9f822497c76e7a1413250858111f0fad5139dc9", kill_on_drop: false }`
[INFO] [stderr]     Blocking waiting for file lock on package cache
[INFO] [stderr]    Compiling winapi v0.3.9
[INFO] [stderr]    Compiling srcconsole v0.1.0 (/opt/rustwide/workdir)
[INFO] [stdout] error[E0433]: failed to resolve: could not find `shared` in `winapi`
[INFO] [stdout]  --> src/remote_ops.rs:5:13
[INFO] [stdout]   |
[INFO] [stdout] 5 | use winapi::shared::minwindef::*;
[INFO] [stdout]   |             ^^^^^^ could not find `shared` in `winapi`
[INFO] [stdout] 
[INFO] [stdout] 
[INFO] [stdout] error[E0433]: failed to resolve: could not find `um` in `winapi`
[INFO] [stdout]  --> src/remote_ops.rs:6:13
[INFO] [stdout]   |
[INFO] [stdout] 6 | use winapi::um::errhandlingapi::GetLastError;
[INFO] [stdout]   |             ^^ could not find `um` in `winapi`
[INFO] [stdout] 
[INFO] [stdout] 
[INFO] [stdout] error[E0433]: failed to resolve: could not find `um` in `winapi`
[INFO] [stdout]  --> src/remote_ops.rs:7:13
[INFO] [stdout]   |
[INFO] [stdout] 7 | use winapi::um::memoryapi::ReadProcessMemory;
[INFO] [stdout]   |             ^^ could not find `um` in `winapi`
[INFO] [stdout] 
[INFO] [stdout] 
[INFO] [stdout] error[E0433]: failed to resolve: could not find `um` in `winapi`
[INFO] [stdout]  --> src/remote_ops.rs:8:13
[INFO] [stdout]   |
[INFO] [stdout] 8 | use winapi::um::psapi::*;
[INFO] [stdout]   |             ^^ could not find `um` in `winapi`
[INFO] [stdout] 
[INFO] [stdout] 
[INFO] [stdout] error[E0433]: failed to resolve: could not find `um` in `winapi`
[INFO] [stdout]  --> src/remote_ops.rs:9:13
[INFO] [stdout]   |
[INFO] [stdout] 9 | use winapi::um::winnt::*;
[INFO] [stdout]   |             ^^ could not find `um` in `winapi`
[INFO] [stdout] 
[INFO] [stdout] 
[INFO] [stdout] error[E0433]: failed to resolve: could not find `um` in `winapi`
[INFO] [stdout]  --> src/lib.rs:6:13
[INFO] [stdout]   |
[INFO] [stdout] 6 | use winapi::um::tlhelp32::*;
[INFO] [stdout]   |             ^^ could not find `um` in `winapi`
[INFO] [stdout] 
[INFO] [stdout] 
[INFO] [stdout] error[E0433]: failed to resolve: could not find `shared` in `winapi`
[INFO] [stdout]  --> src/lib.rs:8:13
[INFO] [stdout]   |
[INFO] [stdout] 8 | use winapi::shared::minwindef::*;
[INFO] [stdout]   |             ^^^^^^ could not find `shared` in `winapi`
[INFO] [stdout] 
[INFO] [stdout] 
[INFO] [stdout] error[E0433]: failed to resolve: could not find `um` in `winapi`
[INFO] [stdout]  --> src/lib.rs:9:13
[INFO] [stdout]   |
[INFO] [stdout] 9 | use winapi::um::minwinbase::*;
[INFO] [stdout]   |             ^^ could not find `um` in `winapi`
[INFO] [stdout] 
[INFO] [stdout] 
[INFO] [stdout] error[E0433]: failed to resolve: could not find `um` in `winapi`
[INFO] [stdout]   --> src/lib.rs:11:13
[INFO] [stdout]    |
[INFO] [stdout] 11 | use winapi::um::winbase::*;
[INFO] [stdout]    |             ^^ could not find `um` in `winapi`
[INFO] [stdout] 
[INFO] [stdout] 
[INFO] [stdout] error[E0433]: failed to resolve: could not find `um` in `winapi`
[INFO] [stdout]   --> src/lib.rs:14:13
[INFO] [stdout]    |
[INFO] [stdout] 14 | use winapi::um::processthreadsapi::*;
[INFO] [stdout]    |             ^^ could not find `um` in `winapi`
[INFO] [stdout] 
[INFO] [stdout] 
[INFO] [stdout] error[E0433]: failed to resolve: could not find `um` in `winapi`
[INFO] [stdout]   --> src/lib.rs:15:13
[INFO] [stdout]    |
[INFO] [stdout] 15 | use winapi::um::winnt::*;
[INFO] [stdout]    |             ^^ could not find `um` in `winapi`
[INFO] [stdout] 
[INFO] [stdout] 
[INFO] [stdout] error[E0432]: unresolved import `winapi::ctypes`
[INFO] [stdout]  --> src/remote_ops.rs:4:13
[INFO] [stdout]   |
[INFO] [stdout] 4 | use winapi::ctypes::*;
[INFO] [stdout]   |             ^^^^^^ could not find `ctypes` in `winapi`
[INFO] [stdout] 
[INFO] [stdout] 
[INFO] [stdout] error[E0433]: failed to resolve: could not find `um` in `winapi`
[INFO] [stdout]   --> src/lib.rs:18:13
[INFO] [stdout]    |
[INFO] [stdout] 18 | use winapi::um::memoryapi::*;
[INFO] [stdout]    |             ^^ could not find `um` in `winapi`
[INFO] [stdout] 
[INFO] [stdout] 
[INFO] [stdout] error[E0433]: failed to resolve: could not find `um` in `winapi`
[INFO] [stdout]   --> src/lib.rs:20:13
[INFO] [stdout]    |
[INFO] [stdout] 20 | use winapi::um::synchapi::*;
[INFO] [stdout]    |             ^^ could not find `um` in `winapi`
[INFO] [stdout] 
[INFO] [stdout] 
[INFO] [stdout] error[E0433]: failed to resolve: could not find `um` in `winapi`
[INFO] [stdout]   --> src/lib.rs:22:13
[INFO] [stdout]    |
[INFO] [stdout] 22 | use winapi::um::handleapi::*;
[INFO] [stdout]    |             ^^ could not find `um` in `winapi`
[INFO] [stdout] 
[INFO] [stdout] 
[INFO] [stdout] error[E0433]: failed to resolve: could not find `um` in `winapi`
[INFO] [stdout]   --> src/lib.rs:23:13
[INFO] [stdout]    |
[INFO] [stdout] 23 | use winapi::um::psapi::{GetModuleInformation, MODULEINFO};
[INFO] [stdout]    |             ^^ could not find `um` in `winapi`
[INFO] [stdout] 
[INFO] [stdout] 
[INFO] [stdout] error[E0433]: failed to resolve: could not find `um` in `winapi`
[INFO] [stdout]   --> src/lib.rs:25:13
[INFO] [stdout]    |
[INFO] [stdout] 25 | use winapi::um::errhandlingapi::GetLastError;
[INFO] [stdout]    |             ^^ could not find `um` in `winapi`
[INFO] [stdout] 
[INFO] [stdout] 
[INFO] [stdout] error[E0432]: unresolved import `winapi::ctypes`
[INFO] [stdout]   --> src/lib.rs:17:13
[INFO] [stdout]    |
[INFO] [stdout] 17 | use winapi::ctypes::*;
[INFO] [stdout]    |             ^^^^^^ could not find `ctypes` in `winapi`
[INFO] [stdout] 
[INFO] [stdout] 
[INFO] [stdout] error[E0412]: cannot find type `HANDLE` in this scope
[INFO] [stdout]   --> src/remote_ops.rs:24:13
[INFO] [stdout]    |
[INFO] [stdout] 24 |     handle: HANDLE,
[INFO] [stdout]    |             ^^^^^^ not found in this scope
[INFO] [stdout] 
[INFO] [stdout] 
[INFO] [stdout] error[E0412]: cannot find type `HMODULE` in this scope
[INFO] [stdout]   --> src/remote_ops.rs:26:13
[INFO] [stdout]    |
[INFO] [stdout] 23 | pub(crate) unsafe fn get_remote_module_handle(
[INFO] [stdout]    |                                              - help: you might be missing a type parameter: `<HMODULE>`
[INFO] [stdout] ...
[INFO] [stdout] 26 | ) -> Option<HMODULE> {
[INFO] [stdout]    |             ^^^^^^^ not found in this scope
[INFO] [stdout] 
[INFO] [stdout] 
[INFO] [stdout] error[E0412]: cannot find type `DWORD` in this scope
[INFO] [stdout]   --> src/remote_ops.rs:28:26
[INFO] [stdout]    |
[INFO] [stdout] 28 |     let mut num_modules: DWORD = 0;
[INFO] [stdout]    |                          ^^^^^ not found in this scope
[INFO] [stdout] 
[INFO] [stdout] 
[INFO] [stdout] error[E0425]: cannot find function, tuple struct or tuple variant `EnumProcessModulesEx` in this scope
[INFO] [stdout]   --> src/remote_ops.rs:31:8
[INFO] [stdout]    |
[INFO] [stdout] 31 |     if EnumProcessModulesEx(
[INFO] [stdout]    |        ^^^^^^^^^^^^^^^^^^^^ not found in this scope
[INFO] [stdout] 
[INFO] [stdout] 
[INFO] [stdout] error[E0412]: cannot find type `HMODULE` in this scope
[INFO] [stdout]   --> src/remote_ops.rs:34:35
[INFO] [stdout]    |
[INFO] [stdout] 23 | pub(crate) unsafe fn get_remote_module_handle(
[INFO] [stdout]    |                                              - help: you might be missing a type parameter: `<HMODULE>`
[INFO] [stdout] ...
[INFO] [stdout] 34 |         250 * std::mem::size_of::<HMODULE>() as u32,
[INFO] [stdout]    |                                   ^^^^^^^ not found in this scope
[INFO] [stdout] 
[INFO] [stdout] 
[INFO] [stdout] error[E0412]: cannot find type `LPDWORD` in this scope
[INFO] [stdout]   --> src/remote_ops.rs:35:29
[INFO] [stdout]    |
[INFO] [stdout] 35 |         &mut num_modules as LPDWORD,
[INFO] [stdout]    |                             ^^^^^^^ not found in this scope
[INFO] [stdout] 
[INFO] [stdout] 
[INFO] [stdout] error[E0425]: cannot find value `LIST_MODULES_ALL` in this scope
[INFO] [stdout]   --> src/remote_ops.rs:36:9
[INFO] [stdout]    |
[INFO] [stdout] 36 |         LIST_MODULES_ALL,
[INFO] [stdout]    |         ^^^^^^^^^^^^^^^^ not found in this scope
[INFO] [stdout] 
[INFO] [stdout] 
[INFO] [stdout] error[E0425]: cannot find function, tuple struct or tuple variant `EnumProcessModulesEx` in this scope
[INFO] [stdout]   --> src/remote_ops.rs:45:12
[INFO] [stdout]    |
[INFO] [stdout] 45 |         if EnumProcessModulesEx(
[INFO] [stdout]    |            ^^^^^^^^^^^^^^^^^^^^ not found in this scope
[INFO] [stdout] 
[INFO] [stdout] 
[INFO] [stdout] error[E0412]: cannot find type `HMODULE` in this scope
[INFO] [stdout]   --> src/remote_ops.rs:48:47
[INFO] [stdout]    |
[INFO] [stdout] 23 | pub(crate) unsafe fn get_remote_module_handle(
[INFO] [stdout]    |                                              - help: you might be missing a type parameter: `<HMODULE>`
[INFO] [stdout] ...
[INFO] [stdout] 48 |             num_modules * std::mem::size_of::<HMODULE>() as u32,
[INFO] [stdout]    |                                               ^^^^^^^ not found in this scope
[INFO] [stdout] 
[INFO] [stdout] 
[INFO] [stdout] error[E0412]: cannot find type `LPDWORD` in this scope
[INFO] [stdout]   --> src/remote_ops.rs:49:33
[INFO] [stdout]    |
[INFO] [stdout] 49 |             &mut num_modules as LPDWORD,
[INFO] [stdout]    |                                 ^^^^^^^ not found in this scope
[INFO] [stdout] 
[INFO] [stdout] 
[INFO] [stdout] error[E0425]: cannot find value `LIST_MODULES_ALL` in this scope
[INFO] [stdout]   --> src/remote_ops.rs:50:13
[INFO] [stdout]    |
[INFO] [stdout] 50 |             LIST_MODULES_ALL,
[INFO] [stdout]    |             ^^^^^^^^^^^^^^^^ not found in this scope
[INFO] [stdout] 
[INFO] [stdout] 
[INFO] [stdout] error[E0425]: cannot find value `MAX_PATH` in this scope
[INFO] [stdout]   --> src/remote_ops.rs:62:35
[INFO] [stdout]    |
[INFO] [stdout] 62 |         let mut module_name = [0; MAX_PATH];
[INFO] [stdout]    |                                   ^^^^^^^^ not found in this scope
[INFO] [stdout] 
[INFO] [stdout] 
[INFO] [stdout] error[E0425]: cannot find function, tuple struct or tuple variant `GetModuleBaseNameA` in this scope
[INFO] [stdout]   --> src/remote_ops.rs:63:9
[INFO] [stdout]    |
[INFO] [stdout] 63 |         GetModuleBaseNameA(
[INFO] [stdout]    |         ^^^^^^^^^^^^^^^^^^ not found in this scope
[INFO] [stdout] 
[INFO] [stdout] 
[INFO] [stdout] error[E0412]: cannot find type `c_char` in this scope
[INFO] [stdout]   --> src/remote_ops.rs:66:46
[INFO] [stdout]    |
[INFO] [stdout] 66 |             module_name.as_mut_ptr() as *mut c_char,
[INFO] [stdout]    |                                              ^^^^^^
[INFO] [stdout]    |
[INFO] [stdout] help: a builtin type with a similar name exists
[INFO] [stdout]    |
[INFO] [stdout] 66 |             module_name.as_mut_ptr() as *mut char,
[INFO] [stdout]    |                                              ^^^^
[INFO] [stdout] help: consider importing this type alias
[INFO] [stdout]    |
[INFO] [stdout] 1  | use std::os::raw::c_char;
[INFO] [stdout]    |
[INFO] [stdout] 
[INFO] [stdout] 
[INFO] [stdout] error[E0425]: cannot find value `MAX_PATH` in this scope
[INFO] [stdout]   --> src/remote_ops.rs:67:13
[INFO] [stdout]    |
[INFO] [stdout] 67 |             MAX_PATH as DWORD,
[INFO] [stdout]    |             ^^^^^^^^ not found in this scope
[INFO] [stdout] 
[INFO] [stdout] 
[INFO] [stdout] error[E0412]: cannot find type `DWORD` in this scope
[INFO] [stdout]   --> src/remote_ops.rs:67:25
[INFO] [stdout]    |
[INFO] [stdout] 67 |             MAX_PATH as DWORD,
[INFO] [stdout]    |                         ^^^^^ not found in this scope
[INFO] [stdout] 
[INFO] [stdout] 
[INFO] [stdout] error[E0412]: cannot find type `HANDLE` in this scope
[INFO] [stdout]   --> src/remote_ops.rs:82:16
[INFO] [stdout]    |
[INFO] [stdout] 82 |     h_process: HANDLE,
[INFO] [stdout]    |                ^^^^^^ not found in this scope
[INFO] [stdout] 
[INFO] [stdout] 
[INFO] [stdout] error[E0412]: cannot find type `HMODULE` in this scope
[INFO] [stdout]   --> src/remote_ops.rs:83:15
[INFO] [stdout]    |
[INFO] [stdout] 83 |     h_module: HMODULE,
[INFO] [stdout]    |               ^^^^^^^ not found in this scope
[INFO] [stdout] 
[INFO] [stdout] 
[INFO] [stdout] error[E0412]: cannot find type `FARPROC` in this scope
[INFO] [stdout]   --> src/remote_ops.rs:87:13
[INFO] [stdout]    |
[INFO] [stdout] 81 | pub(crate) unsafe fn get_remote_proc_address(
[INFO] [stdout]    |                                             - help: you might be missing a type parameter: `<FARPROC>`
[INFO] [stdout] ...
[INFO] [stdout] 87 | ) -> Option<FARPROC> {
[INFO] [stdout]    |             ^^^^^^^ not found in this scope
[INFO] [stdout] 
[INFO] [stdout] 
[INFO] [stdout] error[E0412]: cannot find type `MODULEINFO` in this scope
[INFO] [stdout]   --> src/remote_ops.rs:89:43
[INFO] [stdout]    |
[INFO] [stdout] 81 | pub(crate) unsafe fn get_remote_proc_address(
[INFO] [stdout]    |                                             - help: you might be missing a type parameter: `<MODULEINFO>`
[INFO] [stdout] ...
[INFO] [stdout] 89 |     let mut remote_module_info = zeroed::<MODULEINFO>();
[INFO] [stdout]    |                                           ^^^^^^^^^^ not found in this scope
[INFO] [stdout] 
[INFO] [stdout] 
[INFO] [stdout] error[E0412]: cannot find type `IMAGE_DOS_HEADER` in this scope
[INFO] [stdout]   --> src/remote_ops.rs:90:35
[INFO] [stdout]    |
[INFO] [stdout] 81 | pub(crate) unsafe fn get_remote_proc_address(
[INFO] [stdout]    |                                             - help: you might be missing a type parameter: `<IMAGE_DOS_HEADER>`
[INFO] [stdout] ...
[INFO] [stdout] 90 |     let mut dos_header = zeroed::<IMAGE_DOS_HEADER>();
[INFO] [stdout]    |                                   ^^^^^^^^^^^^^^^^ not found in this scope
[INFO] [stdout] 
[INFO] [stdout] 
[INFO] [stdout] error[E0412]: cannot find type `DWORD` in this scope
[INFO] [stdout]   --> src/remote_ops.rs:91:24
[INFO] [stdout]    |
[INFO] [stdout] 91 |     let mut signature: DWORD = 0;
[INFO] [stdout]    |                        ^^^^^ not found in this scope
[INFO] [stdout] 
[INFO] [stdout] 
[INFO] [stdout] error[E0412]: cannot find type `IMAGE_FILE_HEADER` in this scope
[INFO] [stdout]   --> src/remote_ops.rs:92:36
[INFO] [stdout]    |
[INFO] [stdout] 81 | pub(crate) unsafe fn get_remote_proc_address(
[INFO] [stdout]    |                                             - help: you might be missing a type parameter: `<IMAGE_FILE_HEADER>`
[INFO] [stdout] ...
[INFO] [stdout] 92 |     let mut file_header = zeroed::<IMAGE_FILE_HEADER>();
[INFO] [stdout]    |                                    ^^^^^^^^^^^^^^^^^ not found in this scope
[INFO] [stdout] 
[INFO] [stdout] 
[INFO] [stdout] error[E0412]: cannot find type `IMAGE_OPTIONAL_HEADER64` in this scope
[INFO] [stdout]   --> src/remote_ops.rs:93:38
[INFO] [stdout]    |
[INFO] [stdout] 81 | pub(crate) unsafe fn get_remote_proc_address(
[INFO] [stdout]    |                                             - help: you might be missing a type parameter: `<IMAGE_OPTIONAL_HEADER64>`
[INFO] [stdout] ...
[INFO] [stdout] 93 |     let mut opt_header_64 = zeroed::<IMAGE_OPTIONAL_HEADER64>();
[INFO] [stdout]    |                                      ^^^^^^^^^^^^^^^^^^^^^^^ not found in this scope
[INFO] [stdout] 
[INFO] [stdout] 
[INFO] [stdout] error[E0412]: cannot find type `IMAGE_OPTIONAL_HEADER32` in this scope
[INFO] [stdout]   --> src/remote_ops.rs:94:38
[INFO] [stdout]    |
[INFO] [stdout] 81 | pub(crate) unsafe fn get_remote_proc_address(
[INFO] [stdout]    |                                             - help: you might be missing a type parameter: `<IMAGE_OPTIONAL_HEADER32>`
[INFO] [stdout] ...
[INFO] [stdout] 94 |     let mut opt_header_32 = zeroed::<IMAGE_OPTIONAL_HEADER32>();
[INFO] [stdout]    |                                      ^^^^^^^^^^^^^^^^^^^^^^^ not found in this scope
[INFO] [stdout] 
[INFO] [stdout] 
[INFO] [stdout] error[E0412]: cannot find type `IMAGE_DATA_DIRECTORY` in this scope
[INFO] [stdout]   --> src/remote_ops.rs:95:41
[INFO] [stdout]    |
[INFO] [stdout] 81 | pub(crate) unsafe fn get_remote_proc_address(
[INFO] [stdout]    |                                             - help: you might be missing a type parameter: `<IMAGE_DATA_DIRECTORY>`
[INFO] [stdout] ...
[INFO] [stdout] 95 |     let mut export_directory = zeroed::<IMAGE_DATA_DIRECTORY>();
[INFO] [stdout]    |                                         ^^^^^^^^^^^^^^^^^^^^ not found in this scope
[INFO] [stdout] 
[INFO] [stdout] 
[INFO] [stdout] error[E0412]: cannot find type `IMAGE_EXPORT_DIRECTORY` in this scope
[INFO] [stdout]   --> src/remote_ops.rs:96:37
[INFO] [stdout]    |
[INFO] [stdout] 81 | pub(crate) unsafe fn get_remote_proc_address(
[INFO] [stdout]    |                                             - help: you might be missing a type parameter: `<IMAGE_EXPORT_DIRECTORY>`
[INFO] [stdout] ...
[INFO] [stdout] 96 |     let mut export_table = zeroed::<IMAGE_EXPORT_DIRECTORY>();
[INFO] [stdout]    |                                     ^^^^^^^^^^^^^^^^^^^^^^ not found in this scope
[INFO] [stdout] 
[INFO] [stdout] 
[INFO] [stdout] error[E0425]: cannot find function, tuple struct or tuple variant `GetModuleInformation` in this scope
[INFO] [stdout]   --> src/remote_ops.rs:99:15
[INFO] [stdout]    |
[INFO] [stdout] 99 |     try_bool!(GetModuleInformation(
[INFO] [stdout]    |               ^^^^^^^^^^^^^^^^^^^^ not found in this scope
[INFO] [stdout] 
[INFO] [stdout] 
[INFO] [stdout] error[E0412]: cannot find type `MODULEINFO` in this scope
[INFO] [stdout]    --> src/remote_ops.rs:102:41
[INFO] [stdout]     |
[INFO] [stdout] 102 |         &mut remote_module_info as *mut MODULEINFO,
[INFO] [stdout]     |                                         ^^^^^^^^^^ not found in this scope
[INFO] [stdout] 
[INFO] [stdout] 
[INFO] [stdout] error[E0412]: cannot find type `MODULEINFO` in this scope
[INFO] [stdout]    --> src/remote_ops.rs:103:19
[INFO] [stdout]     |
[INFO] [stdout] 81  | pub(crate) unsafe fn get_remote_proc_address(
[INFO] [stdout]     |                                             - help: you might be missing a type parameter: `<MODULEINFO>`
[INFO] [stdout] ...
[INFO] [stdout] 103 |         size_of::<MODULEINFO>() as u32,
[INFO] [stdout]     |                   ^^^^^^^^^^ not found in this scope
[INFO] [stdout] 
[INFO] [stdout] 
[INFO] [stdout] error[E0425]: cannot find function, tuple struct or tuple variant `GetLastError` in this scope
[INFO] [stdout]    --> src/remote_ops.rs:15:31
[INFO] [stdout]     |
[INFO] [stdout] 15  |               println!("e: {}", GetLastError());
[INFO] [stdout]     |                                 ^^^^^^^^^^^^ not found in this scope
[INFO] [stdout] ...
[INFO] [stdout] 99  | /     try_bool!(GetModuleInformation(
[INFO] [stdout] 100 | |         h_process,
[INFO] [stdout] 101 | |         h_module,
[INFO] [stdout] 102 | |         &mut remote_module_info as *mut MODULEINFO,
[INFO] [stdout] 103 | |         size_of::<MODULEINFO>() as u32,
[INFO] [stdout] 104 | |     )
[INFO] [stdout] 105 | |     .eq(&1))?;
[INFO] [stdout]     | |____________- in this macro invocation
[INFO] [stdout]     |
[INFO] [stdout]     = note: this error originates in the macro `try_bool` (in Nightly builds, run with -Z macro-backtrace for more info)
[INFO] [stdout] 
[INFO] [stdout] 
[INFO] [stdout] error[E0425]: cannot find value `IMAGE_DOS_SIGNATURE` in this scope
[INFO] [stdout]    --> src/remote_ops.rs:111:30
[INFO] [stdout]     |
[INFO] [stdout] 111 |     if dos_header.e_magic != IMAGE_DOS_SIGNATURE {
[INFO] [stdout]     |                              ^^^^^^^^^^^^^^^^^^^ not found in this scope
[INFO] [stdout] 
[INFO] [stdout] 
[INFO] [stdout] error[E0425]: cannot find value `IMAGE_NT_SIGNATURE` in this scope
[INFO] [stdout]    --> src/remote_ops.rs:122:21
[INFO] [stdout]     |
[INFO] [stdout] 122 |     if signature != IMAGE_NT_SIGNATURE {
[INFO] [stdout]     |                     ^^^^^^^^^^^^^^^^^^ not found in this scope
[INFO] [stdout] 
[INFO] [stdout] 
[INFO] [stdout] error[E0412]: cannot find type `IMAGE_OPTIONAL_HEADER64` in this scope
[INFO] [stdout]    --> src/remote_ops.rs:135:54
[INFO] [stdout]     |
[INFO] [stdout] 81  | pub(crate) unsafe fn get_remote_proc_address(
[INFO] [stdout]     |                                             - help: you might be missing a type parameter: `<IMAGE_OPTIONAL_HEADER64>`
[INFO] [stdout] ...
[INFO] [stdout] 135 |     if file_header.SizeOfOptionalHeader == size_of::<IMAGE_OPTIONAL_HEADER64>() as u16 {
[INFO] [stdout]     |                                                      ^^^^^^^^^^^^^^^^^^^^^^^ not found in this scope
[INFO] [stdout] 
[INFO] [stdout] 
[INFO] [stdout] error[E0412]: cannot find type `IMAGE_OPTIONAL_HEADER32` in this scope
[INFO] [stdout]    --> src/remote_ops.rs:137:61
[INFO] [stdout]     |
[INFO] [stdout] 81  | pub(crate) unsafe fn get_remote_proc_address(
[INFO] [stdout]     |                                             - help: you might be missing a type parameter: `<IMAGE_OPTIONAL_HEADER32>`
[INFO] [stdout] ...
[INFO] [stdout] 137 |     } else if file_header.SizeOfOptionalHeader == size_of::<IMAGE_OPTIONAL_HEADER32>() as u16 {
[INFO] [stdout]     |                                                             ^^^^^^^^^^^^^^^^^^^^^^^ not found in this scope
[INFO] [stdout] 
[INFO] [stdout] 
[INFO] [stdout] error[E0412]: cannot find type `IMAGE_FILE_HEADER` in this scope
[INFO] [stdout]    --> src/remote_ops.rs:150:29
[INFO] [stdout]     |
[INFO] [stdout] 81  | pub(crate) unsafe fn get_remote_proc_address(
[INFO] [stdout]     |                                             - help: you might be missing a type parameter: `<IMAGE_FILE_HEADER>`
[INFO] [stdout] ...
[INFO] [stdout] 150 |                 + size_of::<IMAGE_FILE_HEADER>(),
[INFO] [stdout]     |                             ^^^^^^^^^^^^^^^^^ not found in this scope
[INFO] [stdout] 
[INFO] [stdout] 
[INFO] [stdout] error[E0425]: cannot find value `IMAGE_NT_OPTIONAL_HDR64_MAGIC` in this scope
[INFO] [stdout]    --> src/remote_ops.rs:154:35
[INFO] [stdout]     |
[INFO] [stdout] 154 |         if opt_header_64.Magic != IMAGE_NT_OPTIONAL_HDR64_MAGIC {
[INFO] [stdout]     |                                   ^^^^^^^^^^^^^^^^^^^^^^^^^^^^^ not found in this scope
[INFO] [stdout] 
[INFO] [stdout] 
[INFO] [stdout] error[E0412]: cannot find type `IMAGE_FILE_HEADER` in this scope
[INFO] [stdout]    --> src/remote_ops.rs:163:29
[INFO] [stdout]     |
[INFO] [stdout] 81  | pub(crate) unsafe fn get_remote_proc_address(
[INFO] [stdout]     |                                             - help: you might be missing a type parameter: `<IMAGE_FILE_HEADER>`
[INFO] [stdout] ...
[INFO] [stdout] 163 |                 + size_of::<IMAGE_FILE_HEADER>(),
[INFO] [stdout]     |                             ^^^^^^^^^^^^^^^^^ not found in this scope
[INFO] [stdout] 
[INFO] [stdout] 
[INFO] [stdout] error[E0425]: cannot find value `IMAGE_NT_OPTIONAL_HDR32_MAGIC` in this scope
[INFO] [stdout]    --> src/remote_ops.rs:167:35
[INFO] [stdout]     |
[INFO] [stdout] 167 |         if opt_header_32.Magic != IMAGE_NT_OPTIONAL_HDR32_MAGIC {
[INFO] [stdout]     |                                   ^^^^^^^^^^^^^^^^^^^^^^^^^^^^^ not found in this scope
[INFO] [stdout] 
[INFO] [stdout] 
[INFO] [stdout] error[E0425]: cannot find value `IMAGE_DIRECTORY_ENTRY_EXPORT` in this scope
[INFO] [stdout]    --> src/remote_ops.rs:176:57
[INFO] [stdout]     |
[INFO] [stdout] 176 |     if is_64_bit && opt_header_64.NumberOfRvaAndSizes > IMAGE_DIRECTORY_ENTRY_EXPORT as u32 {
[INFO] [stdout]     |                                                         ^^^^^^^^^^^^^^^^^^^^^^^^^^^^ not found in this scope
[INFO] [stdout] 
[INFO] [stdout] 
[INFO] [stdout] error[E0425]: cannot find value `IMAGE_DIRECTORY_ENTRY_EXPORT` in this scope
[INFO] [stdout]    --> src/remote_ops.rs:178:41
[INFO] [stdout]     |
[INFO] [stdout] 178 |             opt_header_64.DataDirectory[IMAGE_DIRECTORY_ENTRY_EXPORT as usize].VirtualAddress;
[INFO] [stdout]     |                                         ^^^^^^^^^^^^^^^^^^^^^^^^^^^^ not found in this scope
[INFO] [stdout] 
[INFO] [stdout] 
[INFO] [stdout] error[E0425]: cannot find value `IMAGE_DIRECTORY_ENTRY_EXPORT` in this scope
[INFO] [stdout]    --> src/remote_ops.rs:180:41
[INFO] [stdout]     |
[INFO] [stdout] 180 |             opt_header_64.DataDirectory[IMAGE_DIRECTORY_ENTRY_EXPORT as usize].Size;
[INFO] [stdout]     |                                         ^^^^^^^^^^^^^^^^^^^^^^^^^^^^ not found in this scope
[INFO] [stdout] 
[INFO] [stdout] 
[INFO] [stdout] error[E0425]: cannot find value `IMAGE_DIRECTORY_ENTRY_EXPORT` in this scope
[INFO] [stdout]    --> src/remote_ops.rs:181:51
[INFO] [stdout]     |
[INFO] [stdout] 181 |     } else if opt_header_32.NumberOfRvaAndSizes > IMAGE_DIRECTORY_ENTRY_EXPORT as u32 {
[INFO] [stdout]     |                                                   ^^^^^^^^^^^^^^^^^^^^^^^^^^^^ not found in this scope
[INFO] [stdout] 
[INFO] [stdout] 
[INFO] [stdout] error[E0425]: cannot find value `IMAGE_DIRECTORY_ENTRY_EXPORT` in this scope
[INFO] [stdout]    --> src/remote_ops.rs:183:41
[INFO] [stdout]     |
[INFO] [stdout] 183 |             opt_header_32.DataDirectory[IMAGE_DIRECTORY_ENTRY_EXPORT as usize].VirtualAddress;
[INFO] [stdout]     |                                         ^^^^^^^^^^^^^^^^^^^^^^^^^^^^ not found in this scope
[INFO] [stdout] 
[INFO] [stdout] 
[INFO] [stdout] error[E0425]: cannot find value `IMAGE_DIRECTORY_ENTRY_EXPORT` in this scope
[INFO] [stdout]    --> src/remote_ops.rs:185:41
[INFO] [stdout]     |
[INFO] [stdout] 185 |             opt_header_32.DataDirectory[IMAGE_DIRECTORY_ENTRY_EXPORT as usize].Size;
[INFO] [stdout]     |                                         ^^^^^^^^^^^^^^^^^^^^^^^^^^^^ not found in this scope
[INFO] [stdout] 
[INFO] [stdout] 
[INFO] [stdout] error[E0412]: cannot find type `UINT` in this scope
[INFO] [stdout]    --> src/remote_ops.rs:267:35
[INFO] [stdout]     |
[INFO] [stdout] 267 |                 let real_ordinal: UINT = real_function_id.parse().ok()?;
[INFO] [stdout]     |                                   ^^^^ not found in this scope
[INFO] [stdout] 
[INFO] [stdout] 
[INFO] [stdout] error[E0412]: cannot find type `FARPROC` in this scope
[INFO] [stdout]    --> src/remote_ops.rs:276:100
[INFO] [stdout]     |
[INFO] [stdout] 276 |             Some((remote_module_base_va + export_function_table[function_table_index] as usize) as FARPROC)
[INFO] [stdout]     |                                                                                                    ^^^^^^^ not found in this scope
[INFO] [stdout] 
[INFO] [stdout] 
[INFO] [stdout] error[E0412]: cannot find type `UINT` in this scope
[INFO] [stdout]    --> src/remote_ops.rs:312:43
[INFO] [stdout]     |
[INFO] [stdout] 312 |                         let real_ordinal: UINT = real_function_id.parse().ok()?;
[INFO] [stdout]     |                                           ^^^^ not found in this scope
[INFO] [stdout] 
[INFO] [stdout] 
[INFO] [stdout] error[E0412]: cannot find type `FARPROC` in this scope
[INFO] [stdout]    --> src/remote_ops.rs:333:134
[INFO] [stdout]     |
[INFO] [stdout] 333 | ...ble[export_ordinal_table[i] as usize] as usize) as FARPROC)
[INFO] [stdout]     |                                                       ^^^^^^^ not found in this scope
[INFO] [stdout] 
[INFO] [stdout] 
[INFO] [stdout] error[E0412]: cannot find type `HANDLE` in this scope
[INFO] [stdout]    --> src/remote_ops.rs:345:16
[INFO] [stdout]     |
[INFO] [stdout] 345 |     h_process: HANDLE,
[INFO] [stdout]     |                ^^^^^^ not found in this scope
[INFO] [stdout] 
[INFO] [stdout] 
[INFO] [stdout] error[E0425]: cannot find function, tuple struct or tuple variant `ReadProcessMemory` in this scope
[INFO] [stdout]    --> src/remote_ops.rs:351:9
[INFO] [stdout]     |
[INFO] [stdout] 351 |         ReadProcessMemory(
[INFO] [stdout]     |         ^^^^^^^^^^^^^^^^^ not found in this scope
[INFO] [stdout] 
[INFO] [stdout] 
[INFO] [stdout] error[E0412]: cannot find type `c_void` in this scope
[INFO] [stdout]    --> src/remote_ops.rs:353:29
[INFO] [stdout]     |
[INFO] [stdout] 353 |             lp_base as *mut c_void,
[INFO] [stdout]     |                             ^^^^^^ not found in this scope
[INFO] [stdout]     |
[INFO] [stdout] help: consider importing one of these items
[INFO] [stdout]     |
[INFO] [stdout] 1   | use core::ffi::c_void;
[INFO] [stdout]     |
[INFO] [stdout] 1   | use std::os::raw::c_void;
[INFO] [stdout]     |
[INFO] [stdout] 
[INFO] [stdout] 
[INFO] [stdout] error[E0412]: cannot find type `c_void` in this scope
[INFO] [stdout]    --> src/remote_ops.rs:354:28
[INFO] [stdout]     |
[INFO] [stdout] 354 |             target as *mut c_void,
[INFO] [stdout]     |                            ^^^^^^ not found in this scope
[INFO] [stdout]     |
[INFO] [stdout] help: consider importing one of these items
[INFO] [stdout]     |
[INFO] [stdout] 1   | use core::ffi::c_void;
[INFO] [stdout]     |
[INFO] [stdout] 1   | use std::os::raw::c_void;
[INFO] [stdout]     |
[INFO] [stdout] 
[INFO] [stdout] 
[INFO] [stdout] error[E0425]: cannot find function, tuple struct or tuple variant `GetLastError` in this scope
[INFO] [stdout]    --> src/remote_ops.rs:15:31
[INFO] [stdout]     |
[INFO] [stdout] 15  |               println!("e: {}", GetLastError());
[INFO] [stdout]     |                                 ^^^^^^^^^^^^ not found in this scope
[INFO] [stdout] ...
[INFO] [stdout] 350 | /     try_bool!(
[INFO] [stdout] 351 | |         ReadProcessMemory(
[INFO] [stdout] 352 | |             h_process,
[INFO] [stdout] 353 | |             lp_base as *mut c_void,
[INFO] [stdout] ...   |
[INFO] [stdout] 357 | |         ) == 1
[INFO] [stdout] 358 | |     )
[INFO] [stdout]     | |_____- in this macro invocation
[INFO] [stdout]     |
[INFO] [stdout]     = note: this error originates in the macro `try_bool` (in Nightly builds, run with -Z macro-backtrace for more info)
[INFO] [stdout] 
[INFO] [stdout] 
[INFO] [stdout] error[E0412]: cannot find type `HANDLE` in this scope
[INFO] [stdout]    --> src/remote_ops.rs:361:49
[INFO] [stdout]     |
[INFO] [stdout] 361 | unsafe fn read_process_memory_string(h_process: HANDLE, lp_base: usize) -> Option<String> {
[INFO] [stdout]     |                                                 ^^^^^^ not found in this scope
[INFO] [stdout] 
[INFO] [stdout] 
[INFO] [stdout] error[E0412]: cannot find type `c_char` in this scope
[INFO] [stdout]    --> src/remote_ops.rs:368:31
[INFO] [stdout]     |
[INFO] [stdout] 368 |         let mut ch = zeroed::<c_char>();
[INFO] [stdout]     |                               ^^^^^^
[INFO] [stdout]     |
[INFO] [stdout] help: a builtin type with a similar name exists
[INFO] [stdout]     |
[INFO] [stdout] 368 |         let mut ch = zeroed::<char>();
[INFO] [stdout]     |                               ^^^^
[INFO] [stdout] help: consider importing this type alias
[INFO] [stdout]     |
[INFO] [stdout] 1   | use std::os::raw::c_char;
[INFO] [stdout]     |
[INFO] [stdout] 
[INFO] [stdout] 
[INFO] [stdout] error[E0412]: cannot find type `HANDLE` in this scope
[INFO] [stdout]   --> src/lib.rs:41:19
[INFO] [stdout]    |
[INFO] [stdout] 41 |     game_process: HANDLE,
[INFO] [stdout]    |                   ^^^^^^ not found in this scope
[INFO] [stdout] 
[INFO] [stdout] 
[INFO] [stdout] error[E0412]: cannot find type `FARPROC` in this scope
[INFO] [stdout]   --> src/lib.rs:42:23
[INFO] [stdout]    |
[INFO] [stdout] 42 |     msg_func_pointer: FARPROC,
[INFO] [stdout]    |                       ^^^^^^^ not found in this scope
[INFO] [stdout] 
[INFO] [stdout] 
[INFO] [stdout] error[E0412]: cannot find type `FARPROC` in this scope
[INFO] [stdout]   --> src/lib.rs:43:27
[INFO] [stdout]    |
[INFO] [stdout] 43 |     warning_func_pointer: FARPROC,
[INFO] [stdout]    |                           ^^^^^^^ not found in this scope
[INFO] [stdout] 
[INFO] [stdout] 
[INFO] [stdout] error[E0412]: cannot find type `FARPROC` in this scope
[INFO] [stdout]   --> src/lib.rs:44:25
[INFO] [stdout]    |
[INFO] [stdout] 44 |     error_func_pointer: FARPROC,
[INFO] [stdout]    |                         ^^^^^^^ not found in this scope
[INFO] [stdout] 
[INFO] [stdout] 
[INFO] [stdout] error[E0412]: cannot find type `FARPROC` in this scope
[INFO] [stdout]   --> src/lib.rs:45:23
[INFO] [stdout]    |
[INFO] [stdout] 45 |     log_func_pointer: FARPROC,
[INFO] [stdout]    |                       ^^^^^^^ not found in this scope
[INFO] [stdout] 
[INFO] [stdout] 
[INFO] [stdout] error[E0412]: cannot find type `FARPROC` in this scope
[INFO] [stdout]   --> src/lib.rs:46:39
[INFO] [stdout]    |
[INFO] [stdout] 40 | pub struct SourceConsole {
[INFO] [stdout]    |                         - help: you might be missing a type parameter: `<FARPROC>`
[INFO] [stdout] ...
[INFO] [stdout] 46 |     cbuf_addtext_func_pointer: Option<FARPROC>,
[INFO] [stdout]    |                                       ^^^^^^^ not found in this scope
[INFO] [stdout] 
[INFO] [stdout] 
[INFO] [stdout] error[E0412]: cannot find type `PROCESSENTRY32` in this scope
[INFO] [stdout]   --> src/lib.rs:54:38
[INFO] [stdout]    |
[INFO] [stdout] 49 | impl SourceConsole {
[INFO] [stdout]    |     - help: you might be missing a type parameter: `<PROCESSENTRY32>`
[INFO] [stdout] ...
[INFO] [stdout] 54 |             let mut entry = zeroed::<PROCESSENTRY32>();
[INFO] [stdout]    |                                      ^^^^^^^^^^^^^^ not found in this scope
[INFO] [stdout] 
[INFO] [stdout] 
[INFO] [stdout] error[E0412]: cannot find type `PROCESSENTRY32` in this scope
[INFO] [stdout]   --> src/lib.rs:55:38
[INFO] [stdout]    |
[INFO] [stdout] 49 | impl SourceConsole {
[INFO] [stdout]    |     - help: you might be missing a type parameter: `<PROCESSENTRY32>`
[INFO] [stdout] ...
[INFO] [stdout] 55 |             entry.dwSize = size_of::<PROCESSENTRY32>() as DWORD;
[INFO] [stdout]    |                                      ^^^^^^^^^^^^^^ not found in this scope
[INFO] [stdout] 
[INFO] [stdout] 
[INFO] [stdout] error[E0412]: cannot find type `DWORD` in this scope
[INFO] [stdout]   --> src/lib.rs:55:59
[INFO] [stdout]    |
[INFO] [stdout] 55 |             entry.dwSize = size_of::<PROCESSENTRY32>() as DWORD;
[INFO] [stdout]    |                                                           ^^^^^ not found in this scope
[INFO] [stdout] 
[INFO] [stdout] 
[INFO] [stdout] error[E0425]: cannot find function, tuple struct or tuple variant `CreateToolhelp32Snapshot` in this scope
[INFO] [stdout]   --> src/lib.rs:57:28
[INFO] [stdout]    |
[INFO] [stdout] 57 |             let snapshot = CreateToolhelp32Snapshot(TH32CS_SNAPPROCESS, 0);
[INFO] [stdout]    |                            ^^^^^^^^^^^^^^^^^^^^^^^^ not found in this scope
[INFO] [stdout] 
[INFO] [stdout] 
[INFO] [stdout] error[E0425]: cannot find value `TH32CS_SNAPPROCESS` in this scope
[INFO] [stdout]   --> src/lib.rs:57:53
[INFO] [stdout]    |
[INFO] [stdout] 57 |             let snapshot = CreateToolhelp32Snapshot(TH32CS_SNAPPROCESS, 0);
[INFO] [stdout]    |                                                     ^^^^^^^^^^^^^^^^^^ not found in this scope
[INFO] [stdout] 
[INFO] [stdout] 
[INFO] [stdout] error[E0425]: cannot find function, tuple struct or tuple variant `Process32Next` in this scope
[INFO] [stdout]   --> src/lib.rs:59:19
[INFO] [stdout]    |
[INFO] [stdout] 59 |             while Process32Next(snapshot, &mut entry as *mut PROCESSENTRY32) == TRUE {
[INFO] [stdout]    |                   ^^^^^^^^^^^^^ not found in this scope
[INFO] [stdout] 
[INFO] [stdout] 
[INFO] [stdout] error[E0412]: cannot find type `PROCESSENTRY32` in this scope
[INFO] [stdout]   --> src/lib.rs:59:62
[INFO] [stdout]    |
[INFO] [stdout] 59 |             while Process32Next(snapshot, &mut entry as *mut PROCESSENTRY32) == TRUE {
[INFO] [stdout]    |                                                              ^^^^^^^^^^^^^^ not found in this scope
[INFO] [stdout] 
[INFO] [stdout] 
[INFO] [stdout] error[E0425]: cannot find value `TRUE` in this scope
[INFO] [stdout]   --> src/lib.rs:59:81
[INFO] [stdout]    |
[INFO] [stdout] 59 |             while Process32Next(snapshot, &mut entry as *mut PROCESSENTRY32) == TRUE {
[INFO] [stdout]    |                                                                                 ^^^^ not found in this scope
[INFO] [stdout] 
[INFO] [stdout] 
[INFO] [stdout] error[E0425]: cannot find function, tuple struct or tuple variant `OpenProcess` in this scope
[INFO] [stdout]   --> src/lib.rs:61:40
[INFO] [stdout]    |
[INFO] [stdout] 61 |                     let game_process = OpenProcess(PROCESS_ALL_ACCESS, FALSE, entry.th32ProcessID);
[INFO] [stdout]    |                                        ^^^^^^^^^^^ not found in this scope
[INFO] [stdout] 
[INFO] [stdout] 
[INFO] [stdout] error[E0425]: cannot find value `PROCESS_ALL_ACCESS` in this scope
[INFO] [stdout]   --> src/lib.rs:61:52
[INFO] [stdout]    |
[INFO] [stdout] 61 |                     let game_process = OpenProcess(PROCESS_ALL_ACCESS, FALSE, entry.th32ProcessID);
[INFO] [stdout]    |                                                    ^^^^^^^^^^^^^^^^^^ not found in this scope
[INFO] [stdout] 
[INFO] [stdout] 
[INFO] [stdout] error[E0425]: cannot find value `FALSE` in this scope
[INFO] [stdout]   --> src/lib.rs:61:72
[INFO] [stdout]    |
[INFO] [stdout] 61 |                     let game_process = OpenProcess(PROCESS_ALL_ACCESS, FALSE, entry.th32ProcessID);
[INFO] [stdout]    |                                                                        ^^^^^ not found in this scope
[INFO] [stdout] 
[INFO] [stdout] 
[INFO] [stdout] error[E0412]: cannot find type `FARPROC` in this scope
[INFO] [stdout]    --> src/lib.rs:117:80
[INFO] [stdout]     |
[INFO] [stdout] 117 |     unsafe fn call_fn_with_string_param<S: AsRef<str>>(&self, string: S, func: FARPROC) {
[INFO] [stdout]     |                                                                                ^^^^^^^ not found in this scope
[INFO] [stdout] 
[INFO] [stdout] 
[INFO] [stdout] error[E0425]: cannot find function, tuple struct or tuple variant `VirtualAllocEx` in this scope
[INFO] [stdout]    --> src/lib.rs:120:26
[INFO] [stdout]     |
[INFO] [stdout] 120 |         let string_buf = VirtualAllocEx(
[INFO] [stdout]     |                          ^^^^^^^^^^^^^^ not found in this scope
[INFO] [stdout] 
[INFO] [stdout] 
[INFO] [stdout] error[E0425]: cannot find value `MEM_COMMIT` in this scope
[INFO] [stdout]    --> src/lib.rs:124:13
[INFO] [stdout]     |
[INFO] [stdout] 124 |             MEM_COMMIT | MEM_RESERVE,
[INFO] [stdout]     |             ^^^^^^^^^^ not found in this scope
[INFO] [stdout] 
[INFO] [stdout] 
[INFO] [stdout] error[E0425]: cannot find value `MEM_RESERVE` in this scope
[INFO] [stdout]    --> src/lib.rs:124:26
[INFO] [stdout]     |
[INFO] [stdout] 124 |             MEM_COMMIT | MEM_RESERVE,
[INFO] [stdout]     |                          ^^^^^^^^^^^ not found in this scope
[INFO] [stdout] 
[INFO] [stdout] 
[INFO] [stdout] error[E0425]: cannot find value `PAGE_READWRITE` in this scope
[INFO] [stdout]    --> src/lib.rs:125:13
[INFO] [stdout]     |
[INFO] [stdout] 125 |             PAGE_READWRITE,
[INFO] [stdout]     |             ^^^^^^^^^^^^^^ not found in this scope
[INFO] [stdout] 
[INFO] [stdout] 
[INFO] [stdout] error[E0425]: cannot find function, tuple struct or tuple variant `GetLastError` in this scope
[INFO] [stdout]    --> src/lib.rs:129:28
[INFO] [stdout]     |
[INFO] [stdout] 129 |             println!("{}", GetLastError());
[INFO] [stdout]     |                            ^^^^^^^^^^^^ not found in this scope
[INFO] [stdout] 
[INFO] [stdout] 
[INFO] [stdout] error[E0425]: cannot find function, tuple struct or tuple variant `WriteProcessMemory` in this scope
[INFO] [stdout]    --> src/lib.rs:134:9
[INFO] [stdout]     |
[INFO] [stdout] 134 |         WriteProcessMemory(
[INFO] [stdout]     |         ^^^^^^^^^^^^^^^^^^ not found in this scope
[INFO] [stdout] 
[INFO] [stdout] 
[INFO] [stdout] error[E0412]: cannot find type `c_void` in this scope
[INFO] [stdout]    --> src/lib.rs:137:60
[INFO] [stdout]     |
[INFO] [stdout] 137 |             string.as_ref().as_ptr() as *const _ as *const c_void,
[INFO] [stdout]     |                                                            ^^^^^^ not found in this scope
[INFO] [stdout]     |
[INFO] [stdout] help: consider importing one of these items
[INFO] [stdout]     |
[INFO] [stdout] 4   | use core::ffi::c_void;
[INFO] [stdout]     |
[INFO] [stdout] 4   | use std::os::raw::c_void;
[INFO] [stdout]     |
[INFO] [stdout] 
[INFO] [stdout] 
[INFO] [stdout] error[E0425]: cannot find function, tuple struct or tuple variant `CreateRemoteThread` in this scope
[INFO] [stdout]    --> src/lib.rs:142:17
[INFO] [stdout]     |
[INFO] [stdout] 142 |         let s = CreateRemoteThread(
[INFO] [stdout]     |                 ^^^^^^^^^^^^^^^^^^ not found in this scope
[INFO] [stdout] 
[INFO] [stdout] 
[INFO] [stdout] error[E0412]: cannot find type `LPTHREAD_START_ROUTINE` in this scope
[INFO] [stdout]    --> src/lib.rs:146:38
[INFO] [stdout]     |
[INFO] [stdout] 49  | impl SourceConsole {
[INFO] [stdout]     |     - help: you might be missing a type parameter: `<LPTHREAD_START_ROUTINE>`
[INFO] [stdout] ...
[INFO] [stdout] 146 |             std::mem::transmute::<_, LPTHREAD_START_ROUTINE>(func),
[INFO] [stdout]     |                                      ^^^^^^^^^^^^^^^^^^^^^^ not found in this scope
[INFO] [stdout] 
[INFO] [stdout] 
[INFO] [stdout] error[E0425]: cannot find function, tuple struct or tuple variant `WaitForSingleObject` in this scope
[INFO] [stdout]    --> src/lib.rs:153:13
[INFO] [stdout]     |
[INFO] [stdout] 153 |             WaitForSingleObject(s, 0xffffffff);
[INFO] [stdout]     |             ^^^^^^^^^^^^^^^^^^^ not found in this scope
[INFO] [stdout] 
[INFO] [stdout] 
[INFO] [stdout] error[E0425]: cannot find function, tuple struct or tuple variant `TerminateThread` in this scope
[INFO] [stdout]    --> src/lib.rs:154:13
[INFO] [stdout]     |
[INFO] [stdout] 154 |             TerminateThread(s, 0);
[INFO] [stdout]     |             ^^^^^^^^^^^^^^^ not found in this scope
[INFO] [stdout] 
[INFO] [stdout] 
[INFO] [stdout] error[E0425]: cannot find function, tuple struct or tuple variant `CloseHandle` in this scope
[INFO] [stdout]    --> src/lib.rs:155:13
[INFO] [stdout]     |
[INFO] [stdout] 155 |             CloseHandle(s);
[INFO] [stdout]     |             ^^^^^^^^^^^ not found in this scope
[INFO] [stdout] 
[INFO] [stdout] 
[INFO] [stdout] error[E0425]: cannot find function, tuple struct or tuple variant `VirtualFreeEx` in this scope
[INFO] [stdout]    --> src/lib.rs:158:9
[INFO] [stdout]     |
[INFO] [stdout] 158 |         VirtualFreeEx(self.game_process, string_buf, buf_size, MEM_RELEASE);
[INFO] [stdout]     |         ^^^^^^^^^^^^^ not found in this scope
[INFO] [stdout] 
[INFO] [stdout] 
[INFO] [stdout] error[E0425]: cannot find value `MEM_RELEASE` in this scope
[INFO] [stdout]    --> src/lib.rs:158:64
[INFO] [stdout]     |
[INFO] [stdout] 158 |         VirtualFreeEx(self.game_process, string_buf, buf_size, MEM_RELEASE);
[INFO] [stdout]     |                                                                ^^^^^^^^^^^ not found in this scope
[INFO] [stdout] 
[INFO] [stdout] 
[INFO] [stdout] error[E0412]: cannot find type `HANDLE` in this scope
[INFO] [stdout]    --> src/lib.rs:162:40
[INFO] [stdout]     |
[INFO] [stdout] 162 | unsafe fn find_cbuf_addtext(h_process: HANDLE, h_module: HMODULE) -> Option<FARPROC> {
[INFO] [stdout]     |                                        ^^^^^^ not found in this scope
[INFO] [stdout] 
[INFO] [stdout] 
[INFO] [stdout] error[E0412]: cannot find type `HMODULE` in this scope
[INFO] [stdout]    --> src/lib.rs:162:58
[INFO] [stdout]     |
[INFO] [stdout] 162 | unsafe fn find_cbuf_addtext(h_process: HANDLE, h_module: HMODULE) -> Option<FARPROC> {
[INFO] [stdout]     |                                                          ^^^^^^^ not found in this scope
[INFO] [stdout] 
[INFO] [stdout] 
[INFO] [stdout] error[E0412]: cannot find type `FARPROC` in this scope
[INFO] [stdout]    --> src/lib.rs:162:77
[INFO] [stdout]     |
[INFO] [stdout] 162 | unsafe fn find_cbuf_addtext(h_process: HANDLE, h_module: HMODULE) -> Option<FARPROC> {
[INFO] [stdout]     |                            -                                                ^^^^^^^ not found in this scope
[INFO] [stdout]     |                            |
[INFO] [stdout]     |                            help: you might be missing a type parameter: `<FARPROC>`
[INFO] [stdout] 
[INFO] [stdout] 
[INFO] [stdout] error[E0412]: cannot find type `MODULEINFO` in this scope
[INFO] [stdout]    --> src/lib.rs:163:43
[INFO] [stdout]     |
[INFO] [stdout] 162 | unsafe fn find_cbuf_addtext(h_process: HANDLE, h_module: HMODULE) -> Option<FARPROC> {
[INFO] [stdout]     |                            - help: you might be missing a type parameter: `<MODULEINFO>`
[INFO] [stdout] 163 |     let mut module_information = zeroed::<MODULEINFO>();
[INFO] [stdout]     |                                           ^^^^^^^^^^ not found in this scope
[INFO] [stdout] 
[INFO] [stdout] 
[INFO] [stdout] error[E0425]: cannot find function, tuple struct or tuple variant `GetModuleInformation` in this scope
[INFO] [stdout]    --> src/lib.rs:164:15
[INFO] [stdout]     |
[INFO] [stdout] 164 |     try_bool!(GetModuleInformation(
[INFO] [stdout]     |               ^^^^^^^^^^^^^^^^^^^^ help: a local variable with a similar name exists: `module_information`
[INFO] [stdout] 
[INFO] [stdout] 
[INFO] [stdout] error[E0412]: cannot find type `MODULEINFO` in this scope
[INFO] [stdout]    --> src/lib.rs:167:41
[INFO] [stdout]     |
[INFO] [stdout] 167 |         &mut module_information as *mut MODULEINFO,
[INFO] [stdout]     |                                         ^^^^^^^^^^ not found in this scope
[INFO] [stdout] 
[INFO] [stdout] 
[INFO] [stdout] error[E0412]: cannot find type `MODULEINFO` in this scope
[INFO] [stdout]    --> src/lib.rs:168:19
[INFO] [stdout]     |
[INFO] [stdout] 162 | unsafe fn find_cbuf_addtext(h_process: HANDLE, h_module: HMODULE) -> Option<FARPROC> {
[INFO] [stdout]     |                            - help: you might be missing a type parameter: `<MODULEINFO>`
[INFO] [stdout] ...
[INFO] [stdout] 168 |         size_of::<MODULEINFO>() as u32
[INFO] [stdout]     |                   ^^^^^^^^^^ not found in this scope
[INFO] [stdout] 
[INFO] [stdout] 
[INFO] [stdout] error[E0412]: cannot find type `IMAGE_DOS_HEADER` in this scope
[INFO] [stdout]    --> src/lib.rs:174:35
[INFO] [stdout]     |
[INFO] [stdout] 162 | unsafe fn find_cbuf_addtext(h_process: HANDLE, h_module: HMODULE) -> Option<FARPROC> {
[INFO] [stdout]     |                            - help: you might be missing a type parameter: `<IMAGE_DOS_HEADER>`
[INFO] [stdout] ...
[INFO] [stdout] 174 |     let mut dos_header = zeroed::<IMAGE_DOS_HEADER>();
[INFO] [stdout]     |                                   ^^^^^^^^^^^^^^^^ not found in this scope
[INFO] [stdout] 
[INFO] [stdout] 
[INFO] [stdout] error[E0425]: cannot find value `IMAGE_DOS_SIGNATURE` in this scope
[INFO] [stdout]    --> src/lib.rs:176:30
[INFO] [stdout]     |
[INFO] [stdout] 176 |     if dos_header.e_magic != IMAGE_DOS_SIGNATURE {
[INFO] [stdout]     |                              ^^^^^^^^^^^^^^^^^^^ not found in this scope
[INFO] [stdout] 
[INFO] [stdout] 
[INFO] [stdout] error[E0412]: cannot find type `IMAGE_FILE_HEADER` in this scope
[INFO] [stdout]    --> src/lib.rs:181:36
[INFO] [stdout]     |
[INFO] [stdout] 162 | unsafe fn find_cbuf_addtext(h_process: HANDLE, h_module: HMODULE) -> Option<FARPROC> {
[INFO] [stdout]     |                            - help: you might be missing a type parameter: `<IMAGE_FILE_HEADER>`
[INFO] [stdout] ...
[INFO] [stdout] 181 |     let mut file_header = zeroed::<IMAGE_FILE_HEADER>();
[INFO] [stdout]     |                                    ^^^^^^^^^^^^^^^^^ not found in this scope
[INFO] [stdout] 
[INFO] [stdout] 
[INFO] [stdout] error[E0412]: cannot find type `IMAGE_DOS_HEADER` in this scope
[INFO] [stdout]    --> src/lib.rs:182:72
[INFO] [stdout]     |
[INFO] [stdout] 162 | unsafe fn find_cbuf_addtext(h_process: HANDLE, h_module: HMODULE) -> Option<FARPROC> {
[INFO] [stdout]     |                            - help: you might be missing a type parameter: `<IMAGE_DOS_HEADER>`
[INFO] [stdout] ...
[INFO] [stdout] 182 |     remote_ops::read_process_memory(h_process, module_base + size_of::<IMAGE_DOS_HEADER>(), &mut file_header, None)?;
[INFO] [stdout]     |                                                                        ^^^^^^^^^^^^^^^^ not found in this scope
[INFO] [stdout] 
[INFO] [stdout] 
[INFO] [stdout] error[E0412]: cannot find type `IMAGE_OPTIONAL_HEADER64` in this scope
[INFO] [stdout]    --> src/lib.rs:184:63
[INFO] [stdout]     |
[INFO] [stdout] 162 | unsafe fn find_cbuf_addtext(h_process: HANDLE, h_module: HMODULE) -> Option<FARPROC> {
[INFO] [stdout]     |                            - help: you might be missing a type parameter: `<IMAGE_OPTIONAL_HEADER64>`
[INFO] [stdout] ...
[INFO] [stdout] 184 |     if file_header.SizeOfOptionalHeader as usize == size_of::<IMAGE_OPTIONAL_HEADER64>() {
[INFO] [stdout]     |                                                               ^^^^^^^^^^^^^^^^^^^^^^^ not found in this scope
[INFO] [stdout] 
[INFO] [stdout] 
[INFO] [stdout] error[E0412]: cannot find type `FARPROC` in this scope
[INFO] [stdout]    --> src/lib.rs:218:67
[INFO] [stdout]     |
[INFO] [stdout] 218 |                 fn_ptr = Some((fn_addr as usize + module_base) as FARPROC);
[INFO] [stdout]     |                                                                   ^^^^^^^ not found in this scope
[INFO] [stdout] 
[INFO] [stdout] 
[INFO] [stdout] warning: unused import: `transmute`
[INFO] [stdout]  --> src/lib.rs:5:25
[INFO] [stdout]   |
[INFO] [stdout] 5 | use std::mem::{size_of, transmute, zeroed};
[INFO] [stdout]   |                         ^^^^^^^^^
[INFO] [stdout]   |
[INFO] [stdout]   = note: `#[warn(unused_imports)]` on by default
[INFO] [stdout] 
[INFO] [stdout] 
[INFO] [stdout] error: aborting due to 119 previous errors; 1 warning emitted
[INFO] [stdout] 
[INFO] [stdout] 
[INFO] [stdout] Some errors have detailed explanations: E0412, E0425, E0432, E0433.
[INFO] [stdout] 
[INFO] [stdout] For more information about an error, try `rustc --explain E0412`.
[INFO] [stdout] 
[INFO] [stderr] error: could not compile `srcconsole`
[INFO] [stderr] 
[INFO] [stderr] To learn more, run the command again with --verbose.
[INFO] running `Command { std: "docker" "inspect" "a1802e57ee8368403e3fc39ef9f822497c76e7a1413250858111f0fad5139dc9", kill_on_drop: false }`
[INFO] running `Command { std: "docker" "rm" "-f" "a1802e57ee8368403e3fc39ef9f822497c76e7a1413250858111f0fad5139dc9", kill_on_drop: false }`
[INFO] [stdout] a1802e57ee8368403e3fc39ef9f822497c76e7a1413250858111f0fad5139dc9
