[INFO] fetching crate square 0.0.1...
[INFO] testing square-0.0.1 against beta-2021-08-01 for beta-1.55-1
[INFO] extracting crate square 0.0.1 into /workspace/builds/worker-23/source
[INFO] validating manifest of crates.io crate square 0.0.1 on toolchain beta-2021-08-01
[INFO] running `Command { std: "/workspace/cargo-home/bin/cargo" "+beta-2021-08-01" "metadata" "--manifest-path" "Cargo.toml" "--no-deps", kill_on_drop: false }`
[INFO] started tweaking crates.io crate square 0.0.1
[INFO] finished tweaking crates.io crate square 0.0.1
[INFO] tweaked toml for crates.io crate square 0.0.1 written to /workspace/builds/worker-23/source/Cargo.toml
[INFO] running `Command { std: "/workspace/cargo-home/bin/cargo" "+beta-2021-08-01" "generate-lockfile" "--manifest-path" "Cargo.toml" "-Zno-index-update", kill_on_drop: false }`
[INFO] running `Command { std: "/workspace/cargo-home/bin/cargo" "+beta-2021-08-01" "fetch" "--manifest-path" "Cargo.toml", kill_on_drop: false }`
[INFO] [stderr]     Blocking waiting for file lock on package cache
[INFO] [stderr]  Downloading crates ...
[INFO] [stderr]   Downloaded cocoa v0.15.0
[INFO] [stderr]   Downloaded palette v0.3.0
[INFO] running `Command { std: "docker" "create" "-v" "/var/lib/crater-agent-workspace/builds/worker-23/target:/opt/rustwide/target:rw,Z" "-v" "/var/lib/crater-agent-workspace/builds/worker-23/source:/opt/rustwide/workdir:ro,Z" "-v" "/var/lib/crater-agent-workspace/cargo-home:/opt/rustwide/cargo-home:ro,Z" "-v" "/var/lib/crater-agent-workspace/rustup-home:/opt/rustwide/rustup-home:ro,Z" "-e" "SOURCE_DIR=/opt/rustwide/workdir" "-e" "CARGO_TARGET_DIR=/opt/rustwide/target" "-e" "CARGO_HOME=/opt/rustwide/cargo-home" "-e" "RUSTUP_HOME=/opt/rustwide/rustup-home" "-w" "/opt/rustwide/workdir" "-m" "1610612736" "--user" "0:0" "--network" "none" "ghcr.io/rust-lang/crates-build-env/linux@sha256:34b6a614d2c27851fe6cbf88fbd1137609cefab8b10d0615aaeb6fd47975d74e" "/opt/rustwide/cargo-home/bin/cargo" "+beta-2021-08-01" "metadata" "--no-deps" "--format-version=1", kill_on_drop: false }`
[INFO] [stdout] a0970aef5595179c7be418b92bbf2fac5a252c93b1d935f2bda66c0f9834fd7b
[INFO] running `Command { std: "docker" "start" "-a" "a0970aef5595179c7be418b92bbf2fac5a252c93b1d935f2bda66c0f9834fd7b", kill_on_drop: false }`
[INFO] running `Command { std: "docker" "inspect" "a0970aef5595179c7be418b92bbf2fac5a252c93b1d935f2bda66c0f9834fd7b", kill_on_drop: false }`
[INFO] running `Command { std: "docker" "rm" "-f" "a0970aef5595179c7be418b92bbf2fac5a252c93b1d935f2bda66c0f9834fd7b", kill_on_drop: false }`
[INFO] [stdout] a0970aef5595179c7be418b92bbf2fac5a252c93b1d935f2bda66c0f9834fd7b
[INFO] running `Command { std: "docker" "create" "-v" "/var/lib/crater-agent-workspace/builds/worker-23/target:/opt/rustwide/target:rw,Z" "-v" "/var/lib/crater-agent-workspace/builds/worker-23/source:/opt/rustwide/workdir:ro,Z" "-v" "/var/lib/crater-agent-workspace/cargo-home:/opt/rustwide/cargo-home:ro,Z" "-v" "/var/lib/crater-agent-workspace/rustup-home:/opt/rustwide/rustup-home:ro,Z" "-e" "SOURCE_DIR=/opt/rustwide/workdir" "-e" "CARGO_TARGET_DIR=/opt/rustwide/target" "-e" "CARGO_INCREMENTAL=0" "-e" "RUST_BACKTRACE=full" "-e" "RUSTFLAGS=--cap-lints=warn" "-e" "CARGO_HOME=/opt/rustwide/cargo-home" "-e" "RUSTUP_HOME=/opt/rustwide/rustup-home" "-w" "/opt/rustwide/workdir" "-m" "1610612736" "--user" "0:0" "--network" "none" "ghcr.io/rust-lang/crates-build-env/linux@sha256:34b6a614d2c27851fe6cbf88fbd1137609cefab8b10d0615aaeb6fd47975d74e" "/opt/rustwide/cargo-home/bin/cargo" "+beta-2021-08-01" "build" "--frozen" "--message-format=json", kill_on_drop: false }`
[INFO] [stdout] 4a7ba72fbadab17bf7092cf57bea8e96a19adaac585a879b4f968133f31e7a4d
[INFO] running `Command { std: "docker" "start" "-a" "4a7ba72fbadab17bf7092cf57bea8e96a19adaac585a879b4f968133f31e7a4d", kill_on_drop: false }`
[INFO] [stderr]    Compiling autocfg v0.1.7
[INFO] [stderr]    Compiling rand_core v0.4.2
[INFO] [stderr]    Compiling siphasher v0.2.3
[INFO] [stderr]    Compiling memchr v2.4.0
[INFO] [stderr]    Compiling syn v1.0.74
[INFO] [stderr]    Compiling approx v0.1.1
[INFO] [stderr]    Compiling num-traits v0.2.14
[INFO] [stderr]    Compiling phf_shared v0.7.24
[INFO] [stderr]    Compiling rand_core v0.3.1
[INFO] [stderr]    Compiling rand_jitter v0.1.4
[INFO] [stderr]    Compiling rand_os v0.1.3
[INFO] [stderr]    Compiling rand_isaac v0.1.1
[INFO] [stderr]    Compiling rand_hc v0.1.0
[INFO] [stderr]    Compiling rand_xorshift v0.1.1
[INFO] [stderr]    Compiling phf v0.7.24
[INFO] [stderr]    Compiling rand_pcg v0.1.2
[INFO] [stderr]    Compiling rand_chacha v0.1.1
[INFO] [stderr]    Compiling rand v0.6.5
[INFO] [stderr]    Compiling object v0.26.0
[INFO] [stderr]    Compiling phf_generator v0.7.24
[INFO] [stderr]    Compiling phf_codegen v0.7.24
[INFO] [stderr]    Compiling synstructure v0.12.5
[INFO] [stderr]    Compiling palette v0.3.0
[INFO] [stderr]    Compiling backtrace v0.3.61
[INFO] [stderr]    Compiling failure_derive v0.1.8
[INFO] [stderr]    Compiling failure v0.1.8
[INFO] [stderr]    Compiling square v0.0.1 (/opt/rustwide/workdir)
[INFO] [stderr]     Finished dev [unoptimized + debuginfo] target(s) in 12.26s
[INFO] running `Command { std: "docker" "inspect" "4a7ba72fbadab17bf7092cf57bea8e96a19adaac585a879b4f968133f31e7a4d", kill_on_drop: false }`
[INFO] running `Command { std: "docker" "rm" "-f" "4a7ba72fbadab17bf7092cf57bea8e96a19adaac585a879b4f968133f31e7a4d", kill_on_drop: false }`
[INFO] [stdout] 4a7ba72fbadab17bf7092cf57bea8e96a19adaac585a879b4f968133f31e7a4d
[INFO] running `Command { std: "docker" "create" "-v" "/var/lib/crater-agent-workspace/builds/worker-23/target:/opt/rustwide/target:rw,Z" "-v" "/var/lib/crater-agent-workspace/builds/worker-23/source:/opt/rustwide/workdir:ro,Z" "-v" "/var/lib/crater-agent-workspace/cargo-home:/opt/rustwide/cargo-home:ro,Z" "-v" "/var/lib/crater-agent-workspace/rustup-home:/opt/rustwide/rustup-home:ro,Z" "-e" "SOURCE_DIR=/opt/rustwide/workdir" "-e" "CARGO_TARGET_DIR=/opt/rustwide/target" "-e" "CARGO_INCREMENTAL=0" "-e" "RUST_BACKTRACE=full" "-e" "RUSTFLAGS=--cap-lints=warn" "-e" "CARGO_HOME=/opt/rustwide/cargo-home" "-e" "RUSTUP_HOME=/opt/rustwide/rustup-home" "-w" "/opt/rustwide/workdir" "-m" "1610612736" "--user" "0:0" "--network" "none" "ghcr.io/rust-lang/crates-build-env/linux@sha256:34b6a614d2c27851fe6cbf88fbd1137609cefab8b10d0615aaeb6fd47975d74e" "/opt/rustwide/cargo-home/bin/cargo" "+beta-2021-08-01" "test" "--frozen" "--no-run" "--message-format=json", kill_on_drop: false }`
[INFO] [stdout] 0eeaa3a462480111e472af403ff2e5e4dabb2df3899bf79a6de2fa97ac483877
[INFO] running `Command { std: "docker" "start" "-a" "0eeaa3a462480111e472af403ff2e5e4dabb2df3899bf79a6de2fa97ac483877", kill_on_drop: false }`
[INFO] [stderr]    Compiling square v0.0.1 (/opt/rustwide/workdir)
[INFO] [stdout] error[E0433]: failed to resolve: use of undeclared type `Application`
[INFO] [stdout]  --> examples/playground.rs:6:15
[INFO] [stdout]   |
[INFO] [stdout] 6 |     let app = Application::new();
[INFO] [stdout]   |               ^^^^^^^^^^^ use of undeclared type `Application`
[INFO] [stdout] 
[INFO] [stdout] 
[INFO] [stdout] error[E0433]: failed to resolve: use of undeclared type `Window`
[INFO] [stdout]  --> examples/playground.rs:8:18
[INFO] [stdout]   |
[INFO] [stdout] 8 |     let window = Window::new(900., 700.);
[INFO] [stdout]   |                  ^^^^^^ use of undeclared type `Window`
[INFO] [stdout] 
[INFO] [stdout] 
[INFO] [stdout] error[E0433]: failed to resolve: use of undeclared type `SolidColor`
[INFO] [stdout]   --> examples/playground.rs:11:23
[INFO] [stdout]    |
[INFO] [stdout] 11 |     let mut top_bar = SolidColor::new(0xeaeaeb);
[INFO] [stdout]    |                       ^^^^^^^^^^ use of undeclared type `SolidColor`
[INFO] [stdout] 
[INFO] [stdout] 
[INFO] [stdout] error[E0433]: failed to resolve: use of undeclared type `SolidColor`
[INFO] [stdout]   --> examples/playground.rs:14:30
[INFO] [stdout]    |
[INFO] [stdout] 14 |     let mut top_bar_border = SolidColor::new(0xdbdbdc);
[INFO] [stdout]    |                              ^^^^^^^^^^ use of undeclared type `SolidColor`
[INFO] [stdout] 
[INFO] [stdout] 
[INFO] [stdout] error[E0433]: failed to resolve: use of undeclared type `SolidColor`
[INFO] [stdout]   --> examples/playground.rs:17:26
[INFO] [stdout]    |
[INFO] [stdout] 17 |     let mut bottom_bar = SolidColor::new(0xeaeaeb);
[INFO] [stdout]    |                          ^^^^^^^^^^ use of undeclared type `SolidColor`
[INFO] [stdout] 
[INFO] [stdout] 
[INFO] [stdout] error[E0433]: failed to resolve: use of undeclared type `SolidColor`
[INFO] [stdout]   --> examples/playground.rs:20:33
[INFO] [stdout]    |
[INFO] [stdout] 20 |     let mut bottom_bar_border = SolidColor::new(0xdbdbdc);
[INFO] [stdout]    |                                 ^^^^^^^^^^ use of undeclared type `SolidColor`
[INFO] [stdout] 
[INFO] [stdout] 
[INFO] [stdout] error[E0433]: failed to resolve: use of undeclared type `Text`
[INFO] [stdout]   --> examples/playground.rs:23:22
[INFO] [stdout]    |
[INFO] [stdout] 23 |     let mut line_1 = Text::new();
[INFO] [stdout]    |                      ^^^^ use of undeclared type `Text`
[INFO] [stdout] 
[INFO] [stdout] 
[INFO] [stdout] error[E0433]: failed to resolve: use of undeclared type `Row`
[INFO] [stdout]   --> examples/playground.rs:27:20
[INFO] [stdout]    |
[INFO] [stdout] 27 |     let mut main = Row::new();
[INFO] [stdout]    |                    ^^^ use of undeclared type `Row`
[INFO] [stdout] 
[INFO] [stdout] 
[INFO] [stdout] error[E0433]: failed to resolve: use of undeclared type `Column`
[INFO] [stdout]   --> examples/playground.rs:31:25
[INFO] [stdout]    |
[INFO] [stdout] 31 |     let mut container = Column::new();
[INFO] [stdout]    |                         ^^^^^^ use of undeclared type `Column`
[INFO] [stdout] 
[INFO] [stdout] 
[INFO] [stdout] warning: unused import: `square::*`
[INFO] [stdout]  --> examples/playground.rs:3:5
[INFO] [stdout]   |
[INFO] [stdout] 3 | use square::*;
[INFO] [stdout]   |     ^^^^^^^^^
[INFO] [stdout]   |
[INFO] [stdout]   = note: `#[warn(unused_imports)]` on by default
[INFO] [stdout] 
[INFO] [stdout] 
[INFO] [stdout] error: aborting due to 9 previous errors; 1 warning emitted
[INFO] [stdout] 
[INFO] [stdout] 
[INFO] [stdout] For more information about this error, try `rustc --explain E0433`.
[INFO] [stdout] 
[INFO] [stderr] error: could not compile `square` due to 10 previous errors; 1 warning emitted
[INFO] [stderr] warning: build failed, waiting for other jobs to finish...
[INFO] [stderr] error: build failed
[INFO] running `Command { std: "docker" "inspect" "0eeaa3a462480111e472af403ff2e5e4dabb2df3899bf79a6de2fa97ac483877", kill_on_drop: false }`
[INFO] running `Command { std: "docker" "rm" "-f" "0eeaa3a462480111e472af403ff2e5e4dabb2df3899bf79a6de2fa97ac483877", kill_on_drop: false }`
[INFO] [stdout] 0eeaa3a462480111e472af403ff2e5e4dabb2df3899bf79a6de2fa97ac483877
