[INFO] fetching crate sql_lexer 0.9.1...
[INFO] testing sql_lexer-0.9.1 against beta-2021-08-01 for beta-1.55-1
[INFO] extracting crate sql_lexer 0.9.1 into /workspace/builds/worker-16/source
[INFO] validating manifest of crates.io crate sql_lexer 0.9.1 on toolchain beta-2021-08-01
[INFO] running `Command { std: "/workspace/cargo-home/bin/cargo" "+beta-2021-08-01" "metadata" "--manifest-path" "Cargo.toml" "--no-deps", kill_on_drop: false }`
[INFO] started tweaking crates.io crate sql_lexer 0.9.1
[INFO] finished tweaking crates.io crate sql_lexer 0.9.1
[INFO] tweaked toml for crates.io crate sql_lexer 0.9.1 written to /workspace/builds/worker-16/source/Cargo.toml
[INFO] running `Command { std: "/workspace/cargo-home/bin/cargo" "+beta-2021-08-01" "generate-lockfile" "--manifest-path" "Cargo.toml" "-Zno-index-update", kill_on_drop: false }`
[INFO] running `Command { std: "/workspace/cargo-home/bin/cargo" "+beta-2021-08-01" "fetch" "--manifest-path" "Cargo.toml", kill_on_drop: false }`
[INFO] [stderr]     Blocking waiting for file lock on package cache
[INFO] running `Command { std: "docker" "create" "-v" "/var/lib/crater-agent-workspace/builds/worker-16/target:/opt/rustwide/target:rw,Z" "-v" "/var/lib/crater-agent-workspace/builds/worker-16/source:/opt/rustwide/workdir:ro,Z" "-v" "/var/lib/crater-agent-workspace/cargo-home:/opt/rustwide/cargo-home:ro,Z" "-v" "/var/lib/crater-agent-workspace/rustup-home:/opt/rustwide/rustup-home:ro,Z" "-e" "SOURCE_DIR=/opt/rustwide/workdir" "-e" "CARGO_TARGET_DIR=/opt/rustwide/target" "-e" "CARGO_HOME=/opt/rustwide/cargo-home" "-e" "RUSTUP_HOME=/opt/rustwide/rustup-home" "-w" "/opt/rustwide/workdir" "-m" "1610612736" "--user" "0:0" "--network" "none" "ghcr.io/rust-lang/crates-build-env/linux@sha256:34b6a614d2c27851fe6cbf88fbd1137609cefab8b10d0615aaeb6fd47975d74e" "/opt/rustwide/cargo-home/bin/cargo" "+beta-2021-08-01" "metadata" "--no-deps" "--format-version=1", kill_on_drop: false }`
[INFO] [stdout] 80f17a06db090e1bc37c7700080c918ba75f6001aca565bd0d8c8eb705a316a8
[INFO] running `Command { std: "docker" "start" "-a" "80f17a06db090e1bc37c7700080c918ba75f6001aca565bd0d8c8eb705a316a8", kill_on_drop: false }`
[INFO] running `Command { std: "docker" "inspect" "80f17a06db090e1bc37c7700080c918ba75f6001aca565bd0d8c8eb705a316a8", kill_on_drop: false }`
[INFO] running `Command { std: "docker" "rm" "-f" "80f17a06db090e1bc37c7700080c918ba75f6001aca565bd0d8c8eb705a316a8", kill_on_drop: false }`
[INFO] [stdout] 80f17a06db090e1bc37c7700080c918ba75f6001aca565bd0d8c8eb705a316a8
[INFO] running `Command { std: "docker" "create" "-v" "/var/lib/crater-agent-workspace/builds/worker-16/target:/opt/rustwide/target:rw,Z" "-v" "/var/lib/crater-agent-workspace/builds/worker-16/source:/opt/rustwide/workdir:ro,Z" "-v" "/var/lib/crater-agent-workspace/cargo-home:/opt/rustwide/cargo-home:ro,Z" "-v" "/var/lib/crater-agent-workspace/rustup-home:/opt/rustwide/rustup-home:ro,Z" "-e" "SOURCE_DIR=/opt/rustwide/workdir" "-e" "CARGO_TARGET_DIR=/opt/rustwide/target" "-e" "CARGO_INCREMENTAL=0" "-e" "RUST_BACKTRACE=full" "-e" "RUSTFLAGS=--cap-lints=warn" "-e" "CARGO_HOME=/opt/rustwide/cargo-home" "-e" "RUSTUP_HOME=/opt/rustwide/rustup-home" "-w" "/opt/rustwide/workdir" "-m" "1610612736" "--user" "0:0" "--network" "none" "ghcr.io/rust-lang/crates-build-env/linux@sha256:34b6a614d2c27851fe6cbf88fbd1137609cefab8b10d0615aaeb6fd47975d74e" "/opt/rustwide/cargo-home/bin/cargo" "+beta-2021-08-01" "build" "--frozen" "--message-format=json", kill_on_drop: false }`
[INFO] [stdout] 2e38a64b4539cb3ba49ef85184a2c279e6fd9cb5a6a12000afbd9358de75e429
[INFO] running `Command { std: "docker" "start" "-a" "2e38a64b4539cb3ba49ef85184a2c279e6fd9cb5a6a12000afbd9358de75e429", kill_on_drop: false }`
[INFO] [stderr]    Compiling sql_lexer v0.9.1 (/opt/rustwide/workdir)
[INFO] [stdout] warning: use of deprecated trait `std::ascii::AsciiExt`: use inherent methods instead
[INFO] [stdout]  --> src/lexer.rs:1:17
[INFO] [stdout]   |
[INFO] [stdout] 1 | use std::ascii::AsciiExt;
[INFO] [stdout]   |                 ^^^^^^^^
[INFO] [stdout]   |
[INFO] [stdout]   = note: `#[warn(deprecated)]` on by default
[INFO] [stdout] 
[INFO] [stdout] 
[INFO] [stdout] warning: unused import: `std::ascii::AsciiExt`
[INFO] [stdout]  --> src/lexer.rs:1:5
[INFO] [stdout]   |
[INFO] [stdout] 1 | use std::ascii::AsciiExt;
[INFO] [stdout]   |     ^^^^^^^^^^^^^^^^^^^^
[INFO] [stdout]   |
[INFO] [stdout]   = note: `#[warn(unused_imports)]` on by default
[INFO] [stdout] 
[INFO] [stdout] 
[INFO] [stdout] warning: 2 warnings emitted
[INFO] [stdout] 
[INFO] [stdout] 
[INFO] [stderr]     Finished dev [unoptimized + debuginfo] target(s) in 0.94s
[INFO] running `Command { std: "docker" "inspect" "2e38a64b4539cb3ba49ef85184a2c279e6fd9cb5a6a12000afbd9358de75e429", kill_on_drop: false }`
[INFO] running `Command { std: "docker" "rm" "-f" "2e38a64b4539cb3ba49ef85184a2c279e6fd9cb5a6a12000afbd9358de75e429", kill_on_drop: false }`
[INFO] [stdout] 2e38a64b4539cb3ba49ef85184a2c279e6fd9cb5a6a12000afbd9358de75e429
[INFO] running `Command { std: "docker" "create" "-v" "/var/lib/crater-agent-workspace/builds/worker-16/target:/opt/rustwide/target:rw,Z" "-v" "/var/lib/crater-agent-workspace/builds/worker-16/source:/opt/rustwide/workdir:ro,Z" "-v" "/var/lib/crater-agent-workspace/cargo-home:/opt/rustwide/cargo-home:ro,Z" "-v" "/var/lib/crater-agent-workspace/rustup-home:/opt/rustwide/rustup-home:ro,Z" "-e" "SOURCE_DIR=/opt/rustwide/workdir" "-e" "CARGO_TARGET_DIR=/opt/rustwide/target" "-e" "CARGO_INCREMENTAL=0" "-e" "RUST_BACKTRACE=full" "-e" "RUSTFLAGS=--cap-lints=warn" "-e" "CARGO_HOME=/opt/rustwide/cargo-home" "-e" "RUSTUP_HOME=/opt/rustwide/rustup-home" "-w" "/opt/rustwide/workdir" "-m" "1610612736" "--user" "0:0" "--network" "none" "ghcr.io/rust-lang/crates-build-env/linux@sha256:34b6a614d2c27851fe6cbf88fbd1137609cefab8b10d0615aaeb6fd47975d74e" "/opt/rustwide/cargo-home/bin/cargo" "+beta-2021-08-01" "test" "--frozen" "--no-run" "--message-format=json", kill_on_drop: false }`
[INFO] [stdout] 38345221da8d85ab5a28c34a7d20369be8484e7999e9d58f1b9fdf15117db87e
[INFO] running `Command { std: "docker" "start" "-a" "38345221da8d85ab5a28c34a7d20369be8484e7999e9d58f1b9fdf15117db87e", kill_on_drop: false }`
[INFO] [stderr]     Blocking waiting for file lock on package cache
[INFO] [stdout] warning: use of deprecated trait `std::ascii::AsciiExt`: use inherent methods instead
[INFO] [stdout]  --> src/lexer.rs:1:17
[INFO] [stdout]   |
[INFO] [stdout] 1 | use std::ascii::AsciiExt;
[INFO] [stdout]   |                 ^^^^^^^^
[INFO] [stdout]   |
[INFO] [stdout]   = note: `#[warn(deprecated)]` on by default
[INFO] [stdout] 
[INFO] [stdout] 
[INFO] [stderr]    Compiling sql_lexer v0.9.1 (/opt/rustwide/workdir)
[INFO] [stdout] warning: unused import: `std::ascii::AsciiExt`
[INFO] [stdout]  --> src/lexer.rs:1:5
[INFO] [stdout]   |
[INFO] [stdout] 1 | use std::ascii::AsciiExt;
[INFO] [stdout]   |     ^^^^^^^^^^^^^^^^^^^^
[INFO] [stdout]   |
[INFO] [stdout]   = note: `#[warn(unused_imports)]` on by default
[INFO] [stdout] 
[INFO] [stdout] 
[INFO] [stdout] warning: 2 warnings emitted
[INFO] [stdout] 
[INFO] [stdout] 
[INFO] [stdout] warning: use of unstable library feature 'test': `bench` is a part of custom test frameworks which are unstable
[INFO] [stdout]    --> src/lib.rs:298:7
[INFO] [stdout]     |
[INFO] [stdout] 298 |     #[bench]
[INFO] [stdout]     |       ^^^^^
[INFO] [stdout]     |
[INFO] [stdout]     = note: `#[warn(soft_unstable)]` on by default
[INFO] [stdout]     = warning: this was previously accepted by the compiler but is being phased out; it will become a hard error in a future release!
[INFO] [stdout]     = note: for more information, see issue #64266 <https://github.com/rust-lang/rust/issues/64266>
[INFO] [stdout] 
[INFO] [stdout] 
[INFO] [stdout] warning: use of unstable library feature 'test': `bench` is a part of custom test frameworks which are unstable
[INFO] [stdout]    --> src/lib.rs:305:7
[INFO] [stdout]     |
[INFO] [stdout] 305 |     #[bench]
[INFO] [stdout]     |       ^^^^^
[INFO] [stdout]     |
[INFO] [stdout]     = warning: this was previously accepted by the compiler but is being phased out; it will become a hard error in a future release!
[INFO] [stdout]     = note: for more information, see issue #64266 <https://github.com/rust-lang/rust/issues/64266>
[INFO] [stdout] 
[INFO] [stdout] 
[INFO] [stdout] warning: use of unstable library feature 'test': `bench` is a part of custom test frameworks which are unstable
[INFO] [stdout]    --> src/lib.rs:312:7
[INFO] [stdout]     |
[INFO] [stdout] 312 |     #[bench]
[INFO] [stdout]     |       ^^^^^
[INFO] [stdout]     |
[INFO] [stdout]     = warning: this was previously accepted by the compiler but is being phased out; it will become a hard error in a future release!
[INFO] [stdout]     = note: for more information, see issue #64266 <https://github.com/rust-lang/rust/issues/64266>
[INFO] [stdout] 
[INFO] [stdout] 
[INFO] [stdout] warning: use of unstable library feature 'test': `bench` is a part of custom test frameworks which are unstable
[INFO] [stdout]    --> src/lib.rs:319:7
[INFO] [stdout]     |
[INFO] [stdout] 319 |     #[bench]
[INFO] [stdout]     |       ^^^^^
[INFO] [stdout]     |
[INFO] [stdout]     = warning: this was previously accepted by the compiler but is being phased out; it will become a hard error in a future release!
[INFO] [stdout]     = note: for more information, see issue #64266 <https://github.com/rust-lang/rust/issues/64266>
[INFO] [stdout] 
[INFO] [stdout] 
[INFO] [stdout] error[E0658]: use of unstable library feature 'test'
[INFO] [stdout]  --> src/lib.rs:3:14
[INFO] [stdout]   |
[INFO] [stdout] 3 | #[cfg(test)] extern crate test;
[INFO] [stdout]   |              ^^^^^^^^^^^^^^^^^^
[INFO] [stdout]   |
[INFO] [stdout]   = note: see issue #50297 <https://github.com/rust-lang/rust/issues/50297> for more information
[INFO] [stdout] 
[INFO] [stdout] 
[INFO] [stdout] warning: use of deprecated trait `std::ascii::AsciiExt`: use inherent methods instead
[INFO] [stdout]  --> src/lexer.rs:1:17
[INFO] [stdout]   |
[INFO] [stdout] 1 | use std::ascii::AsciiExt;
[INFO] [stdout]   |                 ^^^^^^^^
[INFO] [stdout]   |
[INFO] [stdout]   = note: `#[warn(deprecated)]` on by default
[INFO] [stdout] 
[INFO] [stdout] 
[INFO] [stdout] error[E0658]: use of unstable library feature 'test'
[INFO] [stdout]    --> src/lib.rs:179:9
[INFO] [stdout]     |
[INFO] [stdout] 179 |     use test;
[INFO] [stdout]     |         ^^^^
[INFO] [stdout]     |
[INFO] [stdout]     = note: see issue #50297 <https://github.com/rust-lang/rust/issues/50297> for more information
[INFO] [stdout] 
[INFO] [stdout] 
[INFO] [stdout] error[E0658]: use of unstable library feature 'test'
[INFO] [stdout]    --> src/lib.rs:299:44
[INFO] [stdout]     |
[INFO] [stdout] 299 |     fn bench_sanitize_string_quote(b: &mut test::Bencher) {
[INFO] [stdout]     |                                            ^^^^^^^^^^^^^
[INFO] [stdout]     |
[INFO] [stdout]     = note: see issue #50297 <https://github.com/rust-lang/rust/issues/50297> for more information
[INFO] [stdout] 
[INFO] [stdout] 
[INFO] [stdout] error[E0658]: use of unstable library feature 'test'
[INFO] [stdout]    --> src/lib.rs:301:13
[INFO] [stdout]     |
[INFO] [stdout] 301 |             test::black_box(super::sanitize_string("SELECT `table`.* FROM `table` WHERE `id` = 'secret' LIMIT 1;".to_string()));
[INFO] [stdout]     |             ^^^^^^^^^^^^^^^
[INFO] [stdout]     |
[INFO] [stdout]     = note: see issue #50297 <https://github.com/rust-lang/rust/issues/50297> for more information
[INFO] [stdout] 
[INFO] [stdout] 
[INFO] [stdout] error[E0658]: use of unstable library feature 'test'
[INFO] [stdout]    --> src/lib.rs:306:46
[INFO] [stdout]     |
[INFO] [stdout] 306 |     fn bench_sanitize_string_numeric(b: &mut test::Bencher) {
[INFO] [stdout]     |                                              ^^^^^^^^^^^^^
[INFO] [stdout]     |
[INFO] [stdout]     = note: see issue #50297 <https://github.com/rust-lang/rust/issues/50297> for more information
[INFO] [stdout] 
[INFO] [stdout] 
[INFO] [stdout] error[E0658]: use of unstable library feature 'test'
[INFO] [stdout]    --> src/lib.rs:308:13
[INFO] [stdout]     |
[INFO] [stdout] 308 |             test::black_box(super::sanitize_string("SELECT `table`.* FROM `table` WHERE `id` = 1 LIMIT 1;".to_string()));
[INFO] [stdout]     |             ^^^^^^^^^^^^^^^
[INFO] [stdout]     |
[INFO] [stdout]     = note: see issue #50297 <https://github.com/rust-lang/rust/issues/50297> for more information
[INFO] [stdout] 
[INFO] [stdout] 
[INFO] [stdout] error[E0658]: use of unstable library feature 'test'
[INFO] [stdout]    --> src/lib.rs:313:41
[INFO] [stdout]     |
[INFO] [stdout] 313 |     fn bench_sanitize_string_in(b: &mut test::Bencher) {
[INFO] [stdout]     |                                         ^^^^^^^^^^^^^
[INFO] [stdout]     |
[INFO] [stdout]     = note: see issue #50297 <https://github.com/rust-lang/rust/issues/50297> for more information
[INFO] [stdout] 
[INFO] [stdout] 
[INFO] [stdout] error[E0658]: use of unstable library feature 'test'
[INFO] [stdout]    --> src/lib.rs:315:13
[INFO] [stdout]     |
[INFO] [stdout] 315 |             test::black_box(super::sanitize_string("SELECT `table`.* FROM `table` WHERE `id` IN (1, 2, 3) LIMIT 1;".to_string()));
[INFO] [stdout]     |             ^^^^^^^^^^^^^^^
[INFO] [stdout]     |
[INFO] [stdout]     = note: see issue #50297 <https://github.com/rust-lang/rust/issues/50297> for more information
[INFO] [stdout] 
[INFO] [stdout] 
[INFO] [stdout] error[E0658]: use of unstable library feature 'test'
[INFO] [stdout]    --> src/lib.rs:320:38
[INFO] [stdout]     |
[INFO] [stdout] 320 |     fn bench_sanitize_insert(b: &mut test::Bencher) {
[INFO] [stdout]     |                                      ^^^^^^^^^^^^^
[INFO] [stdout]     |
[INFO] [stdout]     = note: see issue #50297 <https://github.com/rust-lang/rust/issues/50297> for more information
[INFO] [stdout] 
[INFO] [stdout] 
[INFO] [stdout] error[E0658]: use of unstable library feature 'test'
[INFO] [stdout]    --> src/lib.rs:322:13
[INFO] [stdout]     |
[INFO] [stdout] 322 |             test::black_box(super::sanitize_string("INSERT INTO \"table\" (\"field1\", \"field2\") VALUES ('value', 1);".to_string()));
[INFO] [stdout]     |             ^^^^^^^^^^^^^^^
[INFO] [stdout]     |
[INFO] [stdout]     = note: see issue #50297 <https://github.com/rust-lang/rust/issues/50297> for more information
[INFO] [stdout] 
[INFO] [stdout] 
[INFO] [stdout] error[E0658]: use of unstable library feature 'test'
[INFO] [stdout]    --> src/lib.rs:300:11
[INFO] [stdout]     |
[INFO] [stdout] 300 |         b.iter(|| {
[INFO] [stdout]     |           ^^^^
[INFO] [stdout]     |
[INFO] [stdout]     = note: see issue #50297 <https://github.com/rust-lang/rust/issues/50297> for more information
[INFO] [stdout] 
[INFO] [stdout] 
[INFO] [stdout] error[E0658]: use of unstable library feature 'test'
[INFO] [stdout]    --> src/lib.rs:307:11
[INFO] [stdout]     |
[INFO] [stdout] 307 |         b.iter(|| {
[INFO] [stdout]     |           ^^^^
[INFO] [stdout]     |
[INFO] [stdout]     = note: see issue #50297 <https://github.com/rust-lang/rust/issues/50297> for more information
[INFO] [stdout] 
[INFO] [stdout] 
[INFO] [stdout] error[E0658]: use of unstable library feature 'test'
[INFO] [stdout]    --> src/lib.rs:314:11
[INFO] [stdout]     |
[INFO] [stdout] 314 |         b.iter(|| {
[INFO] [stdout]     |           ^^^^
[INFO] [stdout]     |
[INFO] [stdout]     = note: see issue #50297 <https://github.com/rust-lang/rust/issues/50297> for more information
[INFO] [stdout] 
[INFO] [stdout] 
[INFO] [stdout] error[E0658]: use of unstable library feature 'test'
[INFO] [stdout]    --> src/lib.rs:321:11
[INFO] [stdout]     |
[INFO] [stdout] 321 |         b.iter(|| {
[INFO] [stdout]     |           ^^^^
[INFO] [stdout]     |
[INFO] [stdout]     = note: see issue #50297 <https://github.com/rust-lang/rust/issues/50297> for more information
[INFO] [stdout] 
[INFO] [stdout] 
[INFO] [stdout] warning: unused import: `std::ascii::AsciiExt`
[INFO] [stdout]  --> src/lexer.rs:1:5
[INFO] [stdout]   |
[INFO] [stdout] 1 | use std::ascii::AsciiExt;
[INFO] [stdout]   |     ^^^^^^^^^^^^^^^^^^^^
[INFO] [stdout]   |
[INFO] [stdout]   = note: `#[warn(unused_imports)]` on by default
[INFO] [stdout] 
[INFO] [stdout] 
[INFO] [stdout] error: aborting due to 14 previous errors; 6 warnings emitted
[INFO] [stdout] 
[INFO] [stdout] 
[INFO] [stdout] For more information about this error, try `rustc --explain E0658`.
[INFO] [stdout] 
[INFO] [stderr] error: could not compile `sql_lexer` due to 15 previous errors; 6 warnings emitted
[INFO] [stderr] warning: build failed, waiting for other jobs to finish...
[INFO] [stderr] error: build failed
[INFO] running `Command { std: "docker" "inspect" "38345221da8d85ab5a28c34a7d20369be8484e7999e9d58f1b9fdf15117db87e", kill_on_drop: false }`
[INFO] running `Command { std: "docker" "rm" "-f" "38345221da8d85ab5a28c34a7d20369be8484e7999e9d58f1b9fdf15117db87e", kill_on_drop: false }`
[INFO] [stdout] 38345221da8d85ab5a28c34a7d20369be8484e7999e9d58f1b9fdf15117db87e
