[INFO] fetching crate sparkey-sys 0.1.1...
[INFO] testing sparkey-sys-0.1.1 against beta-2021-08-01 for beta-1.55-1
[INFO] extracting crate sparkey-sys 0.1.1 into /workspace/builds/worker-14/source
[INFO] validating manifest of crates.io crate sparkey-sys 0.1.1 on toolchain beta-2021-08-01
[INFO] running `Command { std: "/workspace/cargo-home/bin/cargo" "+beta-2021-08-01" "metadata" "--manifest-path" "Cargo.toml" "--no-deps", kill_on_drop: false }`
[INFO] started tweaking crates.io crate sparkey-sys 0.1.1
[INFO] finished tweaking crates.io crate sparkey-sys 0.1.1
[INFO] tweaked toml for crates.io crate sparkey-sys 0.1.1 written to /workspace/builds/worker-14/source/Cargo.toml
[INFO] running `Command { std: "/workspace/cargo-home/bin/cargo" "+beta-2021-08-01" "generate-lockfile" "--manifest-path" "Cargo.toml" "-Zno-index-update", kill_on_drop: false }`
[INFO] running `Command { std: "/workspace/cargo-home/bin/cargo" "+beta-2021-08-01" "fetch" "--manifest-path" "Cargo.toml", kill_on_drop: false }`
[INFO] running `Command { std: "docker" "create" "-v" "/var/lib/crater-agent-workspace/builds/worker-14/target:/opt/rustwide/target:rw,Z" "-v" "/var/lib/crater-agent-workspace/builds/worker-14/source:/opt/rustwide/workdir:ro,Z" "-v" "/var/lib/crater-agent-workspace/cargo-home:/opt/rustwide/cargo-home:ro,Z" "-v" "/var/lib/crater-agent-workspace/rustup-home:/opt/rustwide/rustup-home:ro,Z" "-e" "SOURCE_DIR=/opt/rustwide/workdir" "-e" "CARGO_TARGET_DIR=/opt/rustwide/target" "-e" "CARGO_HOME=/opt/rustwide/cargo-home" "-e" "RUSTUP_HOME=/opt/rustwide/rustup-home" "-w" "/opt/rustwide/workdir" "-m" "1610612736" "--user" "0:0" "--network" "none" "ghcr.io/rust-lang/crates-build-env/linux@sha256:34b6a614d2c27851fe6cbf88fbd1137609cefab8b10d0615aaeb6fd47975d74e" "/opt/rustwide/cargo-home/bin/cargo" "+beta-2021-08-01" "metadata" "--no-deps" "--format-version=1", kill_on_drop: false }`
[INFO] [stdout] 02e90695b43940f4377098c5256e0878efa99d6469665f9026ef45673f236580
[INFO] running `Command { std: "docker" "start" "-a" "02e90695b43940f4377098c5256e0878efa99d6469665f9026ef45673f236580", kill_on_drop: false }`
[INFO] running `Command { std: "docker" "inspect" "02e90695b43940f4377098c5256e0878efa99d6469665f9026ef45673f236580", kill_on_drop: false }`
[INFO] running `Command { std: "docker" "rm" "-f" "02e90695b43940f4377098c5256e0878efa99d6469665f9026ef45673f236580", kill_on_drop: false }`
[INFO] [stdout] 02e90695b43940f4377098c5256e0878efa99d6469665f9026ef45673f236580
[INFO] running `Command { std: "docker" "create" "-v" "/var/lib/crater-agent-workspace/builds/worker-14/target:/opt/rustwide/target:rw,Z" "-v" "/var/lib/crater-agent-workspace/builds/worker-14/source:/opt/rustwide/workdir:ro,Z" "-v" "/var/lib/crater-agent-workspace/cargo-home:/opt/rustwide/cargo-home:ro,Z" "-v" "/var/lib/crater-agent-workspace/rustup-home:/opt/rustwide/rustup-home:ro,Z" "-e" "SOURCE_DIR=/opt/rustwide/workdir" "-e" "CARGO_TARGET_DIR=/opt/rustwide/target" "-e" "CARGO_INCREMENTAL=0" "-e" "RUST_BACKTRACE=full" "-e" "RUSTFLAGS=--cap-lints=warn" "-e" "CARGO_HOME=/opt/rustwide/cargo-home" "-e" "RUSTUP_HOME=/opt/rustwide/rustup-home" "-w" "/opt/rustwide/workdir" "-m" "1610612736" "--user" "0:0" "--network" "none" "ghcr.io/rust-lang/crates-build-env/linux@sha256:34b6a614d2c27851fe6cbf88fbd1137609cefab8b10d0615aaeb6fd47975d74e" "/opt/rustwide/cargo-home/bin/cargo" "+beta-2021-08-01" "build" "--frozen" "--message-format=json", kill_on_drop: false }`
[INFO] [stdout] f613bac1ba08c5a42ea102181cbcc6e7707097fd9ce237cd13abdee77250ac32
[INFO] running `Command { std: "docker" "start" "-a" "f613bac1ba08c5a42ea102181cbcc6e7707097fd9ce237cd13abdee77250ac32", kill_on_drop: false }`
[INFO] [stderr]    Compiling gcc v0.3.55
[INFO] [stderr]    Compiling sparkey-sys v0.1.1 (/opt/rustwide/workdir)
[INFO] [stdout] warning: use of deprecated type alias `gcc::Config`: gcc::Config has been renamed to gcc::Build
[INFO] [stdout]  --> build.rs:5:10
[INFO] [stdout]   |
[INFO] [stdout] 5 |     gcc::Config::new()
[INFO] [stdout]   |          ^^^^^^
[INFO] [stdout]   |
[INFO] [stdout]   = note: `#[warn(deprecated)]` on by default
[INFO] [stdout] 
[INFO] [stdout] 
[INFO] [stdout] warning: use of deprecated associated function `gcc::Build::new`: crate has been renamed to `cc`, the `gcc` name is not maintained
[INFO] [stdout]  --> build.rs:5:18
[INFO] [stdout]   |
[INFO] [stdout] 5 |     gcc::Config::new()
[INFO] [stdout]   |                  ^^^
[INFO] [stdout] 
[INFO] [stdout] 
[INFO] [stdout] warning: 2 warnings emitted
[INFO] [stdout] 
[INFO] [stdout] 
[INFO] [stderr] The following warnings were emitted during compilation:
[INFO] [stderr] 
[INFO] [stderr] warning: sparkey/src/MurmurHash3.c: In function 'MurmurHash3_x86_32':
[INFO] [stderr] warning: sparkey/src/MurmurHash3.c:133:14: warning: this statement may fall through [-Wimplicit-fallthrough=]
[INFO] [stderr] warning:   133 |   case 3: k1 ^= tail[2] << 16;
[INFO] [stderr] warning:       |           ~~~^~~~~~~~~~~~~~~~
[INFO] [stderr] warning: sparkey/src/MurmurHash3.c:134:3: note: here
[INFO] [stderr] warning:   134 |   case 2: k1 ^= tail[1] << 8;
[INFO] [stderr] warning:       |   ^~~~
[INFO] [stderr] warning: sparkey/src/MurmurHash3.c:134:14: warning: this statement may fall through [-Wimplicit-fallthrough=]
[INFO] [stderr] warning:   134 |   case 2: k1 ^= tail[1] << 8;
[INFO] [stderr] warning:       |           ~~~^~~~~~~~~~~~~~~
[INFO] [stderr] warning: sparkey/src/MurmurHash3.c:135:3: note: here
[INFO] [stderr] warning:   135 |   case 1: k1 ^= tail[0];
[INFO] [stderr] warning:       |   ^~~~
[INFO] [stderr] warning: sparkey/src/MurmurHash3.c: In function 'MurmurHash3_x86_128':
[INFO] [stderr] warning: sparkey/src/MurmurHash3.c:208:15: warning: this statement may fall through [-Wimplicit-fallthrough=]
[INFO] [stderr] warning:   208 |   case 15: k4 ^= tail[14] << 16;
[INFO] [stderr] warning:       |            ~~~^~~~~~~~~~~~~~~~~
[INFO] [stderr] warning: sparkey/src/MurmurHash3.c:209:3: note: here
[INFO] [stderr] warning:   209 |   case 14: k4 ^= tail[13] << 8;
[INFO] [stderr] warning:       |   ^~~~
[INFO] [stderr] warning: sparkey/src/MurmurHash3.c:209:15: warning: this statement may fall through [-Wimplicit-fallthrough=]
[INFO] [stderr] warning:   209 |   case 14: k4 ^= tail[13] << 8;
[INFO] [stderr] warning:       |            ~~~^~~~~~~~~~~~~~~~
[INFO] [stderr] warning: sparkey/src/MurmurHash3.c:210:3: note: here
[INFO] [stderr] warning:   210 |   case 13: k4 ^= tail[12] << 0;
[INFO] [stderr] warning:       |   ^~~~
[INFO] [stderr] warning: sparkey/src/MurmurHash3.c:211:56: warning: this statement may fall through [-Wimplicit-fallthrough=]
[INFO] [stderr] warning:   211 |            k4 *= c4; k4  = ROTL32(k4,18); k4 *= c1; h4 ^= k4;
[INFO] [stderr] warning:       |                                                     ~~~^~~~~
[INFO] [stderr] warning: sparkey/src/MurmurHash3.c:213:3: note: here
[INFO] [stderr] warning:   213 |   case 12: k3 ^= tail[11] << 24;
[INFO] [stderr] warning:       |   ^~~~
[INFO] [stderr] warning: sparkey/src/MurmurHash3.c:213:15: warning: this statement may fall through [-Wimplicit-fallthrough=]
[INFO] [stderr] warning:   213 |   case 12: k3 ^= tail[11] << 24;
[INFO] [stderr] warning:       |            ~~~^~~~~~~~~~~~~~~~~
[INFO] [stderr] warning: sparkey/src/MurmurHash3.c:214:3: note: here
[INFO] [stderr] warning:   214 |   case 11: k3 ^= tail[10] << 16;
[INFO] [stderr] warning:       |   ^~~~
[INFO] [stderr] warning: sparkey/src/MurmurHash3.c:214:15: warning: this statement may fall through [-Wimplicit-fallthrough=]
[INFO] [stderr] warning:   214 |   case 11: k3 ^= tail[10] << 16;
[INFO] [stderr] warning:       |            ~~~^~~~~~~~~~~~~~~~~
[INFO] [stderr] warning: sparkey/src/MurmurHash3.c:215:3: note: here
[INFO] [stderr] warning:   215 |   case 10: k3 ^= tail[ 9] << 8;
[INFO] [stderr] warning:       |   ^~~~
[INFO] [stderr] warning: sparkey/src/MurmurHash3.c:215:15: warning: this statement may fall through [-Wimplicit-fallthrough=]
[INFO] [stderr] warning:   215 |   case 10: k3 ^= tail[ 9] << 8;
[INFO] [stderr] warning:       |            ~~~^~~~~~~~~~~~~~~~
[INFO] [stderr] warning: sparkey/src/MurmurHash3.c:216:3: note: here
[INFO] [stderr] warning:   216 |   case  9: k3 ^= tail[ 8] << 0;
[INFO] [stderr] warning:       |   ^~~~
[INFO] [stderr] warning: sparkey/src/MurmurHash3.c:217:56: warning: this statement may fall through [-Wimplicit-fallthrough=]
[INFO] [stderr] warning:   217 |            k3 *= c3; k3  = ROTL32(k3,17); k3 *= c4; h3 ^= k3;
[INFO] [stderr] warning:       |                                                     ~~~^~~~~
[INFO] [stderr] warning: sparkey/src/MurmurHash3.c:219:3: note: here
[INFO] [stderr] warning:   219 |   case  8: k2 ^= tail[ 7] << 24;
[INFO] [stderr] warning:       |   ^~~~
[INFO] [stderr] warning: sparkey/src/MurmurHash3.c:219:15: warning: this statement may fall through [-Wimplicit-fallthrough=]
[INFO] [stderr] warning:   219 |   case  8: k2 ^= tail[ 7] << 24;
[INFO] [stderr] warning:       |            ~~~^~~~~~~~~~~~~~~~~
[INFO] [stderr] warning: sparkey/src/MurmurHash3.c:220:3: note: here
[INFO] [stderr] warning:   220 |   case  7: k2 ^= tail[ 6] << 16;
[INFO] [stderr] warning:       |   ^~~~
[INFO] [stderr] warning: sparkey/src/MurmurHash3.c:220:15: warning: this statement may fall through [-Wimplicit-fallthrough=]
[INFO] [stderr] warning:   220 |   case  7: k2 ^= tail[ 6] << 16;
[INFO] [stderr] warning:       |            ~~~^~~~~~~~~~~~~~~~~
[INFO] [stderr] warning: sparkey/src/MurmurHash3.c:221:3: note: here
[INFO] [stderr] warning:   221 |   case  6: k2 ^= tail[ 5] << 8;
[INFO] [stderr] warning:       |   ^~~~
[INFO] [stderr] warning: sparkey/src/MurmurHash3.c:221:15: warning: this statement may fall through [-Wimplicit-fallthrough=]
[INFO] [stderr] warning:   221 |   case  6: k2 ^= tail[ 5] << 8;
[INFO] [stderr] warning:       |            ~~~^~~~~~~~~~~~~~~~
[INFO] [stderr] warning: sparkey/src/MurmurHash3.c:222:3: note: here
[INFO] [stderr] warning:   222 |   case  5: k2 ^= tail[ 4] << 0;
[INFO] [stderr] warning:       |   ^~~~
[INFO] [stderr] warning: sparkey/src/MurmurHash3.c:223:56: warning: this statement may fall through [-Wimplicit-fallthrough=]
[INFO] [stderr] warning:   223 |            k2 *= c2; k2  = ROTL32(k2,16); k2 *= c3; h2 ^= k2;
[INFO] [stderr] warning:       |                                                     ~~~^~~~~
[INFO] [stderr] warning: sparkey/src/MurmurHash3.c:225:3: note: here
[INFO] [stderr] warning:   225 |   case  4: k1 ^= tail[ 3] << 24;
[INFO] [stderr] warning:       |   ^~~~
[INFO] [stderr] warning: sparkey/src/MurmurHash3.c:225:15: warning: this statement may fall through [-Wimplicit-fallthrough=]
[INFO] [stderr] warning:   225 |   case  4: k1 ^= tail[ 3] << 24;
[INFO] [stderr] warning:       |            ~~~^~~~~~~~~~~~~~~~~
[INFO] [stderr] warning: sparkey/src/MurmurHash3.c:226:3: note: here
[INFO] [stderr] warning:   226 |   case  3: k1 ^= tail[ 2] << 16;
[INFO] [stderr] warning:       |   ^~~~
[INFO] [stderr] warning: sparkey/src/MurmurHash3.c:226:15: warning: this statement may fall through [-Wimplicit-fallthrough=]
[INFO] [stderr] warning:   226 |   case  3: k1 ^= tail[ 2] << 16;
[INFO] [stderr] warning:       |            ~~~^~~~~~~~~~~~~~~~~
[INFO] [stderr] warning: sparkey/src/MurmurHash3.c:227:3: note: here
[INFO] [stderr] warning:   227 |   case  2: k1 ^= tail[ 1] << 8;
[INFO] [stderr] warning:       |   ^~~~
[INFO] [stderr] warning: sparkey/src/MurmurHash3.c:227:15: warning: this statement may fall through [-Wimplicit-fallthrough=]
[INFO] [stderr] warning:   227 |   case  2: k1 ^= tail[ 1] << 8;
[INFO] [stderr] warning:       |            ~~~^~~~~~~~~~~~~~~~
[INFO] [stderr] warning: sparkey/src/MurmurHash3.c:228:3: note: here
[INFO] [stderr] warning:   228 |   case  1: k1 ^= tail[ 0] << 0;
[INFO] [stderr] warning:       |   ^~~~
[INFO] [stderr] warning: sparkey/src/MurmurHash3.c: In function 'MurmurHash3_x64_128':
[INFO] [stderr] warning: sparkey/src/MurmurHash3.c:297:15: warning: this statement may fall through [-Wimplicit-fallthrough=]
[INFO] [stderr] warning:   297 |   case 15: k2 ^= ((uint64_t)tail[14]) << 48;
[INFO] [stderr] warning:       |            ~~~^~~~~~~~~~~~~~~~~~~~~~~~~~~~~
[INFO] [stderr] warning: sparkey/src/MurmurHash3.c:298:3: note: here
[INFO] [stderr] warning:   298 |   case 14: k2 ^= ((uint64_t)tail[13]) << 40;
[INFO] [stderr] warning:       |   ^~~~
[INFO] [stderr] warning: sparkey/src/MurmurHash3.c:298:15: warning: this statement may fall through [-Wimplicit-fallthrough=]
[INFO] [stderr] warning:   298 |   case 14: k2 ^= ((uint64_t)tail[13]) << 40;
[INFO] [stderr] warning:       |            ~~~^~~~~~~~~~~~~~~~~~~~~~~~~~~~~
[INFO] [stderr] warning: sparkey/src/MurmurHash3.c:299:3: note: here
[INFO] [stderr] warning:   299 |   case 13: k2 ^= ((uint64_t)tail[12]) << 32;
[INFO] [stderr] warning:       |   ^~~~
[INFO] [stderr] warning: sparkey/src/MurmurHash3.c:299:15: warning: this statement may fall through [-Wimplicit-fallthrough=]
[INFO] [stderr] warning:   299 |   case 13: k2 ^= ((uint64_t)tail[12]) << 32;
[INFO] [stderr] warning:       |            ~~~^~~~~~~~~~~~~~~~~~~~~~~~~~~~~
[INFO] [stderr] warning: sparkey/src/MurmurHash3.c:300:3: note: here
[INFO] [stderr] warning:   300 |   case 12: k2 ^= ((uint64_t)tail[11]) << 24;
[INFO] [stderr] warning:       |   ^~~~
[INFO] [stderr] warning: sparkey/src/MurmurHash3.c:300:15: warning: this statement may fall through [-Wimplicit-fallthrough=]
[INFO] [stderr] warning:   300 |   case 12: k2 ^= ((uint64_t)tail[11]) << 24;
[INFO] [stderr] warning:       |            ~~~^~~~~~~~~~~~~~~~~~~~~~~~~~~~~
[INFO] [stderr] warning: sparkey/src/MurmurHash3.c:301:3: note: here
[INFO] [stderr] warning:   301 |   case 11: k2 ^= ((uint64_t)tail[10]) << 16;
[INFO] [stderr] warning:       |   ^~~~
[INFO] [stderr] warning: sparkey/src/MurmurHash3.c:301:15: warning: this statement may fall through [-Wimplicit-fallthrough=]
[INFO] [stderr] warning:   301 |   case 11: k2 ^= ((uint64_t)tail[10]) << 16;
[INFO] [stderr] warning:       |            ~~~^~~~~~~~~~~~~~~~~~~~~~~~~~~~~
[INFO] [stderr] warning: sparkey/src/MurmurHash3.c:302:3: note: here
[INFO] [stderr] warning:   302 |   case 10: k2 ^= ((uint64_t)tail[ 9]) << 8;
[INFO] [stderr] warning:       |   ^~~~
[INFO] [stderr] warning: sparkey/src/MurmurHash3.c:302:15: warning: this statement may fall through [-Wimplicit-fallthrough=]
[INFO] [stderr] warning:   302 |   case 10: k2 ^= ((uint64_t)tail[ 9]) << 8;
[INFO] [stderr] warning:       |            ~~~^~~~~~~~~~~~~~~~~~~~~~~~~~~~
[INFO] [stderr] warning: sparkey/src/MurmurHash3.c:303:3: note: here
[INFO] [stderr] warning:   303 |   case  9: k2 ^= ((uint64_t)tail[ 8]) << 0;
[INFO] [stderr] warning:       |   ^~~~
[INFO] [stderr] warning: sparkey/src/MurmurHash3.c:304:56: warning: this statement may fall through [-Wimplicit-fallthrough=]
[INFO] [stderr] warning:   304 |            k2 *= c2; k2  = ROTL64(k2,33); k2 *= c1; h2 ^= k2;
[INFO] [stderr] warning:       |                                                     ~~~^~~~~
[INFO] [stderr] warning: sparkey/src/MurmurHash3.c:306:3: note: here
[INFO] [stderr] warning:   306 |   case  8: k1 ^= ((uint64_t)tail[ 7]) << 56;
[INFO] [stderr] warning:       |   ^~~~
[INFO] [stderr] warning: sparkey/src/MurmurHash3.c:306:15: warning: this statement may fall through [-Wimplicit-fallthrough=]
[INFO] [stderr] warning:   306 |   case  8: k1 ^= ((uint64_t)tail[ 7]) << 56;
[INFO] [stderr] warning:       |            ~~~^~~~~~~~~~~~~~~~~~~~~~~~~~~~~
[INFO] [stderr] warning: sparkey/src/MurmurHash3.c:307:3: note: here
[INFO] [stderr] warning:   307 |   case  7: k1 ^= ((uint64_t)tail[ 6]) << 48;
[INFO] [stderr] warning:       |   ^~~~
[INFO] [stderr] warning: sparkey/src/MurmurHash3.c:307:15: warning: this statement may fall through [-Wimplicit-fallthrough=]
[INFO] [stderr] warning:   307 |   case  7: k1 ^= ((uint64_t)tail[ 6]) << 48;
[INFO] [stderr] warning:       |            ~~~^~~~~~~~~~~~~~~~~~~~~~~~~~~~~
[INFO] [stderr] warning: sparkey/src/MurmurHash3.c:308:3: note: here
[INFO] [stderr] warning:   308 |   case  6: k1 ^= ((uint64_t)tail[ 5]) << 40;
[INFO] [stderr] warning:       |   ^~~~
[INFO] [stderr] warning: sparkey/src/MurmurHash3.c:308:15: warning: this statement may fall through [-Wimplicit-fallthrough=]
[INFO] [stderr] warning:   308 |   case  6: k1 ^= ((uint64_t)tail[ 5]) << 40;
[INFO] [stderr] warning:       |            ~~~^~~~~~~~~~~~~~~~~~~~~~~~~~~~~
[INFO] [stderr] warning: sparkey/src/MurmurHash3.c:309:3: note: here
[INFO] [stderr] warning:   309 |   case  5: k1 ^= ((uint64_t)tail[ 4]) << 32;
[INFO] [stderr] warning:       |   ^~~~
[INFO] [stderr] warning: sparkey/src/MurmurHash3.c:309:15: warning: this statement may fall through [-Wimplicit-fallthrough=]
[INFO] [stderr] warning:   309 |   case  5: k1 ^= ((uint64_t)tail[ 4]) << 32;
[INFO] [stderr] warning:       |            ~~~^~~~~~~~~~~~~~~~~~~~~~~~~~~~~
[INFO] [stderr] warning: sparkey/src/MurmurHash3.c:310:3: note: here
[INFO] [stderr] warning:   310 |   case  4: k1 ^= ((uint64_t)tail[ 3]) << 24;
[INFO] [stderr] warning:       |   ^~~~
[INFO] [stderr] warning: sparkey/src/MurmurHash3.c:310:15: warning: this statement may fall through [-Wimplicit-fallthrough=]
[INFO] [stderr] warning:   310 |   case  4: k1 ^= ((uint64_t)tail[ 3]) << 24;
[INFO] [stderr] warning:       |            ~~~^~~~~~~~~~~~~~~~~~~~~~~~~~~~~
[INFO] [stderr] warning: sparkey/src/MurmurHash3.c:311:3: note: here
[INFO] [stderr] warning:   311 |   case  3: k1 ^= ((uint64_t)tail[ 2]) << 16;
[INFO] [stderr] warning:       |   ^~~~
[INFO] [stderr] warning: sparkey/src/MurmurHash3.c:311:15: warning: this statement may fall through [-Wimplicit-fallthrough=]
[INFO] [stderr] warning:   311 |   case  3: k1 ^= ((uint64_t)tail[ 2]) << 16;
[INFO] [stderr] warning:       |            ~~~^~~~~~~~~~~~~~~~~~~~~~~~~~~~~
[INFO] [stderr] warning: sparkey/src/MurmurHash3.c:312:3: note: here
[INFO] [stderr] warning:   312 |   case  2: k1 ^= ((uint64_t)tail[ 1]) << 8;
[INFO] [stderr] warning:       |   ^~~~
[INFO] [stderr] warning: sparkey/src/MurmurHash3.c:312:15: warning: this statement may fall through [-Wimplicit-fallthrough=]
[INFO] [stderr] warning:   312 |   case  2: k1 ^= ((uint64_t)tail[ 1]) << 8;
[INFO] [stderr] warning:       |            ~~~^~~~~~~~~~~~~~~~~~~~~~~~~~~~
[INFO] [stderr] warning: sparkey/src/MurmurHash3.c:313:3: note: here
[INFO] [stderr] warning:   313 |   case  1: k1 ^= ((uint64_t)tail[ 0]) << 0;
[INFO] [stderr] warning:       |   ^~~~
[INFO] [stderr] warning: sparkey/src/logreader.c:24:10: fatal error: snappy-c.h: No such file or directory
[INFO] [stderr] warning:    24 | #include <snappy-c.h>
[INFO] [stderr] warning:       |          ^~~~~~~~~~~~
[INFO] [stderr] warning: compilation terminated.
[INFO] [stderr] 
[INFO] [stderr] error: failed to run custom build command for `sparkey-sys v0.1.1 (/opt/rustwide/workdir)`
[INFO] [stderr] 
[INFO] [stderr] Caused by:
[INFO] [stderr]   process didn't exit successfully: `/opt/rustwide/target/debug/build/sparkey-sys-dd4cbe15820a80c0/build-script-build` (exit status: 101)
[INFO] [stderr]   --- stdout
[INFO] [stderr]   cargo:rustc-link-lib=snappy
[INFO] [stderr]   TARGET = Some("x86_64-unknown-linux-gnu")
[INFO] [stderr]   OPT_LEVEL = Some("0")
[INFO] [stderr]   TARGET = Some("x86_64-unknown-linux-gnu")
[INFO] [stderr]   HOST = Some("x86_64-unknown-linux-gnu")
[INFO] [stderr]   TARGET = Some("x86_64-unknown-linux-gnu")
[INFO] [stderr]   TARGET = Some("x86_64-unknown-linux-gnu")
[INFO] [stderr]   HOST = Some("x86_64-unknown-linux-gnu")
[INFO] [stderr]   CC_x86_64-unknown-linux-gnu = None
[INFO] [stderr]   CC_x86_64_unknown_linux_gnu = None
[INFO] [stderr]   HOST_CC = None
[INFO] [stderr]   CC = None
[INFO] [stderr]   HOST = Some("x86_64-unknown-linux-gnu")
[INFO] [stderr]   TARGET = Some("x86_64-unknown-linux-gnu")
[INFO] [stderr]   HOST = Some("x86_64-unknown-linux-gnu")
[INFO] [stderr]   CFLAGS_x86_64-unknown-linux-gnu = None
[INFO] [stderr]   CFLAGS_x86_64_unknown_linux_gnu = None
[INFO] [stderr]   HOST_CFLAGS = None
[INFO] [stderr]   CFLAGS = None
[INFO] [stderr]   DEBUG = Some("true")
[INFO] [stderr]   running: "cc" "-O0" "-ffunction-sections" "-fdata-sections" "-fPIC" "-g" "-m64" "-I" "sparkey/src" "-std=c99" "-Wall" "-Wextra" "-o" "/opt/rustwide/target/debug/build/sparkey-sys-44b747a025faa1b8/out/sparkey/src/MurmurHash3.o" "-c" "sparkey/src/MurmurHash3.c"
[INFO] [stderr]   cargo:warning=sparkey/src/MurmurHash3.c: In function 'MurmurHash3_x86_32':
[INFO] [stderr]   cargo:warning=sparkey/src/MurmurHash3.c:133:14: warning: this statement may fall through [-Wimplicit-fallthrough=]
[INFO] [stderr]   cargo:warning=  133 |   case 3: k1 ^= tail[2] << 16;
[INFO] [stderr]   cargo:warning=      |           ~~~^~~~~~~~~~~~~~~~
[INFO] [stderr]   cargo:warning=sparkey/src/MurmurHash3.c:134:3: note: here
[INFO] [stderr]   cargo:warning=  134 |   case 2: k1 ^= tail[1] << 8;
[INFO] [stderr]   cargo:warning=      |   ^~~~
[INFO] [stderr]   cargo:warning=sparkey/src/MurmurHash3.c:134:14: warning: this statement may fall through [-Wimplicit-fallthrough=]
[INFO] [stderr]   cargo:warning=  134 |   case 2: k1 ^= tail[1] << 8;
[INFO] [stderr]   cargo:warning=      |           ~~~^~~~~~~~~~~~~~~
[INFO] [stderr]   cargo:warning=sparkey/src/MurmurHash3.c:135:3: note: here
[INFO] [stderr]   cargo:warning=  135 |   case 1: k1 ^= tail[0];
[INFO] [stderr]   cargo:warning=      |   ^~~~
[INFO] [stderr]   cargo:warning=sparkey/src/MurmurHash3.c: In function 'MurmurHash3_x86_128':
[INFO] [stderr]   cargo:warning=sparkey/src/MurmurHash3.c:208:15: warning: this statement may fall through [-Wimplicit-fallthrough=]
[INFO] [stderr]   cargo:warning=  208 |   case 15: k4 ^= tail[14] << 16;
[INFO] [stderr]   cargo:warning=      |            ~~~^~~~~~~~~~~~~~~~~
[INFO] [stderr]   cargo:warning=sparkey/src/MurmurHash3.c:209:3: note: here
[INFO] [stderr]   cargo:warning=  209 |   case 14: k4 ^= tail[13] << 8;
[INFO] [stderr]   cargo:warning=      |   ^~~~
[INFO] [stderr]   cargo:warning=sparkey/src/MurmurHash3.c:209:15: warning: this statement may fall through [-Wimplicit-fallthrough=]
[INFO] [stderr]   cargo:warning=  209 |   case 14: k4 ^= tail[13] << 8;
[INFO] [stderr]   cargo:warning=      |            ~~~^~~~~~~~~~~~~~~~
[INFO] [stderr]   cargo:warning=sparkey/src/MurmurHash3.c:210:3: note: here
[INFO] [stderr]   cargo:warning=  210 |   case 13: k4 ^= tail[12] << 0;
[INFO] [stderr]   cargo:warning=      |   ^~~~
[INFO] [stderr]   cargo:warning=sparkey/src/MurmurHash3.c:211:56: warning: this statement may fall through [-Wimplicit-fallthrough=]
[INFO] [stderr]   cargo:warning=  211 |            k4 *= c4; k4  = ROTL32(k4,18); k4 *= c1; h4 ^= k4;
[INFO] [stderr]   cargo:warning=      |                                                     ~~~^~~~~
[INFO] [stderr]   cargo:warning=sparkey/src/MurmurHash3.c:213:3: note: here
[INFO] [stderr]   cargo:warning=  213 |   case 12: k3 ^= tail[11] << 24;
[INFO] [stderr]   cargo:warning=      |   ^~~~
[INFO] [stderr]   cargo:warning=sparkey/src/MurmurHash3.c:213:15: warning: this statement may fall through [-Wimplicit-fallthrough=]
[INFO] [stderr]   cargo:warning=  213 |   case 12: k3 ^= tail[11] << 24;
[INFO] [stderr]   cargo:warning=      |            ~~~^~~~~~~~~~~~~~~~~
[INFO] [stderr]   cargo:warning=sparkey/src/MurmurHash3.c:214:3: note: here
[INFO] [stderr]   cargo:warning=  214 |   case 11: k3 ^= tail[10] << 16;
[INFO] [stderr]   cargo:warning=      |   ^~~~
[INFO] [stderr]   cargo:warning=sparkey/src/MurmurHash3.c:214:15: warning: this statement may fall through [-Wimplicit-fallthrough=]
[INFO] [stderr]   cargo:warning=  214 |   case 11: k3 ^= tail[10] << 16;
[INFO] [stderr]   cargo:warning=      |            ~~~^~~~~~~~~~~~~~~~~
[INFO] [stderr]   cargo:warning=sparkey/src/MurmurHash3.c:215:3: note: here
[INFO] [stderr]   cargo:warning=  215 |   case 10: k3 ^= tail[ 9] << 8;
[INFO] [stderr]   cargo:warning=      |   ^~~~
[INFO] [stderr]   cargo:warning=sparkey/src/MurmurHash3.c:215:15: warning: this statement may fall through [-Wimplicit-fallthrough=]
[INFO] [stderr]   cargo:warning=  215 |   case 10: k3 ^= tail[ 9] << 8;
[INFO] [stderr]   cargo:warning=      |            ~~~^~~~~~~~~~~~~~~~
[INFO] [stderr]   cargo:warning=sparkey/src/MurmurHash3.c:216:3: note: here
[INFO] [stderr]   cargo:warning=  216 |   case  9: k3 ^= tail[ 8] << 0;
[INFO] [stderr]   cargo:warning=      |   ^~~~
[INFO] [stderr]   cargo:warning=sparkey/src/MurmurHash3.c:217:56: warning: this statement may fall through [-Wimplicit-fallthrough=]
[INFO] [stderr]   cargo:warning=  217 |            k3 *= c3; k3  = ROTL32(k3,17); k3 *= c4; h3 ^= k3;
[INFO] [stderr]   cargo:warning=      |                                                     ~~~^~~~~
[INFO] [stderr]   cargo:warning=sparkey/src/MurmurHash3.c:219:3: note: here
[INFO] [stderr]   cargo:warning=  219 |   case  8: k2 ^= tail[ 7] << 24;
[INFO] [stderr]   cargo:warning=      |   ^~~~
[INFO] [stderr]   cargo:warning=sparkey/src/MurmurHash3.c:219:15: warning: this statement may fall through [-Wimplicit-fallthrough=]
[INFO] [stderr]   cargo:warning=  219 |   case  8: k2 ^= tail[ 7] << 24;
[INFO] [stderr]   cargo:warning=      |            ~~~^~~~~~~~~~~~~~~~~
[INFO] [stderr]   cargo:warning=sparkey/src/MurmurHash3.c:220:3: note: here
[INFO] [stderr]   cargo:warning=  220 |   case  7: k2 ^= tail[ 6] << 16;
[INFO] [stderr]   cargo:warning=      |   ^~~~
[INFO] [stderr]   cargo:warning=sparkey/src/MurmurHash3.c:220:15: warning: this statement may fall through [-Wimplicit-fallthrough=]
[INFO] [stderr]   cargo:warning=  220 |   case  7: k2 ^= tail[ 6] << 16;
[INFO] [stderr]   cargo:warning=      |            ~~~^~~~~~~~~~~~~~~~~
[INFO] [stderr]   cargo:warning=sparkey/src/MurmurHash3.c:221:3: note: here
[INFO] [stderr]   cargo:warning=  221 |   case  6: k2 ^= tail[ 5] << 8;
[INFO] [stderr]   cargo:warning=      |   ^~~~
[INFO] [stderr]   cargo:warning=sparkey/src/MurmurHash3.c:221:15: warning: this statement may fall through [-Wimplicit-fallthrough=]
[INFO] [stderr]   cargo:warning=  221 |   case  6: k2 ^= tail[ 5] << 8;
[INFO] [stderr]   cargo:warning=      |            ~~~^~~~~~~~~~~~~~~~
[INFO] [stderr]   cargo:warning=sparkey/src/MurmurHash3.c:222:3: note: here
[INFO] [stderr]   cargo:warning=  222 |   case  5: k2 ^= tail[ 4] << 0;
[INFO] [stderr]   cargo:warning=      |   ^~~~
[INFO] [stderr]   cargo:warning=sparkey/src/MurmurHash3.c:223:56: warning: this statement may fall through [-Wimplicit-fallthrough=]
[INFO] [stderr]   cargo:warning=  223 |            k2 *= c2; k2  = ROTL32(k2,16); k2 *= c3; h2 ^= k2;
[INFO] [stderr]   cargo:warning=      |                                                     ~~~^~~~~
[INFO] [stderr]   cargo:warning=sparkey/src/MurmurHash3.c:225:3: note: here
[INFO] [stderr]   cargo:warning=  225 |   case  4: k1 ^= tail[ 3] << 24;
[INFO] [stderr]   cargo:warning=      |   ^~~~
[INFO] [stderr]   cargo:warning=sparkey/src/MurmurHash3.c:225:15: warning: this statement may fall through [-Wimplicit-fallthrough=]
[INFO] [stderr]   cargo:warning=  225 |   case  4: k1 ^= tail[ 3] << 24;
[INFO] [stderr]   cargo:warning=      |            ~~~^~~~~~~~~~~~~~~~~
[INFO] [stderr]   cargo:warning=sparkey/src/MurmurHash3.c:226:3: note: here
[INFO] [stderr]   cargo:warning=  226 |   case  3: k1 ^= tail[ 2] << 16;
[INFO] [stderr]   cargo:warning=      |   ^~~~
[INFO] [stderr]   cargo:warning=sparkey/src/MurmurHash3.c:226:15: warning: this statement may fall through [-Wimplicit-fallthrough=]
[INFO] [stderr]   cargo:warning=  226 |   case  3: k1 ^= tail[ 2] << 16;
[INFO] [stderr]   cargo:warning=      |            ~~~^~~~~~~~~~~~~~~~~
[INFO] [stderr]   cargo:warning=sparkey/src/MurmurHash3.c:227:3: note: here
[INFO] [stderr]   cargo:warning=  227 |   case  2: k1 ^= tail[ 1] << 8;
[INFO] [stderr]   cargo:warning=      |   ^~~~
[INFO] [stderr]   cargo:warning=sparkey/src/MurmurHash3.c:227:15: warning: this statement may fall through [-Wimplicit-fallthrough=]
[INFO] [stderr]   cargo:warning=  227 |   case  2: k1 ^= tail[ 1] << 8;
[INFO] [stderr]   cargo:warning=      |            ~~~^~~~~~~~~~~~~~~~
[INFO] [stderr]   cargo:warning=sparkey/src/MurmurHash3.c:228:3: note: here
[INFO] [stderr]   cargo:warning=  228 |   case  1: k1 ^= tail[ 0] << 0;
[INFO] [stderr]   cargo:warning=      |   ^~~~
[INFO] [stderr]   cargo:warning=sparkey/src/MurmurHash3.c: In function 'MurmurHash3_x64_128':
[INFO] [stderr]   cargo:warning=sparkey/src/MurmurHash3.c:297:15: warning: this statement may fall through [-Wimplicit-fallthrough=]
[INFO] [stderr]   cargo:warning=  297 |   case 15: k2 ^= ((uint64_t)tail[14]) << 48;
[INFO] [stderr]   cargo:warning=      |            ~~~^~~~~~~~~~~~~~~~~~~~~~~~~~~~~
[INFO] [stderr]   cargo:warning=sparkey/src/MurmurHash3.c:298:3: note: here
[INFO] [stderr]   cargo:warning=  298 |   case 14: k2 ^= ((uint64_t)tail[13]) << 40;
[INFO] [stderr]   cargo:warning=      |   ^~~~
[INFO] [stderr]   cargo:warning=sparkey/src/MurmurHash3.c:298:15: warning: this statement may fall through [-Wimplicit-fallthrough=]
[INFO] [stderr]   cargo:warning=  298 |   case 14: k2 ^= ((uint64_t)tail[13]) << 40;
[INFO] [stderr]   cargo:warning=      |            ~~~^~~~~~~~~~~~~~~~~~~~~~~~~~~~~
[INFO] [stderr]   cargo:warning=sparkey/src/MurmurHash3.c:299:3: note: here
[INFO] [stderr]   cargo:warning=  299 |   case 13: k2 ^= ((uint64_t)tail[12]) << 32;
[INFO] [stderr]   cargo:warning=      |   ^~~~
[INFO] [stderr]   cargo:warning=sparkey/src/MurmurHash3.c:299:15: warning: this statement may fall through [-Wimplicit-fallthrough=]
[INFO] [stderr]   cargo:warning=  299 |   case 13: k2 ^= ((uint64_t)tail[12]) << 32;
[INFO] [stderr]   cargo:warning=      |            ~~~^~~~~~~~~~~~~~~~~~~~~~~~~~~~~
[INFO] [stderr]   cargo:warning=sparkey/src/MurmurHash3.c:300:3: note: here
[INFO] [stderr]   cargo:warning=  300 |   case 12: k2 ^= ((uint64_t)tail[11]) << 24;
[INFO] [stderr]   cargo:warning=      |   ^~~~
[INFO] [stderr]   cargo:warning=sparkey/src/MurmurHash3.c:300:15: warning: this statement may fall through [-Wimplicit-fallthrough=]
[INFO] [stderr]   cargo:warning=  300 |   case 12: k2 ^= ((uint64_t)tail[11]) << 24;
[INFO] [stderr]   cargo:warning=      |            ~~~^~~~~~~~~~~~~~~~~~~~~~~~~~~~~
[INFO] [stderr]   cargo:warning=sparkey/src/MurmurHash3.c:301:3: note: here
[INFO] [stderr]   cargo:warning=  301 |   case 11: k2 ^= ((uint64_t)tail[10]) << 16;
[INFO] [stderr]   cargo:warning=      |   ^~~~
[INFO] [stderr]   cargo:warning=sparkey/src/MurmurHash3.c:301:15: warning: this statement may fall through [-Wimplicit-fallthrough=]
[INFO] [stderr]   cargo:warning=  301 |   case 11: k2 ^= ((uint64_t)tail[10]) << 16;
[INFO] [stderr]   cargo:warning=      |            ~~~^~~~~~~~~~~~~~~~~~~~~~~~~~~~~
[INFO] [stderr]   cargo:warning=sparkey/src/MurmurHash3.c:302:3: note: here
[INFO] [stderr]   cargo:warning=  302 |   case 10: k2 ^= ((uint64_t)tail[ 9]) << 8;
[INFO] [stderr]   cargo:warning=      |   ^~~~
[INFO] [stderr]   cargo:warning=sparkey/src/MurmurHash3.c:302:15: warning: this statement may fall through [-Wimplicit-fallthrough=]
[INFO] [stderr]   cargo:warning=  302 |   case 10: k2 ^= ((uint64_t)tail[ 9]) << 8;
[INFO] [stderr]   cargo:warning=      |            ~~~^~~~~~~~~~~~~~~~~~~~~~~~~~~~
[INFO] [stderr]   cargo:warning=sparkey/src/MurmurHash3.c:303:3: note: here
[INFO] [stderr]   cargo:warning=  303 |   case  9: k2 ^= ((uint64_t)tail[ 8]) << 0;
[INFO] [stderr]   cargo:warning=      |   ^~~~
[INFO] [stderr]   cargo:warning=sparkey/src/MurmurHash3.c:304:56: warning: this statement may fall through [-Wimplicit-fallthrough=]
[INFO] [stderr]   cargo:warning=  304 |            k2 *= c2; k2  = ROTL64(k2,33); k2 *= c1; h2 ^= k2;
[INFO] [stderr]   cargo:warning=      |                                                     ~~~^~~~~
[INFO] [stderr]   cargo:warning=sparkey/src/MurmurHash3.c:306:3: note: here
[INFO] [stderr]   cargo:warning=  306 |   case  8: k1 ^= ((uint64_t)tail[ 7]) << 56;
[INFO] [stderr]   cargo:warning=      |   ^~~~
[INFO] [stderr]   cargo:warning=sparkey/src/MurmurHash3.c:306:15: warning: this statement may fall through [-Wimplicit-fallthrough=]
[INFO] [stderr]   cargo:warning=  306 |   case  8: k1 ^= ((uint64_t)tail[ 7]) << 56;
[INFO] [stderr]   cargo:warning=      |            ~~~^~~~~~~~~~~~~~~~~~~~~~~~~~~~~
[INFO] [stderr]   cargo:warning=sparkey/src/MurmurHash3.c:307:3: note: here
[INFO] [stderr]   cargo:warning=  307 |   case  7: k1 ^= ((uint64_t)tail[ 6]) << 48;
[INFO] [stderr]   cargo:warning=      |   ^~~~
[INFO] [stderr]   cargo:warning=sparkey/src/MurmurHash3.c:307:15: warning: this statement may fall through [-Wimplicit-fallthrough=]
[INFO] [stderr]   cargo:warning=  307 |   case  7: k1 ^= ((uint64_t)tail[ 6]) << 48;
[INFO] [stderr]   cargo:warning=      |            ~~~^~~~~~~~~~~~~~~~~~~~~~~~~~~~~
[INFO] [stderr]   cargo:warning=sparkey/src/MurmurHash3.c:308:3: note: here
[INFO] [stderr]   cargo:warning=  308 |   case  6: k1 ^= ((uint64_t)tail[ 5]) << 40;
[INFO] [stderr]   cargo:warning=      |   ^~~~
[INFO] [stderr]   cargo:warning=sparkey/src/MurmurHash3.c:308:15: warning: this statement may fall through [-Wimplicit-fallthrough=]
[INFO] [stderr]   cargo:warning=  308 |   case  6: k1 ^= ((uint64_t)tail[ 5]) << 40;
[INFO] [stderr]   cargo:warning=      |            ~~~^~~~~~~~~~~~~~~~~~~~~~~~~~~~~
[INFO] [stderr]   cargo:warning=sparkey/src/MurmurHash3.c:309:3: note: here
[INFO] [stderr]   cargo:warning=  309 |   case  5: k1 ^= ((uint64_t)tail[ 4]) << 32;
[INFO] [stderr]   cargo:warning=      |   ^~~~
[INFO] [stderr]   cargo:warning=sparkey/src/MurmurHash3.c:309:15: warning: this statement may fall through [-Wimplicit-fallthrough=]
[INFO] [stderr]   cargo:warning=  309 |   case  5: k1 ^= ((uint64_t)tail[ 4]) << 32;
[INFO] [stderr]   cargo:warning=      |            ~~~^~~~~~~~~~~~~~~~~~~~~~~~~~~~~
[INFO] [stderr]   cargo:warning=sparkey/src/MurmurHash3.c:310:3: note: here
[INFO] [stderr]   cargo:warning=  310 |   case  4: k1 ^= ((uint64_t)tail[ 3]) << 24;
[INFO] [stderr]   cargo:warning=      |   ^~~~
[INFO] [stderr]   cargo:warning=sparkey/src/MurmurHash3.c:310:15: warning: this statement may fall through [-Wimplicit-fallthrough=]
[INFO] [stderr]   cargo:warning=  310 |   case  4: k1 ^= ((uint64_t)tail[ 3]) << 24;
[INFO] [stderr]   cargo:warning=      |            ~~~^~~~~~~~~~~~~~~~~~~~~~~~~~~~~
[INFO] [stderr]   cargo:warning=sparkey/src/MurmurHash3.c:311:3: note: here
[INFO] [stderr]   cargo:warning=  311 |   case  3: k1 ^= ((uint64_t)tail[ 2]) << 16;
[INFO] [stderr]   cargo:warning=      |   ^~~~
[INFO] [stderr]   cargo:warning=sparkey/src/MurmurHash3.c:311:15: warning: this statement may fall through [-Wimplicit-fallthrough=]
[INFO] [stderr]   cargo:warning=  311 |   case  3: k1 ^= ((uint64_t)tail[ 2]) << 16;
[INFO] [stderr]   cargo:warning=      |            ~~~^~~~~~~~~~~~~~~~~~~~~~~~~~~~~
[INFO] [stderr]   cargo:warning=sparkey/src/MurmurHash3.c:312:3: note: here
[INFO] [stderr]   cargo:warning=  312 |   case  2: k1 ^= ((uint64_t)tail[ 1]) << 8;
[INFO] [stderr]   cargo:warning=      |   ^~~~
[INFO] [stderr]   cargo:warning=sparkey/src/MurmurHash3.c:312:15: warning: this statement may fall through [-Wimplicit-fallthrough=]
[INFO] [stderr]   cargo:warning=  312 |   case  2: k1 ^= ((uint64_t)tail[ 1]) << 8;
[INFO] [stderr]   cargo:warning=      |            ~~~^~~~~~~~~~~~~~~~~~~~~~~~~~~~
[INFO] [stderr]   cargo:warning=sparkey/src/MurmurHash3.c:313:3: note: here
[INFO] [stderr]   cargo:warning=  313 |   case  1: k1 ^= ((uint64_t)tail[ 0]) << 0;
[INFO] [stderr]   cargo:warning=      |   ^~~~
[INFO] [stderr]   exit status: 0
[INFO] [stderr]   TARGET = Some("x86_64-unknown-linux-gnu")
[INFO] [stderr]   OPT_LEVEL = Some("0")
[INFO] [stderr]   TARGET = Some("x86_64-unknown-linux-gnu")
[INFO] [stderr]   HOST = Some("x86_64-unknown-linux-gnu")
[INFO] [stderr]   TARGET = Some("x86_64-unknown-linux-gnu")
[INFO] [stderr]   TARGET = Some("x86_64-unknown-linux-gnu")
[INFO] [stderr]   HOST = Some("x86_64-unknown-linux-gnu")
[INFO] [stderr]   CC_x86_64-unknown-linux-gnu = None
[INFO] [stderr]   CC_x86_64_unknown_linux_gnu = None
[INFO] [stderr]   HOST_CC = None
[INFO] [stderr]   CC = None
[INFO] [stderr]   HOST = Some("x86_64-unknown-linux-gnu")
[INFO] [stderr]   TARGET = Some("x86_64-unknown-linux-gnu")
[INFO] [stderr]   HOST = Some("x86_64-unknown-linux-gnu")
[INFO] [stderr]   CFLAGS_x86_64-unknown-linux-gnu = None
[INFO] [stderr]   CFLAGS_x86_64_unknown_linux_gnu = None
[INFO] [stderr]   HOST_CFLAGS = None
[INFO] [stderr]   CFLAGS = None
[INFO] [stderr]   DEBUG = Some("true")
[INFO] [stderr]   running: "cc" "-O0" "-ffunction-sections" "-fdata-sections" "-fPIC" "-g" "-m64" "-I" "sparkey/src" "-std=c99" "-Wall" "-Wextra" "-o" "/opt/rustwide/target/debug/build/sparkey-sys-44b747a025faa1b8/out/sparkey/src/buf.o" "-c" "sparkey/src/buf.c"
[INFO] [stderr]   exit status: 0
[INFO] [stderr]   TARGET = Some("x86_64-unknown-linux-gnu")
[INFO] [stderr]   OPT_LEVEL = Some("0")
[INFO] [stderr]   TARGET = Some("x86_64-unknown-linux-gnu")
[INFO] [stderr]   HOST = Some("x86_64-unknown-linux-gnu")
[INFO] [stderr]   TARGET = Some("x86_64-unknown-linux-gnu")
[INFO] [stderr]   TARGET = Some("x86_64-unknown-linux-gnu")
[INFO] [stderr]   HOST = Some("x86_64-unknown-linux-gnu")
[INFO] [stderr]   CC_x86_64-unknown-linux-gnu = None
[INFO] [stderr]   CC_x86_64_unknown_linux_gnu = None
[INFO] [stderr]   HOST_CC = None
[INFO] [stderr]   CC = None
[INFO] [stderr]   HOST = Some("x86_64-unknown-linux-gnu")
[INFO] [stderr]   TARGET = Some("x86_64-unknown-linux-gnu")
[INFO] [stderr]   HOST = Some("x86_64-unknown-linux-gnu")
[INFO] [stderr]   CFLAGS_x86_64-unknown-linux-gnu = None
[INFO] [stderr]   CFLAGS_x86_64_unknown_linux_gnu = None
[INFO] [stderr]   HOST_CFLAGS = None
[INFO] [stderr]   CFLAGS = None
[INFO] [stderr]   DEBUG = Some("true")
[INFO] [stderr]   running: "cc" "-O0" "-ffunction-sections" "-fdata-sections" "-fPIC" "-g" "-m64" "-I" "sparkey/src" "-std=c99" "-Wall" "-Wextra" "-o" "/opt/rustwide/target/debug/build/sparkey-sys-44b747a025faa1b8/out/sparkey/src/endiantools.o" "-c" "sparkey/src/endiantools.c"
[INFO] [stderr]   exit status: 0
[INFO] [stderr]   TARGET = Some("x86_64-unknown-linux-gnu")
[INFO] [stderr]   OPT_LEVEL = Some("0")
[INFO] [stderr]   TARGET = Some("x86_64-unknown-linux-gnu")
[INFO] [stderr]   HOST = Some("x86_64-unknown-linux-gnu")
[INFO] [stderr]   TARGET = Some("x86_64-unknown-linux-gnu")
[INFO] [stderr]   TARGET = Some("x86_64-unknown-linux-gnu")
[INFO] [stderr]   HOST = Some("x86_64-unknown-linux-gnu")
[INFO] [stderr]   CC_x86_64-unknown-linux-gnu = None
[INFO] [stderr]   CC_x86_64_unknown_linux_gnu = None
[INFO] [stderr]   HOST_CC = None
[INFO] [stderr]   CC = None
[INFO] [stderr]   HOST = Some("x86_64-unknown-linux-gnu")
[INFO] [stderr]   TARGET = Some("x86_64-unknown-linux-gnu")
[INFO] [stderr]   HOST = Some("x86_64-unknown-linux-gnu")
[INFO] [stderr]   CFLAGS_x86_64-unknown-linux-gnu = None
[INFO] [stderr]   CFLAGS_x86_64_unknown_linux_gnu = None
[INFO] [stderr]   HOST_CFLAGS = None
[INFO] [stderr]   CFLAGS = None
[INFO] [stderr]   DEBUG = Some("true")
[INFO] [stderr]   running: "cc" "-O0" "-ffunction-sections" "-fdata-sections" "-fPIC" "-g" "-m64" "-I" "sparkey/src" "-std=c99" "-Wall" "-Wextra" "-o" "/opt/rustwide/target/debug/build/sparkey-sys-44b747a025faa1b8/out/sparkey/src/hashalgorithms.o" "-c" "sparkey/src/hashalgorithms.c"
[INFO] [stderr]   exit status: 0
[INFO] [stderr]   TARGET = Some("x86_64-unknown-linux-gnu")
[INFO] [stderr]   OPT_LEVEL = Some("0")
[INFO] [stderr]   TARGET = Some("x86_64-unknown-linux-gnu")
[INFO] [stderr]   HOST = Some("x86_64-unknown-linux-gnu")
[INFO] [stderr]   TARGET = Some("x86_64-unknown-linux-gnu")
[INFO] [stderr]   TARGET = Some("x86_64-unknown-linux-gnu")
[INFO] [stderr]   HOST = Some("x86_64-unknown-linux-gnu")
[INFO] [stderr]   CC_x86_64-unknown-linux-gnu = None
[INFO] [stderr]   CC_x86_64_unknown_linux_gnu = None
[INFO] [stderr]   HOST_CC = None
[INFO] [stderr]   CC = None
[INFO] [stderr]   HOST = Some("x86_64-unknown-linux-gnu")
[INFO] [stderr]   TARGET = Some("x86_64-unknown-linux-gnu")
[INFO] [stderr]   HOST = Some("x86_64-unknown-linux-gnu")
[INFO] [stderr]   CFLAGS_x86_64-unknown-linux-gnu = None
[INFO] [stderr]   CFLAGS_x86_64_unknown_linux_gnu = None
[INFO] [stderr]   HOST_CFLAGS = None
[INFO] [stderr]   CFLAGS = None
[INFO] [stderr]   DEBUG = Some("true")
[INFO] [stderr]   running: "cc" "-O0" "-ffunction-sections" "-fdata-sections" "-fPIC" "-g" "-m64" "-I" "sparkey/src" "-std=c99" "-Wall" "-Wextra" "-o" "/opt/rustwide/target/debug/build/sparkey-sys-44b747a025faa1b8/out/sparkey/src/hashheader.o" "-c" "sparkey/src/hashheader.c"
[INFO] [stderr]   exit status: 0
[INFO] [stderr]   TARGET = Some("x86_64-unknown-linux-gnu")
[INFO] [stderr]   OPT_LEVEL = Some("0")
[INFO] [stderr]   TARGET = Some("x86_64-unknown-linux-gnu")
[INFO] [stderr]   HOST = Some("x86_64-unknown-linux-gnu")
[INFO] [stderr]   TARGET = Some("x86_64-unknown-linux-gnu")
[INFO] [stderr]   TARGET = Some("x86_64-unknown-linux-gnu")
[INFO] [stderr]   HOST = Some("x86_64-unknown-linux-gnu")
[INFO] [stderr]   CC_x86_64-unknown-linux-gnu = None
[INFO] [stderr]   CC_x86_64_unknown_linux_gnu = None
[INFO] [stderr]   HOST_CC = None
[INFO] [stderr]   CC = None
[INFO] [stderr]   HOST = Some("x86_64-unknown-linux-gnu")
[INFO] [stderr]   TARGET = Some("x86_64-unknown-linux-gnu")
[INFO] [stderr]   HOST = Some("x86_64-unknown-linux-gnu")
[INFO] [stderr]   CFLAGS_x86_64-unknown-linux-gnu = None
[INFO] [stderr]   CFLAGS_x86_64_unknown_linux_gnu = None
[INFO] [stderr]   HOST_CFLAGS = None
[INFO] [stderr]   CFLAGS = None
[INFO] [stderr]   DEBUG = Some("true")
[INFO] [stderr]   running: "cc" "-O0" "-ffunction-sections" "-fdata-sections" "-fPIC" "-g" "-m64" "-I" "sparkey/src" "-std=c99" "-Wall" "-Wextra" "-o" "/opt/rustwide/target/debug/build/sparkey-sys-44b747a025faa1b8/out/sparkey/src/hashiter.o" "-c" "sparkey/src/hashiter.c"
[INFO] [stderr]   exit status: 0
[INFO] [stderr]   TARGET = Some("x86_64-unknown-linux-gnu")
[INFO] [stderr]   OPT_LEVEL = Some("0")
[INFO] [stderr]   TARGET = Some("x86_64-unknown-linux-gnu")
[INFO] [stderr]   HOST = Some("x86_64-unknown-linux-gnu")
[INFO] [stderr]   TARGET = Some("x86_64-unknown-linux-gnu")
[INFO] [stderr]   TARGET = Some("x86_64-unknown-linux-gnu")
[INFO] [stderr]   HOST = Some("x86_64-unknown-linux-gnu")
[INFO] [stderr]   CC_x86_64-unknown-linux-gnu = None
[INFO] [stderr]   CC_x86_64_unknown_linux_gnu = None
[INFO] [stderr]   HOST_CC = None
[INFO] [stderr]   CC = None
[INFO] [stderr]   HOST = Some("x86_64-unknown-linux-gnu")
[INFO] [stderr]   TARGET = Some("x86_64-unknown-linux-gnu")
[INFO] [stderr]   HOST = Some("x86_64-unknown-linux-gnu")
[INFO] [stderr]   CFLAGS_x86_64-unknown-linux-gnu = None
[INFO] [stderr]   CFLAGS_x86_64_unknown_linux_gnu = None
[INFO] [stderr]   HOST_CFLAGS = None
[INFO] [stderr]   CFLAGS = None
[INFO] [stderr]   DEBUG = Some("true")
[INFO] [stderr]   running: "cc" "-O0" "-ffunction-sections" "-fdata-sections" "-fPIC" "-g" "-m64" "-I" "sparkey/src" "-std=c99" "-Wall" "-Wextra" "-o" "/opt/rustwide/target/debug/build/sparkey-sys-44b747a025faa1b8/out/sparkey/src/hashreader.o" "-c" "sparkey/src/hashreader.c"
[INFO] [stderr]   exit status: 0
[INFO] [stderr]   TARGET = Some("x86_64-unknown-linux-gnu")
[INFO] [stderr]   OPT_LEVEL = Some("0")
[INFO] [stderr]   TARGET = Some("x86_64-unknown-linux-gnu")
[INFO] [stderr]   HOST = Some("x86_64-unknown-linux-gnu")
[INFO] [stderr]   TARGET = Some("x86_64-unknown-linux-gnu")
[INFO] [stderr]   TARGET = Some("x86_64-unknown-linux-gnu")
[INFO] [stderr]   HOST = Some("x86_64-unknown-linux-gnu")
[INFO] [stderr]   CC_x86_64-unknown-linux-gnu = None
[INFO] [stderr]   CC_x86_64_unknown_linux_gnu = None
[INFO] [stderr]   HOST_CC = None
[INFO] [stderr]   CC = None
[INFO] [stderr]   HOST = Some("x86_64-unknown-linux-gnu")
[INFO] [stderr]   TARGET = Some("x86_64-unknown-linux-gnu")
[INFO] [stderr]   HOST = Some("x86_64-unknown-linux-gnu")
[INFO] [stderr]   CFLAGS_x86_64-unknown-linux-gnu = None
[INFO] [stderr]   CFLAGS_x86_64_unknown_linux_gnu = None
[INFO] [stderr]   HOST_CFLAGS = None
[INFO] [stderr]   CFLAGS = None
[INFO] [stderr]   DEBUG = Some("true")
[INFO] [stderr]   running: "cc" "-O0" "-ffunction-sections" "-fdata-sections" "-fPIC" "-g" "-m64" "-I" "sparkey/src" "-std=c99" "-Wall" "-Wextra" "-o" "/opt/rustwide/target/debug/build/sparkey-sys-44b747a025faa1b8/out/sparkey/src/hashwriter.o" "-c" "sparkey/src/hashwriter.c"
[INFO] [stderr]   exit status: 0
[INFO] [stderr]   TARGET = Some("x86_64-unknown-linux-gnu")
[INFO] [stderr]   OPT_LEVEL = Some("0")
[INFO] [stderr]   TARGET = Some("x86_64-unknown-linux-gnu")
[INFO] [stderr]   HOST = Some("x86_64-unknown-linux-gnu")
[INFO] [stderr]   TARGET = Some("x86_64-unknown-linux-gnu")
[INFO] [stderr]   TARGET = Some("x86_64-unknown-linux-gnu")
[INFO] [stderr]   HOST = Some("x86_64-unknown-linux-gnu")
[INFO] [stderr]   CC_x86_64-unknown-linux-gnu = None
[INFO] [stderr]   CC_x86_64_unknown_linux_gnu = None
[INFO] [stderr]   HOST_CC = None
[INFO] [stderr]   CC = None
[INFO] [stderr]   HOST = Some("x86_64-unknown-linux-gnu")
[INFO] [stderr]   TARGET = Some("x86_64-unknown-linux-gnu")
[INFO] [stderr]   HOST = Some("x86_64-unknown-linux-gnu")
[INFO] [stderr]   CFLAGS_x86_64-unknown-linux-gnu = None
[INFO] [stderr]   CFLAGS_x86_64_unknown_linux_gnu = None
[INFO] [stderr]   HOST_CFLAGS = None
[INFO] [stderr]   CFLAGS = None
[INFO] [stderr]   DEBUG = Some("true")
[INFO] [stderr]   running: "cc" "-O0" "-ffunction-sections" "-fdata-sections" "-fPIC" "-g" "-m64" "-I" "sparkey/src" "-std=c99" "-Wall" "-Wextra" "-o" "/opt/rustwide/target/debug/build/sparkey-sys-44b747a025faa1b8/out/sparkey/src/logheader.o" "-c" "sparkey/src/logheader.c"
[INFO] [stderr]   exit status: 0
[INFO] [stderr]   TARGET = Some("x86_64-unknown-linux-gnu")
[INFO] [stderr]   OPT_LEVEL = Some("0")
[INFO] [stderr]   TARGET = Some("x86_64-unknown-linux-gnu")
[INFO] [stderr]   HOST = Some("x86_64-unknown-linux-gnu")
[INFO] [stderr]   TARGET = Some("x86_64-unknown-linux-gnu")
[INFO] [stderr]   TARGET = Some("x86_64-unknown-linux-gnu")
[INFO] [stderr]   HOST = Some("x86_64-unknown-linux-gnu")
[INFO] [stderr]   CC_x86_64-unknown-linux-gnu = None
[INFO] [stderr]   CC_x86_64_unknown_linux_gnu = None
[INFO] [stderr]   HOST_CC = None
[INFO] [stderr]   CC = None
[INFO] [stderr]   HOST = Some("x86_64-unknown-linux-gnu")
[INFO] [stderr]   TARGET = Some("x86_64-unknown-linux-gnu")
[INFO] [stderr]   HOST = Some("x86_64-unknown-linux-gnu")
[INFO] [stderr]   CFLAGS_x86_64-unknown-linux-gnu = None
[INFO] [stderr]   CFLAGS_x86_64_unknown_linux_gnu = None
[INFO] [stderr]   HOST_CFLAGS = None
[INFO] [stderr]   CFLAGS = None
[INFO] [stderr]   DEBUG = Some("true")
[INFO] [stderr]   running: "cc" "-O0" "-ffunction-sections" "-fdata-sections" "-fPIC" "-g" "-m64" "-I" "sparkey/src" "-std=c99" "-Wall" "-Wextra" "-o" "/opt/rustwide/target/debug/build/sparkey-sys-44b747a025faa1b8/out/sparkey/src/logreader.o" "-c" "sparkey/src/logreader.c"
[INFO] [stderr]   cargo:warning=sparkey/src/logreader.c:24:10: fatal error: snappy-c.h: No such file or directory
[INFO] [stderr]   cargo:warning=   24 | #include <snappy-c.h>
[INFO] [stderr]   cargo:warning=      |          ^~~~~~~~~~~~
[INFO] [stderr]   cargo:warning=compilation terminated.
[INFO] [stderr]   exit status: 1
[INFO] [stderr] 
[INFO] [stderr]   --- stderr
[INFO] [stderr]   thread 'main' panicked at '
[INFO] [stderr] 
[INFO] [stderr]   Internal error occurred: Command "cc" "-O0" "-ffunction-sections" "-fdata-sections" "-fPIC" "-g" "-m64" "-I" "sparkey/src" "-std=c99" "-Wall" "-Wextra" "-o" "/opt/rustwide/target/debug/build/sparkey-sys-44b747a025faa1b8/out/sparkey/src/logreader.o" "-c" "sparkey/src/logreader.c" with args "cc" did not execute successfully (status code exit status: 1).
[INFO] [stderr] 
[INFO] [stderr]   ', /opt/rustwide/cargo-home/registry/src/github.com-1ecc6299db9ec823/gcc-0.3.55/src/lib.rs:1672:5
[INFO] [stderr]   stack backtrace:
[INFO] [stderr]      0:     0x55ca74fbf600 - std::backtrace_rs::backtrace::libunwind::trace::hff4d1766e93f64f1
[INFO] [stderr]                                  at /rustc/53fd98ca776cb875bc9e5514f56b52eb74f9e7a9/library/std/src/../../backtrace/src/backtrace/libunwind.rs:90:5
[INFO] [stderr]      1:     0x55ca74fbf600 - std::backtrace_rs::backtrace::trace_unsynchronized::h56bbc8eb78770bcb
[INFO] [stderr]                                  at /rustc/53fd98ca776cb875bc9e5514f56b52eb74f9e7a9/library/std/src/../../backtrace/src/backtrace/mod.rs:66:5
[INFO] [stderr]      2:     0x55ca74fbf600 - std::sys_common::backtrace::_print_fmt::h5c8e75464faca780
[INFO] [stderr]                                  at /rustc/53fd98ca776cb875bc9e5514f56b52eb74f9e7a9/library/std/src/sys_common/backtrace.rs:67:5
[INFO] [stderr]      3:     0x55ca74fbf600 - <std::sys_common::backtrace::_print::DisplayBacktrace as core::fmt::Display>::fmt::h48b88277def8b362
[INFO] [stderr]                                  at /rustc/53fd98ca776cb875bc9e5514f56b52eb74f9e7a9/library/std/src/sys_common/backtrace.rs:46:22
[INFO] [stderr]      4:     0x55ca74fde66c - core::fmt::write::h3381b3176fe2b3d3
[INFO] [stderr]                                  at /rustc/53fd98ca776cb875bc9e5514f56b52eb74f9e7a9/library/core/src/fmt/mod.rs:1115:17
[INFO] [stderr]      5:     0x55ca74fbc265 - std::io::Write::write_fmt::hd42607e5d8e44db0
[INFO] [stderr]                                  at /rustc/53fd98ca776cb875bc9e5514f56b52eb74f9e7a9/library/std/src/io/mod.rs:1665:15
[INFO] [stderr]      6:     0x55ca74fc159b - std::sys_common::backtrace::_print::ha537687d6c17dd0d
[INFO] [stderr]                                  at /rustc/53fd98ca776cb875bc9e5514f56b52eb74f9e7a9/library/std/src/sys_common/backtrace.rs:49:5
[INFO] [stderr]      7:     0x55ca74fc159b - std::sys_common::backtrace::print::h61376ae57d131d72
[INFO] [stderr]                                  at /rustc/53fd98ca776cb875bc9e5514f56b52eb74f9e7a9/library/std/src/sys_common/backtrace.rs:36:9
[INFO] [stderr]      8:     0x55ca74fc159b - std::panicking::default_hook::{{closure}}::h0f7208c0b9644a54
[INFO] [stderr]                                  at /rustc/53fd98ca776cb875bc9e5514f56b52eb74f9e7a9/library/std/src/panicking.rs:208:50
[INFO] [stderr]      9:     0x55ca74fc1071 - std::panicking::default_hook::hdac7fc06578c14ce
[INFO] [stderr]                                  at /rustc/53fd98ca776cb875bc9e5514f56b52eb74f9e7a9/library/std/src/panicking.rs:225:9
[INFO] [stderr]     10:     0x55ca74fc1c64 - std::panicking::rust_panic_with_hook::h72b21c283da3d1ef
[INFO] [stderr]                                  at /rustc/53fd98ca776cb875bc9e5514f56b52eb74f9e7a9/library/std/src/panicking.rs:622:17
[INFO] [stderr]     11:     0x55ca74fc1747 - std::panicking::begin_panic_handler::{{closure}}::he5778f1729cff84a
[INFO] [stderr]                                  at /rustc/53fd98ca776cb875bc9e5514f56b52eb74f9e7a9/library/std/src/panicking.rs:519:13
[INFO] [stderr]     12:     0x55ca74fbfadc - std::sys_common::backtrace::__rust_end_short_backtrace::h2d11ca8b453b4b1d
[INFO] [stderr]                                  at /rustc/53fd98ca776cb875bc9e5514f56b52eb74f9e7a9/library/std/src/sys_common/backtrace.rs:141:18
[INFO] [stderr]     13:     0x55ca74fc16a9 - rust_begin_unwind
[INFO] [stderr]                                  at /rustc/53fd98ca776cb875bc9e5514f56b52eb74f9e7a9/library/std/src/panicking.rs:515:5
[INFO] [stderr]     14:     0x55ca74f6fc0b - std::panicking::begin_panic_fmt::h746518bde832d259
[INFO] [stderr]                                  at /rustc/53fd98ca776cb875bc9e5514f56b52eb74f9e7a9/library/std/src/panicking.rs:457:5
[INFO] [stderr]     15:     0x55ca74f83083 - gcc::fail::h23d8082b46e5ba39
[INFO] [stderr]                                  at /opt/rustwide/cargo-home/registry/src/github.com-1ecc6299db9ec823/gcc-0.3.55/src/lib.rs:1672:5
[INFO] [stderr]     16:     0x55ca74f751cf - gcc::Build::compile::hceadf9a501c1899c
[INFO] [stderr]                                  at /opt/rustwide/cargo-home/registry/src/github.com-1ecc6299db9ec823/gcc-0.3.55/src/lib.rs:785:13
[INFO] [stderr]     17:     0x55ca74f70e9e - build_script_build::main::h6a8040b6cfb685fa
[INFO] [stderr]                                  at /opt/rustwide/workdir/build.rs:5:5
[INFO] [stderr]     18:     0x55ca74f70b9b - core::ops::function::FnOnce::call_once::h08a853fc165c913a
[INFO] [stderr]                                  at /rustc/53fd98ca776cb875bc9e5514f56b52eb74f9e7a9/library/core/src/ops/function.rs:227:5
[INFO] [stderr]     19:     0x55ca74f70f6e - std::sys_common::backtrace::__rust_begin_short_backtrace::h9de583cde2d6b7f1
[INFO] [stderr]                                  at /rustc/53fd98ca776cb875bc9e5514f56b52eb74f9e7a9/library/std/src/sys_common/backtrace.rs:125:18
[INFO] [stderr]     20:     0x55ca74f71071 - std::rt::lang_start::{{closure}}::h5d62aa223d12f9e5
[INFO] [stderr]                                  at /rustc/53fd98ca776cb875bc9e5514f56b52eb74f9e7a9/library/std/src/rt.rs:63:18
[INFO] [stderr]     21:     0x55ca74fc216a - core::ops::function::impls::<impl core::ops::function::FnOnce<A> for &F>::call_once::ha88a7d1a4d24e549
[INFO] [stderr]                                  at /rustc/53fd98ca776cb875bc9e5514f56b52eb74f9e7a9/library/core/src/ops/function.rs:259:13
[INFO] [stderr]     22:     0x55ca74fc216a - std::panicking::try::do_call::hd3b1d7740607ccc7
[INFO] [stderr]                                  at /rustc/53fd98ca776cb875bc9e5514f56b52eb74f9e7a9/library/std/src/panicking.rs:401:40
[INFO] [stderr]     23:     0x55ca74fc216a - std::panicking::try::h0ee8c65ac7461507
[INFO] [stderr]                                  at /rustc/53fd98ca776cb875bc9e5514f56b52eb74f9e7a9/library/std/src/panicking.rs:365:19
[INFO] [stderr]     24:     0x55ca74fc216a - std::panic::catch_unwind::head47f0de4ccd838
[INFO] [stderr]                                  at /rustc/53fd98ca776cb875bc9e5514f56b52eb74f9e7a9/library/std/src/panic.rs:434:14
[INFO] [stderr]     25:     0x55ca74fc216a - std::rt::lang_start_internal::{{closure}}::hbc7de8ec820ac085
[INFO] [stderr]                                  at /rustc/53fd98ca776cb875bc9e5514f56b52eb74f9e7a9/library/std/src/rt.rs:45:48
[INFO] [stderr]     26:     0x55ca74fc216a - std::panicking::try::do_call::h2609e52e8bad4a7b
[INFO] [stderr]                                  at /rustc/53fd98ca776cb875bc9e5514f56b52eb74f9e7a9/library/std/src/panicking.rs:401:40
[INFO] [stderr]     27:     0x55ca74fc216a - std::panicking::try::hd0929f0b603e0389
[INFO] [stderr]                                  at /rustc/53fd98ca776cb875bc9e5514f56b52eb74f9e7a9/library/std/src/panicking.rs:365:19
[INFO] [stderr]     28:     0x55ca74fc216a - std::panic::catch_unwind::h27902b81c3e47571
[INFO] [stderr]                                  at /rustc/53fd98ca776cb875bc9e5514f56b52eb74f9e7a9/library/std/src/panic.rs:434:14
[INFO] [stderr]     29:     0x55ca74fc216a - std::rt::lang_start_internal::h3fb2d794dd391e3e
[INFO] [stderr]                                  at /rustc/53fd98ca776cb875bc9e5514f56b52eb74f9e7a9/library/std/src/rt.rs:45:20
[INFO] [stderr]     30:     0x55ca74f71040 - std::rt::lang_start::h3da1b08bfa90b1ce
[INFO] [stderr]                                  at /rustc/53fd98ca776cb875bc9e5514f56b52eb74f9e7a9/library/std/src/rt.rs:62:5
[INFO] [stderr]     31:     0x55ca74f70eec - main
[INFO] [stderr]     32:     0x7f11f07e10b3 - __libc_start_main
[INFO] [stderr]     33:     0x55ca74f70aae - _start
[INFO] [stderr]     34:                0x0 - <unknown>
[INFO] running `Command { std: "docker" "inspect" "f613bac1ba08c5a42ea102181cbcc6e7707097fd9ce237cd13abdee77250ac32", kill_on_drop: false }`
[INFO] running `Command { std: "docker" "rm" "-f" "f613bac1ba08c5a42ea102181cbcc6e7707097fd9ce237cd13abdee77250ac32", kill_on_drop: false }`
[INFO] [stdout] f613bac1ba08c5a42ea102181cbcc6e7707097fd9ce237cd13abdee77250ac32
