[INFO] fetching crate sp-keystore 0.9.0...
[INFO] testing sp-keystore-0.9.0 against beta-2021-08-01 for beta-1.55-1
[INFO] extracting crate sp-keystore 0.9.0 into /workspace/builds/worker-12/source
[INFO] validating manifest of crates.io crate sp-keystore 0.9.0 on toolchain beta-2021-08-01
[INFO] running `Command { std: "/workspace/cargo-home/bin/cargo" "+beta-2021-08-01" "metadata" "--manifest-path" "Cargo.toml" "--no-deps", kill_on_drop: false }`
[INFO] started tweaking crates.io crate sp-keystore 0.9.0
[INFO] finished tweaking crates.io crate sp-keystore 0.9.0
[INFO] tweaked toml for crates.io crate sp-keystore 0.9.0 written to /workspace/builds/worker-12/source/Cargo.toml
[INFO] running `Command { std: "/workspace/cargo-home/bin/cargo" "+beta-2021-08-01" "generate-lockfile" "--manifest-path" "Cargo.toml" "-Zno-index-update", kill_on_drop: false }`
[INFO] [stderr]     Blocking waiting for file lock on package cache
[INFO] running `Command { std: "/workspace/cargo-home/bin/cargo" "+beta-2021-08-01" "fetch" "--manifest-path" "Cargo.toml", kill_on_drop: false }`
[INFO] [stderr]     Blocking waiting for file lock on package cache
[INFO] [stderr]     Blocking waiting for file lock on package cache
[INFO] running `Command { std: "docker" "create" "-v" "/var/lib/crater-agent-workspace/builds/worker-12/target:/opt/rustwide/target:rw,Z" "-v" "/var/lib/crater-agent-workspace/builds/worker-12/source:/opt/rustwide/workdir:ro,Z" "-v" "/var/lib/crater-agent-workspace/cargo-home:/opt/rustwide/cargo-home:ro,Z" "-v" "/var/lib/crater-agent-workspace/rustup-home:/opt/rustwide/rustup-home:ro,Z" "-e" "SOURCE_DIR=/opt/rustwide/workdir" "-e" "CARGO_TARGET_DIR=/opt/rustwide/target" "-e" "CARGO_HOME=/opt/rustwide/cargo-home" "-e" "RUSTUP_HOME=/opt/rustwide/rustup-home" "-w" "/opt/rustwide/workdir" "-m" "1610612736" "--user" "0:0" "--network" "none" "ghcr.io/rust-lang/crates-build-env/linux@sha256:34b6a614d2c27851fe6cbf88fbd1137609cefab8b10d0615aaeb6fd47975d74e" "/opt/rustwide/cargo-home/bin/cargo" "+beta-2021-08-01" "metadata" "--no-deps" "--format-version=1", kill_on_drop: false }`
[INFO] [stdout] 14a9fea135c5ec5fe129ab3cca2188a0c58281b667e009c877be37ae2e5e453e
[INFO] running `Command { std: "docker" "start" "-a" "14a9fea135c5ec5fe129ab3cca2188a0c58281b667e009c877be37ae2e5e453e", kill_on_drop: false }`
[INFO] running `Command { std: "docker" "inspect" "14a9fea135c5ec5fe129ab3cca2188a0c58281b667e009c877be37ae2e5e453e", kill_on_drop: false }`
[INFO] running `Command { std: "docker" "rm" "-f" "14a9fea135c5ec5fe129ab3cca2188a0c58281b667e009c877be37ae2e5e453e", kill_on_drop: false }`
[INFO] [stdout] 14a9fea135c5ec5fe129ab3cca2188a0c58281b667e009c877be37ae2e5e453e
[INFO] running `Command { std: "docker" "create" "-v" "/var/lib/crater-agent-workspace/builds/worker-12/target:/opt/rustwide/target:rw,Z" "-v" "/var/lib/crater-agent-workspace/builds/worker-12/source:/opt/rustwide/workdir:ro,Z" "-v" "/var/lib/crater-agent-workspace/cargo-home:/opt/rustwide/cargo-home:ro,Z" "-v" "/var/lib/crater-agent-workspace/rustup-home:/opt/rustwide/rustup-home:ro,Z" "-e" "SOURCE_DIR=/opt/rustwide/workdir" "-e" "CARGO_TARGET_DIR=/opt/rustwide/target" "-e" "CARGO_INCREMENTAL=0" "-e" "RUST_BACKTRACE=full" "-e" "RUSTFLAGS=--cap-lints=warn" "-e" "CARGO_HOME=/opt/rustwide/cargo-home" "-e" "RUSTUP_HOME=/opt/rustwide/rustup-home" "-w" "/opt/rustwide/workdir" "-m" "1610612736" "--user" "0:0" "--network" "none" "ghcr.io/rust-lang/crates-build-env/linux@sha256:34b6a614d2c27851fe6cbf88fbd1137609cefab8b10d0615aaeb6fd47975d74e" "/opt/rustwide/cargo-home/bin/cargo" "+beta-2021-08-01" "build" "--frozen" "--message-format=json", kill_on_drop: false }`
[INFO] [stdout] db370447e24da5fd460509ab48ca619f0a47592990cd67034de2f9f4d9bfe8a9
[INFO] running `Command { std: "docker" "start" "-a" "db370447e24da5fd460509ab48ca619f0a47592990cd67034de2f9f4d9bfe8a9", kill_on_drop: false }`
[INFO] [stderr]     Blocking waiting for file lock on package cache
[INFO] [stderr]    Compiling parity-util-mem v0.9.0
[INFO] [stderr]    Compiling once_cell v1.8.0
[INFO] [stderr]    Compiling libsecp256k1 v0.3.5
[INFO] [stderr]    Compiling thread_local v1.1.3
[INFO] [stderr]    Compiling tiny-bip39 v0.8.0
[INFO] [stderr]    Compiling tracing-subscriber v0.2.19
[INFO] [stderr]    Compiling sp-tracing v3.0.0
[INFO] [stderr]    Compiling sp-runtime-interface v3.0.0
[INFO] [stderr]    Compiling sp-core v3.0.0
[INFO] [stderr]    Compiling sp-keystore v0.9.0 (/opt/rustwide/workdir)
[INFO] [stderr]     Finished dev [unoptimized + debuginfo] target(s) in 16.77s
[INFO] running `Command { std: "docker" "inspect" "db370447e24da5fd460509ab48ca619f0a47592990cd67034de2f9f4d9bfe8a9", kill_on_drop: false }`
[INFO] running `Command { std: "docker" "rm" "-f" "db370447e24da5fd460509ab48ca619f0a47592990cd67034de2f9f4d9bfe8a9", kill_on_drop: false }`
[INFO] [stdout] db370447e24da5fd460509ab48ca619f0a47592990cd67034de2f9f4d9bfe8a9
[INFO] running `Command { std: "docker" "create" "-v" "/var/lib/crater-agent-workspace/builds/worker-12/target:/opt/rustwide/target:rw,Z" "-v" "/var/lib/crater-agent-workspace/builds/worker-12/source:/opt/rustwide/workdir:ro,Z" "-v" "/var/lib/crater-agent-workspace/cargo-home:/opt/rustwide/cargo-home:ro,Z" "-v" "/var/lib/crater-agent-workspace/rustup-home:/opt/rustwide/rustup-home:ro,Z" "-e" "SOURCE_DIR=/opt/rustwide/workdir" "-e" "CARGO_TARGET_DIR=/opt/rustwide/target" "-e" "CARGO_INCREMENTAL=0" "-e" "RUST_BACKTRACE=full" "-e" "RUSTFLAGS=--cap-lints=warn" "-e" "CARGO_HOME=/opt/rustwide/cargo-home" "-e" "RUSTUP_HOME=/opt/rustwide/rustup-home" "-w" "/opt/rustwide/workdir" "-m" "1610612736" "--user" "0:0" "--network" "none" "ghcr.io/rust-lang/crates-build-env/linux@sha256:34b6a614d2c27851fe6cbf88fbd1137609cefab8b10d0615aaeb6fd47975d74e" "/opt/rustwide/cargo-home/bin/cargo" "+beta-2021-08-01" "test" "--frozen" "--no-run" "--message-format=json", kill_on_drop: false }`
[INFO] [stdout] be5708bb2029631016c5fe9ab58cb9a3f8202a0fa6aa5450f3e964bff9ea9eb7
[INFO] running `Command { std: "docker" "start" "-a" "be5708bb2029631016c5fe9ab58cb9a3f8202a0fa6aa5450f3e964bff9ea9eb7", kill_on_drop: false }`
[INFO] [stderr]    Compiling sp-keystore v0.9.0 (/opt/rustwide/workdir)
[INFO] [stdout] error[E0433]: failed to resolve: use of undeclared crate or module `rand_chacha`
[INFO] [stdout]   --> src/vrf.rs:74:6
[INFO] [stdout]    |
[INFO] [stdout] 74 |     use rand_chacha::{
[INFO] [stdout]    |         ^^^^^^^^^^^ use of undeclared crate or module `rand_chacha`
[INFO] [stdout] 
[INFO] [stdout] 
[INFO] [stdout] error[E0432]: unresolved import `rand`
[INFO] [stdout]   --> src/vrf.rs:73:6
[INFO] [stdout]    |
[INFO] [stdout] 73 |     use rand::RngCore;
[INFO] [stdout]    |         ^^^^ use of undeclared crate or module `rand`
[INFO] [stdout] 
[INFO] [stdout] 
[INFO] [stdout] error[E0432]: unresolved import `rand_chacha`
[INFO] [stdout]   --> src/vrf.rs:74:6
[INFO] [stdout]    |
[INFO] [stdout] 74 |     use rand_chacha::{
[INFO] [stdout]    |         ^^^^^^^^^^^ use of undeclared crate or module `rand_chacha`
[INFO] [stdout] 
[INFO] [stdout] 
[INFO] [stdout] error[E0599]: no method named `fill_bytes` found for struct `TranscriptRng` in the current scope
[INFO] [stdout]    --> src/vrf.rs:96:6
[INFO] [stdout]     |
[INFO] [stdout] 96  |                 .fill_bytes(&mut b);
[INFO] [stdout]     |                  ^^^^^^^^^^ method not found in `TranscriptRng`
[INFO] [stdout]     | 
[INFO] [stdout]    ::: /opt/rustwide/cargo-home/registry/src/github.com-1ecc6299db9ec823/rand_core-0.5.1/src/lib.rs:168:8
[INFO] [stdout]     |
[INFO] [stdout] 168 |     fn fill_bytes(&mut self, dest: &mut [u8]);
[INFO] [stdout]     |        ---------- the method is available for `TranscriptRng` here
[INFO] [stdout]     |
[INFO] [stdout]     = help: items from traits can only be used if the trait is in scope
[INFO] [stdout]     = note: the following trait is implemented but not in scope; perhaps add a `use` for it:
[INFO] [stdout]             `use rand_core::RngCore;`
[INFO] [stdout] 
[INFO] [stdout] 
[INFO] [stdout] error: aborting due to 4 previous errors
[INFO] [stdout] 
[INFO] [stdout] 
[INFO] [stdout] Some errors have detailed explanations: E0432, E0433, E0599.
[INFO] [stdout] 
[INFO] [stdout] For more information about an error, try `rustc --explain E0432`.
[INFO] [stdout] 
[INFO] [stderr] error: could not compile `sp-keystore` due to 5 previous errors
[INFO] running `Command { std: "docker" "inspect" "be5708bb2029631016c5fe9ab58cb9a3f8202a0fa6aa5450f3e964bff9ea9eb7", kill_on_drop: false }`
[INFO] running `Command { std: "docker" "rm" "-f" "be5708bb2029631016c5fe9ab58cb9a3f8202a0fa6aa5450f3e964bff9ea9eb7", kill_on_drop: false }`
[INFO] [stdout] be5708bb2029631016c5fe9ab58cb9a3f8202a0fa6aa5450f3e964bff9ea9eb7
