[INFO] fetching crate sp-cid 0.1.0...
[INFO] testing sp-cid-0.1.0 against beta-2021-08-01 for beta-1.55-1
[INFO] extracting crate sp-cid 0.1.0 into /workspace/builds/worker-2/source
[INFO] validating manifest of crates.io crate sp-cid 0.1.0 on toolchain beta-2021-08-01
[INFO] running `Command { std: "/workspace/cargo-home/bin/cargo" "+beta-2021-08-01" "metadata" "--manifest-path" "Cargo.toml" "--no-deps", kill_on_drop: false }`
[INFO] started tweaking crates.io crate sp-cid 0.1.0
[INFO] finished tweaking crates.io crate sp-cid 0.1.0
[INFO] tweaked toml for crates.io crate sp-cid 0.1.0 written to /workspace/builds/worker-2/source/Cargo.toml
[INFO] running `Command { std: "/workspace/cargo-home/bin/cargo" "+beta-2021-08-01" "generate-lockfile" "--manifest-path" "Cargo.toml" "-Zno-index-update", kill_on_drop: false }`
[INFO] running `Command { std: "/workspace/cargo-home/bin/cargo" "+beta-2021-08-01" "fetch" "--manifest-path" "Cargo.toml", kill_on_drop: false }`
[INFO] running `Command { std: "docker" "create" "-v" "/var/lib/crater-agent-workspace/builds/worker-2/target:/opt/rustwide/target:rw,Z" "-v" "/var/lib/crater-agent-workspace/builds/worker-2/source:/opt/rustwide/workdir:ro,Z" "-v" "/var/lib/crater-agent-workspace/cargo-home:/opt/rustwide/cargo-home:ro,Z" "-v" "/var/lib/crater-agent-workspace/rustup-home:/opt/rustwide/rustup-home:ro,Z" "-e" "SOURCE_DIR=/opt/rustwide/workdir" "-e" "CARGO_TARGET_DIR=/opt/rustwide/target" "-e" "CARGO_HOME=/opt/rustwide/cargo-home" "-e" "RUSTUP_HOME=/opt/rustwide/rustup-home" "-w" "/opt/rustwide/workdir" "-m" "1610612736" "--user" "0:0" "--network" "none" "ghcr.io/rust-lang/crates-build-env/linux@sha256:34b6a614d2c27851fe6cbf88fbd1137609cefab8b10d0615aaeb6fd47975d74e" "/opt/rustwide/cargo-home/bin/cargo" "+beta-2021-08-01" "metadata" "--no-deps" "--format-version=1", kill_on_drop: false }`
[INFO] [stdout] e96b5579bca6b3d4830114991ba3cde158b54809e397e10307a6cba12f116185
[INFO] running `Command { std: "docker" "start" "-a" "e96b5579bca6b3d4830114991ba3cde158b54809e397e10307a6cba12f116185", kill_on_drop: false }`
[INFO] running `Command { std: "docker" "inspect" "e96b5579bca6b3d4830114991ba3cde158b54809e397e10307a6cba12f116185", kill_on_drop: false }`
[INFO] running `Command { std: "docker" "rm" "-f" "e96b5579bca6b3d4830114991ba3cde158b54809e397e10307a6cba12f116185", kill_on_drop: false }`
[INFO] [stdout] e96b5579bca6b3d4830114991ba3cde158b54809e397e10307a6cba12f116185
[INFO] running `Command { std: "docker" "create" "-v" "/var/lib/crater-agent-workspace/builds/worker-2/target:/opt/rustwide/target:rw,Z" "-v" "/var/lib/crater-agent-workspace/builds/worker-2/source:/opt/rustwide/workdir:ro,Z" "-v" "/var/lib/crater-agent-workspace/cargo-home:/opt/rustwide/cargo-home:ro,Z" "-v" "/var/lib/crater-agent-workspace/rustup-home:/opt/rustwide/rustup-home:ro,Z" "-e" "SOURCE_DIR=/opt/rustwide/workdir" "-e" "CARGO_TARGET_DIR=/opt/rustwide/target" "-e" "CARGO_INCREMENTAL=0" "-e" "RUST_BACKTRACE=full" "-e" "RUSTFLAGS=--cap-lints=warn" "-e" "CARGO_HOME=/opt/rustwide/cargo-home" "-e" "RUSTUP_HOME=/opt/rustwide/rustup-home" "-w" "/opt/rustwide/workdir" "-m" "1610612736" "--user" "0:0" "--network" "none" "ghcr.io/rust-lang/crates-build-env/linux@sha256:34b6a614d2c27851fe6cbf88fbd1137609cefab8b10d0615aaeb6fd47975d74e" "/opt/rustwide/cargo-home/bin/cargo" "+beta-2021-08-01" "build" "--frozen" "--message-format=json", kill_on_drop: false }`
[INFO] [stdout] 4778ec4f7a5d5959d5c3b467087206de213f2473209e81e148c57772d250a6fa
[INFO] running `Command { std: "docker" "start" "-a" "4778ec4f7a5d5959d5c3b467087206de213f2473209e81e148c57772d250a6fa", kill_on_drop: false }`
[INFO] [stderr]    Compiling proc-macro2 v1.0.28
[INFO] [stderr]    Compiling syn v1.0.74
[INFO] [stderr]    Compiling block-padding v0.2.1
[INFO] [stderr]    Compiling arrayvec v0.5.2
[INFO] [stderr]    Compiling data-encoding v2.3.2
[INFO] [stderr]    Compiling sp-std v3.0.0
[INFO] [stderr]    Compiling unsigned-varint v0.7.0
[INFO] [stderr]    Compiling base-x v0.2.8
[INFO] [stderr]    Compiling proc-macro-error-attr v1.0.4
[INFO] [stderr]    Compiling proc-macro-error v1.0.4
[INFO] [stderr]    Compiling blake3 v0.3.8
[INFO] [stderr]    Compiling digest v0.9.0
[INFO] [stderr]    Compiling crypto-mac v0.8.0
[INFO] [stderr]    Compiling bytecursor v0.1.2
[INFO] [stderr]    Compiling block-buffer v0.9.0
[INFO] [stderr]    Compiling sha2 v0.9.5
[INFO] [stderr]    Compiling sha3 v0.9.1
[INFO] [stderr]    Compiling blake2b_simd v0.5.11
[INFO] [stderr]    Compiling blake2s_simd v0.5.11
[INFO] [stderr]    Compiling quote v1.0.9
[INFO] [stderr]    Compiling synstructure v0.12.5
[INFO] [stderr]    Compiling thiserror-impl v1.0.26
[INFO] [stderr]    Compiling data-encoding-macro-internal v0.1.10
[INFO] [stderr]    Compiling data-encoding-macro v0.1.12
[INFO] [stderr]    Compiling multibase v0.9.1
[INFO] [stderr]    Compiling thiserror v1.0.26
[INFO] [stderr]    Compiling proc-macro-crate v1.0.0
[INFO] [stderr]    Compiling sp-multihash-derive v0.1.0
[INFO] [stderr]    Compiling sp-multihash v0.1.0
[INFO] [stderr]    Compiling sp-cid v0.1.0 (/opt/rustwide/workdir)
[INFO] [stderr]     Finished dev [unoptimized + debuginfo] target(s) in 26.52s
[INFO] running `Command { std: "docker" "inspect" "4778ec4f7a5d5959d5c3b467087206de213f2473209e81e148c57772d250a6fa", kill_on_drop: false }`
[INFO] running `Command { std: "docker" "rm" "-f" "4778ec4f7a5d5959d5c3b467087206de213f2473209e81e148c57772d250a6fa", kill_on_drop: false }`
[INFO] [stdout] 4778ec4f7a5d5959d5c3b467087206de213f2473209e81e148c57772d250a6fa
[INFO] running `Command { std: "docker" "create" "-v" "/var/lib/crater-agent-workspace/builds/worker-2/target:/opt/rustwide/target:rw,Z" "-v" "/var/lib/crater-agent-workspace/builds/worker-2/source:/opt/rustwide/workdir:ro,Z" "-v" "/var/lib/crater-agent-workspace/cargo-home:/opt/rustwide/cargo-home:ro,Z" "-v" "/var/lib/crater-agent-workspace/rustup-home:/opt/rustwide/rustup-home:ro,Z" "-e" "SOURCE_DIR=/opt/rustwide/workdir" "-e" "CARGO_TARGET_DIR=/opt/rustwide/target" "-e" "CARGO_INCREMENTAL=0" "-e" "RUST_BACKTRACE=full" "-e" "RUSTFLAGS=--cap-lints=warn" "-e" "CARGO_HOME=/opt/rustwide/cargo-home" "-e" "RUSTUP_HOME=/opt/rustwide/rustup-home" "-w" "/opt/rustwide/workdir" "-m" "1610612736" "--user" "0:0" "--network" "none" "ghcr.io/rust-lang/crates-build-env/linux@sha256:34b6a614d2c27851fe6cbf88fbd1137609cefab8b10d0615aaeb6fd47975d74e" "/opt/rustwide/cargo-home/bin/cargo" "+beta-2021-08-01" "test" "--frozen" "--no-run" "--message-format=json", kill_on_drop: false }`
[INFO] [stdout] ac020e14aedb8420fda16b73305773e3f27d6f4ba1701a4d0a8c03b084917575
[INFO] running `Command { std: "docker" "start" "-a" "ac020e14aedb8420fda16b73305773e3f27d6f4ba1701a4d0a8c03b084917575", kill_on_drop: false }`
[INFO] [stderr]    Compiling serde_json v1.0.66
[INFO] [stderr]    Compiling sp-cid v0.1.0 (/opt/rustwide/workdir)
[INFO] [stdout] error[E0433]: failed to resolve: use of undeclared crate or module `rand`
[INFO] [stdout]  --> src/arb.rs:6:5
[INFO] [stdout]   |
[INFO] [stdout] 6 | use rand::{
[INFO] [stdout]   |     ^^^^ use of undeclared crate or module `rand`
[INFO] [stdout] 
[INFO] [stdout] 
[INFO] [stdout] error[E0432]: unresolved import `quickcheck`
[INFO] [stdout]  --> src/arb.rs:5:5
[INFO] [stdout]   |
[INFO] [stdout] 5 | use quickcheck::{Arbitrary, Gen};
[INFO] [stdout]   |     ^^^^^^^^^^ use of undeclared crate or module `quickcheck`
[INFO] [stdout] 
[INFO] [stdout] 
[INFO] [stdout] error[E0432]: unresolved import `rand`
[INFO] [stdout]  --> src/arb.rs:6:5
[INFO] [stdout]   |
[INFO] [stdout] 6 | use rand::{
[INFO] [stdout]   |     ^^^^ use of undeclared crate or module `rand`
[INFO] [stdout] 
[INFO] [stdout] 
[INFO] [stdout] error[E0433]: failed to resolve: use of undeclared type `WeightedIndex`
[INFO] [stdout]   --> src/arb.rs:31:18
[INFO] [stdout]    |
[INFO] [stdout] 31 |       let dist = WeightedIndex::new(weights.iter()).unwrap();
[INFO] [stdout]    |                  ^^^^^^^^^^^^^ use of undeclared type `WeightedIndex`
[INFO] [stdout] 
[INFO] [stdout] 
[INFO] [stdout] error[E0412]: cannot find type `Vec` in this scope
[INFO] [stdout]   --> src/arb.rs:24:17
[INFO] [stdout]    |
[INFO] [stdout] 24 |       let data: Vec<u8> = Arbitrary::arbitrary(g);
[INFO] [stdout]    |                 ^^^ not found in this scope
[INFO] [stdout]    |
[INFO] [stdout] help: consider importing one of these items
[INFO] [stdout]    |
[INFO] [stdout] 1  | use alloc::vec::Vec;
[INFO] [stdout]    |
[INFO] [stdout] 1  | use crate::cid::Vec;
[INFO] [stdout]    |
[INFO] [stdout] 1  | use sp_std::vec::Vec;
[INFO] [stdout]    |
[INFO] [stdout] 
[INFO] [stdout] 
[INFO] [stdout] error: aborting due to 5 previous errors
[INFO] [stdout] 
[INFO] [stdout] 
[INFO] [stdout] Some errors have detailed explanations: E0412, E0432, E0433.
[INFO] [stdout] 
[INFO] [stdout] For more information about an error, try `rustc --explain E0412`.
[INFO] [stdout] 
[INFO] [stderr] error: could not compile `sp-cid` due to 6 previous errors
[INFO] [stderr] warning: build failed, waiting for other jobs to finish...
[INFO] [stderr] error: build failed
[INFO] running `Command { std: "docker" "inspect" "ac020e14aedb8420fda16b73305773e3f27d6f4ba1701a4d0a8c03b084917575", kill_on_drop: false }`
[INFO] running `Command { std: "docker" "rm" "-f" "ac020e14aedb8420fda16b73305773e3f27d6f4ba1701a4d0a8c03b084917575", kill_on_drop: false }`
[INFO] [stdout] ac020e14aedb8420fda16b73305773e3f27d6f4ba1701a4d0a8c03b084917575
