[INFO] fetching crate solana_rbpf 0.2.14...
[INFO] testing solana_rbpf-0.2.14 against beta-2021-08-01 for beta-1.55-1
[INFO] extracting crate solana_rbpf 0.2.14 into /workspace/builds/worker-4/source
[INFO] validating manifest of crates.io crate solana_rbpf 0.2.14 on toolchain beta-2021-08-01
[INFO] running `Command { std: "/workspace/cargo-home/bin/cargo" "+beta-2021-08-01" "metadata" "--manifest-path" "Cargo.toml" "--no-deps", kill_on_drop: false }`
[INFO] started tweaking crates.io crate solana_rbpf 0.2.14
[INFO] finished tweaking crates.io crate solana_rbpf 0.2.14
[INFO] tweaked toml for crates.io crate solana_rbpf 0.2.14 written to /workspace/builds/worker-4/source/Cargo.toml
[INFO] crate crates.io crate solana_rbpf 0.2.14 already has a lockfile, it will not be regenerated
[INFO] running `Command { std: "/workspace/cargo-home/bin/cargo" "+beta-2021-08-01" "fetch" "--manifest-path" "Cargo.toml", kill_on_drop: false }`
[INFO] [stderr]  Downloading crates ...
[INFO] [stderr]   Downloaded elf v0.0.10
[INFO] [stderr]   Downloaded hash32 v0.1.0
[INFO] [stderr]   Downloaded json v0.11.15
[INFO] [stderr]   Downloaded byteorder v1.2.7
[INFO] [stderr]   Downloaded scroll_derive v0.10.1
[INFO] [stderr]   Downloaded goblin v0.4.2
[INFO] running `Command { std: "docker" "create" "-v" "/var/lib/crater-agent-workspace/builds/worker-4/target:/opt/rustwide/target:rw,Z" "-v" "/var/lib/crater-agent-workspace/builds/worker-4/source:/opt/rustwide/workdir:ro,Z" "-v" "/var/lib/crater-agent-workspace/cargo-home:/opt/rustwide/cargo-home:ro,Z" "-v" "/var/lib/crater-agent-workspace/rustup-home:/opt/rustwide/rustup-home:ro,Z" "-e" "SOURCE_DIR=/opt/rustwide/workdir" "-e" "CARGO_TARGET_DIR=/opt/rustwide/target" "-e" "CARGO_HOME=/opt/rustwide/cargo-home" "-e" "RUSTUP_HOME=/opt/rustwide/rustup-home" "-w" "/opt/rustwide/workdir" "-m" "1610612736" "--user" "0:0" "--network" "none" "ghcr.io/rust-lang/crates-build-env/linux@sha256:34b6a614d2c27851fe6cbf88fbd1137609cefab8b10d0615aaeb6fd47975d74e" "/opt/rustwide/cargo-home/bin/cargo" "+beta-2021-08-01" "metadata" "--no-deps" "--format-version=1", kill_on_drop: false }`
[INFO] [stdout] 2b90bb28bc65d055e02d1afcd5a159ea5e3f25c2a343ee15da090ca3339fae29
[INFO] running `Command { std: "docker" "start" "-a" "2b90bb28bc65d055e02d1afcd5a159ea5e3f25c2a343ee15da090ca3339fae29", kill_on_drop: false }`
[INFO] running `Command { std: "docker" "inspect" "2b90bb28bc65d055e02d1afcd5a159ea5e3f25c2a343ee15da090ca3339fae29", kill_on_drop: false }`
[INFO] running `Command { std: "docker" "rm" "-f" "2b90bb28bc65d055e02d1afcd5a159ea5e3f25c2a343ee15da090ca3339fae29", kill_on_drop: false }`
[INFO] [stdout] 2b90bb28bc65d055e02d1afcd5a159ea5e3f25c2a343ee15da090ca3339fae29
[INFO] running `Command { std: "docker" "create" "-v" "/var/lib/crater-agent-workspace/builds/worker-4/target:/opt/rustwide/target:rw,Z" "-v" "/var/lib/crater-agent-workspace/builds/worker-4/source:/opt/rustwide/workdir:ro,Z" "-v" "/var/lib/crater-agent-workspace/cargo-home:/opt/rustwide/cargo-home:ro,Z" "-v" "/var/lib/crater-agent-workspace/rustup-home:/opt/rustwide/rustup-home:ro,Z" "-e" "SOURCE_DIR=/opt/rustwide/workdir" "-e" "CARGO_TARGET_DIR=/opt/rustwide/target" "-e" "CARGO_INCREMENTAL=0" "-e" "RUST_BACKTRACE=full" "-e" "RUSTFLAGS=--cap-lints=warn" "-e" "CARGO_HOME=/opt/rustwide/cargo-home" "-e" "RUSTUP_HOME=/opt/rustwide/rustup-home" "-w" "/opt/rustwide/workdir" "-m" "1610612736" "--user" "0:0" "--network" "none" "ghcr.io/rust-lang/crates-build-env/linux@sha256:34b6a614d2c27851fe6cbf88fbd1137609cefab8b10d0615aaeb6fd47975d74e" "/opt/rustwide/cargo-home/bin/cargo" "+beta-2021-08-01" "build" "--frozen" "--message-format=json", kill_on_drop: false }`
[INFO] [stdout] 02b30c0d94ab1aff607d3e23755d71c60edd9e22913bd578761a0fb792e5b723
[INFO] running `Command { std: "docker" "start" "-a" "02b30c0d94ab1aff607d3e23755d71c60edd9e22913bd578761a0fb792e5b723", kill_on_drop: false }`
[INFO] [stderr]     Blocking waiting for file lock on package cache
[INFO] [stderr]     Blocking waiting for file lock on package cache
[INFO] [stderr]    Compiling proc-macro2 v1.0.27
[INFO] [stderr]    Compiling libc v0.2.69
[INFO] [stderr]    Compiling unicode-xid v0.2.0
[INFO] [stderr]    Compiling cfg-if v0.1.6
[INFO] [stderr]    Compiling syn v1.0.73
[INFO] [stderr]    Compiling getrandom v0.1.14
[INFO] [stderr]    Compiling ppv-lite86 v0.2.6
[INFO] [stderr]    Compiling byteorder v1.2.7
[INFO] [stderr]    Compiling ascii v0.9.3
[INFO] [stderr]    Compiling plain v0.2.3
[INFO] [stderr]    Compiling rustc-demangle v0.1.18
[INFO] [stderr]    Compiling log v0.4.6
[INFO] [stderr]    Compiling hash32 v0.1.0
[INFO] [stderr]    Compiling combine v3.8.1
[INFO] [stderr]    Compiling quote v1.0.3
[INFO] [stderr]    Compiling time v0.1.43
[INFO] [stderr]    Compiling rand_core v0.5.1
[INFO] [stderr]    Compiling rand_chacha v0.2.2
[INFO] [stderr]    Compiling rand_pcg v0.2.1
[INFO] [stderr]    Compiling rand v0.7.3
[INFO] [stderr]    Compiling scroll_derive v0.10.1
[INFO] [stderr]    Compiling thiserror-impl v1.0.26
[INFO] [stderr]    Compiling scroll v0.10.1
[INFO] [stderr]    Compiling goblin v0.4.2
[INFO] [stderr]    Compiling thiserror v1.0.26
[INFO] [stderr]    Compiling solana_rbpf v0.2.14 (/opt/rustwide/workdir)
[INFO] [stderr]     Finished dev [unoptimized + debuginfo] target(s) in 34.55s
[INFO] running `Command { std: "docker" "inspect" "02b30c0d94ab1aff607d3e23755d71c60edd9e22913bd578761a0fb792e5b723", kill_on_drop: false }`
[INFO] running `Command { std: "docker" "rm" "-f" "02b30c0d94ab1aff607d3e23755d71c60edd9e22913bd578761a0fb792e5b723", kill_on_drop: false }`
[INFO] [stdout] 02b30c0d94ab1aff607d3e23755d71c60edd9e22913bd578761a0fb792e5b723
[INFO] running `Command { std: "docker" "create" "-v" "/var/lib/crater-agent-workspace/builds/worker-4/target:/opt/rustwide/target:rw,Z" "-v" "/var/lib/crater-agent-workspace/builds/worker-4/source:/opt/rustwide/workdir:ro,Z" "-v" "/var/lib/crater-agent-workspace/cargo-home:/opt/rustwide/cargo-home:ro,Z" "-v" "/var/lib/crater-agent-workspace/rustup-home:/opt/rustwide/rustup-home:ro,Z" "-e" "SOURCE_DIR=/opt/rustwide/workdir" "-e" "CARGO_TARGET_DIR=/opt/rustwide/target" "-e" "CARGO_INCREMENTAL=0" "-e" "RUST_BACKTRACE=full" "-e" "RUSTFLAGS=--cap-lints=warn" "-e" "CARGO_HOME=/opt/rustwide/cargo-home" "-e" "RUSTUP_HOME=/opt/rustwide/rustup-home" "-w" "/opt/rustwide/workdir" "-m" "1610612736" "--user" "0:0" "--network" "none" "ghcr.io/rust-lang/crates-build-env/linux@sha256:34b6a614d2c27851fe6cbf88fbd1137609cefab8b10d0615aaeb6fd47975d74e" "/opt/rustwide/cargo-home/bin/cargo" "+beta-2021-08-01" "test" "--frozen" "--no-run" "--message-format=json", kill_on_drop: false }`
[INFO] [stdout] 6d662b4b30772dac056a78bdfe8063924a94943162bc701f7455d1e81dfe17cb
[INFO] running `Command { std: "docker" "start" "-a" "6d662b4b30772dac056a78bdfe8063924a94943162bc701f7455d1e81dfe17cb", kill_on_drop: false }`
[INFO] [stderr]    Compiling json v0.11.15
[INFO] [stderr]    Compiling elf v0.0.10
[INFO] [stderr]    Compiling solana_rbpf v0.2.14 (/opt/rustwide/workdir)
[INFO] [stdout] error[E0463]: can't find crate for `test_utils`
[INFO] [stdout]   --> tests/ubpf_execution.rs:10:1
[INFO] [stdout]    |
[INFO] [stdout] 10 | extern crate test_utils;
[INFO] [stdout]    | ^^^^^^^^^^^^^^^^^^^^^^^^ can't find crate
[INFO] [stdout] 
[INFO] [stdout] 
[INFO] [stdout] error: aborting due to previous error
[INFO] [stdout] 
[INFO] [stdout] 
[INFO] [stdout] For more information about this error, try `rustc --explain E0463`.
[INFO] [stdout] 
[INFO] [stderr] error: could not compile `solana_rbpf` due to 2 previous errors
[INFO] [stderr] warning: build failed, waiting for other jobs to finish...
[INFO] [stdout] error[E0463]: can't find crate for `test_utils`
[INFO] [stdout]  --> tests/assembler.rs:8:1
[INFO] [stdout]   |
[INFO] [stdout] 8 | extern crate test_utils;
[INFO] [stdout]   | ^^^^^^^^^^^^^^^^^^^^^^^^ can't find crate
[INFO] [stdout] 
[INFO] [stdout] 
[INFO] [stdout] error: aborting due to previous error
[INFO] [stdout] 
[INFO] [stdout] 
[INFO] [stdout] For more information about this error, try `rustc --explain E0463`.
[INFO] [stdout] 
[INFO] [stdout] error[E0463]: can't find crate for `test_utils`
[INFO] [stdout]   --> tests/misc.rs:22:1
[INFO] [stdout]    |
[INFO] [stdout] 22 | extern crate test_utils;
[INFO] [stdout]    | ^^^^^^^^^^^^^^^^^^^^^^^^ can't find crate
[INFO] [stdout] 
[INFO] [stdout] 
[INFO] [stdout] error: aborting due to previous error
[INFO] [stdout] 
[INFO] [stdout] 
[INFO] [stdout] For more information about this error, try `rustc --explain E0463`.
[INFO] [stdout] 
[INFO] [stderr] error: build failed
[INFO] running `Command { std: "docker" "inspect" "6d662b4b30772dac056a78bdfe8063924a94943162bc701f7455d1e81dfe17cb", kill_on_drop: false }`
[INFO] running `Command { std: "docker" "rm" "-f" "6d662b4b30772dac056a78bdfe8063924a94943162bc701f7455d1e81dfe17cb", kill_on_drop: false }`
[INFO] [stdout] 6d662b4b30772dac056a78bdfe8063924a94943162bc701f7455d1e81dfe17cb
