[INFO] fetching crate solana-rewards-api 0.12.0...
[INFO] testing solana-rewards-api-0.12.0 against beta-2021-08-01 for beta-1.55-1
[INFO] extracting crate solana-rewards-api 0.12.0 into /workspace/builds/worker-14/source
[INFO] validating manifest of crates.io crate solana-rewards-api 0.12.0 on toolchain beta-2021-08-01
[INFO] running `Command { std: "/workspace/cargo-home/bin/cargo" "+beta-2021-08-01" "metadata" "--manifest-path" "Cargo.toml" "--no-deps", kill_on_drop: false }`
[INFO] started tweaking crates.io crate solana-rewards-api 0.12.0
[INFO] finished tweaking crates.io crate solana-rewards-api 0.12.0
[INFO] tweaked toml for crates.io crate solana-rewards-api 0.12.0 written to /workspace/builds/worker-14/source/Cargo.toml
[INFO] running `Command { std: "/workspace/cargo-home/bin/cargo" "+beta-2021-08-01" "generate-lockfile" "--manifest-path" "Cargo.toml" "-Zno-index-update", kill_on_drop: false }`
[INFO] [stderr]     Blocking waiting for file lock on package cache
[INFO] running `Command { std: "/workspace/cargo-home/bin/cargo" "+beta-2021-08-01" "fetch" "--manifest-path" "Cargo.toml", kill_on_drop: false }`
[INFO] [stderr]     Blocking waiting for file lock on package cache
[INFO] [stderr]     Blocking waiting for file lock on package cache
[INFO] running `Command { std: "docker" "create" "-v" "/var/lib/crater-agent-workspace/builds/worker-14/target:/opt/rustwide/target:rw,Z" "-v" "/var/lib/crater-agent-workspace/builds/worker-14/source:/opt/rustwide/workdir:ro,Z" "-v" "/var/lib/crater-agent-workspace/cargo-home:/opt/rustwide/cargo-home:ro,Z" "-v" "/var/lib/crater-agent-workspace/rustup-home:/opt/rustwide/rustup-home:ro,Z" "-e" "SOURCE_DIR=/opt/rustwide/workdir" "-e" "CARGO_TARGET_DIR=/opt/rustwide/target" "-e" "CARGO_HOME=/opt/rustwide/cargo-home" "-e" "RUSTUP_HOME=/opt/rustwide/rustup-home" "-w" "/opt/rustwide/workdir" "-m" "1610612736" "--user" "0:0" "--network" "none" "ghcr.io/rust-lang/crates-build-env/linux@sha256:34b6a614d2c27851fe6cbf88fbd1137609cefab8b10d0615aaeb6fd47975d74e" "/opt/rustwide/cargo-home/bin/cargo" "+beta-2021-08-01" "metadata" "--no-deps" "--format-version=1", kill_on_drop: false }`
[INFO] [stdout] 401a484665e5ff9347a16eb59364d2e3f6b8fc5afb260b83bc3764989dca526f
[INFO] running `Command { std: "docker" "start" "-a" "401a484665e5ff9347a16eb59364d2e3f6b8fc5afb260b83bc3764989dca526f", kill_on_drop: false }`
[INFO] running `Command { std: "docker" "inspect" "401a484665e5ff9347a16eb59364d2e3f6b8fc5afb260b83bc3764989dca526f", kill_on_drop: false }`
[INFO] running `Command { std: "docker" "rm" "-f" "401a484665e5ff9347a16eb59364d2e3f6b8fc5afb260b83bc3764989dca526f", kill_on_drop: false }`
[INFO] [stdout] 401a484665e5ff9347a16eb59364d2e3f6b8fc5afb260b83bc3764989dca526f
[INFO] running `Command { std: "docker" "create" "-v" "/var/lib/crater-agent-workspace/builds/worker-14/target:/opt/rustwide/target:rw,Z" "-v" "/var/lib/crater-agent-workspace/builds/worker-14/source:/opt/rustwide/workdir:ro,Z" "-v" "/var/lib/crater-agent-workspace/cargo-home:/opt/rustwide/cargo-home:ro,Z" "-v" "/var/lib/crater-agent-workspace/rustup-home:/opt/rustwide/rustup-home:ro,Z" "-e" "SOURCE_DIR=/opt/rustwide/workdir" "-e" "CARGO_TARGET_DIR=/opt/rustwide/target" "-e" "CARGO_INCREMENTAL=0" "-e" "RUST_BACKTRACE=full" "-e" "RUSTFLAGS=--cap-lints=warn" "-e" "CARGO_HOME=/opt/rustwide/cargo-home" "-e" "RUSTUP_HOME=/opt/rustwide/rustup-home" "-w" "/opt/rustwide/workdir" "-m" "1610612736" "--user" "0:0" "--network" "none" "ghcr.io/rust-lang/crates-build-env/linux@sha256:34b6a614d2c27851fe6cbf88fbd1137609cefab8b10d0615aaeb6fd47975d74e" "/opt/rustwide/cargo-home/bin/cargo" "+beta-2021-08-01" "build" "--frozen" "--message-format=json", kill_on_drop: false }`
[INFO] [stdout] d742ba035449c1d1af8d0ae40cac2f34484ab3ce7fc79bc9cde0d44f11ce95d8
[INFO] running `Command { std: "docker" "start" "-a" "d742ba035449c1d1af8d0ae40cac2f34484ab3ce7fc79bc9cde0d44f11ce95d8", kill_on_drop: false }`
[INFO] [stderr]    Compiling untrusted v0.6.2
[INFO] [stderr]    Compiling hex v0.3.2
[INFO] [stderr]    Compiling bs58 v0.2.5
[INFO] [stderr]    Compiling ring v0.13.5
[INFO] [stderr]    Compiling itertools v0.8.2
[INFO] [stderr]    Compiling generic-array v0.12.4
[INFO] [stderr]    Compiling time v0.1.44
[INFO] [stderr]    Compiling bincode v1.3.3
[INFO] [stderr]    Compiling chrono v0.4.19
[INFO] [stderr]    Compiling digest v0.8.1
[INFO] [stderr]    Compiling block-buffer v0.7.3
[INFO] [stderr]    Compiling sha2 v0.8.2
[INFO] [stderr]    Compiling solana-sdk v0.12.1
[INFO] [stderr]    Compiling solana-vote-api v0.12.0
[INFO] [stdout] error[E0599]: no variant or associated item named `InvalidUserdata` found for enum `ProgramError` in the current scope
[INFO] [stdout]   --> /opt/rustwide/cargo-home/registry/src/github.com-1ecc6299db9ec823/solana-vote-api-0.12.0/src/vote_state.rs:77:54
[INFO] [stdout]    |
[INFO] [stdout] 77 |         deserialize(input).map_err(|_| ProgramError::InvalidUserdata)
[INFO] [stdout]    |                                                      ^^^^^^^^^^^^^^^ variant or associated item not found in `ProgramError`
[INFO] [stdout] 
[INFO] [stdout] 
[INFO] [stdout] error[E0599]: no variant or associated item named `UserdataTooSmall` found for enum `ProgramError` in the current scope
[INFO] [stdout]   --> /opt/rustwide/cargo-home/registry/src/github.com-1ecc6299db9ec823/solana-vote-api-0.12.0/src/vote_state.rs:82:51
[INFO] [stdout]    |
[INFO] [stdout] 82 |             ErrorKind::SizeLimit => ProgramError::UserdataTooSmall,
[INFO] [stdout]    |                                                   ^^^^^^^^^^^^^^^^ variant or associated item not found in `ProgramError`
[INFO] [stdout] 
[INFO] [stdout] 
[INFO] [stdout] error[E0609]: no field `userdata` on type `&mut Account`
[INFO] [stdout]    --> /opt/rustwide/cargo-home/registry/src/github.com-1ecc6299db9ec823/solana-vote-api-0.12.0/src/vote_state.rs:166:72
[INFO] [stdout]     |
[INFO] [stdout] 166 |     let vote_state = VoteState::deserialize(&keyed_accounts[0].account.userdata);
[INFO] [stdout]     |                                                                        ^^^^^^^^ unknown field
[INFO] [stdout]     |
[INFO] [stdout]     = note: available fields are: `lamports`, `data`, `owner`, `executable`
[INFO] [stdout] 
[INFO] [stdout] 
[INFO] [stdout] error[E0609]: no field `userdata` on type `&mut Account`
[INFO] [stdout]    --> /opt/rustwide/cargo-home/registry/src/github.com-1ecc6299db9ec823/solana-vote-api-0.12.0/src/vote_state.rs:169:61
[INFO] [stdout]     |
[INFO] [stdout] 169 |         vote_state.serialize(&mut keyed_accounts[0].account.userdata)?;
[INFO] [stdout]     |                                                             ^^^^^^^^ unknown field
[INFO] [stdout]     |
[INFO] [stdout]     = note: available fields are: `lamports`, `data`, `owner`, `executable`
[INFO] [stdout] 
[INFO] [stdout] 
[INFO] [stdout] error[E0599]: no variant or associated item named `InvalidUserdata` found for enum `ProgramError` in the current scope
[INFO] [stdout]    --> /opt/rustwide/cargo-home/registry/src/github.com-1ecc6299db9ec823/solana-vote-api-0.12.0/src/vote_state.rs:172:27
[INFO] [stdout]     |
[INFO] [stdout] 172 |         Err(ProgramError::InvalidUserdata)?;
[INFO] [stdout]     |                           ^^^^^^^^^^^^^^^ variant or associated item not found in `ProgramError`
[INFO] [stdout] 
[INFO] [stdout] 
[INFO] [stdout] error[E0609]: no field `userdata` on type `&mut Account`
[INFO] [stdout]    --> /opt/rustwide/cargo-home/registry/src/github.com-1ecc6299db9ec823/solana-vote-api-0.12.0/src/vote_state.rs:195:72
[INFO] [stdout]     |
[INFO] [stdout] 195 |     let vote_state = VoteState::deserialize(&keyed_accounts[0].account.userdata);
[INFO] [stdout]     |                                                                        ^^^^^^^^ unknown field
[INFO] [stdout]     |
[INFO] [stdout]     = note: available fields are: `lamports`, `data`, `owner`, `executable`
[INFO] [stdout] 
[INFO] [stdout] 
[INFO] [stdout] error[E0609]: no field `userdata` on type `&mut Account`
[INFO] [stdout]    --> /opt/rustwide/cargo-home/registry/src/github.com-1ecc6299db9ec823/solana-vote-api-0.12.0/src/vote_state.rs:198:61
[INFO] [stdout]     |
[INFO] [stdout] 198 |         vote_state.serialize(&mut keyed_accounts[0].account.userdata)?;
[INFO] [stdout]     |                                                             ^^^^^^^^ unknown field
[INFO] [stdout]     |
[INFO] [stdout]     = note: available fields are: `lamports`, `data`, `owner`, `executable`
[INFO] [stdout] 
[INFO] [stdout] 
[INFO] [stdout] error[E0599]: no variant or associated item named `InvalidUserdata` found for enum `ProgramError` in the current scope
[INFO] [stdout]    --> /opt/rustwide/cargo-home/registry/src/github.com-1ecc6299db9ec823/solana-vote-api-0.12.0/src/vote_state.rs:201:27
[INFO] [stdout]     |
[INFO] [stdout] 201 |         Err(ProgramError::InvalidUserdata)?;
[INFO] [stdout]     |                           ^^^^^^^^^^^^^^^ variant or associated item not found in `ProgramError`
[INFO] [stdout] 
[INFO] [stdout] 
[INFO] [stdout] error[E0609]: no field `userdata` on type `&mut Account`
[INFO] [stdout]    --> /opt/rustwide/cargo-home/registry/src/github.com-1ecc6299db9ec823/solana-vote-api-0.12.0/src/vote_state.rs:217:72
[INFO] [stdout]     |
[INFO] [stdout] 217 |     let vote_state = VoteState::deserialize(&keyed_accounts[0].account.userdata);
[INFO] [stdout]     |                                                                        ^^^^^^^^ unknown field
[INFO] [stdout]     |
[INFO] [stdout]     = note: available fields are: `lamports`, `data`, `owner`, `executable`
[INFO] [stdout] 
[INFO] [stdout] 
[INFO] [stdout] error[E0609]: no field `userdata` on type `&mut Account`
[INFO] [stdout]    --> /opt/rustwide/cargo-home/registry/src/github.com-1ecc6299db9ec823/solana-vote-api-0.12.0/src/vote_state.rs:221:65
[INFO] [stdout]     |
[INFO] [stdout] 221 |             vote_state.serialize(&mut keyed_accounts[0].account.userdata)?;
[INFO] [stdout]     |                                                                 ^^^^^^^^ unknown field
[INFO] [stdout]     |
[INFO] [stdout]     = note: available fields are: `lamports`, `data`, `owner`, `executable`
[INFO] [stdout] 
[INFO] [stdout] 
[INFO] [stdout] error[E0599]: no variant or associated item named `InvalidUserdata` found for enum `ProgramError` in the current scope
[INFO] [stdout]    --> /opt/rustwide/cargo-home/registry/src/github.com-1ecc6299db9ec823/solana-vote-api-0.12.0/src/vote_state.rs:224:31
[INFO] [stdout]     |
[INFO] [stdout] 224 |             Err(ProgramError::InvalidUserdata)?;
[INFO] [stdout]     |                               ^^^^^^^^^^^^^^^ variant or associated item not found in `ProgramError`
[INFO] [stdout] 
[INFO] [stdout] 
[INFO] [stdout] error[E0599]: no variant or associated item named `InvalidUserdata` found for enum `ProgramError` in the current scope
[INFO] [stdout]    --> /opt/rustwide/cargo-home/registry/src/github.com-1ecc6299db9ec823/solana-vote-api-0.12.0/src/vote_state.rs:228:27
[INFO] [stdout]     |
[INFO] [stdout] 228 |         Err(ProgramError::InvalidUserdata)?;
[INFO] [stdout]     |                           ^^^^^^^^^^^^^^^ variant or associated item not found in `ProgramError`
[INFO] [stdout] 
[INFO] [stdout] 
[INFO] [stdout] error[E0609]: no field `userdata` on type `&mut Account`
[INFO] [stdout]    --> /opt/rustwide/cargo-home/registry/src/github.com-1ecc6299db9ec823/solana-vote-api-0.12.0/src/vote_state.rs:240:76
[INFO] [stdout]     |
[INFO] [stdout] 240 |     let mut vote_state = VoteState::deserialize(&keyed_accounts[0].account.userdata)?;
[INFO] [stdout]     |                                                                            ^^^^^^^^ unknown field
[INFO] [stdout]     |
[INFO] [stdout]     = note: available fields are: `lamports`, `data`, `owner`, `executable`
[INFO] [stdout] 
[INFO] [stdout] 
[INFO] [stdout] error[E0609]: no field `userdata` on type `&mut Account`
[INFO] [stdout]    --> /opt/rustwide/cargo-home/registry/src/github.com-1ecc6299db9ec823/solana-vote-api-0.12.0/src/vote_state.rs:259:57
[INFO] [stdout]     |
[INFO] [stdout] 259 |     vote_state.serialize(&mut keyed_accounts[0].account.userdata)?;
[INFO] [stdout]     |                                                         ^^^^^^^^ unknown field
[INFO] [stdout]     |
[INFO] [stdout]     = note: available fields are: `lamports`, `data`, `owner`, `executable`
[INFO] [stdout] 
[INFO] [stdout] 
[INFO] [stdout] error[E0609]: no field `userdata` on type `&mut Account`
[INFO] [stdout]    --> /opt/rustwide/cargo-home/registry/src/github.com-1ecc6299db9ec823/solana-vote-api-0.12.0/src/vote_state.rs:269:76
[INFO] [stdout]     |
[INFO] [stdout] 269 |     let mut vote_state = VoteState::deserialize(&keyed_accounts[0].account.userdata)?;
[INFO] [stdout]     |                                                                            ^^^^^^^^ unknown field
[INFO] [stdout]     |
[INFO] [stdout]     = note: available fields are: `lamports`, `data`, `owner`, `executable`
[INFO] [stdout] 
[INFO] [stdout] 
[INFO] [stdout] error[E0609]: no field `userdata` on type `&mut Account`
[INFO] [stdout]    --> /opt/rustwide/cargo-home/registry/src/github.com-1ecc6299db9ec823/solana-vote-api-0.12.0/src/vote_state.rs:271:57
[INFO] [stdout]     |
[INFO] [stdout] 271 |     vote_state.serialize(&mut keyed_accounts[0].account.userdata)?;
[INFO] [stdout]     |                                                         ^^^^^^^^ unknown field
[INFO] [stdout]     |
[INFO] [stdout]     = note: available fields are: `lamports`, `data`, `owner`, `executable`
[INFO] [stdout] 
[INFO] [stdout] 
[INFO] [stdout] error[E0609]: no field `userdata` on type `&mut Account`
[INFO] [stdout]    --> /opt/rustwide/cargo-home/registry/src/github.com-1ecc6299db9ec823/solana-vote-api-0.12.0/src/vote_state.rs:286:59
[INFO] [stdout]     |
[INFO] [stdout] 286 |     let vote_state = VoteState::deserialize(&vote_account.userdata).unwrap();
[INFO] [stdout]     |                                                           ^^^^^^^^ unknown field
[INFO] [stdout]     |
[INFO] [stdout]     = note: available fields are: `lamports`, `data`, `owner`, `executable`
[INFO] [stdout] 
[INFO] [stdout] 
[INFO] [stdout] error[E0609]: no field `userdata` on type `&mut Account`
[INFO] [stdout]    --> /opt/rustwide/cargo-home/registry/src/github.com-1ecc6299db9ec823/solana-vote-api-0.12.0/src/vote_state.rs:297:59
[INFO] [stdout]     |
[INFO] [stdout] 297 |     let vote_state = VoteState::deserialize(&vote_account.userdata).unwrap();
[INFO] [stdout]     |                                                           ^^^^^^^^ unknown field
[INFO] [stdout]     |
[INFO] [stdout]     = note: available fields are: `lamports`, `data`, `owner`, `executable`
[INFO] [stdout] 
[INFO] [stdout] 
[INFO] [stdout] error[E0599]: no method named `userdata` found for reference `&Transaction` in the current scope
[INFO] [stdout]    --> /opt/rustwide/cargo-home/registry/src/github.com-1ecc6299db9ec823/solana-vote-api-0.12.0/src/vote_transaction.rs:111:43
[INFO] [stdout]     |
[INFO] [stdout] 111 |         let instruction = deserialize(&tx.userdata(ix_index)).unwrap();
[INFO] [stdout]     |                                           ^^^^^^^^ method not found in `&Transaction`
[INFO] [stdout] 
[INFO] [stdout] 
[INFO] [stdout] error: aborting due to 19 previous errors
[INFO] [stdout] 
[INFO] [stdout] 
[INFO] [stdout] Some errors have detailed explanations: E0599, E0609.
[INFO] [stdout] 
[INFO] [stdout] For more information about an error, try `rustc --explain E0599`.
[INFO] [stdout] 
[INFO] [stderr] error: could not compile `solana-vote-api` due to 20 previous errors
[INFO] [stderr] warning: build failed, waiting for other jobs to finish...
[INFO] [stderr] error: build failed
[INFO] running `Command { std: "docker" "inspect" "d742ba035449c1d1af8d0ae40cac2f34484ab3ce7fc79bc9cde0d44f11ce95d8", kill_on_drop: false }`
[INFO] running `Command { std: "docker" "rm" "-f" "d742ba035449c1d1af8d0ae40cac2f34484ab3ce7fc79bc9cde0d44f11ce95d8", kill_on_drop: false }`
[INFO] [stdout] d742ba035449c1d1af8d0ae40cac2f34484ab3ce7fc79bc9cde0d44f11ce95d8
