[INFO] fetching crate slag 0.1.1...
[INFO] testing slag-0.1.1 against beta-2021-08-01 for beta-1.55-1
[INFO] extracting crate slag 0.1.1 into /workspace/builds/worker-8/source
[INFO] validating manifest of crates.io crate slag 0.1.1 on toolchain beta-2021-08-01
[INFO] running `Command { std: "/workspace/cargo-home/bin/cargo" "+beta-2021-08-01" "metadata" "--manifest-path" "Cargo.toml" "--no-deps", kill_on_drop: false }`
[INFO] started tweaking crates.io crate slag 0.1.1
[INFO] finished tweaking crates.io crate slag 0.1.1
[INFO] tweaked toml for crates.io crate slag 0.1.1 written to /workspace/builds/worker-8/source/Cargo.toml
[INFO] running `Command { std: "/workspace/cargo-home/bin/cargo" "+beta-2021-08-01" "generate-lockfile" "--manifest-path" "Cargo.toml" "-Zno-index-update", kill_on_drop: false }`
[INFO] [stderr]     Blocking waiting for file lock on package cache
[INFO] running `Command { std: "/workspace/cargo-home/bin/cargo" "+beta-2021-08-01" "fetch" "--manifest-path" "Cargo.toml", kill_on_drop: false }`
[INFO] [stderr] warning: only one of `license` or `license-file` is necessary
[INFO] [stderr]     Blocking waiting for file lock on package cache
[INFO] [stderr]     Blocking waiting for file lock on package cache
[INFO] running `Command { std: "docker" "create" "-v" "/var/lib/crater-agent-workspace/builds/worker-8/target:/opt/rustwide/target:rw,Z" "-v" "/var/lib/crater-agent-workspace/builds/worker-8/source:/opt/rustwide/workdir:ro,Z" "-v" "/var/lib/crater-agent-workspace/cargo-home:/opt/rustwide/cargo-home:ro,Z" "-v" "/var/lib/crater-agent-workspace/rustup-home:/opt/rustwide/rustup-home:ro,Z" "-e" "SOURCE_DIR=/opt/rustwide/workdir" "-e" "CARGO_TARGET_DIR=/opt/rustwide/target" "-e" "CARGO_HOME=/opt/rustwide/cargo-home" "-e" "RUSTUP_HOME=/opt/rustwide/rustup-home" "-w" "/opt/rustwide/workdir" "-m" "1610612736" "--user" "0:0" "--network" "none" "ghcr.io/rust-lang/crates-build-env/linux@sha256:34b6a614d2c27851fe6cbf88fbd1137609cefab8b10d0615aaeb6fd47975d74e" "/opt/rustwide/cargo-home/bin/cargo" "+beta-2021-08-01" "metadata" "--no-deps" "--format-version=1", kill_on_drop: false }`
[INFO] [stdout] cbd0443aea9769da34b8f28b6bdd42b0acd608817c4528a3df411fe77295603d
[INFO] running `Command { std: "docker" "start" "-a" "cbd0443aea9769da34b8f28b6bdd42b0acd608817c4528a3df411fe77295603d", kill_on_drop: false }`
[INFO] running `Command { std: "docker" "inspect" "cbd0443aea9769da34b8f28b6bdd42b0acd608817c4528a3df411fe77295603d", kill_on_drop: false }`
[INFO] running `Command { std: "docker" "rm" "-f" "cbd0443aea9769da34b8f28b6bdd42b0acd608817c4528a3df411fe77295603d", kill_on_drop: false }`
[INFO] [stdout] cbd0443aea9769da34b8f28b6bdd42b0acd608817c4528a3df411fe77295603d
[INFO] running `Command { std: "docker" "create" "-v" "/var/lib/crater-agent-workspace/builds/worker-8/target:/opt/rustwide/target:rw,Z" "-v" "/var/lib/crater-agent-workspace/builds/worker-8/source:/opt/rustwide/workdir:ro,Z" "-v" "/var/lib/crater-agent-workspace/cargo-home:/opt/rustwide/cargo-home:ro,Z" "-v" "/var/lib/crater-agent-workspace/rustup-home:/opt/rustwide/rustup-home:ro,Z" "-e" "SOURCE_DIR=/opt/rustwide/workdir" "-e" "CARGO_TARGET_DIR=/opt/rustwide/target" "-e" "CARGO_INCREMENTAL=0" "-e" "RUST_BACKTRACE=full" "-e" "RUSTFLAGS=--cap-lints=warn" "-e" "CARGO_HOME=/opt/rustwide/cargo-home" "-e" "RUSTUP_HOME=/opt/rustwide/rustup-home" "-w" "/opt/rustwide/workdir" "-m" "1610612736" "--user" "0:0" "--network" "none" "ghcr.io/rust-lang/crates-build-env/linux@sha256:34b6a614d2c27851fe6cbf88fbd1137609cefab8b10d0615aaeb6fd47975d74e" "/opt/rustwide/cargo-home/bin/cargo" "+beta-2021-08-01" "build" "--frozen" "--message-format=json", kill_on_drop: false }`
[INFO] [stdout] e3e034847d1b057126fa154a814a169b97c8fb727baf931c350527bc00ee1ba5
[INFO] running `Command { std: "docker" "start" "-a" "e3e034847d1b057126fa154a814a169b97c8fb727baf931c350527bc00ee1ba5", kill_on_drop: false }`
[INFO] [stderr] warning: only one of `license` or `license-file` is necessary
[INFO] [stderr]     Blocking waiting for file lock on package cache
[INFO] [stderr]    Compiling winapi-build v0.1.1
[INFO] [stderr]    Compiling winapi v0.2.8
[INFO] [stderr]    Compiling utf8-ranges v0.1.3
[INFO] [stderr]    Compiling regex-syntax v0.3.9
[INFO] [stderr]    Compiling strsim v0.5.2
[INFO] [stderr]    Compiling lazy_static v0.2.11
[INFO] [stderr]    Compiling dirs-sys-next v0.1.2
[INFO] [stderr]    Compiling memchr v0.1.11
[INFO] [stderr]    Compiling aho-corasick v0.5.3
[INFO] [stderr]    Compiling kernel32-sys v0.2.2
[INFO] [stderr]    Compiling dirs-next v2.0.0
[INFO] [stderr]    Compiling term v0.7.0
[INFO] [stderr]    Compiling thread-id v2.0.0
[INFO] [stderr]    Compiling syntex_syntax v0.7.0
[INFO] [stderr]    Compiling thread_local v0.2.7
[INFO] [stderr]    Compiling regex v0.1.80
[INFO] [stdout] error: no rules expected the token `flags`
[INFO] [stdout]   --> /opt/rustwide/cargo-home/registry/src/github.com-1ecc6299db9ec823/syntex_syntax-0.7.0/src/parse/parser.rs:89:5
[INFO] [stdout]    |
[INFO] [stdout] 89 |     flags Restrictions: u8 {
[INFO] [stdout]    |     ^^^^^ no rules expected this token in macro call
[INFO] [stdout] 
[INFO] [stdout] 
[INFO] [stdout] error[E0433]: failed to resolve: use of undeclared type `Restrictions`
[INFO] [stdout]    --> /opt/rustwide/cargo-home/registry/src/github.com-1ecc6299db9ec823/syntex_syntax-0.7.0/src/parse/parser.rs:331:27
[INFO] [stdout]     |
[INFO] [stdout] 331 |             restrictions: Restrictions::empty(),
[INFO] [stdout]     |                           ^^^^^^^^^^^^ use of undeclared type `Restrictions`
[INFO] [stdout] 
[INFO] [stdout] 
[INFO] [stdout] error[E0433]: failed to resolve: use of undeclared type `Restrictions`
[INFO] [stdout]     --> /opt/rustwide/cargo-home/registry/src/github.com-1ecc6299db9ec823/syntex_syntax-0.7.0/src/parse/parser.rs:2975:29
[INFO] [stdout]      |
[INFO] [stdout] 2975 |         self.parse_expr_res(Restrictions::empty())
[INFO] [stdout]      |                             ^^^^^^^^^^^^ use of undeclared type `Restrictions`
[INFO] [stdout] 
[INFO] [stdout] 
[INFO] [stdout] error[E0412]: cannot find type `Restrictions` in this scope
[INFO] [stdout]    --> /opt/rustwide/cargo-home/registry/src/github.com-1ecc6299db9ec823/syntex_syntax-0.7.0/src/parse/parser.rs:258:23
[INFO] [stdout]     |
[INFO] [stdout] 258 |     pub restrictions: Restrictions,
[INFO] [stdout]     |                       ^^^^^^^^^^^^ not found in this scope
[INFO] [stdout] 
[INFO] [stdout] 
[INFO] [stdout] error[E0425]: cannot find value `RESTRICTION_NO_STRUCT_LITERAL` in this scope
[INFO] [stdout]     --> /opt/rustwide/cargo-home/registry/src/github.com-1ecc6299db9ec823/syntex_syntax-0.7.0/src/parse/parser.rs:2184:29
[INFO] [stdout]      |
[INFO] [stdout] 2184 | ...                   RESTRICTION_NO_STRUCT_LITERAL
[INFO] [stdout]      |                       ^^^^^^^^^^^^^^^^^^^^^^^^^^^^^ not found in this scope
[INFO] [stdout] 
[INFO] [stdout] 
[INFO] [stdout] error[E0425]: cannot find value `RESTRICTION_NO_STRUCT_LITERAL` in this scope
[INFO] [stdout]     --> /opt/rustwide/cargo-home/registry/src/github.com-1ecc6299db9ec823/syntex_syntax-0.7.0/src/parse/parser.rs:2747:48
[INFO] [stdout]      |
[INFO] [stdout] 2747 |         let restrictions = self.restrictions & RESTRICTION_NO_STRUCT_LITERAL;
[INFO] [stdout]      |                                                ^^^^^^^^^^^^^^^^^^^^^^^^^^^^^ not found in this scope
[INFO] [stdout] 
[INFO] [stdout] 
[INFO] [stdout] error[E0425]: cannot find value `RESTRICTION_NO_STRUCT_LITERAL` in this scope
[INFO] [stdout]     --> /opt/rustwide/cargo-home/registry/src/github.com-1ecc6299db9ec823/syntex_syntax-0.7.0/src/parse/parser.rs:2802:52
[INFO] [stdout]      |
[INFO] [stdout] 2802 |                 return !self.restrictions.contains(RESTRICTION_NO_STRUCT_LITERAL);
[INFO] [stdout]      |                                                    ^^^^^^^^^^^^^^^^^^^^^^^^^^^^^ not found in this scope
[INFO] [stdout] 
[INFO] [stdout] 
[INFO] [stdout] error[E0425]: cannot find value `RESTRICTION_NO_STRUCT_LITERAL` in this scope
[INFO] [stdout]     --> /opt/rustwide/cargo-home/registry/src/github.com-1ecc6299db9ec823/syntex_syntax-0.7.0/src/parse/parser.rs:2816:45
[INFO] [stdout]      |
[INFO] [stdout] 2816 |         let cond = try!(self.parse_expr_res(RESTRICTION_NO_STRUCT_LITERAL));
[INFO] [stdout]      |                                             ^^^^^^^^^^^^^^^^^^^^^^^^^^^^^ not found in this scope
[INFO] [stdout] 
[INFO] [stdout] 
[INFO] [stdout] error[E0425]: cannot find value `RESTRICTION_NO_STRUCT_LITERAL` in this scope
[INFO] [stdout]     --> /opt/rustwide/cargo-home/registry/src/github.com-1ecc6299db9ec823/syntex_syntax-0.7.0/src/parse/parser.rs:2834:45
[INFO] [stdout]      |
[INFO] [stdout] 2834 |         let expr = try!(self.parse_expr_res(RESTRICTION_NO_STRUCT_LITERAL));
[INFO] [stdout]      |                                             ^^^^^^^^^^^^^^^^^^^^^^^^^^^^^ not found in this scope
[INFO] [stdout] 
[INFO] [stdout] 
[INFO] [stdout] error[E0425]: cannot find value `RESTRICTION_NO_STRUCT_LITERAL` in this scope
[INFO] [stdout]     --> /opt/rustwide/cargo-home/registry/src/github.com-1ecc6299db9ec823/syntex_syntax-0.7.0/src/parse/parser.rs:2892:45
[INFO] [stdout]      |
[INFO] [stdout] 2892 |         let expr = try!(self.parse_expr_res(RESTRICTION_NO_STRUCT_LITERAL));
[INFO] [stdout]      |                                             ^^^^^^^^^^^^^^^^^^^^^^^^^^^^^ not found in this scope
[INFO] [stdout] 
[INFO] [stdout] 
[INFO] [stdout] error[E0425]: cannot find value `RESTRICTION_NO_STRUCT_LITERAL` in this scope
[INFO] [stdout]     --> /opt/rustwide/cargo-home/registry/src/github.com-1ecc6299db9ec823/syntex_syntax-0.7.0/src/parse/parser.rs:2905:45
[INFO] [stdout]      |
[INFO] [stdout] 2905 |         let cond = try!(self.parse_expr_res(RESTRICTION_NO_STRUCT_LITERAL));
[INFO] [stdout]      |                                             ^^^^^^^^^^^^^^^^^^^^^^^^^^^^^ not found in this scope
[INFO] [stdout] 
[INFO] [stdout] 
[INFO] [stdout] error[E0425]: cannot find value `RESTRICTION_NO_STRUCT_LITERAL` in this scope
[INFO] [stdout]     --> /opt/rustwide/cargo-home/registry/src/github.com-1ecc6299db9ec823/syntex_syntax-0.7.0/src/parse/parser.rs:2917:45
[INFO] [stdout]      |
[INFO] [stdout] 2917 |         let expr = try!(self.parse_expr_res(RESTRICTION_NO_STRUCT_LITERAL));
[INFO] [stdout]      |                                             ^^^^^^^^^^^^^^^^^^^^^^^^^^^^^ not found in this scope
[INFO] [stdout] 
[INFO] [stdout] 
[INFO] [stdout] error[E0425]: cannot find value `RESTRICTION_NO_STRUCT_LITERAL` in this scope
[INFO] [stdout]     --> /opt/rustwide/cargo-home/registry/src/github.com-1ecc6299db9ec823/syntex_syntax-0.7.0/src/parse/parser.rs:2932:53
[INFO] [stdout]      |
[INFO] [stdout] 2932 |         let discriminant = try!(self.parse_expr_res(RESTRICTION_NO_STRUCT_LITERAL));
[INFO] [stdout]      |                                                     ^^^^^^^^^^^^^^^^^^^^^^^^^^^^^ not found in this scope
[INFO] [stdout] 
[INFO] [stdout] 
[INFO] [stdout] error[E0425]: cannot find value `RESTRICTION_STMT_EXPR` in this scope
[INFO] [stdout]     --> /opt/rustwide/cargo-home/registry/src/github.com-1ecc6299db9ec823/syntex_syntax-0.7.0/src/parse/parser.rs:2953:45
[INFO] [stdout]      |
[INFO] [stdout] 2953 |         let expr = try!(self.parse_expr_res(RESTRICTION_STMT_EXPR));
[INFO] [stdout]      |                                             ^^^^^^^^^^^^^^^^^^^^^ not found in this scope
[INFO] [stdout] 
[INFO] [stdout] 
[INFO] [stdout] error[E0412]: cannot find type `Restrictions` in this scope
[INFO] [stdout]     --> /opt/rustwide/cargo-home/registry/src/github.com-1ecc6299db9ec823/syntex_syntax-0.7.0/src/parse/parser.rs:2979:41
[INFO] [stdout]      |
[INFO] [stdout] 2979 |     pub fn parse_expr_res(&mut self, r: Restrictions) -> PResult<P<Expr>> {
[INFO] [stdout]      |                                         ^^^^^^^^^^^^ not found in this scope
[INFO] [stdout] 
[INFO] [stdout] 
[INFO] [stdout] error[E0425]: cannot find value `RESTRICTION_STMT_EXPR` in this scope
[INFO] [stdout]     --> /opt/rustwide/cargo-home/registry/src/github.com-1ecc6299db9ec823/syntex_syntax-0.7.0/src/parse/parser.rs:3551:54
[INFO] [stdout]      |
[INFO] [stdout] 3551 |                     let e = try!(self.parse_expr_res(RESTRICTION_STMT_EXPR));
[INFO] [stdout]      |                                                      ^^^^^^^^^^^^^^^^^^^^^ not found in this scope
[INFO] [stdout] 
[INFO] [stdout] 
[INFO] [stdout] error[E0425]: cannot find value `RESTRICTION_STMT_EXPR` in this scope
[INFO] [stdout]     --> /opt/rustwide/cargo-home/registry/src/github.com-1ecc6299db9ec823/syntex_syntax-0.7.0/src/parse/parser.rs:3560:36
[INFO] [stdout]      |
[INFO] [stdout] 3560 |         self.restrictions.contains(RESTRICTION_STMT_EXPR) &&
[INFO] [stdout]      |                                    ^^^^^^^^^^^^^^^^^^^^^ not found in this scope
[INFO] [stdout] 
[INFO] [stdout] 
[INFO] [stdout] error[E0532]: expected tuple struct or tuple variant, found unit variant `FkFnBlock`
[INFO] [stdout]    --> /opt/rustwide/cargo-home/registry/src/github.com-1ecc6299db9ec823/syntex_syntax-0.7.0/src/visit.rs:615:9
[INFO] [stdout]     |
[INFO] [stdout] 45  |     FkFnBlock,
[INFO] [stdout]     |     --------- `FkFnBlock` defined here
[INFO] [stdout] ...
[INFO] [stdout] 615 |         FkFnBlock(..) => {}
[INFO] [stdout]     |         ^^^^^^^^^^^^^ help: use this syntax instead: `FkFnBlock`
[INFO] [stdout] 
[INFO] [stdout] 
[INFO] [stderr]    Compiling docopt v0.6.86
[INFO] [stdout] error: aborting due to 18 previous errors
[INFO] [stdout] 
[INFO] [stdout] 
[INFO] [stdout] Some errors have detailed explanations: E0412, E0425, E0433, E0532.
[INFO] [stdout] 
[INFO] [stdout] For more information about an error, try `rustc --explain E0412`.
[INFO] [stdout] 
[INFO] [stderr] error: could not compile `syntex_syntax` due to 19 previous errors
[INFO] running `Command { std: "docker" "inspect" "e3e034847d1b057126fa154a814a169b97c8fb727baf931c350527bc00ee1ba5", kill_on_drop: false }`
[INFO] running `Command { std: "docker" "rm" "-f" "e3e034847d1b057126fa154a814a169b97c8fb727baf931c350527bc00ee1ba5", kill_on_drop: false }`
[INFO] [stdout] e3e034847d1b057126fa154a814a169b97c8fb727baf931c350527bc00ee1ba5
