[INFO] fetching crate slack-blocks 0.25.0...
[INFO] testing slack-blocks-0.25.0 against beta-2021-08-01 for beta-1.55-1
[INFO] extracting crate slack-blocks 0.25.0 into /workspace/builds/worker-69/source
[INFO] validating manifest of crates.io crate slack-blocks 0.25.0 on toolchain beta-2021-08-01
[INFO] running `Command { std: "/workspace/cargo-home/bin/cargo" "+beta-2021-08-01" "metadata" "--manifest-path" "Cargo.toml" "--no-deps", kill_on_drop: false }`
[INFO] started tweaking crates.io crate slack-blocks 0.25.0
[INFO] finished tweaking crates.io crate slack-blocks 0.25.0
[INFO] tweaked toml for crates.io crate slack-blocks 0.25.0 written to /workspace/builds/worker-69/source/Cargo.toml
[INFO] running `Command { std: "/workspace/cargo-home/bin/cargo" "+beta-2021-08-01" "generate-lockfile" "--manifest-path" "Cargo.toml" "-Zno-index-update", kill_on_drop: false }`
[INFO] [stderr]     Blocking waiting for file lock on package cache
[INFO] running `Command { std: "/workspace/cargo-home/bin/cargo" "+beta-2021-08-01" "fetch" "--manifest-path" "Cargo.toml", kill_on_drop: false }`
[INFO] [stderr]     Blocking waiting for file lock on package cache
[INFO] [stderr]     Blocking waiting for file lock on package cache
[INFO] running `Command { std: "docker" "create" "-v" "/var/lib/crater-agent-workspace/builds/worker-69/target:/opt/rustwide/target:rw,Z" "-v" "/var/lib/crater-agent-workspace/builds/worker-69/source:/opt/rustwide/workdir:ro,Z" "-v" "/var/lib/crater-agent-workspace/cargo-home:/opt/rustwide/cargo-home:ro,Z" "-v" "/var/lib/crater-agent-workspace/rustup-home:/opt/rustwide/rustup-home:ro,Z" "-e" "SOURCE_DIR=/opt/rustwide/workdir" "-e" "CARGO_TARGET_DIR=/opt/rustwide/target" "-e" "CARGO_HOME=/opt/rustwide/cargo-home" "-e" "RUSTUP_HOME=/opt/rustwide/rustup-home" "-w" "/opt/rustwide/workdir" "-m" "1610612736" "--user" "0:0" "--network" "none" "ghcr.io/rust-lang/crates-build-env/linux@sha256:34b6a614d2c27851fe6cbf88fbd1137609cefab8b10d0615aaeb6fd47975d74e" "/opt/rustwide/cargo-home/bin/cargo" "+beta-2021-08-01" "metadata" "--no-deps" "--format-version=1", kill_on_drop: false }`
[INFO] [stdout] a4ba9c14009ad5d1fa287505e5eb017d19b64f9ac63aa40f78ba063817d7044c
[INFO] running `Command { std: "docker" "start" "-a" "a4ba9c14009ad5d1fa287505e5eb017d19b64f9ac63aa40f78ba063817d7044c", kill_on_drop: false }`
[INFO] running `Command { std: "docker" "inspect" "a4ba9c14009ad5d1fa287505e5eb017d19b64f9ac63aa40f78ba063817d7044c", kill_on_drop: false }`
[INFO] running `Command { std: "docker" "rm" "-f" "a4ba9c14009ad5d1fa287505e5eb017d19b64f9ac63aa40f78ba063817d7044c", kill_on_drop: false }`
[INFO] [stdout] a4ba9c14009ad5d1fa287505e5eb017d19b64f9ac63aa40f78ba063817d7044c
[INFO] running `Command { std: "docker" "create" "-v" "/var/lib/crater-agent-workspace/builds/worker-69/target:/opt/rustwide/target:rw,Z" "-v" "/var/lib/crater-agent-workspace/builds/worker-69/source:/opt/rustwide/workdir:ro,Z" "-v" "/var/lib/crater-agent-workspace/cargo-home:/opt/rustwide/cargo-home:ro,Z" "-v" "/var/lib/crater-agent-workspace/rustup-home:/opt/rustwide/rustup-home:ro,Z" "-e" "SOURCE_DIR=/opt/rustwide/workdir" "-e" "CARGO_TARGET_DIR=/opt/rustwide/target" "-e" "CARGO_INCREMENTAL=0" "-e" "RUST_BACKTRACE=full" "-e" "RUSTFLAGS=--cap-lints=warn" "-e" "CARGO_HOME=/opt/rustwide/cargo-home" "-e" "RUSTUP_HOME=/opt/rustwide/rustup-home" "-w" "/opt/rustwide/workdir" "-m" "1610612736" "--user" "0:0" "--network" "none" "ghcr.io/rust-lang/crates-build-env/linux@sha256:34b6a614d2c27851fe6cbf88fbd1137609cefab8b10d0615aaeb6fd47975d74e" "/opt/rustwide/cargo-home/bin/cargo" "+beta-2021-08-01" "build" "--frozen" "--message-format=json", kill_on_drop: false }`
[INFO] [stdout] d4a0593b5bb0997d801aaafe4bee86d502a35cef987bb834eaeac7081206fd80
[INFO] running `Command { std: "docker" "start" "-a" "d4a0593b5bb0997d801aaafe4bee86d502a35cef987bb834eaeac7081206fd80", kill_on_drop: false }`
[INFO] [stderr]    Compiling syn v1.0.74
[INFO] [stderr]    Compiling serde v1.0.127
[INFO] [stderr]    Compiling serde_derive v1.0.127
[INFO] [stderr]    Compiling slack-blocks v0.25.0 (/opt/rustwide/workdir)
[INFO] [stderr]     Finished dev [unoptimized + debuginfo] target(s) in 25.94s
[INFO] running `Command { std: "docker" "inspect" "d4a0593b5bb0997d801aaafe4bee86d502a35cef987bb834eaeac7081206fd80", kill_on_drop: false }`
[INFO] running `Command { std: "docker" "rm" "-f" "d4a0593b5bb0997d801aaafe4bee86d502a35cef987bb834eaeac7081206fd80", kill_on_drop: false }`
[INFO] [stdout] d4a0593b5bb0997d801aaafe4bee86d502a35cef987bb834eaeac7081206fd80
[INFO] running `Command { std: "docker" "create" "-v" "/var/lib/crater-agent-workspace/builds/worker-69/target:/opt/rustwide/target:rw,Z" "-v" "/var/lib/crater-agent-workspace/builds/worker-69/source:/opt/rustwide/workdir:ro,Z" "-v" "/var/lib/crater-agent-workspace/cargo-home:/opt/rustwide/cargo-home:ro,Z" "-v" "/var/lib/crater-agent-workspace/rustup-home:/opt/rustwide/rustup-home:ro,Z" "-e" "SOURCE_DIR=/opt/rustwide/workdir" "-e" "CARGO_TARGET_DIR=/opt/rustwide/target" "-e" "CARGO_INCREMENTAL=0" "-e" "RUST_BACKTRACE=full" "-e" "RUSTFLAGS=--cap-lints=warn" "-e" "CARGO_HOME=/opt/rustwide/cargo-home" "-e" "RUSTUP_HOME=/opt/rustwide/rustup-home" "-w" "/opt/rustwide/workdir" "-m" "1610612736" "--user" "0:0" "--network" "none" "ghcr.io/rust-lang/crates-build-env/linux@sha256:34b6a614d2c27851fe6cbf88fbd1137609cefab8b10d0615aaeb6fd47975d74e" "/opt/rustwide/cargo-home/bin/cargo" "+beta-2021-08-01" "test" "--frozen" "--no-run" "--message-format=json", kill_on_drop: false }`
[INFO] [stdout] d5fa1f0fea3f96af69eec5e345142cbc97d8591b77f1d5410984ab87dd103634
[INFO] running `Command { std: "docker" "start" "-a" "d5fa1f0fea3f96af69eec5e345142cbc97d8591b77f1d5410984ab87dd103634", kill_on_drop: false }`
[INFO] [stderr]    Compiling itoa v0.4.7
[INFO] [stderr]    Compiling diff v0.1.12
[INFO] [stderr]    Compiling ansi_term v0.12.1
[INFO] [stderr]    Compiling syn-rsx v0.8.0
[INFO] [stderr]    Compiling serde_json v1.0.66
[INFO] [stderr]    Compiling pretty_assertions v0.7.2
[INFO] [stderr]    Compiling mox v0.12.0
[INFO] [stderr]    Compiling slack-blocks v0.25.0 (/opt/rustwide/workdir)
[INFO] [stdout] error[E0432]: unresolved import `slack_blocks::blox`
[INFO] [stdout]  --> tests/json/blocks/section.rs:3:28
[INFO] [stdout]   |
[INFO] [stdout] 3 | use slack_blocks::{blocks, blox::*, text::ToSlackMarkdown};
[INFO] [stdout]   |                            ^^^^ could not find `blox` in `slack_blocks`
[INFO] [stdout] 
[INFO] [stdout] 
[INFO] [stdout] error[E0432]: unresolved import `slack_blocks::blox`
[INFO] [stdout]  --> tests/json/blocks/input.rs:3:28
[INFO] [stdout]   |
[INFO] [stdout] 3 | use slack_blocks::{blocks, blox::*};
[INFO] [stdout]   |                            ^^^^ could not find `blox` in `slack_blocks`
[INFO] [stdout] 
[INFO] [stdout] 
[INFO] [stdout] error[E0432]: unresolved import `slack_blocks::blox`
[INFO] [stdout]  --> tests/json/blocks/context.rs:3:28
[INFO] [stdout]   |
[INFO] [stdout] 3 | use slack_blocks::{blocks, blox::*};
[INFO] [stdout]   |                            ^^^^ could not find `blox` in `slack_blocks`
[INFO] [stdout] 
[INFO] [stdout] 
[INFO] [stdout] error[E0432]: unresolved import `slack_blocks::blox`
[INFO] [stdout]  --> tests/json/blocks/actions.rs:3:28
[INFO] [stdout]   |
[INFO] [stdout] 3 | use slack_blocks::{blocks, blox::*};
[INFO] [stdout]   |                            ^^^^ could not find `blox` in `slack_blocks`
[INFO] [stdout] 
[INFO] [stdout] 
[INFO] [stdout] error[E0432]: unresolved import `slack_blocks::blox`
[INFO] [stdout]  --> tests/json/blocks/file.rs:3:28
[INFO] [stdout]   |
[INFO] [stdout] 3 | use slack_blocks::{blocks, blox::*};
[INFO] [stdout]   |                            ^^^^ could not find `blox` in `slack_blocks`
[INFO] [stdout] 
[INFO] [stdout] 
[INFO] [stdout] error[E0432]: unresolved import `slack_blocks::blox`
[INFO] [stdout]  --> tests/json/blocks/image.rs:3:28
[INFO] [stdout]   |
[INFO] [stdout] 3 | use slack_blocks::{blocks, blox::*};
[INFO] [stdout]   |                            ^^^^ could not find `blox` in `slack_blocks`
[INFO] [stdout] 
[INFO] [stdout] 
[INFO] [stdout] error[E0432]: unresolved import `slack_blocks::blox`
[INFO] [stdout]  --> tests/json/blocks/header.rs:3:28
[INFO] [stdout]   |
[INFO] [stdout] 3 | use slack_blocks::{blocks, blox::*};
[INFO] [stdout]   |                            ^^^^ could not find `blox` in `slack_blocks`
[INFO] [stdout] 
[INFO] [stdout] 
[INFO] [stdout] error[E0432]: unresolved import `slack_blocks::blox`
[INFO] [stdout]  --> tests/json/blocks/divider.rs:3:28
[INFO] [stdout]   |
[INFO] [stdout] 3 | use slack_blocks::{blocks, blox::*};
[INFO] [stdout]   |                            ^^^^ could not find `blox` in `slack_blocks`
[INFO] [stdout] 
[INFO] [stdout] 
[INFO] [stdout] error[E0432]: unresolved import `slack_blocks::blox`
[INFO] [stdout]  --> tests/json/elems/button.rs:3:20
[INFO] [stdout]   |
[INFO] [stdout] 3 | use slack_blocks::{blox::*, elems};
[INFO] [stdout]   |                    ^^^^ could not find `blox` in `slack_blocks`
[INFO] [stdout] 
[INFO] [stdout] 
[INFO] [stdout] error[E0432]: unresolved import `slack_blocks::blox`
[INFO] [stdout]  --> tests/json/elems/checkboxes.rs:3:20
[INFO] [stdout]   |
[INFO] [stdout] 3 | use slack_blocks::{blox::*, elems, text::ToSlackPlaintext};
[INFO] [stdout]   |                    ^^^^ could not find `blox` in `slack_blocks`
[INFO] [stdout] 
[INFO] [stdout] 
[INFO] [stdout] error[E0432]: unresolved import `slack_blocks::blox`
[INFO] [stdout]  --> tests/json/elems/date_picker.rs:3:20
[INFO] [stdout]   |
[INFO] [stdout] 3 | use slack_blocks::{blox::*, elems, text::ToSlackPlaintext};
[INFO] [stdout]   |                    ^^^^ could not find `blox` in `slack_blocks`
[INFO] [stdout] 
[INFO] [stdout] 
[INFO] [stdout] error[E0432]: unresolved import `slack_blocks::blox`
[INFO] [stdout]  --> tests/json/elems/image.rs:3:20
[INFO] [stdout]   |
[INFO] [stdout] 3 | use slack_blocks::{blox::*, elems};
[INFO] [stdout]   |                    ^^^^ could not find `blox` in `slack_blocks`
[INFO] [stdout] 
[INFO] [stdout] 
[INFO] [stdout] error[E0432]: unresolved import `slack_blocks::blox`
[INFO] [stdout]  --> tests/json/elems/overflow.rs:3:20
[INFO] [stdout]   |
[INFO] [stdout] 3 | use slack_blocks::{blox::*, elems, text::ToSlackPlaintext};
[INFO] [stdout]   |                    ^^^^ could not find `blox` in `slack_blocks`
[INFO] [stdout] 
[INFO] [stdout] 
[INFO] [stdout] error[E0432]: unresolved import `slack_blocks::blox`
[INFO] [stdout]  --> tests/json/elems/radio.rs:3:20
[INFO] [stdout]   |
[INFO] [stdout] 3 | use slack_blocks::{blox::*, elems, text::ToSlackPlaintext};
[INFO] [stdout]   |                    ^^^^ could not find `blox` in `slack_blocks`
[INFO] [stdout] 
[INFO] [stdout] 
[INFO] [stdout] error[E0432]: unresolved import `slack_blocks::blox`
[INFO] [stdout]  --> tests/json/elems/text_input.rs:3:20
[INFO] [stdout]   |
[INFO] [stdout] 3 | use slack_blocks::{blox::*, elems};
[INFO] [stdout]   |                    ^^^^ could not find `blox` in `slack_blocks`
[INFO] [stdout] 
[INFO] [stdout] 
[INFO] [stdout] error[E0432]: unresolved import `slack_blocks::blox`
[INFO] [stdout]  --> tests/json/elems/select/static_.rs:3:20
[INFO] [stdout]   |
[INFO] [stdout] 3 | use slack_blocks::{blox::*, elems::BlockElement};
[INFO] [stdout]   |                    ^^^^ could not find `blox` in `slack_blocks`
[INFO] [stdout] 
[INFO] [stdout] 
[INFO] [stdout] error[E0432]: unresolved import `slack_blocks::blox`
[INFO] [stdout]  --> tests/json/elems/select/user.rs:3:20
[INFO] [stdout]   |
[INFO] [stdout] 3 | use slack_blocks::{blox::*, elems::BlockElement};
[INFO] [stdout]   |                    ^^^^ could not find `blox` in `slack_blocks`
[INFO] [stdout] 
[INFO] [stdout] 
[INFO] [stdout] error[E0432]: unresolved import `slack_blocks::blox`
[INFO] [stdout]  --> tests/json/elems/select/external.rs:3:20
[INFO] [stdout]   |
[INFO] [stdout] 3 | use slack_blocks::{blox::*, elems::BlockElement};
[INFO] [stdout]   |                    ^^^^ could not find `blox` in `slack_blocks`
[INFO] [stdout] 
[INFO] [stdout] 
[INFO] [stdout] error[E0432]: unresolved import `slack_blocks::blox`
[INFO] [stdout]  --> tests/json/elems/select/conversation.rs:3:20
[INFO] [stdout]   |
[INFO] [stdout] 3 | use slack_blocks::{blox::*, elems::BlockElement};
[INFO] [stdout]   |                    ^^^^ could not find `blox` in `slack_blocks`
[INFO] [stdout] 
[INFO] [stdout] 
[INFO] [stdout] error[E0432]: unresolved import `slack_blocks::blox`
[INFO] [stdout]  --> tests/json/elems/select/public_channel.rs:3:20
[INFO] [stdout]   |
[INFO] [stdout] 3 | use slack_blocks::{blox::*, elems::BlockElement};
[INFO] [stdout]   |                    ^^^^ could not find `blox` in `slack_blocks`
[INFO] [stdout] 
[INFO] [stdout] 
[INFO] [stdout] error[E0432]: unresolved import `slack_blocks::blox`
[INFO] [stdout]  --> tests/json/compose/confirm.rs:3:20
[INFO] [stdout]   |
[INFO] [stdout] 3 | use slack_blocks::{blox::*, text::ToSlackMarkdown};
[INFO] [stdout]   |                    ^^^^ could not find `blox` in `slack_blocks`
[INFO] [stdout] 
[INFO] [stdout] 
[INFO] [stdout] error[E0432]: unresolved import `slack_blocks::blox`
[INFO] [stdout]  --> tests/json/compose/option.rs:3:28
[INFO] [stdout]   |
[INFO] [stdout] 3 | use slack_blocks::{blocks, blox::*, text::ToSlackMarkdown};
[INFO] [stdout]   |                            ^^^^ could not find `blox` in `slack_blocks`
[INFO] [stdout] 
[INFO] [stdout] 
[INFO] [stdout] error[E0432]: unresolved import `slack_blocks::blox`
[INFO] [stdout]  --> tests/json/compose/text.rs:3:20
[INFO] [stdout]   |
[INFO] [stdout] 3 | use slack_blocks::{blox::*, text};
[INFO] [stdout]   |                    ^^^^ could not find `blox` in `slack_blocks`
[INFO] [stdout] 
[INFO] [stdout] 
[INFO] [stdout] error: cannot find macro `blox` in this scope
[INFO] [stdout]  --> tests/json/blocks/section.rs:7:16
[INFO] [stdout]   |
[INFO] [stdout] 7 |   let button = blox! {<button action_id="fart">"Click me!!!!"</button>};
[INFO] [stdout]   |                ^^^^
[INFO] [stdout] 
[INFO] [stdout] 
[INFO] [stdout] error: cannot find macro `blox` in this scope
[INFO] [stdout]  --> tests/json/blocks/section.rs:9:5
[INFO] [stdout]   |
[INFO] [stdout] 9 |     blox! {
[INFO] [stdout]   |     ^^^^
[INFO] [stdout] 
[INFO] [stdout] 
[INFO] [stdout] error: cannot find macro `blox` in this scope
[INFO] [stdout]   --> tests/json/blocks/section.rs:43:30
[INFO] [stdout]    |
[INFO] [stdout] 43 |   let block: blocks::Block = blox!{
[INFO] [stdout]    |                              ^^^^
[INFO] [stdout] 
[INFO] [stdout] 
[INFO] [stdout] error: cannot find macro `blox` in this scope
[INFO] [stdout]   --> tests/json/blocks/section.rs:63:30
[INFO] [stdout]    |
[INFO] [stdout] 63 |   let block: blocks::Block = blox!{
[INFO] [stdout]    |                              ^^^^
[INFO] [stdout] 
[INFO] [stdout] 
[INFO] [stdout] error: cannot find macro `blox` in this scope
[INFO] [stdout]   --> tests/json/blocks/section.rs:95:19
[INFO] [stdout]    |
[INFO] [stdout] 95 |   let pick_date = blox! {
[INFO] [stdout]    |                   ^^^^
[INFO] [stdout] 
[INFO] [stdout] 
[INFO] [stdout] error: cannot find macro `blox` in this scope
[INFO] [stdout]    --> tests/json/blocks/section.rs:101:30
[INFO] [stdout]     |
[INFO] [stdout] 101 |   let block: blocks::Block = blox!{
[INFO] [stdout]     |                              ^^^^
[INFO] [stdout] 
[INFO] [stdout] 
[INFO] [stdout] error: cannot find macro `blox` in this scope
[INFO] [stdout]  --> tests/json/blocks/input.rs:7:15
[INFO] [stdout]   |
[INFO] [stdout] 7 |   let label = blox! {<text kind=plain emoji=true>"Label"</text>};
[INFO] [stdout]   |               ^^^^
[INFO] [stdout] 
[INFO] [stdout] 
[INFO] [stdout] error: cannot find macro `blox` in this scope
[INFO] [stdout]  --> tests/json/blocks/input.rs:8:30
[INFO] [stdout]   |
[INFO] [stdout] 8 |   let block: blocks::Block = blox! {
[INFO] [stdout]   |                              ^^^^
[INFO] [stdout] 
[INFO] [stdout] 
[INFO] [stdout] error: cannot find macro `blox` in this scope
[INFO] [stdout]   --> tests/json/blocks/input.rs:33:15
[INFO] [stdout]    |
[INFO] [stdout] 33 |   let label = blox! {<text kind=plain emoji=true>"Label"</text>};
[INFO] [stdout]    |               ^^^^
[INFO] [stdout] 
[INFO] [stdout] 
[INFO] [stdout] error: cannot find macro `blox` in this scope
[INFO] [stdout]   --> tests/json/blocks/input.rs:34:30
[INFO] [stdout]    |
[INFO] [stdout] 34 |   let block: blocks::Block = blox! {
[INFO] [stdout]    |                              ^^^^
[INFO] [stdout] 
[INFO] [stdout] 
[INFO] [stdout] error: cannot find macro `blox` in this scope
[INFO] [stdout]  --> tests/json/blocks/context.rs:7:30
[INFO] [stdout]   |
[INFO] [stdout] 7 |   let block: blocks::Block = blox!{
[INFO] [stdout]   |                              ^^^^
[INFO] [stdout] 
[INFO] [stdout] 
[INFO] [stdout] error: cannot find macro `blox` in this scope
[INFO] [stdout]   --> tests/json/blocks/context.rs:35:30
[INFO] [stdout]    |
[INFO] [stdout] 35 |   let block: blocks::Block = blox! {
[INFO] [stdout]    |                              ^^^^
[INFO] [stdout] 
[INFO] [stdout] 
[INFO] [stdout] error: cannot find macro `blox` in this scope
[INFO] [stdout]  --> tests/json/blocks/actions.rs:7:30
[INFO] [stdout]   |
[INFO] [stdout] 7 |   let block: blocks::Block = blox!{
[INFO] [stdout]   |                              ^^^^
[INFO] [stdout] 
[INFO] [stdout] 
[INFO] [stdout] error: cannot find macro `blox` in this scope
[INFO] [stdout]   --> tests/json/blocks/actions.rs:80:5
[INFO] [stdout]    |
[INFO] [stdout] 80 |     blox! {
[INFO] [stdout]    |     ^^^^
[INFO] [stdout] 
[INFO] [stdout] 
[INFO] [stdout] error: cannot find macro `blox` in this scope
[INFO] [stdout]  --> tests/json/blocks/file.rs:7:30
[INFO] [stdout]   |
[INFO] [stdout] 7 |   let block: blocks::Block = blox! {<file_block external_id="ABCD1" />}.into();
[INFO] [stdout]   |                              ^^^^
[INFO] [stdout] 
[INFO] [stdout] 
[INFO] [stdout] error: cannot find macro `blox` in this scope
[INFO] [stdout]  --> tests/json/blocks/image.rs:8:5
[INFO] [stdout]   |
[INFO] [stdout] 8 |     blox! {
[INFO] [stdout]   |     ^^^^
[INFO] [stdout] 
[INFO] [stdout] 
[INFO] [stdout] error: cannot find macro `blox` in this scope
[INFO] [stdout]  --> tests/json/blocks/header.rs:7:3
[INFO] [stdout]   |
[INFO] [stdout] 7 |   blox! {
[INFO] [stdout]   |   ^^^^
[INFO] [stdout] 
[INFO] [stdout] 
[INFO] [stdout] error: cannot find macro `blox` in this scope
[INFO] [stdout]   --> tests/json/blocks/header.rs:14:30
[INFO] [stdout]    |
[INFO] [stdout] 14 |   let block: blocks::Block = blox! {<h1>"Budget Performance"</h1>}.into();
[INFO] [stdout]    |                              ^^^^
[INFO] [stdout] 
[INFO] [stdout] 
[INFO] [stdout] error: cannot find macro `blox` in this scope
[INFO] [stdout]   --> tests/json/blocks/header.rs:30:5
[INFO] [stdout]    |
[INFO] [stdout] 30 |     blox! {<h1 block_id="foo">"Budget Performance"</h1>}.into();
[INFO] [stdout]    |     ^^^^
[INFO] [stdout] 
[INFO] [stdout] 
[INFO] [stdout] error: cannot find macro `blox` in this scope
[INFO] [stdout]  --> tests/json/blocks/divider.rs:7:30
[INFO] [stdout]   |
[INFO] [stdout] 7 |   let block: blocks::Block = blox! {<hr />}.into();
[INFO] [stdout]   |                              ^^^^
[INFO] [stdout] 
[INFO] [stdout] 
[INFO] [stdout] error: cannot find macro `blox` in this scope
[INFO] [stdout]  --> tests/json/elems/button.rs:8:5
[INFO] [stdout]   |
[INFO] [stdout] 8 |     blox! {
[INFO] [stdout]   |     ^^^^
[INFO] [stdout] 
[INFO] [stdout] 
[INFO] [stdout] error: cannot find macro `blox` in this scope
[INFO] [stdout]   --> tests/json/elems/button.rs:30:5
[INFO] [stdout]    |
[INFO] [stdout] 30 |     blox! {
[INFO] [stdout]    |     ^^^^
[INFO] [stdout] 
[INFO] [stdout] 
[INFO] [stdout] error: cannot find macro `blox` in this scope
[INFO] [stdout]   --> tests/json/elems/button.rs:53:5
[INFO] [stdout]    |
[INFO] [stdout] 53 |     blox! {
[INFO] [stdout]    |     ^^^^
[INFO] [stdout] 
[INFO] [stdout] 
[INFO] [stdout] error: cannot find macro `blox` in this scope
[INFO] [stdout]  --> tests/json/elems/checkboxes.rs:7:15
[INFO] [stdout]   |
[INFO] [stdout] 7 |   let opt_1 = blox! {<option value="A1" text_plain="Checkbox 1" />};
[INFO] [stdout]   |               ^^^^
[INFO] [stdout] 
[INFO] [stdout] 
[INFO] [stdout] error: cannot find macro `blox` in this scope
[INFO] [stdout]  --> tests/json/elems/checkboxes.rs:9:5
[INFO] [stdout]   |
[INFO] [stdout] 9 |     blox! {
[INFO] [stdout]   |     ^^^^
[INFO] [stdout] 
[INFO] [stdout] 
[INFO] [stdout] error: cannot find macro `blox` in this scope
[INFO] [stdout]   --> tests/json/elems/checkboxes.rs:49:15
[INFO] [stdout]    |
[INFO] [stdout] 49 |   let opt_1 = blox! {<option value="A1" text_plain="Checkbox 1" />};
[INFO] [stdout]    |               ^^^^
[INFO] [stdout] 
[INFO] [stdout] 
[INFO] [stdout] error: cannot find macro `blox` in this scope
[INFO] [stdout]   --> tests/json/elems/checkboxes.rs:50:17
[INFO] [stdout]    |
[INFO] [stdout] 50 |   let confirm = blox! {
[INFO] [stdout]    |                 ^^^^
[INFO] [stdout] 
[INFO] [stdout] 
[INFO] [stdout] error: cannot find macro `blox` in this scope
[INFO] [stdout]   --> tests/json/elems/checkboxes.rs:58:5
[INFO] [stdout]    |
[INFO] [stdout] 58 |     blox! {
[INFO] [stdout]    |     ^^^^
[INFO] [stdout] 
[INFO] [stdout] 
[INFO] [stdout] error: cannot find macro `blox` in this scope
[INFO] [stdout]  --> tests/json/elems/date_picker.rs:7:36
[INFO] [stdout]   |
[INFO] [stdout] 7 |   let block: elems::BlockElement = blox! {
[INFO] [stdout]   |                                    ^^^^
[INFO] [stdout] 
[INFO] [stdout] 
[INFO] [stdout] error: cannot find macro `blox` in this scope
[INFO] [stdout]   --> tests/json/elems/date_picker.rs:29:17
[INFO] [stdout]    |
[INFO] [stdout] 29 |   let confirm = blox! {
[INFO] [stdout]    |                 ^^^^
[INFO] [stdout] 
[INFO] [stdout] 
[INFO] [stdout] error: cannot find macro `blox` in this scope
[INFO] [stdout]   --> tests/json/elems/date_picker.rs:37:36
[INFO] [stdout]    |
[INFO] [stdout] 37 |   let block: elems::BlockElement = blox! {
[INFO] [stdout]    |                                    ^^^^
[INFO] [stdout] 
[INFO] [stdout] 
[INFO] [stdout] error: cannot find macro `blox` in this scope
[INFO] [stdout]  --> tests/json/elems/image.rs:8:5
[INFO] [stdout]   |
[INFO] [stdout] 8 |     blox! {
[INFO] [stdout]   |     ^^^^
[INFO] [stdout] 
[INFO] [stdout] 
[INFO] [stdout] error: cannot find macro `blox` in this scope
[INFO] [stdout]  --> tests/json/elems/overflow.rs:8:5
[INFO] [stdout]   |
[INFO] [stdout] 8 |     blox! {
[INFO] [stdout]   |     ^^^^
[INFO] [stdout] 
[INFO] [stdout] 
[INFO] [stdout] error: cannot find macro `blox` in this scope
[INFO] [stdout]   --> tests/json/elems/overflow.rs:65:17
[INFO] [stdout]    |
[INFO] [stdout] 65 |   let confirm = blox! {
[INFO] [stdout]    |                 ^^^^
[INFO] [stdout] 
[INFO] [stdout] 
[INFO] [stdout] error: cannot find macro `blox` in this scope
[INFO] [stdout]   --> tests/json/elems/overflow.rs:74:5
[INFO] [stdout]    |
[INFO] [stdout] 74 |     blox! {
[INFO] [stdout]    |     ^^^^
[INFO] [stdout] 
[INFO] [stdout] 
[INFO] [stdout] error: cannot find macro `blox` in this scope
[INFO] [stdout]  --> tests/json/elems/radio.rs:7:15
[INFO] [stdout]   |
[INFO] [stdout] 7 |   let opt_1 = blox! {<option value="A1" text_plain="Radio 1" />};
[INFO] [stdout]   |               ^^^^
[INFO] [stdout] 
[INFO] [stdout] 
[INFO] [stdout] error: cannot find macro `blox` in this scope
[INFO] [stdout]  --> tests/json/elems/radio.rs:9:5
[INFO] [stdout]   |
[INFO] [stdout] 9 |     blox! {
[INFO] [stdout]   |     ^^^^
[INFO] [stdout] 
[INFO] [stdout] 
[INFO] [stdout] error: cannot find macro `blox` in this scope
[INFO] [stdout]   --> tests/json/elems/radio.rs:50:17
[INFO] [stdout]    |
[INFO] [stdout] 50 |   let confirm = blox! {
[INFO] [stdout]    |                 ^^^^
[INFO] [stdout] 
[INFO] [stdout] 
[INFO] [stdout] error: cannot find macro `blox` in this scope
[INFO] [stdout]   --> tests/json/elems/radio.rs:58:15
[INFO] [stdout]    |
[INFO] [stdout] 58 |   let opt_1 = blox! {<option value="A1" text_plain="Radio 1" />};
[INFO] [stdout]    |               ^^^^
[INFO] [stdout] 
[INFO] [stdout] 
[INFO] [stdout] error: cannot find macro `blox` in this scope
[INFO] [stdout]   --> tests/json/elems/radio.rs:60:5
[INFO] [stdout]    |
[INFO] [stdout] 60 |     blox! {
[INFO] [stdout]    |     ^^^^
[INFO] [stdout] 
[INFO] [stdout] 
[INFO] [stdout] error: cannot find macro `blox` in this scope
[INFO] [stdout]  --> tests/json/elems/text_input.rs:8:5
[INFO] [stdout]   |
[INFO] [stdout] 8 |     blox! {
[INFO] [stdout]   |     ^^^^
[INFO] [stdout] 
[INFO] [stdout] 
[INFO] [stdout] error: cannot find macro `blox` in this scope
[INFO] [stdout]   --> tests/json/elems/text_input.rs:33:5
[INFO] [stdout]    |
[INFO] [stdout] 33 |     blox! {
[INFO] [stdout]    |     ^^^^
[INFO] [stdout] 
[INFO] [stdout] 
[INFO] [stdout] error: cannot find macro `blox` in this scope
[INFO] [stdout]  --> tests/json/elems/select/static_.rs:7:27
[INFO] [stdout]   |
[INFO] [stdout] 7 |   let sel: BlockElement = blox! {
[INFO] [stdout]   |                           ^^^^
[INFO] [stdout] 
[INFO] [stdout] 
[INFO] [stdout] error: cannot find macro `blox` in this scope
[INFO] [stdout]   --> tests/json/elems/select/static_.rs:53:27
[INFO] [stdout]    |
[INFO] [stdout] 53 |   let sel: BlockElement = blox! {
[INFO] [stdout]    |                           ^^^^
[INFO] [stdout] 
[INFO] [stdout] 
[INFO] [stdout] error: cannot find macro `blox` in this scope
[INFO] [stdout]  --> tests/json/elems/select/user.rs:7:27
[INFO] [stdout]   |
[INFO] [stdout] 7 |   let sel: BlockElement = blox! {
[INFO] [stdout]   |                           ^^^^
[INFO] [stdout] 
[INFO] [stdout] 
[INFO] [stdout] error: cannot find macro `blox` in this scope
[INFO] [stdout]   --> tests/json/elems/select/user.rs:28:27
[INFO] [stdout]    |
[INFO] [stdout] 28 |   let sel: BlockElement = blox! {
[INFO] [stdout]    |                           ^^^^
[INFO] [stdout] 
[INFO] [stdout] 
[INFO] [stdout] error: cannot find macro `blox` in this scope
[INFO] [stdout]  --> tests/json/elems/select/external.rs:7:27
[INFO] [stdout]   |
[INFO] [stdout] 7 |   let sel: BlockElement = blox! {
[INFO] [stdout]   |                           ^^^^
[INFO] [stdout] 
[INFO] [stdout] 
[INFO] [stdout] error: cannot find macro `blox` in this scope
[INFO] [stdout]   --> tests/json/elems/select/external.rs:31:27
[INFO] [stdout]    |
[INFO] [stdout] 31 |   let sel: BlockElement = blox! {
[INFO] [stdout]    |                           ^^^^
[INFO] [stdout] 
[INFO] [stdout] 
[INFO] [stdout] error: cannot find macro `blox` in this scope
[INFO] [stdout]  --> tests/json/elems/select/conversation.rs:7:27
[INFO] [stdout]   |
[INFO] [stdout] 7 |   let sel: BlockElement = blox! {
[INFO] [stdout]   |                           ^^^^
[INFO] [stdout] 
[INFO] [stdout] 
[INFO] [stdout] error: cannot find macro `blox` in this scope
[INFO] [stdout]   --> tests/json/elems/select/conversation.rs:29:27
[INFO] [stdout]    |
[INFO] [stdout] 29 |   let sel: BlockElement = blox! {
[INFO] [stdout]    |                           ^^^^
[INFO] [stdout] 
[INFO] [stdout] 
[INFO] [stdout] error: cannot find macro `blox` in this scope
[INFO] [stdout]  --> tests/json/elems/select/public_channel.rs:7:27
[INFO] [stdout]   |
[INFO] [stdout] 7 |   let sel: BlockElement = blox! {
[INFO] [stdout]   |                           ^^^^
[INFO] [stdout] 
[INFO] [stdout] 
[INFO] [stdout] error: cannot find macro `blox` in this scope
[INFO] [stdout]   --> tests/json/elems/select/public_channel.rs:29:27
[INFO] [stdout]    |
[INFO] [stdout] 29 |   let sel: BlockElement = blox! {
[INFO] [stdout]    |                           ^^^^
[INFO] [stdout] 
[INFO] [stdout] 
[INFO] [stdout] error: cannot find macro `blox` in this scope
[INFO] [stdout]  --> tests/json/compose/confirm.rs:7:17
[INFO] [stdout]   |
[INFO] [stdout] 7 |   let confirm = blox! {
[INFO] [stdout]   |                 ^^^^
[INFO] [stdout] 
[INFO] [stdout] 
[INFO] [stdout] error: cannot find macro `blox` in this scope
[INFO] [stdout]  --> tests/json/compose/option.rs:7:17
[INFO] [stdout]   |
[INFO] [stdout] 7 |   let confirm = blox! {
[INFO] [stdout]   |                 ^^^^
[INFO] [stdout] 
[INFO] [stdout] 
[INFO] [stdout] error: cannot find macro `blox` in this scope
[INFO] [stdout]   --> tests/json/compose/option.rs:24:21
[INFO] [stdout]    |
[INFO] [stdout] 24 |   let groups = vec![blox! {
[INFO] [stdout]    |                     ^^^^
[INFO] [stdout] 
[INFO] [stdout] 
[INFO] [stdout] error: cannot find macro `blox` in this scope
[INFO] [stdout]   --> tests/json/compose/option.rs:31:21
[INFO] [stdout]    |
[INFO] [stdout] 31 |                     blox! {
[INFO] [stdout]    |                     ^^^^
[INFO] [stdout] 
[INFO] [stdout] 
[INFO] [stdout] error: cannot find macro `blox` in this scope
[INFO] [stdout]  --> tests/json/compose/text.rs:7:26
[INFO] [stdout]   |
[INFO] [stdout] 7 |   let text: text::Text = blox! {<text kind=mrkdwn>"A message *with some bold text* and _some italicized text_."</text>}.into();
[INFO] [stdout]   |                          ^^^^
[INFO] [stdout] 
[INFO] [stdout] 
[INFO] [stdout] warning: unused import: `text::ToSlackMarkdown`
[INFO] [stdout]  --> tests/json/blocks/section.rs:3:37
[INFO] [stdout]   |
[INFO] [stdout] 3 | use slack_blocks::{blocks, blox::*, text::ToSlackMarkdown};
[INFO] [stdout]   |                                     ^^^^^^^^^^^^^^^^^^^^^
[INFO] [stdout]   |
[INFO] [stdout]   = note: `#[warn(unused_imports)]` on by default
[INFO] [stdout] 
[INFO] [stdout] 
[INFO] [stdout] warning: unused import: `text::ToSlackPlaintext`
[INFO] [stdout]  --> tests/json/elems/checkboxes.rs:3:36
[INFO] [stdout]   |
[INFO] [stdout] 3 | use slack_blocks::{blox::*, elems, text::ToSlackPlaintext};
[INFO] [stdout]   |                                    ^^^^^^^^^^^^^^^^^^^^^^
[INFO] [stdout] 
[INFO] [stdout] 
[INFO] [stdout] warning: unused import: `text::ToSlackPlaintext`
[INFO] [stdout]  --> tests/json/elems/date_picker.rs:3:36
[INFO] [stdout]   |
[INFO] [stdout] 3 | use slack_blocks::{blox::*, elems, text::ToSlackPlaintext};
[INFO] [stdout]   |                                    ^^^^^^^^^^^^^^^^^^^^^^
[INFO] [stdout] 
[INFO] [stdout] 
[INFO] [stdout] warning: unused import: `text::ToSlackPlaintext`
[INFO] [stdout]  --> tests/json/elems/overflow.rs:3:36
[INFO] [stdout]   |
[INFO] [stdout] 3 | use slack_blocks::{blox::*, elems, text::ToSlackPlaintext};
[INFO] [stdout]   |                                    ^^^^^^^^^^^^^^^^^^^^^^
[INFO] [stdout] 
[INFO] [stdout] 
[INFO] [stdout] warning: unused import: `text::ToSlackPlaintext`
[INFO] [stdout]  --> tests/json/elems/radio.rs:3:36
[INFO] [stdout]   |
[INFO] [stdout] 3 | use slack_blocks::{blox::*, elems, text::ToSlackPlaintext};
[INFO] [stdout]   |                                    ^^^^^^^^^^^^^^^^^^^^^^
[INFO] [stdout] 
[INFO] [stdout] 
[INFO] [stdout] warning: unused import: `slack_blocks::elems::text_input::ActionTrigger::*`
[INFO] [stdout]   --> tests/json/elems/text_input.rs:30:7
[INFO] [stdout]    |
[INFO] [stdout] 30 |   use slack_blocks::elems::text_input::ActionTrigger::*;
[INFO] [stdout]    |       ^^^^^^^^^^^^^^^^^^^^^^^^^^^^^^^^^^^^^^^^^^^^^^^^^
[INFO] [stdout] 
[INFO] [stdout] 
[INFO] [stdout] warning: unused import: `text::ToSlackMarkdown`
[INFO] [stdout]  --> tests/json/compose/confirm.rs:3:29
[INFO] [stdout]   |
[INFO] [stdout] 3 | use slack_blocks::{blox::*, text::ToSlackMarkdown};
[INFO] [stdout]   |                             ^^^^^^^^^^^^^^^^^^^^^
[INFO] [stdout] 
[INFO] [stdout] 
[INFO] [stdout] warning: unused imports: `blocks`, `text::ToSlackMarkdown`
[INFO] [stdout]  --> tests/json/compose/option.rs:3:20
[INFO] [stdout]   |
[INFO] [stdout] 3 | use slack_blocks::{blocks, blox::*, text::ToSlackMarkdown};
[INFO] [stdout]   |                    ^^^^^^           ^^^^^^^^^^^^^^^^^^^^^
[INFO] [stdout] 
[INFO] [stdout] 
[INFO] [stdout] error: aborting due to 80 previous errors; 8 warnings emitted
[INFO] [stdout] 
[INFO] [stdout] 
[INFO] [stdout] For more information about this error, try `rustc --explain E0432`.
[INFO] [stdout] 
[INFO] [stderr] error: could not compile `slack-blocks` due to 81 previous errors; 8 warnings emitted
[INFO] [stderr] warning: build failed, waiting for other jobs to finish...
[INFO] [stderr] error: build failed
[INFO] running `Command { std: "docker" "inspect" "d5fa1f0fea3f96af69eec5e345142cbc97d8591b77f1d5410984ab87dd103634", kill_on_drop: false }`
[INFO] running `Command { std: "docker" "rm" "-f" "d5fa1f0fea3f96af69eec5e345142cbc97d8591b77f1d5410984ab87dd103634", kill_on_drop: false }`
[INFO] [stdout] d5fa1f0fea3f96af69eec5e345142cbc97d8591b77f1d5410984ab87dd103634
