[INFO] fetching crate simulated_packed_simd 0.0.1...
[INFO] testing simulated_packed_simd-0.0.1 against 1.54.0 for beta-1.55-1
[INFO] extracting crate simulated_packed_simd 0.0.1 into /workspace/builds/worker-60/source
[INFO] validating manifest of crates.io crate simulated_packed_simd 0.0.1 on toolchain 1.54.0
[INFO] running `Command { std: "/workspace/cargo-home/bin/cargo" "+1.54.0" "metadata" "--manifest-path" "Cargo.toml" "--no-deps", kill_on_drop: false }`
[INFO] started tweaking crates.io crate simulated_packed_simd 0.0.1
[INFO] finished tweaking crates.io crate simulated_packed_simd 0.0.1
[INFO] tweaked toml for crates.io crate simulated_packed_simd 0.0.1 written to /workspace/builds/worker-60/source/Cargo.toml
[INFO] crate crates.io crate simulated_packed_simd 0.0.1 already has a lockfile, it will not be regenerated
[INFO] running `Command { std: "/workspace/cargo-home/bin/cargo" "+1.54.0" "fetch" "--manifest-path" "Cargo.toml", kill_on_drop: false }`
[INFO] [stderr]     Blocking waiting for file lock on package cache
[INFO] [stderr]     Blocking waiting for file lock on package cache
[INFO] running `Command { std: "docker" "create" "-v" "/var/lib/crater-agent-workspace/builds/worker-60/target:/opt/rustwide/target:rw,Z" "-v" "/var/lib/crater-agent-workspace/builds/worker-60/source:/opt/rustwide/workdir:ro,Z" "-v" "/var/lib/crater-agent-workspace/cargo-home:/opt/rustwide/cargo-home:ro,Z" "-v" "/var/lib/crater-agent-workspace/rustup-home:/opt/rustwide/rustup-home:ro,Z" "-e" "SOURCE_DIR=/opt/rustwide/workdir" "-e" "CARGO_TARGET_DIR=/opt/rustwide/target" "-e" "CARGO_HOME=/opt/rustwide/cargo-home" "-e" "RUSTUP_HOME=/opt/rustwide/rustup-home" "-w" "/opt/rustwide/workdir" "-m" "1610612736" "--user" "0:0" "--network" "none" "ghcr.io/rust-lang/crates-build-env/linux@sha256:34b6a614d2c27851fe6cbf88fbd1137609cefab8b10d0615aaeb6fd47975d74e" "/opt/rustwide/cargo-home/bin/cargo" "+1.54.0" "metadata" "--no-deps" "--format-version=1", kill_on_drop: false }`
[INFO] [stdout] 41359bc8a74b93a525a14885267f02f3572e3c3f482a6d92f6c08ab03e41b5fa
[INFO] running `Command { std: "docker" "start" "-a" "41359bc8a74b93a525a14885267f02f3572e3c3f482a6d92f6c08ab03e41b5fa", kill_on_drop: false }`
[INFO] running `Command { std: "docker" "inspect" "41359bc8a74b93a525a14885267f02f3572e3c3f482a6d92f6c08ab03e41b5fa", kill_on_drop: false }`
[INFO] running `Command { std: "docker" "rm" "-f" "41359bc8a74b93a525a14885267f02f3572e3c3f482a6d92f6c08ab03e41b5fa", kill_on_drop: false }`
[INFO] [stdout] 41359bc8a74b93a525a14885267f02f3572e3c3f482a6d92f6c08ab03e41b5fa
[INFO] running `Command { std: "docker" "create" "-v" "/var/lib/crater-agent-workspace/builds/worker-60/target:/opt/rustwide/target:rw,Z" "-v" "/var/lib/crater-agent-workspace/builds/worker-60/source:/opt/rustwide/workdir:ro,Z" "-v" "/var/lib/crater-agent-workspace/cargo-home:/opt/rustwide/cargo-home:ro,Z" "-v" "/var/lib/crater-agent-workspace/rustup-home:/opt/rustwide/rustup-home:ro,Z" "-e" "SOURCE_DIR=/opt/rustwide/workdir" "-e" "CARGO_TARGET_DIR=/opt/rustwide/target" "-e" "CARGO_INCREMENTAL=0" "-e" "RUST_BACKTRACE=full" "-e" "RUSTFLAGS=--cap-lints=warn" "-e" "CARGO_HOME=/opt/rustwide/cargo-home" "-e" "RUSTUP_HOME=/opt/rustwide/rustup-home" "-w" "/opt/rustwide/workdir" "-m" "1610612736" "--user" "0:0" "--network" "none" "ghcr.io/rust-lang/crates-build-env/linux@sha256:34b6a614d2c27851fe6cbf88fbd1137609cefab8b10d0615aaeb6fd47975d74e" "/opt/rustwide/cargo-home/bin/cargo" "+1.54.0" "build" "--frozen" "--message-format=json", kill_on_drop: false }`
[INFO] [stdout] 29d82c713f857d3b260016550a7137b18fe6130139a112ed941a428431091544
[INFO] running `Command { std: "docker" "start" "-a" "29d82c713f857d3b260016550a7137b18fe6130139a112ed941a428431091544", kill_on_drop: false }`
[INFO] [stderr]    Compiling simulated_packed_simd v0.0.1 (/opt/rustwide/workdir)
[INFO] [stderr]     Finished dev [unoptimized + debuginfo] target(s) in 1.86s
[INFO] running `Command { std: "docker" "inspect" "29d82c713f857d3b260016550a7137b18fe6130139a112ed941a428431091544", kill_on_drop: false }`
[INFO] running `Command { std: "docker" "rm" "-f" "29d82c713f857d3b260016550a7137b18fe6130139a112ed941a428431091544", kill_on_drop: false }`
[INFO] [stdout] 29d82c713f857d3b260016550a7137b18fe6130139a112ed941a428431091544
[INFO] running `Command { std: "docker" "create" "-v" "/var/lib/crater-agent-workspace/builds/worker-60/target:/opt/rustwide/target:rw,Z" "-v" "/var/lib/crater-agent-workspace/builds/worker-60/source:/opt/rustwide/workdir:ro,Z" "-v" "/var/lib/crater-agent-workspace/cargo-home:/opt/rustwide/cargo-home:ro,Z" "-v" "/var/lib/crater-agent-workspace/rustup-home:/opt/rustwide/rustup-home:ro,Z" "-e" "SOURCE_DIR=/opt/rustwide/workdir" "-e" "CARGO_TARGET_DIR=/opt/rustwide/target" "-e" "CARGO_INCREMENTAL=0" "-e" "RUST_BACKTRACE=full" "-e" "RUSTFLAGS=--cap-lints=warn" "-e" "CARGO_HOME=/opt/rustwide/cargo-home" "-e" "RUSTUP_HOME=/opt/rustwide/rustup-home" "-w" "/opt/rustwide/workdir" "-m" "1610612736" "--user" "0:0" "--network" "none" "ghcr.io/rust-lang/crates-build-env/linux@sha256:34b6a614d2c27851fe6cbf88fbd1137609cefab8b10d0615aaeb6fd47975d74e" "/opt/rustwide/cargo-home/bin/cargo" "+1.54.0" "test" "--frozen" "--no-run" "--message-format=json", kill_on_drop: false }`
[INFO] [stdout] 8e759f0072ea841a8f955d6b1de5c7d64e0e75d5af376934182cdc8be014be35
[INFO] running `Command { std: "docker" "start" "-a" "8e759f0072ea841a8f955d6b1de5c7d64e0e75d5af376934182cdc8be014be35", kill_on_drop: false }`
[INFO] [stderr]    Compiling simulated_packed_simd v0.0.1 (/opt/rustwide/workdir)
[INFO] [stdout] error[E0463]: can't find crate for `ssimd`
[INFO] [stdout]  --> examples/axpy.rs:4:1
[INFO] [stdout]   |
[INFO] [stdout] 4 | extern crate ssimd;
[INFO] [stdout]   | ^^^^^^^^^^^^^^^^^^^ can't find crate
[INFO] [stdout] 
[INFO] [stdout] 
[INFO] [stdout] error[E0463]: can't find crate for `ssimd`
[INFO] [stdout]  --> examples/dotprod.rs:4:1
[INFO] [stdout]   |
[INFO] [stdout] 4 | extern crate ssimd;
[INFO] [stdout]   | ^^^^^^^^^^^^^^^^^^^ can't find crate
[INFO] [stdout] 
[INFO] [stdout] 
[INFO] [stdout] error: aborting due to previous error
[INFO] [stdout] 
[INFO] [stdout] 
[INFO] [stdout] For more information about this error, try `rustc --explain E0463`.
[INFO] [stdout] 
[INFO] [stdout] error: aborting due to previous error
[INFO] [stdout] 
[INFO] [stdout] 
[INFO] [stdout] For more information about this error, try `rustc --explain E0463`.
[INFO] [stdout] 
[INFO] [stdout] error[E0463]: can't find crate for `ssimd`
[INFO] [stdout]  --> examples/mandelbrot.rs:6:1
[INFO] [stdout]   |
[INFO] [stdout] 6 | extern crate ssimd;
[INFO] [stdout]   | ^^^^^^^^^^^^^^^^^^^ can't find crate
[INFO] [stdout] 
[INFO] [stdout] 
[INFO] [stdout] error: aborting due to previous error
[INFO] [stdout] 
[INFO] [stdout] 
[INFO] [stdout] For more information about this error, try `rustc --explain E0463`.
[INFO] [stdout] 
[INFO] [stdout] error[E0463]: can't find crate for `ssimd`
[INFO] [stdout]  --> examples/matrix_inverse.rs:4:1
[INFO] [stdout]   |
[INFO] [stdout] 4 | extern crate ssimd;
[INFO] [stdout]   | ^^^^^^^^^^^^^^^^^^^ can't find crate
[INFO] [stdout] 
[INFO] [stdout] 
[INFO] [stderr] error: could not compile `simulated_packed_simd`
[INFO] [stderr] 
[INFO] [stderr] To learn more, run the command again with --verbose.
[INFO] [stderr] warning: build failed, waiting for other jobs to finish...
[INFO] [stdout] error: aborting due to previous error
[INFO] [stdout] 
[INFO] [stdout] 
[INFO] [stdout] For more information about this error, try `rustc --explain E0463`.
[INFO] [stdout] 
[INFO] [stdout] error[E0463]: can't find crate for `ssimd`
[INFO] [stdout]  --> examples/nbody.rs:4:1
[INFO] [stdout]   |
[INFO] [stdout] 4 | extern crate ssimd;
[INFO] [stdout]   | ^^^^^^^^^^^^^^^^^^^ can't find crate
[INFO] [stdout] 
[INFO] [stdout] 
[INFO] [stdout] error: aborting due to previous error
[INFO] [stdout] 
[INFO] [stdout] 
[INFO] [stdout] For more information about this error, try `rustc --explain E0463`.
[INFO] [stdout] 
[INFO] [stdout] error[E0463]: can't find crate for `ssimd`
[INFO] [stdout]  --> examples/spectralnorm.rs:4:1
[INFO] [stdout]   |
[INFO] [stdout] 4 | extern crate ssimd;
[INFO] [stdout]   | ^^^^^^^^^^^^^^^^^^^ can't find crate
[INFO] [stdout] 
[INFO] [stdout] 
[INFO] [stdout] error: aborting due to previous error
[INFO] [stdout] 
[INFO] [stdout] 
[INFO] [stdout] For more information about this error, try `rustc --explain E0463`.
[INFO] [stdout] 
[INFO] [stdout] error[E0432]: unresolved import `ssimd`
[INFO] [stdout]  --> tests/test.rs:1:5
[INFO] [stdout]   |
[INFO] [stdout] 1 | use ssimd::*;
[INFO] [stdout]   |     ^^^^^ use of undeclared crate or module `ssimd`
[INFO] [stdout] 
[INFO] [stdout] 
[INFO] [stdout] error[E0463]: can't find crate for `ssimd`
[INFO] [stdout]  --> examples/convert.rs:4:1
[INFO] [stdout]   |
[INFO] [stdout] 4 | extern crate ssimd;
[INFO] [stdout]   | ^^^^^^^^^^^^^^^^^^^ can't find crate
[INFO] [stdout] 
[INFO] [stdout] 
[INFO] [stdout] error: aborting due to previous error
[INFO] [stdout] 
[INFO] [stdout] 
[INFO] [stdout] For more information about this error, try `rustc --explain E0463`.
[INFO] [stdout] 
[INFO] [stdout] error[E0433]: failed to resolve: use of undeclared crate or module `i32x8`
[INFO] [stdout]  --> tests/test.rs:6:13
[INFO] [stdout]   |
[INFO] [stdout] 6 |     let s = i32x8::from_slice_unaligned(&v) + i32x8::splat(2);
[INFO] [stdout]   |             ^^^^^ not found in this scope
[INFO] [stdout]   |
[INFO] [stdout] help: consider importing this struct
[INFO] [stdout]   |
[INFO] [stdout] 1 | use simulated_packed_simd::i32x8;
[INFO] [stdout]   |
[INFO] [stdout] 
[INFO] [stdout] 
[INFO] [stdout] error[E0433]: failed to resolve: use of undeclared crate or module `i32x8`
[INFO] [stdout]  --> tests/test.rs:6:47
[INFO] [stdout]   |
[INFO] [stdout] 6 |     let s = i32x8::from_slice_unaligned(&v) + i32x8::splat(2);
[INFO] [stdout]   |                                               ^^^^^ not found in this scope
[INFO] [stdout]   |
[INFO] [stdout] help: consider importing this struct
[INFO] [stdout]   |
[INFO] [stdout] 1 | use simulated_packed_simd::i32x8;
[INFO] [stdout]   |
[INFO] [stdout] 
[INFO] [stdout] 
[INFO] [stdout] error[E0433]: failed to resolve: use of undeclared crate or module `i32x4`
[INFO] [stdout]   --> tests/test.rs:13:16
[INFO] [stdout]    |
[INFO] [stdout] 13 |     assert_eq!(i32x4::new(0, 1, 2, 3).replace(1usize, 7).extract(1usize), 7);
[INFO] [stdout]    |                ^^^^^ not found in this scope
[INFO] [stdout]    |
[INFO] [stdout] help: consider importing this struct
[INFO] [stdout]    |
[INFO] [stdout] 1  | use simulated_packed_simd::i32x4;
[INFO] [stdout]    |
[INFO] [stdout] 
[INFO] [stdout] 
[INFO] [stdout] error[E0433]: failed to resolve: use of undeclared crate or module `i32x4`
[INFO] [stdout]   --> tests/test.rs:19:6
[INFO] [stdout]    |
[INFO] [stdout] 19 |     (i32x4::new(0, 1, 2, 3) << 1u32).write_to_slice_aligned(&mut v);
[INFO] [stdout]    |      ^^^^^ not found in this scope
[INFO] [stdout]    |
[INFO] [stdout] help: consider importing this struct
[INFO] [stdout]    |
[INFO] [stdout] 1  | use simulated_packed_simd::i32x4;
[INFO] [stdout]    |
[INFO] [stdout] 
[INFO] [stdout] 
[INFO] [stdout] error[E0433]: failed to resolve: use of undeclared crate or module `u8x8`
[INFO] [stdout]   --> tests/test.rs:26:6
[INFO] [stdout]    |
[INFO] [stdout] 26 |     (u8x8::new(0, 1, 2, 3, 4, 5, 6, 7) >> 1u32).write_to_slice_aligned(&mut v);
[INFO] [stdout]    |      ^^^^ not found in this scope
[INFO] [stdout]    |
[INFO] [stdout] help: consider importing this struct
[INFO] [stdout]    |
[INFO] [stdout] 1  | use simulated_packed_simd::u8x8;
[INFO] [stdout]    |
[INFO] [stdout] 
[INFO] [stdout] 
[INFO] [stdout] error[E0433]: failed to resolve: use of undeclared crate or module `i32x4`
[INFO] [stdout]   --> tests/test.rs:33:6
[INFO] [stdout]    |
[INFO] [stdout] 33 |     (i32x4::new(1, 2, 3, 4) >> 2).write_to_slice_aligned(&mut v);
[INFO] [stdout]    |      ^^^^^ not found in this scope
[INFO] [stdout]    |
[INFO] [stdout] help: consider importing this struct
[INFO] [stdout]    |
[INFO] [stdout] 1  | use simulated_packed_simd::i32x4;
[INFO] [stdout]    |
[INFO] [stdout] 
[INFO] [stdout] 
[INFO] [stdout] error[E0433]: failed to resolve: use of undeclared crate or module `i32x4`
[INFO] [stdout]   --> tests/test.rs:40:5
[INFO] [stdout]    |
[INFO] [stdout] 40 |     i32x4::from(i16x4::new(1, 2, 3, 4)).write_to_slice_aligned(&mut v);
[INFO] [stdout]    |     ^^^^^ not found in this scope
[INFO] [stdout]    |
[INFO] [stdout] help: consider importing this struct
[INFO] [stdout]    |
[INFO] [stdout] 1  | use simulated_packed_simd::i32x4;
[INFO] [stdout]    |
[INFO] [stdout] 
[INFO] [stdout] 
[INFO] [stdout] error[E0433]: failed to resolve: use of undeclared crate or module `i16x4`
[INFO] [stdout]   --> tests/test.rs:40:17
[INFO] [stdout]    |
[INFO] [stdout] 40 |     i32x4::from(i16x4::new(1, 2, 3, 4)).write_to_slice_aligned(&mut v);
[INFO] [stdout]    |                 ^^^^^ not found in this scope
[INFO] [stdout]    |
[INFO] [stdout] help: consider importing this struct
[INFO] [stdout]    |
[INFO] [stdout] 1  | use simulated_packed_simd::i16x4;
[INFO] [stdout]    |
[INFO] [stdout] 
[INFO] [stdout] 
[INFO] [stdout] error[E0433]: failed to resolve: use of undeclared crate or module `u8x4`
[INFO] [stdout]   --> tests/test.rs:47:5
[INFO] [stdout]    |
[INFO] [stdout] 47 |     u8x4::from_cast(i32x4::new(1, 2, 3, 4)).write_to_slice_aligned(&mut v);
[INFO] [stdout]    |     ^^^^ not found in this scope
[INFO] [stdout]    |
[INFO] [stdout] help: consider importing this struct
[INFO] [stdout]    |
[INFO] [stdout] 1  | use simulated_packed_simd::u8x4;
[INFO] [stdout]    |
[INFO] [stdout] 
[INFO] [stdout] 
[INFO] [stdout] error[E0433]: failed to resolve: use of undeclared crate or module `i32x4`
[INFO] [stdout]   --> tests/test.rs:47:21
[INFO] [stdout]    |
[INFO] [stdout] 47 |     u8x4::from_cast(i32x4::new(1, 2, 3, 4)).write_to_slice_aligned(&mut v);
[INFO] [stdout]    |                     ^^^^^ not found in this scope
[INFO] [stdout]    |
[INFO] [stdout] help: consider importing this struct
[INFO] [stdout]    |
[INFO] [stdout] 1  | use simulated_packed_simd::i32x4;
[INFO] [stdout]    |
[INFO] [stdout] 
[INFO] [stdout] 
[INFO] [stdout] error[E0433]: failed to resolve: use of undeclared crate or module `u8x4`
[INFO] [stdout]   --> tests/test.rs:54:6
[INFO] [stdout]    |
[INFO] [stdout] 54 |     (u8x4::splat(0xFF) + u8x4::splat(1)).write_to_slice_aligned(&mut v);
[INFO] [stdout]    |      ^^^^ not found in this scope
[INFO] [stdout]    |
[INFO] [stdout] help: consider importing this struct
[INFO] [stdout]    |
[INFO] [stdout] 1  | use simulated_packed_simd::u8x4;
[INFO] [stdout]    |
[INFO] [stdout] 
[INFO] [stdout] 
[INFO] [stdout] error[E0433]: failed to resolve: use of undeclared crate or module `u8x4`
[INFO] [stdout]   --> tests/test.rs:54:26
[INFO] [stdout]    |
[INFO] [stdout] 54 |     (u8x4::splat(0xFF) + u8x4::splat(1)).write_to_slice_aligned(&mut v);
[INFO] [stdout]    |                          ^^^^ not found in this scope
[INFO] [stdout]    |
[INFO] [stdout] help: consider importing this struct
[INFO] [stdout]    |
[INFO] [stdout] 1  | use simulated_packed_simd::u8x4;
[INFO] [stdout]    |
[INFO] [stdout] 
[INFO] [stdout] 
[INFO] [stdout] error[E0433]: failed to resolve: use of undeclared crate or module `i16x8`
[INFO] [stdout]   --> tests/test.rs:61:13
[INFO] [stdout]    |
[INFO] [stdout] 61 |     let _ = i16x8::from_slice_unaligned(&[-1i16; 2]);
[INFO] [stdout]    |             ^^^^^ not found in this scope
[INFO] [stdout]    |
[INFO] [stdout] help: consider importing this struct
[INFO] [stdout]    |
[INFO] [stdout] 1  | use simulated_packed_simd::i16x8;
[INFO] [stdout]    |
[INFO] [stdout] 
[INFO] [stdout] 
[INFO] [stdout] error[E0433]: failed to resolve: use of undeclared crate or module `i16x8`
[INFO] [stdout]   --> tests/test.rs:68:5
[INFO] [stdout]    |
[INFO] [stdout] 68 |     i16x8::splat(0).write_to_slice_aligned(&mut v);
[INFO] [stdout]    |     ^^^^^ not found in this scope
[INFO] [stdout]    |
[INFO] [stdout] help: consider importing this struct
[INFO] [stdout]    |
[INFO] [stdout] 1  | use simulated_packed_simd::i16x8;
[INFO] [stdout]    |
[INFO] [stdout] 
[INFO] [stdout] 
[INFO] [stdout] error[E0433]: failed to resolve: use of undeclared crate or module `i16x4`
[INFO] [stdout]   --> tests/test.rs:74:16
[INFO] [stdout]    |
[INFO] [stdout] 74 |     assert_eq!(i16x4::from_slice_unaligned(&v).gt(i16x4::splat(0)).all(), false);
[INFO] [stdout]    |                ^^^^^ not found in this scope
[INFO] [stdout]    |
[INFO] [stdout] help: consider importing this struct
[INFO] [stdout]    |
[INFO] [stdout] 1  | use simulated_packed_simd::i16x4;
[INFO] [stdout]    |
[INFO] [stdout] 
[INFO] [stdout] 
[INFO] [stdout] error[E0433]: failed to resolve: use of undeclared crate or module `i16x4`
[INFO] [stdout]   --> tests/test.rs:74:51
[INFO] [stdout]    |
[INFO] [stdout] 74 |     assert_eq!(i16x4::from_slice_unaligned(&v).gt(i16x4::splat(0)).all(), false);
[INFO] [stdout]    |                                                   ^^^^^ not found in this scope
[INFO] [stdout]    |
[INFO] [stdout] help: consider importing this struct
[INFO] [stdout]    |
[INFO] [stdout] 1  | use simulated_packed_simd::i16x4;
[INFO] [stdout]    |
[INFO] [stdout] 
[INFO] [stdout] 
[INFO] [stdout] error[E0433]: failed to resolve: use of undeclared crate or module `i16x4`
[INFO] [stdout]   --> tests/test.rs:75:16
[INFO] [stdout]    |
[INFO] [stdout] 75 |     assert_eq!(i16x4::from_slice_unaligned(&v).lt(i16x4::splat(4)).all(), true);
[INFO] [stdout]    |                ^^^^^ not found in this scope
[INFO] [stdout]    |
[INFO] [stdout] help: consider importing this struct
[INFO] [stdout]    |
[INFO] [stdout] 1  | use simulated_packed_simd::i16x4;
[INFO] [stdout]    |
[INFO] [stdout] 
[INFO] [stdout] 
[INFO] [stdout] error[E0433]: failed to resolve: use of undeclared crate or module `i16x4`
[INFO] [stdout]   --> tests/test.rs:75:51
[INFO] [stdout]    |
[INFO] [stdout] 75 |     assert_eq!(i16x4::from_slice_unaligned(&v).lt(i16x4::splat(4)).all(), true);
[INFO] [stdout]    |                                                   ^^^^^ not found in this scope
[INFO] [stdout]    |
[INFO] [stdout] help: consider importing this struct
[INFO] [stdout]    |
[INFO] [stdout] 1  | use simulated_packed_simd::i16x4;
[INFO] [stdout]    |
[INFO] [stdout] 
[INFO] [stdout] 
[INFO] [stdout] error: aborting due to 19 previous errors
[INFO] [stdout] 
[INFO] [stdout] 
[INFO] [stdout] Some errors have detailed explanations: E0432, E0433.
[INFO] [stdout] 
[INFO] [stdout] For more information about an error, try `rustc --explain E0432`.
[INFO] [stdout] 
[INFO] [stderr] error: build failed
[INFO] running `Command { std: "docker" "inspect" "8e759f0072ea841a8f955d6b1de5c7d64e0e75d5af376934182cdc8be014be35", kill_on_drop: false }`
[INFO] running `Command { std: "docker" "rm" "-f" "8e759f0072ea841a8f955d6b1de5c7d64e0e75d5af376934182cdc8be014be35", kill_on_drop: false }`
[INFO] [stdout] 8e759f0072ea841a8f955d6b1de5c7d64e0e75d5af376934182cdc8be014be35
