[INFO] fetching crate siege-color 0.4.0...
[INFO] testing siege-color-0.4.0 against beta-2021-08-01 for beta-1.55-1
[INFO] extracting crate siege-color 0.4.0 into /workspace/builds/worker-98/source
[INFO] validating manifest of crates.io crate siege-color 0.4.0 on toolchain beta-2021-08-01
[INFO] running `Command { std: "/workspace/cargo-home/bin/cargo" "+beta-2021-08-01" "metadata" "--manifest-path" "Cargo.toml" "--no-deps", kill_on_drop: false }`
[INFO] started tweaking crates.io crate siege-color 0.4.0
[INFO] finished tweaking crates.io crate siege-color 0.4.0
[INFO] tweaked toml for crates.io crate siege-color 0.4.0 written to /workspace/builds/worker-98/source/Cargo.toml
[INFO] running `Command { std: "/workspace/cargo-home/bin/cargo" "+beta-2021-08-01" "generate-lockfile" "--manifest-path" "Cargo.toml" "-Zno-index-update", kill_on_drop: false }`
[INFO] [stderr]     Blocking waiting for file lock on package cache
[INFO] running `Command { std: "/workspace/cargo-home/bin/cargo" "+beta-2021-08-01" "fetch" "--manifest-path" "Cargo.toml", kill_on_drop: false }`
[INFO] [stderr]     Blocking waiting for file lock on package cache
[INFO] [stderr]     Blocking waiting for file lock on package cache
[INFO] [stderr]  Downloading crates ...
[INFO] [stderr]   Downloaded siege-math v0.5.1
[INFO] running `Command { std: "docker" "create" "-v" "/var/lib/crater-agent-workspace/builds/worker-98/target:/opt/rustwide/target:rw,Z" "-v" "/var/lib/crater-agent-workspace/builds/worker-98/source:/opt/rustwide/workdir:ro,Z" "-v" "/var/lib/crater-agent-workspace/cargo-home:/opt/rustwide/cargo-home:ro,Z" "-v" "/var/lib/crater-agent-workspace/rustup-home:/opt/rustwide/rustup-home:ro,Z" "-e" "SOURCE_DIR=/opt/rustwide/workdir" "-e" "CARGO_TARGET_DIR=/opt/rustwide/target" "-e" "CARGO_HOME=/opt/rustwide/cargo-home" "-e" "RUSTUP_HOME=/opt/rustwide/rustup-home" "-w" "/opt/rustwide/workdir" "-m" "1610612736" "--user" "0:0" "--network" "none" "ghcr.io/rust-lang/crates-build-env/linux@sha256:34b6a614d2c27851fe6cbf88fbd1137609cefab8b10d0615aaeb6fd47975d74e" "/opt/rustwide/cargo-home/bin/cargo" "+beta-2021-08-01" "metadata" "--no-deps" "--format-version=1", kill_on_drop: false }`
[INFO] [stdout] c15cbce4b4d0cb4c34c3e675365430ccddbececce305397e76cb1f9086b1c3f3
[INFO] running `Command { std: "docker" "start" "-a" "c15cbce4b4d0cb4c34c3e675365430ccddbececce305397e76cb1f9086b1c3f3", kill_on_drop: false }`
[INFO] running `Command { std: "docker" "inspect" "c15cbce4b4d0cb4c34c3e675365430ccddbececce305397e76cb1f9086b1c3f3", kill_on_drop: false }`
[INFO] running `Command { std: "docker" "rm" "-f" "c15cbce4b4d0cb4c34c3e675365430ccddbececce305397e76cb1f9086b1c3f3", kill_on_drop: false }`
[INFO] [stdout] c15cbce4b4d0cb4c34c3e675365430ccddbececce305397e76cb1f9086b1c3f3
[INFO] running `Command { std: "docker" "create" "-v" "/var/lib/crater-agent-workspace/builds/worker-98/target:/opt/rustwide/target:rw,Z" "-v" "/var/lib/crater-agent-workspace/builds/worker-98/source:/opt/rustwide/workdir:ro,Z" "-v" "/var/lib/crater-agent-workspace/cargo-home:/opt/rustwide/cargo-home:ro,Z" "-v" "/var/lib/crater-agent-workspace/rustup-home:/opt/rustwide/rustup-home:ro,Z" "-e" "SOURCE_DIR=/opt/rustwide/workdir" "-e" "CARGO_TARGET_DIR=/opt/rustwide/target" "-e" "CARGO_INCREMENTAL=0" "-e" "RUST_BACKTRACE=full" "-e" "RUSTFLAGS=--cap-lints=warn" "-e" "CARGO_HOME=/opt/rustwide/cargo-home" "-e" "RUSTUP_HOME=/opt/rustwide/rustup-home" "-w" "/opt/rustwide/workdir" "-m" "1610612736" "--user" "0:0" "--network" "none" "ghcr.io/rust-lang/crates-build-env/linux@sha256:34b6a614d2c27851fe6cbf88fbd1137609cefab8b10d0615aaeb6fd47975d74e" "/opt/rustwide/cargo-home/bin/cargo" "+beta-2021-08-01" "build" "--frozen" "--message-format=json", kill_on_drop: false }`
[INFO] [stdout] 4bb59e904697aeb742132c35162798c9323a5fe55e23f1438a450407075c9b16
[INFO] running `Command { std: "docker" "start" "-a" "4bb59e904697aeb742132c35162798c9323a5fe55e23f1438a450407075c9b16", kill_on_drop: false }`
[INFO] [stderr]     Blocking waiting for file lock on package cache
[INFO] [stderr]    Compiling syn v1.0.74
[INFO] [stderr]    Compiling float-cmp v0.4.0
[INFO] [stderr]    Compiling serde_derive v1.0.127
[INFO] [stderr]    Compiling siege-math v0.5.1
[INFO] [stderr]    Compiling siege-color v0.4.0 (/opt/rustwide/workdir)
[INFO] [stderr]     Finished dev [unoptimized + debuginfo] target(s) in 12.73s
[INFO] running `Command { std: "docker" "inspect" "4bb59e904697aeb742132c35162798c9323a5fe55e23f1438a450407075c9b16", kill_on_drop: false }`
[INFO] running `Command { std: "docker" "rm" "-f" "4bb59e904697aeb742132c35162798c9323a5fe55e23f1438a450407075c9b16", kill_on_drop: false }`
[INFO] [stdout] 4bb59e904697aeb742132c35162798c9323a5fe55e23f1438a450407075c9b16
[INFO] running `Command { std: "docker" "create" "-v" "/var/lib/crater-agent-workspace/builds/worker-98/target:/opt/rustwide/target:rw,Z" "-v" "/var/lib/crater-agent-workspace/builds/worker-98/source:/opt/rustwide/workdir:ro,Z" "-v" "/var/lib/crater-agent-workspace/cargo-home:/opt/rustwide/cargo-home:ro,Z" "-v" "/var/lib/crater-agent-workspace/rustup-home:/opt/rustwide/rustup-home:ro,Z" "-e" "SOURCE_DIR=/opt/rustwide/workdir" "-e" "CARGO_TARGET_DIR=/opt/rustwide/target" "-e" "CARGO_INCREMENTAL=0" "-e" "RUST_BACKTRACE=full" "-e" "RUSTFLAGS=--cap-lints=warn" "-e" "CARGO_HOME=/opt/rustwide/cargo-home" "-e" "RUSTUP_HOME=/opt/rustwide/rustup-home" "-w" "/opt/rustwide/workdir" "-m" "1610612736" "--user" "0:0" "--network" "none" "ghcr.io/rust-lang/crates-build-env/linux@sha256:34b6a614d2c27851fe6cbf88fbd1137609cefab8b10d0615aaeb6fd47975d74e" "/opt/rustwide/cargo-home/bin/cargo" "+beta-2021-08-01" "test" "--frozen" "--no-run" "--message-format=json", kill_on_drop: false }`
[INFO] [stdout] ac175272173a35e03e6a009a647c579564f74bcc6098d44f2167466261d9a937
[INFO] running `Command { std: "docker" "start" "-a" "ac175272173a35e03e6a009a647c579564f74bcc6098d44f2167466261d9a937", kill_on_drop: false }`
[INFO] [stderr]    Compiling siege-color v0.4.0 (/opt/rustwide/workdir)
[INFO] [stdout] error[E0308]: mismatched types
[INFO] [stdout]    --> src/cie1931.rs:163:40
[INFO] [stdout]     |
[INFO] [stdout] 163 |         assert!( c1.v.approx_eq(&c3.v, 10, 10.0 * ::std::f32::EPSILON) );
[INFO] [stdout]     |                                        ^^
[INFO] [stdout]     |                                        |
[INFO] [stdout]     |                                        expected `f32`, found integer
[INFO] [stdout]     |                                        help: use a float literal: `10.0`
[INFO] [stdout] 
[INFO] [stdout] 
[INFO] [stdout] error[E0308]: mismatched types
[INFO] [stdout]    --> src/cie1931.rs:163:44
[INFO] [stdout]     |
[INFO] [stdout] 163 |         assert!( c1.v.approx_eq(&c3.v, 10, 10.0 * ::std::f32::EPSILON) );
[INFO] [stdout]     |                                            ^^^^^^^^^^^^^^^^^^^^^^^^^^ expected `i32`, found `f32`
[INFO] [stdout] 
[INFO] [stdout] 
[INFO] [stdout] error[E0308]: mismatched types
[INFO] [stdout]    --> src/srgb.rs:280:46
[INFO] [stdout]     |
[INFO] [stdout] 280 |         assert!(lsrgb.v.approx_eq(&lsrgb2.v, 10, 10.0 * ::std::f32::EPSILON));
[INFO] [stdout]     |                                              ^^
[INFO] [stdout]     |                                              |
[INFO] [stdout]     |                                              expected `f32`, found integer
[INFO] [stdout]     |                                              help: use a float literal: `10.0`
[INFO] [stdout] 
[INFO] [stdout] 
[INFO] [stdout] error[E0308]: mismatched types
[INFO] [stdout]    --> src/srgb.rs:280:50
[INFO] [stdout]     |
[INFO] [stdout] 280 |         assert!(lsrgb.v.approx_eq(&lsrgb2.v, 10, 10.0 * ::std::f32::EPSILON));
[INFO] [stdout]     |                                                  ^^^^^^^^^^^^^^^^^^^^^^^^^^ expected `i32`, found `f32`
[INFO] [stdout] 
[INFO] [stdout] 
[INFO] [stdout] error[E0308]: mismatched types
[INFO] [stdout]    --> src/srgb.rs:302:44
[INFO] [stdout]     |
[INFO] [stdout] 302 |         assert!(srgb.v.approx_eq(&srgb2.v, 10, 10.0 * ::std::f32::EPSILON));
[INFO] [stdout]     |                                            ^^
[INFO] [stdout]     |                                            |
[INFO] [stdout]     |                                            expected `f32`, found integer
[INFO] [stdout]     |                                            help: use a float literal: `10.0`
[INFO] [stdout] 
[INFO] [stdout] 
[INFO] [stdout] error[E0308]: mismatched types
[INFO] [stdout]    --> src/srgb.rs:302:48
[INFO] [stdout]     |
[INFO] [stdout] 302 |         assert!(srgb.v.approx_eq(&srgb2.v, 10, 10.0 * ::std::f32::EPSILON));
[INFO] [stdout]     |                                                ^^^^^^^^^^^^^^^^^^^^^^^^^^ expected `i32`, found `f32`
[INFO] [stdout] 
[INFO] [stdout] 
[INFO] [stdout] error[E0308]: mismatched types
[INFO] [stdout]    --> src/srgb.rs:312:13
[INFO] [stdout]     |
[INFO] [stdout] 312 |             10, 10.0 * ::std::f32::EPSILON));
[INFO] [stdout]     |             ^^
[INFO] [stdout]     |             |
[INFO] [stdout]     |             expected `f32`, found integer
[INFO] [stdout]     |             help: use a float literal: `10.0`
[INFO] [stdout] 
[INFO] [stdout] 
[INFO] [stdout] error[E0308]: mismatched types
[INFO] [stdout]    --> src/srgb.rs:312:17
[INFO] [stdout]     |
[INFO] [stdout] 312 |             10, 10.0 * ::std::f32::EPSILON));
[INFO] [stdout]     |                 ^^^^^^^^^^^^^^^^^^^^^^^^^^ expected `i32`, found `f32`
[INFO] [stdout] 
[INFO] [stdout] 
[INFO] [stdout] error[E0308]: mismatched types
[INFO] [stdout]    --> src/srgb.rs:317:37
[INFO] [stdout]     |
[INFO] [stdout] 317 | ...                   10,
[INFO] [stdout]     |                       ^^
[INFO] [stdout]     |                       |
[INFO] [stdout]     |                       expected `f32`, found integer
[INFO] [stdout]     |                       help: use a float literal: `10.0`
[INFO] [stdout] 
[INFO] [stdout] 
[INFO] [stdout] error[E0308]: mismatched types
[INFO] [stdout]    --> src/srgb.rs:318:37
[INFO] [stdout]     |
[INFO] [stdout] 318 | ...                   10.0 * ::std::f32::EPSILON));
[INFO] [stdout]     |                       ^^^^^^^^^^^^^^^^^^^^^^^^^^ expected `i32`, found `f32`
[INFO] [stdout] 
[INFO] [stdout] 
[INFO] [stdout] error: aborting due to 10 previous errors
[INFO] [stdout] 
[INFO] [stdout] 
[INFO] [stdout] For more information about this error, try `rustc --explain E0308`.
[INFO] [stdout] 
[INFO] [stderr] error: could not compile `siege-color` due to 11 previous errors
[INFO] running `Command { std: "docker" "inspect" "ac175272173a35e03e6a009a647c579564f74bcc6098d44f2167466261d9a937", kill_on_drop: false }`
[INFO] running `Command { std: "docker" "rm" "-f" "ac175272173a35e03e6a009a647c579564f74bcc6098d44f2167466261d9a937", kill_on_drop: false }`
[INFO] [stdout] ac175272173a35e03e6a009a647c579564f74bcc6098d44f2167466261d9a937
