[INFO] fetching crate sic_cli 0.11.0...
[INFO] testing sic_cli-0.11.0 against beta-2021-08-01 for beta-1.55-1
[INFO] extracting crate sic_cli 0.11.0 into /workspace/builds/worker-1/source
[INFO] validating manifest of crates.io crate sic_cli 0.11.0 on toolchain beta-2021-08-01
[INFO] running `Command { std: "/workspace/cargo-home/bin/cargo" "+beta-2021-08-01" "metadata" "--manifest-path" "Cargo.toml" "--no-deps", kill_on_drop: false }`
[INFO] started tweaking crates.io crate sic_cli 0.11.0
[INFO] finished tweaking crates.io crate sic_cli 0.11.0
[INFO] tweaked toml for crates.io crate sic_cli 0.11.0 written to /workspace/builds/worker-1/source/Cargo.toml
[INFO] running `Command { std: "/workspace/cargo-home/bin/cargo" "+beta-2021-08-01" "generate-lockfile" "--manifest-path" "Cargo.toml" "-Zno-index-update", kill_on_drop: false }`
[INFO] [stderr]     Blocking waiting for file lock on package cache
[INFO] running `Command { std: "/workspace/cargo-home/bin/cargo" "+beta-2021-08-01" "fetch" "--manifest-path" "Cargo.toml", kill_on_drop: false }`
[INFO] [stderr]     Blocking waiting for file lock on package cache
[INFO] [stderr]     Blocking waiting for file lock on package cache
[INFO] [stderr]  Downloading crates ...
[INFO] [stderr]   Downloaded parameterized v0.1.1
[INFO] [stderr]   Downloaded sic_cli_ops v0.11.0
[INFO] [stderr]   Downloaded sic_image_engine v0.11.0
[INFO] [stderr]   Downloaded sic_parser v0.11.0
[INFO] [stderr]   Downloaded parameterized-macro v0.1.1
[INFO] [stderr]   Downloaded sic_core v0.11.0
[INFO] [stderr]   Downloaded sic_testing v0.11.0
[INFO] [stderr]   Downloaded sic_io v0.11.0
[INFO] running `Command { std: "docker" "create" "-v" "/var/lib/crater-agent-workspace/builds/worker-1/target:/opt/rustwide/target:rw,Z" "-v" "/var/lib/crater-agent-workspace/builds/worker-1/source:/opt/rustwide/workdir:ro,Z" "-v" "/var/lib/crater-agent-workspace/cargo-home:/opt/rustwide/cargo-home:ro,Z" "-v" "/var/lib/crater-agent-workspace/rustup-home:/opt/rustwide/rustup-home:ro,Z" "-e" "SOURCE_DIR=/opt/rustwide/workdir" "-e" "CARGO_TARGET_DIR=/opt/rustwide/target" "-e" "CARGO_HOME=/opt/rustwide/cargo-home" "-e" "RUSTUP_HOME=/opt/rustwide/rustup-home" "-w" "/opt/rustwide/workdir" "-m" "1610612736" "--user" "0:0" "--network" "none" "ghcr.io/rust-lang/crates-build-env/linux@sha256:34b6a614d2c27851fe6cbf88fbd1137609cefab8b10d0615aaeb6fd47975d74e" "/opt/rustwide/cargo-home/bin/cargo" "+beta-2021-08-01" "metadata" "--no-deps" "--format-version=1", kill_on_drop: false }`
[INFO] [stdout] 07d8536c53dd6236734cc33a63afb8e849fdac3cea4741ed9b12e5d4b4915f5c
[INFO] running `Command { std: "docker" "start" "-a" "07d8536c53dd6236734cc33a63afb8e849fdac3cea4741ed9b12e5d4b4915f5c", kill_on_drop: false }`
[INFO] running `Command { std: "docker" "inspect" "07d8536c53dd6236734cc33a63afb8e849fdac3cea4741ed9b12e5d4b4915f5c", kill_on_drop: false }`
[INFO] running `Command { std: "docker" "rm" "-f" "07d8536c53dd6236734cc33a63afb8e849fdac3cea4741ed9b12e5d4b4915f5c", kill_on_drop: false }`
[INFO] [stdout] 07d8536c53dd6236734cc33a63afb8e849fdac3cea4741ed9b12e5d4b4915f5c
[INFO] running `Command { std: "docker" "create" "-v" "/var/lib/crater-agent-workspace/builds/worker-1/target:/opt/rustwide/target:rw,Z" "-v" "/var/lib/crater-agent-workspace/builds/worker-1/source:/opt/rustwide/workdir:ro,Z" "-v" "/var/lib/crater-agent-workspace/cargo-home:/opt/rustwide/cargo-home:ro,Z" "-v" "/var/lib/crater-agent-workspace/rustup-home:/opt/rustwide/rustup-home:ro,Z" "-e" "SOURCE_DIR=/opt/rustwide/workdir" "-e" "CARGO_TARGET_DIR=/opt/rustwide/target" "-e" "CARGO_INCREMENTAL=0" "-e" "RUST_BACKTRACE=full" "-e" "RUSTFLAGS=--cap-lints=warn" "-e" "CARGO_HOME=/opt/rustwide/cargo-home" "-e" "RUSTUP_HOME=/opt/rustwide/rustup-home" "-w" "/opt/rustwide/workdir" "-m" "1610612736" "--user" "0:0" "--network" "none" "ghcr.io/rust-lang/crates-build-env/linux@sha256:34b6a614d2c27851fe6cbf88fbd1137609cefab8b10d0615aaeb6fd47975d74e" "/opt/rustwide/cargo-home/bin/cargo" "+beta-2021-08-01" "build" "--frozen" "--message-format=json", kill_on_drop: false }`
[INFO] [stdout] fee5aa0fc3417c0b403a128a6dff3cfcb63abfda80d129fb90b39cf98bfbf389
[INFO] running `Command { std: "docker" "start" "-a" "fee5aa0fc3417c0b403a128a6dff3cfcb63abfda80d129fb90b39cf98bfbf389", kill_on_drop: false }`
[INFO] [stderr]     Blocking waiting for file lock on package cache
[INFO] [stderr]    Compiling crossbeam-utils v0.8.5
[INFO] [stderr]    Compiling crossbeam-epoch v0.9.5
[INFO] [stderr]    Compiling scopeguard v1.1.0
[INFO] [stderr]    Compiling rayon-core v1.9.1
[INFO] [stderr]    Compiling syn v1.0.74
[INFO] [stderr]    Compiling adler32 v1.2.0
[INFO] [stderr]    Compiling either v1.6.1
[INFO] [stderr]    Compiling crc32fast v1.2.1
[INFO] [stderr]    Compiling byteorder v1.4.3
[INFO] [stderr]    Compiling adler v1.0.2
[INFO] [stderr]    Compiling weezl v0.1.5
[INFO] [stderr]    Compiling color_quant v1.1.0
[INFO] [stderr]    Compiling ucd-trie v0.1.3
[INFO] [stderr]    Compiling bytemuck v1.7.2
[INFO] [stderr]    Compiling scoped_threadpool v0.1.9
[INFO] [stderr]    Compiling unicode-segmentation v1.8.0
[INFO] [stderr]    Compiling strum v0.18.0
[INFO] [stderr]    Compiling anyhow v1.0.42
[INFO] [stderr]    Compiling memoffset v0.6.4
[INFO] [stderr]    Compiling num-traits v0.2.14
[INFO] [stderr]    Compiling num-integer v0.1.44
[INFO] [stderr]    Compiling rayon v1.5.1
[INFO] [stderr]    Compiling miniz_oxide v0.4.4
[INFO] [stderr]    Compiling num-rational v0.3.2
[INFO] [stderr]    Compiling num-iter v0.1.42
[INFO] [stderr]    Compiling thread_local v1.1.3
[INFO] [stderr]    Compiling textwrap v0.11.0
[INFO] [stderr]    Compiling num_cpus v1.13.0
[INFO] [stderr]    Compiling bstr v0.2.16
[INFO] [stderr]    Compiling atty v0.2.14
[INFO] [stderr]    Compiling miniz_oxide v0.3.7
[INFO] [stderr]    Compiling inflate v0.4.5
[INFO] [stderr]    Compiling deflate v0.8.6
[INFO] [stderr]    Compiling pest v2.1.3
[INFO] [stderr]    Compiling globset v0.4.8
[INFO] [stderr]    Compiling gif v0.11.2
[INFO] [stderr]    Compiling clap v2.33.3
[INFO] [stderr]    Compiling heck v0.3.3
[INFO] [stderr]    Compiling png v0.16.8
[INFO] [stderr]    Compiling crossbeam-channel v0.5.1
[INFO] [stderr]    Compiling ignore v0.4.18
[INFO] [stderr]    Compiling pest_meta v2.1.3
[INFO] [stderr]    Compiling crossbeam-deque v0.8.1
[INFO] [stderr]    Compiling globwalk v0.8.1
[INFO] [stderr]    Compiling pest_generator v2.1.3
[INFO] [stderr]    Compiling jpeg-decoder v0.1.22
[INFO] [stderr]    Compiling tiff v0.6.1
[INFO] [stderr]    Compiling thiserror-impl v1.0.26
[INFO] [stderr]    Compiling strum_macros v0.18.0
[INFO] [stderr]    Compiling pest_derive v2.1.0
[INFO] [stderr]    Compiling image v0.23.14
[INFO] [stderr]    Compiling thiserror v1.0.26
[INFO] [stderr]    Compiling sic_core v0.11.0
[INFO] [stderr]    Compiling sic_io v0.11.0
[INFO] [stderr]    Compiling sic_image_engine v0.11.0
[INFO] [stderr]    Compiling sic_parser v0.11.0
[INFO] [stderr]    Compiling sic_cli_ops v0.11.0
[INFO] [stderr]    Compiling sic_cli v0.11.0 (/opt/rustwide/workdir)
[INFO] [stderr]     Finished dev [unoptimized + debuginfo] target(s) in 25.96s
[INFO] running `Command { std: "docker" "inspect" "fee5aa0fc3417c0b403a128a6dff3cfcb63abfda80d129fb90b39cf98bfbf389", kill_on_drop: false }`
[INFO] running `Command { std: "docker" "rm" "-f" "fee5aa0fc3417c0b403a128a6dff3cfcb63abfda80d129fb90b39cf98bfbf389", kill_on_drop: false }`
[INFO] [stdout] fee5aa0fc3417c0b403a128a6dff3cfcb63abfda80d129fb90b39cf98bfbf389
[INFO] running `Command { std: "docker" "create" "-v" "/var/lib/crater-agent-workspace/builds/worker-1/target:/opt/rustwide/target:rw,Z" "-v" "/var/lib/crater-agent-workspace/builds/worker-1/source:/opt/rustwide/workdir:ro,Z" "-v" "/var/lib/crater-agent-workspace/cargo-home:/opt/rustwide/cargo-home:ro,Z" "-v" "/var/lib/crater-agent-workspace/rustup-home:/opt/rustwide/rustup-home:ro,Z" "-e" "SOURCE_DIR=/opt/rustwide/workdir" "-e" "CARGO_TARGET_DIR=/opt/rustwide/target" "-e" "CARGO_INCREMENTAL=0" "-e" "RUST_BACKTRACE=full" "-e" "RUSTFLAGS=--cap-lints=warn" "-e" "CARGO_HOME=/opt/rustwide/cargo-home" "-e" "RUSTUP_HOME=/opt/rustwide/rustup-home" "-w" "/opt/rustwide/workdir" "-m" "1610612736" "--user" "0:0" "--network" "none" "ghcr.io/rust-lang/crates-build-env/linux@sha256:34b6a614d2c27851fe6cbf88fbd1137609cefab8b10d0615aaeb6fd47975d74e" "/opt/rustwide/cargo-home/bin/cargo" "+beta-2021-08-01" "test" "--frozen" "--no-run" "--message-format=json", kill_on_drop: false }`
[INFO] [stdout] ca788547b0e747f6fd42acb09db71911deee18a917d5f44bf0eaf6a0360c0170
[INFO] running `Command { std: "docker" "start" "-a" "ca788547b0e747f6fd42acb09db71911deee18a917d5f44bf0eaf6a0360c0170", kill_on_drop: false }`
[INFO] [stderr]    Compiling parameterized-macro v0.1.1
[INFO] [stdout] error[E0433]: failed to resolve: could not find `export` in `syn`
[INFO] [stdout]   --> /opt/rustwide/cargo-home/registry/src/github.com-1ecc6299db9ec823/parameterized-macro-0.1.1/src/lib.rs:11:10
[INFO] [stdout]    |
[INFO] [stdout] 11 | use syn::export::fmt::Display;
[INFO] [stdout]    |          ^^^^^^ could not find `export` in `syn`
[INFO] [stdout] 
[INFO] [stdout] 
[INFO] [stdout] error[E0432]: unresolved import `syn::export`
[INFO] [stdout]  --> /opt/rustwide/cargo-home/registry/src/github.com-1ecc6299db9ec823/parameterized-macro-0.1.1/src/attribute.rs:2:10
[INFO] [stdout]   |
[INFO] [stdout] 2 | use syn::export::Formatter;
[INFO] [stdout]   |          ^^^^^^ could not find `export` in `syn`
[INFO] [stdout] 
[INFO] [stdout] 
[INFO] [stdout] error[E0405]: cannot find trait `Display` in this scope
[INFO] [stdout]    --> /opt/rustwide/cargo-home/registry/src/github.com-1ecc6299db9ec823/parameterized-macro-0.1.1/src/lib.rs:182:37
[INFO] [stdout]     |
[INFO] [stdout] 182 | fn panic_on_inequal_length<K: Ord + Display, V>(map: impl IntoIterator<Item = (K, V)>) {
[INFO] [stdout]     |                                     ^^^^^^^ not found in this scope
[INFO] [stdout]     |
[INFO] [stdout] help: consider importing one of these items
[INFO] [stdout]     |
[INFO] [stdout] 5   | use core::fmt::Display;
[INFO] [stdout]     |
[INFO] [stdout] 5   | use std::fmt::Display;
[INFO] [stdout]     |
[INFO] [stdout] 5   | use syn::__private::fmt::Display;
[INFO] [stdout]     |
[INFO] [stdout] 
[INFO] [stdout] 
[INFO] [stdout] error: aborting due to 3 previous errors
[INFO] [stdout] 
[INFO] [stdout] 
[INFO] [stdout] Some errors have detailed explanations: E0405, E0432, E0433.
[INFO] [stdout] 
[INFO] [stdout] For more information about an error, try `rustc --explain E0405`.
[INFO] [stdout] 
[INFO] [stderr] error: could not compile `parameterized-macro` due to 4 previous errors
[INFO] running `Command { std: "docker" "inspect" "ca788547b0e747f6fd42acb09db71911deee18a917d5f44bf0eaf6a0360c0170", kill_on_drop: false }`
[INFO] running `Command { std: "docker" "rm" "-f" "ca788547b0e747f6fd42acb09db71911deee18a917d5f44bf0eaf6a0360c0170", kill_on_drop: false }`
[INFO] [stdout] ca788547b0e747f6fd42acb09db71911deee18a917d5f44bf0eaf6a0360c0170
