[INFO] fetching crate shiori3 0.4.2...
[INFO] testing shiori3-0.4.2 against 1.54.0 for beta-1.55-1
[INFO] extracting crate shiori3 0.4.2 into /workspace/builds/worker-14/source
[INFO] validating manifest of crates.io crate shiori3 0.4.2 on toolchain 1.54.0
[INFO] running `Command { std: "/workspace/cargo-home/bin/cargo" "+1.54.0" "metadata" "--manifest-path" "Cargo.toml" "--no-deps", kill_on_drop: false }`
[INFO] removed /workspace/builds/worker-14/source/.cargo/config
[INFO] started tweaking crates.io crate shiori3 0.4.2
[INFO] finished tweaking crates.io crate shiori3 0.4.2
[INFO] tweaked toml for crates.io crate shiori3 0.4.2 written to /workspace/builds/worker-14/source/Cargo.toml
[INFO] running `Command { std: "/workspace/cargo-home/bin/cargo" "+1.54.0" "generate-lockfile" "--manifest-path" "Cargo.toml" "-Zno-index-update", kill_on_drop: false }`
[INFO] [stderr]     Blocking waiting for file lock on package cache
[INFO] running `Command { std: "/workspace/cargo-home/bin/cargo" "+1.54.0" "fetch" "--manifest-path" "Cargo.toml", kill_on_drop: false }`
[INFO] [stderr]     Blocking waiting for file lock on package cache
[INFO] [stderr]     Blocking waiting for file lock on package cache
[INFO] running `Command { std: "docker" "create" "-v" "/var/lib/crater-agent-workspace/builds/worker-14/target:/opt/rustwide/target:rw,Z" "-v" "/var/lib/crater-agent-workspace/builds/worker-14/source:/opt/rustwide/workdir:ro,Z" "-v" "/var/lib/crater-agent-workspace/cargo-home:/opt/rustwide/cargo-home:ro,Z" "-v" "/var/lib/crater-agent-workspace/rustup-home:/opt/rustwide/rustup-home:ro,Z" "-e" "SOURCE_DIR=/opt/rustwide/workdir" "-e" "CARGO_TARGET_DIR=/opt/rustwide/target" "-e" "CARGO_HOME=/opt/rustwide/cargo-home" "-e" "RUSTUP_HOME=/opt/rustwide/rustup-home" "-w" "/opt/rustwide/workdir" "-m" "1610612736" "--user" "0:0" "--network" "none" "ghcr.io/rust-lang/crates-build-env/linux@sha256:34b6a614d2c27851fe6cbf88fbd1137609cefab8b10d0615aaeb6fd47975d74e" "/opt/rustwide/cargo-home/bin/cargo" "+1.54.0" "metadata" "--no-deps" "--format-version=1", kill_on_drop: false }`
[INFO] [stdout] e20c5db61a8896840182846534ed98c6d7c3bcd5cb98ea18e66183f7d492a55f
[INFO] running `Command { std: "docker" "start" "-a" "e20c5db61a8896840182846534ed98c6d7c3bcd5cb98ea18e66183f7d492a55f", kill_on_drop: false }`
[INFO] running `Command { std: "docker" "inspect" "e20c5db61a8896840182846534ed98c6d7c3bcd5cb98ea18e66183f7d492a55f", kill_on_drop: false }`
[INFO] running `Command { std: "docker" "rm" "-f" "e20c5db61a8896840182846534ed98c6d7c3bcd5cb98ea18e66183f7d492a55f", kill_on_drop: false }`
[INFO] [stdout] e20c5db61a8896840182846534ed98c6d7c3bcd5cb98ea18e66183f7d492a55f
[INFO] running `Command { std: "docker" "create" "-v" "/var/lib/crater-agent-workspace/builds/worker-14/target:/opt/rustwide/target:rw,Z" "-v" "/var/lib/crater-agent-workspace/builds/worker-14/source:/opt/rustwide/workdir:ro,Z" "-v" "/var/lib/crater-agent-workspace/cargo-home:/opt/rustwide/cargo-home:ro,Z" "-v" "/var/lib/crater-agent-workspace/rustup-home:/opt/rustwide/rustup-home:ro,Z" "-e" "SOURCE_DIR=/opt/rustwide/workdir" "-e" "CARGO_TARGET_DIR=/opt/rustwide/target" "-e" "CARGO_INCREMENTAL=0" "-e" "RUST_BACKTRACE=full" "-e" "RUSTFLAGS=--cap-lints=warn" "-e" "CARGO_HOME=/opt/rustwide/cargo-home" "-e" "RUSTUP_HOME=/opt/rustwide/rustup-home" "-w" "/opt/rustwide/workdir" "-m" "1610612736" "--user" "0:0" "--network" "none" "ghcr.io/rust-lang/crates-build-env/linux@sha256:34b6a614d2c27851fe6cbf88fbd1137609cefab8b10d0615aaeb6fd47975d74e" "/opt/rustwide/cargo-home/bin/cargo" "+1.54.0" "build" "--frozen" "--message-format=json", kill_on_drop: false }`
[INFO] [stdout] 57714ca8be79bf7b0978c0e9c3cfa5dc5fbfc33f952fb3330693c3f7d4267db7
[INFO] running `Command { std: "docker" "start" "-a" "57714ca8be79bf7b0978c0e9c3cfa5dc5fbfc33f952fb3330693c3f7d4267db7", kill_on_drop: false }`
[INFO] [stderr]    Compiling syn v1.0.74
[INFO] [stderr]    Compiling libc v0.2.98
[INFO] [stderr]    Compiling gimli v0.25.0
[INFO] [stderr]    Compiling failure_derive v0.1.8
[INFO] [stderr]    Compiling maplit v1.0.2
[INFO] [stderr]    Compiling log v0.4.14
[INFO] [stderr]    Compiling miniz_oxide v0.4.4
[INFO] [stderr]    Compiling backtrace v0.3.61
[INFO] [stderr]    Compiling object v0.26.0
[INFO] [stderr]    Compiling pest_meta v2.1.3
[INFO] [stderr]    Compiling addr2line v0.16.0
[INFO] [stderr]    Compiling synstructure v0.12.5
[INFO] [stderr]    Compiling pest_generator v2.1.3
[INFO] [stderr]    Compiling pest_derive v2.1.0
[INFO] [stderr]    Compiling failure v0.1.8
[INFO] [stderr]    Compiling shiori3 v0.4.2 (/opt/rustwide/workdir)
[INFO] [stdout] error[E0433]: failed to resolve: could not find `hglobal` in the crate root
[INFO] [stdout]   --> src/lib.rs:12:16
[INFO] [stdout]    |
[INFO] [stdout] 12 | pub use crate::hglobal::enc::Encoder;
[INFO] [stdout]    |                ^^^^^^^ could not find `hglobal` in the crate root
[INFO] [stdout] 
[INFO] [stdout] 
[INFO] [stdout] error[E0433]: failed to resolve: could not find `hglobal` in the crate root
[INFO] [stdout]   --> src/lib.rs:13:16
[INFO] [stdout]    |
[INFO] [stdout] 13 | pub use crate::hglobal::enc::Encoding;
[INFO] [stdout]    |                ^^^^^^^ could not find `hglobal` in the crate root
[INFO] [stdout] 
[INFO] [stdout] 
[INFO] [stdout] error[E0433]: failed to resolve: use of undeclared crate or module `winapi`
[INFO] [stdout]  --> src/api.rs:9:5
[INFO] [stdout]   |
[INFO] [stdout] 9 | use winapi::shared::minwindef::{DWORD, HGLOBAL, LPVOID};
[INFO] [stdout]   |     ^^^^^^ use of undeclared crate or module `winapi`
[INFO] [stdout] 
[INFO] [stdout] 
[INFO] [stdout] error[E0432]: unresolved import `crate::hglobal`
[INFO] [stdout]  --> src/api.rs:2:12
[INFO] [stdout]   |
[INFO] [stdout] 2 | use crate::hglobal::GStr;
[INFO] [stdout]   |            ^^^^^^^ could not find `hglobal` in the crate root
[INFO] [stdout] 
[INFO] [stdout] 
[INFO] [stdout] error[E0412]: cannot find type `DWORD` in this scope
[INFO] [stdout]   --> src/api.rs:61:27
[INFO] [stdout]    |
[INFO] [stdout] 61 | const DLL_PROCESS_DETACH: DWORD = 0;
[INFO] [stdout]    |                           ^^^^^ not found in this scope
[INFO] [stdout] 
[INFO] [stdout] 
[INFO] [stdout] error[E0412]: cannot find type `DWORD` in this scope
[INFO] [stdout]   --> src/api.rs:63:27
[INFO] [stdout]    |
[INFO] [stdout] 63 | const DLL_PROCESS_ATTACH: DWORD = 1;
[INFO] [stdout]    |                           ^^^^^ not found in this scope
[INFO] [stdout] 
[INFO] [stdout] 
[INFO] [stdout] error[E0412]: cannot find type `DWORD` in this scope
[INFO] [stdout]   --> src/api.rs:65:26
[INFO] [stdout]    |
[INFO] [stdout] 65 | const DLL_THREAD_ATTACH: DWORD = 2;
[INFO] [stdout]    |                          ^^^^^ not found in this scope
[INFO] [stdout] 
[INFO] [stdout] 
[INFO] [stdout] error[E0412]: cannot find type `DWORD` in this scope
[INFO] [stdout]   --> src/api.rs:67:26
[INFO] [stdout]    |
[INFO] [stdout] 67 | const DLL_THREAD_DETACH: DWORD = 3;
[INFO] [stdout]    |                          ^^^^^ not found in this scope
[INFO] [stdout] 
[INFO] [stdout] 
[INFO] [stdout] error[E0412]: cannot find type `DWORD` in this scope
[INFO] [stdout]   --> src/api.rs:75:29
[INFO] [stdout]    |
[INFO] [stdout] 75 |         ul_reason_for_call: DWORD,
[INFO] [stdout]    |                             ^^^^^ not found in this scope
[INFO] [stdout] 
[INFO] [stdout] 
[INFO] [stdout] error[E0412]: cannot find type `LPVOID` in this scope
[INFO] [stdout]   --> src/api.rs:76:23
[INFO] [stdout]    |
[INFO] [stdout] 76 |         _lp_reserved: LPVOID,
[INFO] [stdout]    |                       ^^^^^^ not found in this scope
[INFO] [stdout] 
[INFO] [stdout] 
[INFO] [stdout] error[E0412]: cannot find type `HGLOBAL` in this scope
[INFO] [stdout]   --> src/api.rs:97:38
[INFO] [stdout]    |
[INFO] [stdout] 97 |     pub fn raw_load(&mut self, hdir: HGLOBAL, len: usize) -> bool {
[INFO] [stdout]    |                                      ^^^^^^^ not found in this scope
[INFO] [stdout] 
[INFO] [stdout] 
[INFO] [stdout] error[E0412]: cannot find type `HGLOBAL` in this scope
[INFO] [stdout]    --> src/api.rs:107:39
[INFO] [stdout]     |
[INFO] [stdout] 107 |     fn raw_load_impl(&mut self, hdir: HGLOBAL, len: usize) -> Result<(), failure::Error> {
[INFO] [stdout]     |                                       ^^^^^^^ not found in this scope
[INFO] [stdout] 
[INFO] [stdout] 
[INFO] [stdout] error[E0412]: cannot find type `HGLOBAL` in this scope
[INFO] [stdout]    --> src/api.rs:118:41
[INFO] [stdout]     |
[INFO] [stdout] 118 |     pub fn raw_request(&mut self, hreq: HGLOBAL, len: &mut usize) -> HGLOBAL {
[INFO] [stdout]     |                                         ^^^^^^^ not found in this scope
[INFO] [stdout] 
[INFO] [stdout] 
[INFO] [stdout] error[E0412]: cannot find type `HGLOBAL` in this scope
[INFO] [stdout]    --> src/api.rs:118:70
[INFO] [stdout]     |
[INFO] [stdout] 118 |     pub fn raw_request(&mut self, hreq: HGLOBAL, len: &mut usize) -> HGLOBAL {
[INFO] [stdout]     |                                                                      ^^^^^^^ not found in this scope
[INFO] [stdout] 
[INFO] [stdout] 
[INFO] [stdout] error[E0412]: cannot find type `HGLOBAL` in this scope
[INFO] [stdout]    --> src/api.rs:133:15
[INFO] [stdout]     |
[INFO] [stdout] 133 |         hreq: HGLOBAL,
[INFO] [stdout]     |               ^^^^^^^ not found in this scope
[INFO] [stdout] 
[INFO] [stdout] 
[INFO] [stdout] error[E0412]: cannot find type `HGLOBAL` in this scope
[INFO] [stdout]    --> src/api.rs:135:18
[INFO] [stdout]     |
[INFO] [stdout] 69  | impl<T: Shiori3> RawShiori3<T> {
[INFO] [stdout]     |                - help: you might be missing a type parameter: `, HGLOBAL`
[INFO] [stdout] ...
[INFO] [stdout] 135 |     ) -> Result<(HGLOBAL, usize), failure::Error> {
[INFO] [stdout]     |                  ^^^^^^^ not found in this scope
[INFO] [stdout] 
[INFO] [stdout] 
[INFO] [stdout] error: aborting due to 16 previous errors
[INFO] [stdout] 
[INFO] [stdout] 
[INFO] [stdout] Some errors have detailed explanations: E0412, E0432, E0433.
[INFO] [stdout] 
[INFO] [stdout] For more information about an error, try `rustc --explain E0412`.
[INFO] [stdout] 
[INFO] [stderr] error: could not compile `shiori3`
[INFO] [stderr] 
[INFO] [stderr] To learn more, run the command again with --verbose.
[INFO] running `Command { std: "docker" "inspect" "57714ca8be79bf7b0978c0e9c3cfa5dc5fbfc33f952fb3330693c3f7d4267db7", kill_on_drop: false }`
[INFO] running `Command { std: "docker" "rm" "-f" "57714ca8be79bf7b0978c0e9c3cfa5dc5fbfc33f952fb3330693c3f7d4267db7", kill_on_drop: false }`
[INFO] [stdout] 57714ca8be79bf7b0978c0e9c3cfa5dc5fbfc33f952fb3330693c3f7d4267db7
