[INFO] fetching crate sgx_tstd 1.1.1...
[INFO] testing sgx_tstd-1.1.1 against 1.54.0 for beta-1.55-1
[INFO] extracting crate sgx_tstd 1.1.1 into /workspace/builds/worker-10/source
[INFO] validating manifest of crates.io crate sgx_tstd 1.1.1 on toolchain 1.54.0
[INFO] running `Command { std: "/workspace/cargo-home/bin/cargo" "+1.54.0" "metadata" "--manifest-path" "Cargo.toml" "--no-deps", kill_on_drop: false }`
[INFO] started tweaking crates.io crate sgx_tstd 1.1.1
[INFO] finished tweaking crates.io crate sgx_tstd 1.1.1
[INFO] tweaked toml for crates.io crate sgx_tstd 1.1.1 written to /workspace/builds/worker-10/source/Cargo.toml
[INFO] running `Command { std: "/workspace/cargo-home/bin/cargo" "+1.54.0" "generate-lockfile" "--manifest-path" "Cargo.toml" "-Zno-index-update", kill_on_drop: false }`
[INFO] running `Command { std: "/workspace/cargo-home/bin/cargo" "+1.54.0" "fetch" "--manifest-path" "Cargo.toml", kill_on_drop: false }`
[INFO] running `Command { std: "docker" "create" "-v" "/var/lib/crater-agent-workspace/builds/worker-10/target:/opt/rustwide/target:rw,Z" "-v" "/var/lib/crater-agent-workspace/builds/worker-10/source:/opt/rustwide/workdir:ro,Z" "-v" "/var/lib/crater-agent-workspace/cargo-home:/opt/rustwide/cargo-home:ro,Z" "-v" "/var/lib/crater-agent-workspace/rustup-home:/opt/rustwide/rustup-home:ro,Z" "-e" "SOURCE_DIR=/opt/rustwide/workdir" "-e" "CARGO_TARGET_DIR=/opt/rustwide/target" "-e" "CARGO_HOME=/opt/rustwide/cargo-home" "-e" "RUSTUP_HOME=/opt/rustwide/rustup-home" "-w" "/opt/rustwide/workdir" "-m" "1610612736" "--user" "0:0" "--network" "none" "ghcr.io/rust-lang/crates-build-env/linux@sha256:34b6a614d2c27851fe6cbf88fbd1137609cefab8b10d0615aaeb6fd47975d74e" "/opt/rustwide/cargo-home/bin/cargo" "+1.54.0" "metadata" "--no-deps" "--format-version=1", kill_on_drop: false }`
[INFO] [stdout] 182fe6811f55f66156cbbefe66f9b0aac184adfa7901ba2be1566966d92d433e
[INFO] [stderr] WARNING: Your kernel does not support swap limit capabilities or the cgroup is not mounted. Memory limited without swap.
[INFO] running `Command { std: "docker" "start" "-a" "182fe6811f55f66156cbbefe66f9b0aac184adfa7901ba2be1566966d92d433e", kill_on_drop: false }`
[INFO] running `Command { std: "docker" "inspect" "182fe6811f55f66156cbbefe66f9b0aac184adfa7901ba2be1566966d92d433e", kill_on_drop: false }`
[INFO] running `Command { std: "docker" "rm" "-f" "182fe6811f55f66156cbbefe66f9b0aac184adfa7901ba2be1566966d92d433e", kill_on_drop: false }`
[INFO] [stdout] 182fe6811f55f66156cbbefe66f9b0aac184adfa7901ba2be1566966d92d433e
[INFO] running `Command { std: "docker" "create" "-v" "/var/lib/crater-agent-workspace/builds/worker-10/target:/opt/rustwide/target:rw,Z" "-v" "/var/lib/crater-agent-workspace/builds/worker-10/source:/opt/rustwide/workdir:ro,Z" "-v" "/var/lib/crater-agent-workspace/cargo-home:/opt/rustwide/cargo-home:ro,Z" "-v" "/var/lib/crater-agent-workspace/rustup-home:/opt/rustwide/rustup-home:ro,Z" "-e" "SOURCE_DIR=/opt/rustwide/workdir" "-e" "CARGO_TARGET_DIR=/opt/rustwide/target" "-e" "CARGO_INCREMENTAL=0" "-e" "RUST_BACKTRACE=full" "-e" "RUSTFLAGS=--cap-lints=warn" "-e" "CARGO_HOME=/opt/rustwide/cargo-home" "-e" "RUSTUP_HOME=/opt/rustwide/rustup-home" "-w" "/opt/rustwide/workdir" "-m" "1610612736" "--user" "0:0" "--network" "none" "ghcr.io/rust-lang/crates-build-env/linux@sha256:34b6a614d2c27851fe6cbf88fbd1137609cefab8b10d0615aaeb6fd47975d74e" "/opt/rustwide/cargo-home/bin/cargo" "+1.54.0" "build" "--frozen" "--message-format=json", kill_on_drop: false }`
[INFO] [stderr] WARNING: Your kernel does not support swap limit capabilities or the cgroup is not mounted. Memory limited without swap.
[INFO] [stdout] 72e6a105492be3df28305d16d50e6441d1222bca94f3580c3b464a3af15dde94
[INFO] running `Command { std: "docker" "start" "-a" "72e6a105492be3df28305d16d50e6441d1222bca94f3580c3b464a3af15dde94", kill_on_drop: false }`
[INFO] [stderr]    Compiling sgx_build_helper v0.1.3
[INFO] [stderr]    Compiling sgx_types v1.1.1
[INFO] [stderr]    Compiling sgx_tstd v1.1.1 (/opt/rustwide/workdir)
[INFO] [stderr]    Compiling sgx_alloc v1.1.1
[INFO] [stderr]    Compiling sgx_demangle v1.1.1
[INFO] [stderr]    Compiling hashbrown_tstd v0.7.1
[INFO] [stdout] error[E0432]: unresolved imports `core::alloc::AllocRef`, `core::alloc::AllocErr`
[INFO] [stdout]   --> /opt/rustwide/cargo-home/registry/src/github.com-1ecc6299db9ec823/sgx_alloc-1.1.1/src/system.rs:25:32
[INFO] [stdout]    |
[INFO] [stdout] 25 | use core::alloc::{GlobalAlloc, AllocRef, AllocErr, Layout};
[INFO] [stdout]    |                                ^^^^^^^^  ^^^^^^^^
[INFO] [stdout]    |                                |         |
[INFO] [stdout]    |                                |         no `AllocErr` in `alloc`
[INFO] [stdout]    |                                |         help: a similar name exists in the module: `AllocError`
[INFO] [stdout]    |                                no `AllocRef` in `alloc`
[INFO] [stdout] 
[INFO] [stdout] 
[INFO] [stdout] error[E0554]: `#![feature]` may not be used on the stable release channel
[INFO] [stdout]   --> /opt/rustwide/cargo-home/registry/src/github.com-1ecc6299db9ec823/sgx_alloc-1.1.1/src/lib.rs:31:1
[INFO] [stdout]    |
[INFO] [stdout] 31 | #![feature(alloc_layout_extra)]
[INFO] [stdout]    | ^^^^^^^^^^^^^^^^^^^^^^^^^^^^^^^
[INFO] [stdout] 
[INFO] [stdout] 
[INFO] [stdout] error[E0554]: `#![feature]` may not be used on the stable release channel
[INFO] [stdout]   --> /opt/rustwide/cargo-home/registry/src/github.com-1ecc6299db9ec823/sgx_alloc-1.1.1/src/lib.rs:32:1
[INFO] [stdout]    |
[INFO] [stdout] 32 | #![feature(ptr_internals)]
[INFO] [stdout]    | ^^^^^^^^^^^^^^^^^^^^^^^^^^
[INFO] [stdout] 
[INFO] [stdout] 
[INFO] [stdout] error[E0554]: `#![feature]` may not be used on the stable release channel
[INFO] [stdout]   --> /opt/rustwide/cargo-home/registry/src/github.com-1ecc6299db9ec823/sgx_alloc-1.1.1/src/lib.rs:33:1
[INFO] [stdout]    |
[INFO] [stdout] 33 | #![feature(dropck_eyepatch)]
[INFO] [stdout]    | ^^^^^^^^^^^^^^^^^^^^^^^^^^^^
[INFO] [stdout] 
[INFO] [stdout] 
[INFO] [stdout] error[E0554]: `#![feature]` may not be used on the stable release channel
[INFO] [stdout]   --> /opt/rustwide/cargo-home/registry/src/github.com-1ecc6299db9ec823/sgx_alloc-1.1.1/src/lib.rs:34:1
[INFO] [stdout]    |
[INFO] [stdout] 34 | #![feature(allocator_api)]
[INFO] [stdout]    | ^^^^^^^^^^^^^^^^^^^^^^^^^^
[INFO] [stdout] 
[INFO] [stdout] 
[INFO] [stdout] error: aborting due to 5 previous errors
[INFO] [stdout] 
[INFO] [stdout] 
[INFO] [stdout] Some errors have detailed explanations: E0432, E0554.
[INFO] [stdout] 
[INFO] [stdout] For more information about an error, try `rustc --explain E0432`.
[INFO] [stdout] 
[INFO] [stderr] error: could not compile `sgx_alloc`
[INFO] [stderr] 
[INFO] [stderr] To learn more, run the command again with --verbose.
[INFO] [stderr] warning: build failed, waiting for other jobs to finish...
[INFO] [stderr] error: build failed
[INFO] running `Command { std: "docker" "inspect" "72e6a105492be3df28305d16d50e6441d1222bca94f3580c3b464a3af15dde94", kill_on_drop: false }`
[INFO] running `Command { std: "docker" "rm" "-f" "72e6a105492be3df28305d16d50e6441d1222bca94f3580c3b464a3af15dde94", kill_on_drop: false }`
[INFO] [stdout] 72e6a105492be3df28305d16d50e6441d1222bca94f3580c3b464a3af15dde94
