[INFO] fetching crate sgx_tseal 1.1.1...
[INFO] testing sgx_tseal-1.1.1 against beta-2021-08-01 for beta-1.55-1
[INFO] extracting crate sgx_tseal 1.1.1 into /workspace/builds/worker-11/source
[INFO] validating manifest of crates.io crate sgx_tseal 1.1.1 on toolchain beta-2021-08-01
[INFO] running `Command { std: "/workspace/cargo-home/bin/cargo" "+beta-2021-08-01" "metadata" "--manifest-path" "Cargo.toml" "--no-deps", kill_on_drop: false }`
[INFO] started tweaking crates.io crate sgx_tseal 1.1.1
[INFO] finished tweaking crates.io crate sgx_tseal 1.1.1
[INFO] tweaked toml for crates.io crate sgx_tseal 1.1.1 written to /workspace/builds/worker-11/source/Cargo.toml
[INFO] running `Command { std: "/workspace/cargo-home/bin/cargo" "+beta-2021-08-01" "generate-lockfile" "--manifest-path" "Cargo.toml" "-Zno-index-update", kill_on_drop: false }`
[INFO] running `Command { std: "/workspace/cargo-home/bin/cargo" "+beta-2021-08-01" "fetch" "--manifest-path" "Cargo.toml", kill_on_drop: false }`
[INFO] [stderr]     Blocking waiting for file lock on package cache
[INFO] running `Command { std: "docker" "create" "-v" "/var/lib/crater-agent-workspace/builds/worker-11/target:/opt/rustwide/target:rw,Z" "-v" "/var/lib/crater-agent-workspace/builds/worker-11/source:/opt/rustwide/workdir:ro,Z" "-v" "/var/lib/crater-agent-workspace/cargo-home:/opt/rustwide/cargo-home:ro,Z" "-v" "/var/lib/crater-agent-workspace/rustup-home:/opt/rustwide/rustup-home:ro,Z" "-e" "SOURCE_DIR=/opt/rustwide/workdir" "-e" "CARGO_TARGET_DIR=/opt/rustwide/target" "-e" "CARGO_HOME=/opt/rustwide/cargo-home" "-e" "RUSTUP_HOME=/opt/rustwide/rustup-home" "-w" "/opt/rustwide/workdir" "-m" "1610612736" "--user" "0:0" "--network" "none" "ghcr.io/rust-lang/crates-build-env/linux@sha256:34b6a614d2c27851fe6cbf88fbd1137609cefab8b10d0615aaeb6fd47975d74e" "/opt/rustwide/cargo-home/bin/cargo" "+beta-2021-08-01" "metadata" "--no-deps" "--format-version=1", kill_on_drop: false }`
[INFO] [stdout] 02ee185c783f03eb1cdbea5a8fb448c46d0c530a6b4ab1708f47b6f8b83112a9
[INFO] [stderr] WARNING: Your kernel does not support swap limit capabilities or the cgroup is not mounted. Memory limited without swap.
[INFO] running `Command { std: "docker" "start" "-a" "02ee185c783f03eb1cdbea5a8fb448c46d0c530a6b4ab1708f47b6f8b83112a9", kill_on_drop: false }`
[INFO] running `Command { std: "docker" "inspect" "02ee185c783f03eb1cdbea5a8fb448c46d0c530a6b4ab1708f47b6f8b83112a9", kill_on_drop: false }`
[INFO] running `Command { std: "docker" "rm" "-f" "02ee185c783f03eb1cdbea5a8fb448c46d0c530a6b4ab1708f47b6f8b83112a9", kill_on_drop: false }`
[INFO] [stdout] 02ee185c783f03eb1cdbea5a8fb448c46d0c530a6b4ab1708f47b6f8b83112a9
[INFO] running `Command { std: "docker" "create" "-v" "/var/lib/crater-agent-workspace/builds/worker-11/target:/opt/rustwide/target:rw,Z" "-v" "/var/lib/crater-agent-workspace/builds/worker-11/source:/opt/rustwide/workdir:ro,Z" "-v" "/var/lib/crater-agent-workspace/cargo-home:/opt/rustwide/cargo-home:ro,Z" "-v" "/var/lib/crater-agent-workspace/rustup-home:/opt/rustwide/rustup-home:ro,Z" "-e" "SOURCE_DIR=/opt/rustwide/workdir" "-e" "CARGO_TARGET_DIR=/opt/rustwide/target" "-e" "CARGO_INCREMENTAL=0" "-e" "RUST_BACKTRACE=full" "-e" "RUSTFLAGS=--cap-lints=warn" "-e" "CARGO_HOME=/opt/rustwide/cargo-home" "-e" "RUSTUP_HOME=/opt/rustwide/rustup-home" "-w" "/opt/rustwide/workdir" "-m" "1610612736" "--user" "0:0" "--network" "none" "ghcr.io/rust-lang/crates-build-env/linux@sha256:34b6a614d2c27851fe6cbf88fbd1137609cefab8b10d0615aaeb6fd47975d74e" "/opt/rustwide/cargo-home/bin/cargo" "+beta-2021-08-01" "build" "--frozen" "--message-format=json", kill_on_drop: false }`
[INFO] [stdout] 6936b6a4cb19f9e78766e6c7484c34f2ba73bbfb170ef79fa4f1430d45294df5
[INFO] [stderr] WARNING: Your kernel does not support swap limit capabilities or the cgroup is not mounted. Memory limited without swap.
[INFO] running `Command { std: "docker" "start" "-a" "6936b6a4cb19f9e78766e6c7484c34f2ba73bbfb170ef79fa4f1430d45294df5", kill_on_drop: false }`
[INFO] [stderr]    Compiling sgx_libc v1.1.1
[INFO] [stderr]    Compiling sgx_tse v1.1.1
[INFO] [stderr]    Compiling sgx_tcrypto v1.1.1
[INFO] [stderr]    Compiling sgx_trts v1.1.1
[INFO] [stdout] error[E0432]: unresolved import `core::alloc::AllocErr`
[INFO] [stdout]   --> /opt/rustwide/cargo-home/registry/src/github.com-1ecc6299db9ec823/sgx_trts-1.1.1/src/oom.rs:21:5
[INFO] [stdout]    |
[INFO] [stdout] 21 | use core::alloc::AllocErr;
[INFO] [stdout]    |     ^^^^^^^^^^^^^--------
[INFO] [stdout]    |     |            |
[INFO] [stdout]    |     |            help: a similar name exists in the module: `AllocError`
[INFO] [stdout]    |     no `AllocErr` in `alloc`
[INFO] [stdout] 
[INFO] [stdout] 
[INFO] [stdout] error[E0554]: `#![feature]` may not be used on the beta release channel
[INFO] [stdout]   --> /opt/rustwide/cargo-home/registry/src/github.com-1ecc6299db9ec823/sgx_trts-1.1.1/src/lib.rs:69:1
[INFO] [stdout]    |
[INFO] [stdout] 69 | #![feature(allocator_api)]
[INFO] [stdout]    | ^^^^^^^^^^^^^^^^^^^^^^^^^^
[INFO] [stdout] 
[INFO] [stdout] 
[INFO] [stdout] error[E0554]: `#![feature]` may not be used on the beta release channel
[INFO] [stdout]   --> /opt/rustwide/cargo-home/registry/src/github.com-1ecc6299db9ec823/sgx_trts-1.1.1/src/lib.rs:70:1
[INFO] [stdout]    |
[INFO] [stdout] 70 | #![feature(asm)]
[INFO] [stdout]    | ^^^^^^^^^^^^^^^^
[INFO] [stdout] 
[INFO] [stdout] 
[INFO] [stdout] error[E0554]: `#![feature]` may not be used on the beta release channel
[INFO] [stdout]   --> /opt/rustwide/cargo-home/registry/src/github.com-1ecc6299db9ec823/sgx_trts-1.1.1/src/lib.rs:72:1
[INFO] [stdout]    |
[INFO] [stdout] 72 | #![feature(const_raw_ptr_deref)]
[INFO] [stdout]    | ^^^^^^^^^^^^^^^^^^^^^^^^^^^^^^^^
[INFO] [stdout] 
[INFO] [stdout] 
[INFO] [stdout] error: aborting due to 4 previous errors
[INFO] [stdout] 
[INFO] [stdout] 
[INFO] [stdout] Some errors have detailed explanations: E0432, E0554.
[INFO] [stdout] 
[INFO] [stdout] For more information about an error, try `rustc --explain E0432`.
[INFO] [stdout] 
[INFO] [stderr] error: could not compile `sgx_trts` due to 5 previous errors
[INFO] running `Command { std: "docker" "inspect" "6936b6a4cb19f9e78766e6c7484c34f2ba73bbfb170ef79fa4f1430d45294df5", kill_on_drop: false }`
[INFO] running `Command { std: "docker" "rm" "-f" "6936b6a4cb19f9e78766e6c7484c34f2ba73bbfb170ef79fa4f1430d45294df5", kill_on_drop: false }`
[INFO] [stdout] 6936b6a4cb19f9e78766e6c7484c34f2ba73bbfb170ef79fa4f1430d45294df5
