[INFO] fetching crate serde_traitobject 0.2.7...
[INFO] testing serde_traitobject-0.2.7 against beta-2021-08-01 for beta-1.55-1
[INFO] extracting crate serde_traitobject 0.2.7 into /workspace/builds/worker-14/source
[INFO] validating manifest of crates.io crate serde_traitobject 0.2.7 on toolchain beta-2021-08-01
[INFO] running `Command { std: "/workspace/cargo-home/bin/cargo" "+beta-2021-08-01" "metadata" "--manifest-path" "Cargo.toml" "--no-deps", kill_on_drop: false }`
[INFO] started tweaking crates.io crate serde_traitobject 0.2.7
[INFO] removed 0 missing tests
[INFO] finished tweaking crates.io crate serde_traitobject 0.2.7
[INFO] tweaked toml for crates.io crate serde_traitobject 0.2.7 written to /workspace/builds/worker-14/source/Cargo.toml
[INFO] running `Command { std: "/workspace/cargo-home/bin/cargo" "+beta-2021-08-01" "generate-lockfile" "--manifest-path" "Cargo.toml" "-Zno-index-update", kill_on_drop: false }`
[INFO] running `Command { std: "/workspace/cargo-home/bin/cargo" "+beta-2021-08-01" "fetch" "--manifest-path" "Cargo.toml", kill_on_drop: false }`
[INFO] [stderr]  Downloading crates ...
[INFO] [stderr]   Downloaded palaver v0.2.8
[INFO] [stderr]   Downloaded metatype v0.2.1
[INFO] [stderr]   Downloaded serde_closure v0.3.2
[INFO] [stderr]   Downloaded relative v0.2.2
[INFO] [stderr]   Downloaded serde_closure_derive v0.3.2
[INFO] [stderr]   Downloaded build_id v0.2.1
[INFO] running `Command { std: "docker" "create" "-v" "/var/lib/crater-agent-workspace/builds/worker-14/target:/opt/rustwide/target:rw,Z" "-v" "/var/lib/crater-agent-workspace/builds/worker-14/source:/opt/rustwide/workdir:ro,Z" "-v" "/var/lib/crater-agent-workspace/cargo-home:/opt/rustwide/cargo-home:ro,Z" "-v" "/var/lib/crater-agent-workspace/rustup-home:/opt/rustwide/rustup-home:ro,Z" "-e" "SOURCE_DIR=/opt/rustwide/workdir" "-e" "CARGO_TARGET_DIR=/opt/rustwide/target" "-e" "CARGO_HOME=/opt/rustwide/cargo-home" "-e" "RUSTUP_HOME=/opt/rustwide/rustup-home" "-w" "/opt/rustwide/workdir" "-m" "1610612736" "--user" "0:0" "--network" "none" "ghcr.io/rust-lang/crates-build-env/linux@sha256:34b6a614d2c27851fe6cbf88fbd1137609cefab8b10d0615aaeb6fd47975d74e" "/opt/rustwide/cargo-home/bin/cargo" "+beta-2021-08-01" "metadata" "--no-deps" "--format-version=1", kill_on_drop: false }`
[INFO] [stdout] 3c4c63cd8e5d4168107cbf1cc6223131c5cd7a2178c83fb5309c816085b1838e
[INFO] [stderr] WARNING: Your kernel does not support swap limit capabilities or the cgroup is not mounted. Memory limited without swap.
[INFO] running `Command { std: "docker" "start" "-a" "3c4c63cd8e5d4168107cbf1cc6223131c5cd7a2178c83fb5309c816085b1838e", kill_on_drop: false }`
[INFO] running `Command { std: "docker" "inspect" "3c4c63cd8e5d4168107cbf1cc6223131c5cd7a2178c83fb5309c816085b1838e", kill_on_drop: false }`
[INFO] running `Command { std: "docker" "rm" "-f" "3c4c63cd8e5d4168107cbf1cc6223131c5cd7a2178c83fb5309c816085b1838e", kill_on_drop: false }`
[INFO] [stdout] 3c4c63cd8e5d4168107cbf1cc6223131c5cd7a2178c83fb5309c816085b1838e
[INFO] running `Command { std: "docker" "create" "-v" "/var/lib/crater-agent-workspace/builds/worker-14/target:/opt/rustwide/target:rw,Z" "-v" "/var/lib/crater-agent-workspace/builds/worker-14/source:/opt/rustwide/workdir:ro,Z" "-v" "/var/lib/crater-agent-workspace/cargo-home:/opt/rustwide/cargo-home:ro,Z" "-v" "/var/lib/crater-agent-workspace/rustup-home:/opt/rustwide/rustup-home:ro,Z" "-e" "SOURCE_DIR=/opt/rustwide/workdir" "-e" "CARGO_TARGET_DIR=/opt/rustwide/target" "-e" "CARGO_INCREMENTAL=0" "-e" "RUST_BACKTRACE=full" "-e" "RUSTFLAGS=--cap-lints=warn" "-e" "CARGO_HOME=/opt/rustwide/cargo-home" "-e" "RUSTUP_HOME=/opt/rustwide/rustup-home" "-w" "/opt/rustwide/workdir" "-m" "1610612736" "--user" "0:0" "--network" "none" "ghcr.io/rust-lang/crates-build-env/linux@sha256:34b6a614d2c27851fe6cbf88fbd1137609cefab8b10d0615aaeb6fd47975d74e" "/opt/rustwide/cargo-home/bin/cargo" "+beta-2021-08-01" "build" "--frozen" "--message-format=json", kill_on_drop: false }`
[INFO] [stdout] 1cc748e13f2154141ab8960cb77ff59a64dab60bf12cdf9891b4a9072323b4dd
[INFO] [stderr] WARNING: Your kernel does not support swap limit capabilities or the cgroup is not mounted. Memory limited without swap.
[INFO] running `Command { std: "docker" "start" "-a" "1cc748e13f2154141ab8960cb77ff59a64dab60bf12cdf9891b4a9072323b4dd", kill_on_drop: false }`
[INFO] [stderr]    Compiling libc v0.2.98
[INFO] [stderr]    Compiling nix v0.15.0
[INFO] [stderr]    Compiling nom v2.2.1
[INFO] [stderr]    Compiling build_id v0.2.1
[INFO] [stderr]    Compiling erased-serde v0.3.16
[INFO] [stderr]    Compiling relative v0.2.2
[INFO] [stderr]    Compiling metatype v0.2.1
[INFO] [stderr]    Compiling hash32 v0.1.1
[INFO] [stderr]    Compiling twox-hash v1.6.1
[INFO] [stderr]    Compiling procinfo v0.4.2
[INFO] [stderr]    Compiling uuid v0.8.2
[INFO] [stdout] error[E0554]: `#![feature]` may not be used on the beta release channel
[INFO] [stdout]   --> /opt/rustwide/cargo-home/registry/src/github.com-1ecc6299db9ec823/metatype-0.2.1/src/lib.rs:34:1
[INFO] [stdout]    |
[INFO] [stdout] 34 | #![feature(arbitrary_self_types)]
[INFO] [stdout]    | ^^^^^^^^^^^^^^^^^^^^^^^^^^^^^^^^^
[INFO] [stdout] 
[INFO] [stdout] 
[INFO] [stdout] error[E0554]: `#![feature]` may not be used on the beta release channel
[INFO] [stdout]   --> /opt/rustwide/cargo-home/registry/src/github.com-1ecc6299db9ec823/metatype-0.2.1/src/lib.rs:35:1
[INFO] [stdout]    |
[INFO] [stdout] 35 | #![feature(ptr_metadata)]
[INFO] [stdout]    | ^^^^^^^^^^^^^^^^^^^^^^^^^
[INFO] [stdout] 
[INFO] [stdout] 
[INFO] [stdout] error[E0554]: `#![feature]` may not be used on the beta release channel
[INFO] [stdout]   --> /opt/rustwide/cargo-home/registry/src/github.com-1ecc6299db9ec823/metatype-0.2.1/src/lib.rs:36:1
[INFO] [stdout]    |
[INFO] [stdout] 36 | #![feature(specialization)]
[INFO] [stdout]    | ^^^^^^^^^^^^^^^^^^^^^^^^^^^
[INFO] [stdout] 
[INFO] [stdout] 
[INFO] [stdout] error: aborting due to 3 previous errors
[INFO] [stdout] 
[INFO] [stdout] 
[INFO] [stdout] For more information about this error, try `rustc --explain E0554`.
[INFO] [stdout] 
[INFO] [stderr] error: could not compile `metatype` due to 4 previous errors
[INFO] [stderr] warning: build failed, waiting for other jobs to finish...
[INFO] [stderr] error: build failed
[INFO] running `Command { std: "docker" "inspect" "1cc748e13f2154141ab8960cb77ff59a64dab60bf12cdf9891b4a9072323b4dd", kill_on_drop: false }`
[INFO] running `Command { std: "docker" "rm" "-f" "1cc748e13f2154141ab8960cb77ff59a64dab60bf12cdf9891b4a9072323b4dd", kill_on_drop: false }`
[INFO] [stdout] 1cc748e13f2154141ab8960cb77ff59a64dab60bf12cdf9891b4a9072323b4dd
