[INFO] fetching crate sentry-actix 0.23.0...
[INFO] testing sentry-actix-0.23.0 against 1.54.0 for beta-1.55-1
[INFO] extracting crate sentry-actix 0.23.0 into /workspace/builds/worker-10/source
[INFO] validating manifest of crates.io crate sentry-actix 0.23.0 on toolchain 1.54.0
[INFO] running `Command { std: "/workspace/cargo-home/bin/cargo" "+1.54.0" "metadata" "--manifest-path" "Cargo.toml" "--no-deps", kill_on_drop: false }`
[INFO] started tweaking crates.io crate sentry-actix 0.23.0
[INFO] finished tweaking crates.io crate sentry-actix 0.23.0
[INFO] tweaked toml for crates.io crate sentry-actix 0.23.0 written to /workspace/builds/worker-10/source/Cargo.toml
[INFO] crate crates.io crate sentry-actix 0.23.0 already has a lockfile, it will not be regenerated
[INFO] running `Command { std: "/workspace/cargo-home/bin/cargo" "+1.54.0" "fetch" "--manifest-path" "Cargo.toml", kill_on_drop: false }`
[INFO] running `Command { std: "docker" "create" "-v" "/var/lib/crater-agent-workspace/builds/worker-10/target:/opt/rustwide/target:rw,Z" "-v" "/var/lib/crater-agent-workspace/builds/worker-10/source:/opt/rustwide/workdir:ro,Z" "-v" "/var/lib/crater-agent-workspace/cargo-home:/opt/rustwide/cargo-home:ro,Z" "-v" "/var/lib/crater-agent-workspace/rustup-home:/opt/rustwide/rustup-home:ro,Z" "-e" "SOURCE_DIR=/opt/rustwide/workdir" "-e" "CARGO_TARGET_DIR=/opt/rustwide/target" "-e" "CARGO_HOME=/opt/rustwide/cargo-home" "-e" "RUSTUP_HOME=/opt/rustwide/rustup-home" "-w" "/opt/rustwide/workdir" "-m" "1610612736" "--user" "0:0" "--network" "none" "ghcr.io/rust-lang/crates-build-env/linux@sha256:34b6a614d2c27851fe6cbf88fbd1137609cefab8b10d0615aaeb6fd47975d74e" "/opt/rustwide/cargo-home/bin/cargo" "+1.54.0" "metadata" "--no-deps" "--format-version=1", kill_on_drop: false }`
[INFO] [stdout] c86db8279301b0f4420205c9838642d5512e1a3ee131601e9e7fce48a72c44a1
[INFO] [stderr] WARNING: Your kernel does not support swap limit capabilities or the cgroup is not mounted. Memory limited without swap.
[INFO] running `Command { std: "docker" "start" "-a" "c86db8279301b0f4420205c9838642d5512e1a3ee131601e9e7fce48a72c44a1", kill_on_drop: false }`
[INFO] running `Command { std: "docker" "inspect" "c86db8279301b0f4420205c9838642d5512e1a3ee131601e9e7fce48a72c44a1", kill_on_drop: false }`
[INFO] running `Command { std: "docker" "rm" "-f" "c86db8279301b0f4420205c9838642d5512e1a3ee131601e9e7fce48a72c44a1", kill_on_drop: false }`
[INFO] [stdout] c86db8279301b0f4420205c9838642d5512e1a3ee131601e9e7fce48a72c44a1
[INFO] running `Command { std: "docker" "create" "-v" "/var/lib/crater-agent-workspace/builds/worker-10/target:/opt/rustwide/target:rw,Z" "-v" "/var/lib/crater-agent-workspace/builds/worker-10/source:/opt/rustwide/workdir:ro,Z" "-v" "/var/lib/crater-agent-workspace/cargo-home:/opt/rustwide/cargo-home:ro,Z" "-v" "/var/lib/crater-agent-workspace/rustup-home:/opt/rustwide/rustup-home:ro,Z" "-e" "SOURCE_DIR=/opt/rustwide/workdir" "-e" "CARGO_TARGET_DIR=/opt/rustwide/target" "-e" "CARGO_INCREMENTAL=0" "-e" "RUST_BACKTRACE=full" "-e" "RUSTFLAGS=--cap-lints=warn" "-e" "CARGO_HOME=/opt/rustwide/cargo-home" "-e" "RUSTUP_HOME=/opt/rustwide/rustup-home" "-w" "/opt/rustwide/workdir" "-m" "1610612736" "--user" "0:0" "--network" "none" "ghcr.io/rust-lang/crates-build-env/linux@sha256:34b6a614d2c27851fe6cbf88fbd1137609cefab8b10d0615aaeb6fd47975d74e" "/opt/rustwide/cargo-home/bin/cargo" "+1.54.0" "build" "--frozen" "--message-format=json", kill_on_drop: false }`
[INFO] [stdout] 57c9c0d5395c541249232ced91911efa51b1782d0e2678e3bb0827a98382c6f2
[INFO] [stderr] WARNING: Your kernel does not support swap limit capabilities or the cgroup is not mounted. Memory limited without swap.
[INFO] running `Command { std: "docker" "start" "-a" "57c9c0d5395c541249232ced91911efa51b1782d0e2678e3bb0827a98382c6f2", kill_on_drop: false }`
[INFO] [stderr]    Compiling syn v1.0.73
[INFO] [stderr]    Compiling futures-core v0.3.15
[INFO] [stderr]    Compiling futures-sink v0.3.15
[INFO] [stderr]    Compiling futures-channel v0.3.15
[INFO] [stderr]    Compiling pin-project-internal v0.4.28
[INFO] [stderr]    Compiling copyless v0.1.5
[INFO] [stderr]    Compiling futures-util v0.3.15
[INFO] [stderr]    Compiling time v0.2.27
[INFO] [stderr]    Compiling bytestring v1.0.0
[INFO] [stderr]    Compiling signal-hook-registry v1.4.0
[INFO] [stderr]    Compiling parking_lot_core v0.8.3
[INFO] [stderr]    Compiling getrandom v0.1.16
[INFO] [stderr]    Compiling hostname v0.3.1
[INFO] [stderr]    Compiling getrandom v0.2.3
[INFO] [stderr]    Compiling mio v0.6.23
[INFO] [stderr]    Compiling threadpool v1.8.1
[INFO] [stderr]    Compiling sha-1 v0.9.6
[INFO] [stderr]    Compiling rand_core v0.5.1
[INFO] [stderr]    Compiling resolv-conf v0.7.0
[INFO] [stderr]    Compiling parking_lot v0.11.1
[INFO] [stderr]    Compiling rand_chacha v0.2.2
[INFO] [stderr]    Compiling rand v0.7.3
[INFO] [stderr]    Compiling mio-uds v0.6.8
[INFO] [stderr]    Compiling tokio v0.2.25
[INFO] [stderr]    Compiling tokio-util v0.3.1
[INFO] [stderr]    Compiling serde_derive v1.0.126
[INFO] [stderr]    Compiling futures-macro v0.3.15
[INFO] [stderr]    Compiling derive_more v0.99.16
[INFO] [stderr]    Compiling thiserror-impl v1.0.26
[INFO] [stderr]    Compiling actix-macros v0.1.3
[INFO] [stderr]    Compiling pin-project-internal v1.0.7
[INFO] [stderr]    Compiling async-trait v0.1.50
[INFO] [stderr]    Compiling enum-as-inner v0.3.3
[INFO] [stderr]    Compiling time-macros-impl v0.1.2
[INFO] [stderr]    Compiling actix-web-codegen v0.4.0
[INFO] [stderr]    Compiling time-macros v0.1.1
[INFO] [stderr]    Compiling thiserror v1.0.26
[INFO] [stderr]    Compiling pin-project v1.0.7
[INFO] [stderr]    Compiling tracing-futures v0.2.5
[INFO] [stderr]    Compiling cookie v0.14.4
[INFO] [stderr]    Compiling pin-project v0.4.28
[INFO] [stderr]    Compiling actix-codec v0.3.0
[INFO] [stderr]    Compiling actix-threadpool v0.3.3
[INFO] [stderr]    Compiling actix-rt v1.1.1
[INFO] [stderr]    Compiling actix-service v1.0.6
[INFO] [stderr]    Compiling futures v0.3.15
[INFO] [stderr]    Compiling h2 v0.2.7
[INFO] [stderr]    Compiling serde v1.0.126
[INFO] [stderr]    Compiling actix-utils v2.0.0
[INFO] [stderr]    Compiling actix-server v1.0.4
[INFO] [stderr]    Compiling actix-tls v2.0.0
[INFO] [stderr]    Compiling actix-testing v1.0.1
[INFO] [stderr]    Compiling url v2.2.2
[INFO] [stderr]    Compiling serde_json v1.0.64
[INFO] [stderr]    Compiling uuid v0.8.2
[INFO] [stderr]    Compiling serde_urlencoded v0.7.0
[INFO] [stderr]    Compiling chrono v0.4.19
[INFO] [stderr]    Compiling actix-router v0.2.7
[INFO] [stderr]    Compiling debugid v0.7.2
[INFO] [stderr]    Compiling trust-dns-proto v0.19.7
[INFO] [stderr]    Compiling sentry-types v0.23.0
[INFO] [stderr]    Compiling trust-dns-resolver v0.19.7
[INFO] [stderr]    Compiling actix-connect v2.0.0
[INFO] [stderr]    Compiling actix-http v2.2.0
[INFO] [stderr]    Compiling sentry-core v0.23.0
[INFO] [stderr]    Compiling awc v2.0.3
[INFO] [stderr]    Compiling actix-web v3.3.2
[INFO] [stderr]    Compiling sentry-actix v0.23.0 (/opt/rustwide/workdir)
[INFO] [stdout] error[E0599]: no function or associated item named `new_from_top` found for struct `Hub` in the current scope
[INFO] [stdout]    --> src/lib.rs:198:33
[INFO] [stdout]     |
[INFO] [stdout] 198 |         let hub = Arc::new(Hub::new_from_top(
[INFO] [stdout]     |                                 ^^^^^^^^^^^^ function or associated item not found in `Hub`
[INFO] [stdout] 
[INFO] [stdout] 
[INFO] [stdout] error[E0599]: no function or associated item named `main` found for struct `Hub` in the current scope
[INFO] [stdout]    --> src/lib.rs:199:51
[INFO] [stdout]     |
[INFO] [stdout] 199 |             inner.hub.clone().unwrap_or_else(Hub::main),
[INFO] [stdout]     |                                                   ^^^^ function or associated item not found in `Hub`
[INFO] [stdout] 
[INFO] [stdout] 
[INFO] [stdout] error[E0599]: no method named `client` found for struct `Arc<_>` in the current scope
[INFO] [stdout]    --> src/lib.rs:201:26
[INFO] [stdout]     |
[INFO] [stdout] 201 |         let client = hub.client();
[INFO] [stdout]     |                          ^^^^^^ method not found in `Arc<_>`
[INFO] [stdout]     |
[INFO] [stdout]     = note: `hub` is a function, perhaps you wish to call it
[INFO] [stdout] 
[INFO] [stdout] 
[INFO] [stdout] error[E0599]: no method named `start_session` found for struct `Arc<_>` in the current scope
[INFO] [stdout]    --> src/lib.rs:208:17
[INFO] [stdout]     |
[INFO] [stdout] 208 |             hub.start_session();
[INFO] [stdout]     |                 ^^^^^^^^^^^^^ method not found in `Arc<_>`
[INFO] [stdout]     |
[INFO] [stdout]     = note: `hub` is a function, perhaps you wish to call it
[INFO] [stdout] 
[INFO] [stdout] 
[INFO] [stdout] error[E0599]: no method named `configure_scope` found for struct `Arc<_>` in the current scope
[INFO] [stdout]    --> src/lib.rs:215:13
[INFO] [stdout]     |
[INFO] [stdout] 215 |         hub.configure_scope(|scope| {
[INFO] [stdout]     |             ^^^^^^^^^^^^^^^ method not found in `Arc<_>`
[INFO] [stdout]     |
[INFO] [stdout]     = note: `hub` is a function, perhaps you wish to call it
[INFO] [stdout] 
[INFO] [stdout] 
[INFO] [stdout] error[E0599]: no method named `clone` found for struct `Arc<_>` in the current scope
[INFO] [stdout]    --> src/lib.rs:222:55
[INFO] [stdout]     |
[INFO] [stdout] 222 |         let fut = self.service.call(req).bind_hub(hub.clone());
[INFO] [stdout]     |                                                       ^^^^^ method not found in `Arc<_>`
[INFO] [stdout]     |
[INFO] [stdout]     = note: `hub` is a function, perhaps you wish to call it
[INFO] [stdout] 
[INFO] [stdout] 
[INFO] [stdout] error[E0599]: no method named `capture_error` found for struct `Arc<_>` in the current scope
[INFO] [stdout]    --> src/lib.rs:230:29
[INFO] [stdout]     |
[INFO] [stdout] 230 |                         hub.capture_error(&e);
[INFO] [stdout]     |                             ^^^^^^^^^^^^^ method not found in `Arc<_>`
[INFO] [stdout]     |
[INFO] [stdout]     = note: `hub` is a function, perhaps you wish to call it
[INFO] [stdout] 
[INFO] [stdout] 
[INFO] [stdout] error[E0599]: no method named `capture_error` found for struct `Arc<_>` in the current scope
[INFO] [stdout]    --> src/lib.rs:239:40
[INFO] [stdout]     |
[INFO] [stdout] 239 |                     let event_id = hub.capture_error(e);
[INFO] [stdout]     |                                        ^^^^^^^^^^^^^ method not found in `Arc<_>`
[INFO] [stdout]     |
[INFO] [stdout]     = note: `hub` is a function, perhaps you wish to call it
[INFO] [stdout] 
[INFO] [stdout] 
[INFO] [stdout] error: aborting due to 8 previous errors
[INFO] [stdout] 
[INFO] [stdout] 
[INFO] [stdout] For more information about this error, try `rustc --explain E0599`.
[INFO] [stdout] 
[INFO] [stderr] error: could not compile `sentry-actix`
[INFO] [stderr] 
[INFO] [stderr] To learn more, run the command again with --verbose.
[INFO] [stderr] warning: build failed, waiting for other jobs to finish...
[INFO] [stderr] error: build failed
[INFO] running `Command { std: "docker" "inspect" "57c9c0d5395c541249232ced91911efa51b1782d0e2678e3bb0827a98382c6f2", kill_on_drop: false }`
[INFO] running `Command { std: "docker" "rm" "-f" "57c9c0d5395c541249232ced91911efa51b1782d0e2678e3bb0827a98382c6f2", kill_on_drop: false }`
[INFO] [stdout] 57c9c0d5395c541249232ced91911efa51b1782d0e2678e3bb0827a98382c6f2
