[INFO] fetching crate securestore 0.99.3...
[INFO] testing securestore-0.99.3 against beta-2021-08-01 for beta-1.55-1
[INFO] extracting crate securestore 0.99.3 into /workspace/builds/worker-2/source
[INFO] validating manifest of crates.io crate securestore 0.99.3 on toolchain beta-2021-08-01
[INFO] running `Command { std: "/workspace/cargo-home/bin/cargo" "+beta-2021-08-01" "metadata" "--manifest-path" "Cargo.toml" "--no-deps", kill_on_drop: false }`
[INFO] started tweaking crates.io crate securestore 0.99.3
[INFO] finished tweaking crates.io crate securestore 0.99.3
[INFO] tweaked toml for crates.io crate securestore 0.99.3 written to /workspace/builds/worker-2/source/Cargo.toml
[INFO] running `Command { std: "/workspace/cargo-home/bin/cargo" "+beta-2021-08-01" "generate-lockfile" "--manifest-path" "Cargo.toml" "-Zno-index-update", kill_on_drop: false }`
[INFO] running `Command { std: "/workspace/cargo-home/bin/cargo" "+beta-2021-08-01" "fetch" "--manifest-path" "Cargo.toml", kill_on_drop: false }`
[INFO] running `Command { std: "docker" "create" "-v" "/var/lib/crater-agent-workspace/builds/worker-2/target:/opt/rustwide/target:rw,Z" "-v" "/var/lib/crater-agent-workspace/builds/worker-2/source:/opt/rustwide/workdir:ro,Z" "-v" "/var/lib/crater-agent-workspace/cargo-home:/opt/rustwide/cargo-home:ro,Z" "-v" "/var/lib/crater-agent-workspace/rustup-home:/opt/rustwide/rustup-home:ro,Z" "-e" "SOURCE_DIR=/opt/rustwide/workdir" "-e" "CARGO_TARGET_DIR=/opt/rustwide/target" "-e" "CARGO_HOME=/opt/rustwide/cargo-home" "-e" "RUSTUP_HOME=/opt/rustwide/rustup-home" "-w" "/opt/rustwide/workdir" "-m" "1610612736" "--user" "0:0" "--network" "none" "ghcr.io/rust-lang/crates-build-env/linux@sha256:34b6a614d2c27851fe6cbf88fbd1137609cefab8b10d0615aaeb6fd47975d74e" "/opt/rustwide/cargo-home/bin/cargo" "+beta-2021-08-01" "metadata" "--no-deps" "--format-version=1", kill_on_drop: false }`
[INFO] [stdout] 9cfd091b22a51b6af003d9774664767efa235220ca21dee3bfe08e2989d4fc7e
[INFO] [stderr] WARNING: Your kernel does not support swap limit capabilities or the cgroup is not mounted. Memory limited without swap.
[INFO] running `Command { std: "docker" "start" "-a" "9cfd091b22a51b6af003d9774664767efa235220ca21dee3bfe08e2989d4fc7e", kill_on_drop: false }`
[INFO] running `Command { std: "docker" "inspect" "9cfd091b22a51b6af003d9774664767efa235220ca21dee3bfe08e2989d4fc7e", kill_on_drop: false }`
[INFO] running `Command { std: "docker" "rm" "-f" "9cfd091b22a51b6af003d9774664767efa235220ca21dee3bfe08e2989d4fc7e", kill_on_drop: false }`
[INFO] [stdout] 9cfd091b22a51b6af003d9774664767efa235220ca21dee3bfe08e2989d4fc7e
[INFO] running `Command { std: "docker" "create" "-v" "/var/lib/crater-agent-workspace/builds/worker-2/target:/opt/rustwide/target:rw,Z" "-v" "/var/lib/crater-agent-workspace/builds/worker-2/source:/opt/rustwide/workdir:ro,Z" "-v" "/var/lib/crater-agent-workspace/cargo-home:/opt/rustwide/cargo-home:ro,Z" "-v" "/var/lib/crater-agent-workspace/rustup-home:/opt/rustwide/rustup-home:ro,Z" "-e" "SOURCE_DIR=/opt/rustwide/workdir" "-e" "CARGO_TARGET_DIR=/opt/rustwide/target" "-e" "CARGO_INCREMENTAL=0" "-e" "RUST_BACKTRACE=full" "-e" "RUSTFLAGS=--cap-lints=warn" "-e" "CARGO_HOME=/opt/rustwide/cargo-home" "-e" "RUSTUP_HOME=/opt/rustwide/rustup-home" "-w" "/opt/rustwide/workdir" "-m" "1610612736" "--user" "0:0" "--network" "none" "ghcr.io/rust-lang/crates-build-env/linux@sha256:34b6a614d2c27851fe6cbf88fbd1137609cefab8b10d0615aaeb6fd47975d74e" "/opt/rustwide/cargo-home/bin/cargo" "+beta-2021-08-01" "build" "--frozen" "--message-format=json", kill_on_drop: false }`
[INFO] [stderr] WARNING: Your kernel does not support swap limit capabilities or the cgroup is not mounted. Memory limited without swap.
[INFO] [stdout] 965d625b0636c327bff5b851ec5aeb17cfc4389b0c71e3babfd43c8b0ec4063b
[INFO] running `Command { std: "docker" "start" "-a" "965d625b0636c327bff5b851ec5aeb17cfc4389b0c71e3babfd43c8b0ec4063b", kill_on_drop: false }`
[INFO] [stderr]    Compiling openssl v0.10.35
[INFO] [stderr]    Compiling openssl-src v111.15.0+1.1.1k
[INFO] [stderr]    Compiling openssl-sys v0.9.65
[INFO] [stderr]    Compiling securestore v0.99.3 (/opt/rustwide/workdir)
[INFO] [stderr]     Finished dev [unoptimized + debuginfo] target(s) in 1m 57s
[INFO] running `Command { std: "docker" "inspect" "965d625b0636c327bff5b851ec5aeb17cfc4389b0c71e3babfd43c8b0ec4063b", kill_on_drop: false }`
[INFO] running `Command { std: "docker" "rm" "-f" "965d625b0636c327bff5b851ec5aeb17cfc4389b0c71e3babfd43c8b0ec4063b", kill_on_drop: false }`
[INFO] [stdout] 965d625b0636c327bff5b851ec5aeb17cfc4389b0c71e3babfd43c8b0ec4063b
[INFO] running `Command { std: "docker" "create" "-v" "/var/lib/crater-agent-workspace/builds/worker-2/target:/opt/rustwide/target:rw,Z" "-v" "/var/lib/crater-agent-workspace/builds/worker-2/source:/opt/rustwide/workdir:ro,Z" "-v" "/var/lib/crater-agent-workspace/cargo-home:/opt/rustwide/cargo-home:ro,Z" "-v" "/var/lib/crater-agent-workspace/rustup-home:/opt/rustwide/rustup-home:ro,Z" "-e" "SOURCE_DIR=/opt/rustwide/workdir" "-e" "CARGO_TARGET_DIR=/opt/rustwide/target" "-e" "CARGO_INCREMENTAL=0" "-e" "RUST_BACKTRACE=full" "-e" "RUSTFLAGS=--cap-lints=warn" "-e" "CARGO_HOME=/opt/rustwide/cargo-home" "-e" "RUSTUP_HOME=/opt/rustwide/rustup-home" "-w" "/opt/rustwide/workdir" "-m" "1610612736" "--user" "0:0" "--network" "none" "ghcr.io/rust-lang/crates-build-env/linux@sha256:34b6a614d2c27851fe6cbf88fbd1137609cefab8b10d0615aaeb6fd47975d74e" "/opt/rustwide/cargo-home/bin/cargo" "+beta-2021-08-01" "test" "--frozen" "--no-run" "--message-format=json", kill_on_drop: false }`
[INFO] [stdout] d26706e12b0b4613d8a8da8a5123c75aa51d0bcb945d5f62ead00f28b16ea1fb
[INFO] [stderr] WARNING: Your kernel does not support swap limit capabilities or the cgroup is not mounted. Memory limited without swap.
[INFO] running `Command { std: "docker" "start" "-a" "d26706e12b0b4613d8a8da8a5123c75aa51d0bcb945d5f62ead00f28b16ea1fb", kill_on_drop: false }`
[INFO] [stderr]    Compiling securestore v0.99.3 (/opt/rustwide/workdir)
[INFO] [stdout] error[E0282]: type annotations needed
[INFO] [stdout]   --> src/tests/key_management.rs:15:20
[INFO] [stdout]    |
[INFO] [stdout] 15 |     let derived1 = KeySource::Password("foo").extract_keys(&iv1).unwrap();
[INFO] [stdout]    |                    ^^^^^^^^^^^^^^^^^^^ cannot infer type for type parameter `P` declared on the enum `KeySource`
[INFO] [stdout] 
[INFO] [stdout] 
[INFO] [stdout] error[E0282]: type annotations needed
[INFO] [stdout]   --> src/tests/secrets.rs:13:20
[INFO] [stdout]    |
[INFO] [stdout] 13 |     let mut sman = SecretsManager::new(&secrets_path, KeySource::Password("mysecret")).unwrap();
[INFO] [stdout]    |                    ^^^^^^^^^^^^^^^^^^^ cannot infer type for type parameter `P2` declared on the associated function `new`
[INFO] [stdout] 
[INFO] [stdout] 
[INFO] [stdout] error[E0282]: type annotations needed
[INFO] [stdout]   --> src/tests/secrets.rs:34:20
[INFO] [stdout]    |
[INFO] [stdout] 34 |     let mut sman = SecretsManager::new(&secrets_path, KeySource::Password("mysecret")).unwrap();
[INFO] [stdout]    |                    ^^^^^^^^^^^^^^^^^^^ cannot infer type for type parameter `P2` declared on the associated function `new`
[INFO] [stdout] 
[INFO] [stdout] 
[INFO] [stdout] error[E0282]: type annotations needed
[INFO] [stdout]   --> src/tests/secrets.rs:53:16
[INFO] [stdout]    |
[INFO] [stdout] 53 |     let sman = SecretsManager::new(&secrets_path, KeySource::Csprng).unwrap();
[INFO] [stdout]    |                ^^^^^^^^^^^^^^^^^^^ cannot infer type for type parameter `P2` declared on the associated function `new`
[INFO] [stdout] 
[INFO] [stdout] 
[INFO] [stdout] error[E0282]: type annotations needed
[INFO] [stdout]   --> src/tests/secrets.rs:67:24
[INFO] [stdout]    |
[INFO] [stdout] 67 |         let mut sman = SecretsManager::new(&secrets_path, KeySource::Csprng).unwrap();
[INFO] [stdout]    |                        ^^^^^^^^^^^^^^^^^^^ cannot infer type for type parameter `P2` declared on the associated function `new`
[INFO] [stdout] 
[INFO] [stdout] 
[INFO] [stdout] error[E0282]: type annotations needed
[INFO] [stdout]   --> src/tests/secrets.rs:85:13
[INFO] [stdout]    |
[INFO] [stdout] 85 |             SecretsManager::new(&secrets_path, KeySource::Password("password123")).unwrap();
[INFO] [stdout]    |             ^^^^^^^^^^^^^^^^^^^ cannot infer type for type parameter `P2` declared on the associated function `new`
[INFO] [stdout] 
[INFO] [stdout] 
[INFO] [stdout] error[E0282]: type annotations needed
[INFO] [stdout]    --> src/tests/secrets.rs:109:20
[INFO] [stdout]     |
[INFO] [stdout] 109 |     let mut sman = SecretsManager::new(&secrets_path, KeySource::Csprng).unwrap();
[INFO] [stdout]     |                    ^^^^^^^^^^^^^^^^^^^ cannot infer type for type parameter `P2` declared on the associated function `new`
[INFO] [stdout] 
[INFO] [stdout] 
[INFO] [stdout] error: aborting due to 7 previous errors
[INFO] [stdout] 
[INFO] [stdout] 
[INFO] [stdout] For more information about this error, try `rustc --explain E0282`.
[INFO] [stdout] 
[INFO] [stderr] error: could not compile `securestore` due to 8 previous errors
[INFO] running `Command { std: "docker" "inspect" "d26706e12b0b4613d8a8da8a5123c75aa51d0bcb945d5f62ead00f28b16ea1fb", kill_on_drop: false }`
[INFO] running `Command { std: "docker" "rm" "-f" "d26706e12b0b4613d8a8da8a5123c75aa51d0bcb945d5f62ead00f28b16ea1fb", kill_on_drop: false }`
[INFO] [stdout] d26706e12b0b4613d8a8da8a5123c75aa51d0bcb945d5f62ead00f28b16ea1fb
