[INFO] fetching crate scryfall-client 0.1.0...
[INFO] testing scryfall-client-0.1.0 against beta-2021-08-01 for beta-1.55-1
[INFO] extracting crate scryfall-client 0.1.0 into /workspace/builds/worker-8/source
[INFO] validating manifest of crates.io crate scryfall-client 0.1.0 on toolchain beta-2021-08-01
[INFO] running `Command { std: "/workspace/cargo-home/bin/cargo" "+beta-2021-08-01" "metadata" "--manifest-path" "Cargo.toml" "--no-deps", kill_on_drop: false }`
[INFO] started tweaking crates.io crate scryfall-client 0.1.0
[INFO] finished tweaking crates.io crate scryfall-client 0.1.0
[INFO] tweaked toml for crates.io crate scryfall-client 0.1.0 written to /workspace/builds/worker-8/source/Cargo.toml
[INFO] running `Command { std: "/workspace/cargo-home/bin/cargo" "+beta-2021-08-01" "generate-lockfile" "--manifest-path" "Cargo.toml" "-Zno-index-update", kill_on_drop: false }`
[INFO] running `Command { std: "/workspace/cargo-home/bin/cargo" "+beta-2021-08-01" "fetch" "--manifest-path" "Cargo.toml", kill_on_drop: false }`
[INFO] running `Command { std: "docker" "create" "-v" "/var/lib/crater-agent-workspace/builds/worker-8/target:/opt/rustwide/target:rw,Z" "-v" "/var/lib/crater-agent-workspace/builds/worker-8/source:/opt/rustwide/workdir:ro,Z" "-v" "/var/lib/crater-agent-workspace/cargo-home:/opt/rustwide/cargo-home:ro,Z" "-v" "/var/lib/crater-agent-workspace/rustup-home:/opt/rustwide/rustup-home:ro,Z" "-e" "SOURCE_DIR=/opt/rustwide/workdir" "-e" "CARGO_TARGET_DIR=/opt/rustwide/target" "-e" "CARGO_HOME=/opt/rustwide/cargo-home" "-e" "RUSTUP_HOME=/opt/rustwide/rustup-home" "-w" "/opt/rustwide/workdir" "-m" "1610612736" "--user" "0:0" "--network" "none" "ghcr.io/rust-lang/crates-build-env/linux@sha256:34b6a614d2c27851fe6cbf88fbd1137609cefab8b10d0615aaeb6fd47975d74e" "/opt/rustwide/cargo-home/bin/cargo" "+beta-2021-08-01" "metadata" "--no-deps" "--format-version=1", kill_on_drop: false }`
[INFO] [stdout] 81c556fa85d185a2ab47b6eb548dd7e002dd739ead4d1a9d9c90d186d989ee3a
[INFO] [stderr] WARNING: Your kernel does not support swap limit capabilities or the cgroup is not mounted. Memory limited without swap.
[INFO] running `Command { std: "docker" "start" "-a" "81c556fa85d185a2ab47b6eb548dd7e002dd739ead4d1a9d9c90d186d989ee3a", kill_on_drop: false }`
[INFO] running `Command { std: "docker" "inspect" "81c556fa85d185a2ab47b6eb548dd7e002dd739ead4d1a9d9c90d186d989ee3a", kill_on_drop: false }`
[INFO] running `Command { std: "docker" "rm" "-f" "81c556fa85d185a2ab47b6eb548dd7e002dd739ead4d1a9d9c90d186d989ee3a", kill_on_drop: false }`
[INFO] [stdout] 81c556fa85d185a2ab47b6eb548dd7e002dd739ead4d1a9d9c90d186d989ee3a
[INFO] running `Command { std: "docker" "create" "-v" "/var/lib/crater-agent-workspace/builds/worker-8/target:/opt/rustwide/target:rw,Z" "-v" "/var/lib/crater-agent-workspace/builds/worker-8/source:/opt/rustwide/workdir:ro,Z" "-v" "/var/lib/crater-agent-workspace/cargo-home:/opt/rustwide/cargo-home:ro,Z" "-v" "/var/lib/crater-agent-workspace/rustup-home:/opt/rustwide/rustup-home:ro,Z" "-e" "SOURCE_DIR=/opt/rustwide/workdir" "-e" "CARGO_TARGET_DIR=/opt/rustwide/target" "-e" "CARGO_INCREMENTAL=0" "-e" "RUST_BACKTRACE=full" "-e" "RUSTFLAGS=--cap-lints=warn" "-e" "CARGO_HOME=/opt/rustwide/cargo-home" "-e" "RUSTUP_HOME=/opt/rustwide/rustup-home" "-w" "/opt/rustwide/workdir" "-m" "1610612736" "--user" "0:0" "--network" "none" "ghcr.io/rust-lang/crates-build-env/linux@sha256:34b6a614d2c27851fe6cbf88fbd1137609cefab8b10d0615aaeb6fd47975d74e" "/opt/rustwide/cargo-home/bin/cargo" "+beta-2021-08-01" "build" "--frozen" "--message-format=json", kill_on_drop: false }`
[INFO] [stderr] WARNING: Your kernel does not support swap limit capabilities or the cgroup is not mounted. Memory limited without swap.
[INFO] [stdout] 22fbc07ed74c69ef63914de0c236a87851d070e19dba5585e7e4ae5b6d289ad3
[INFO] running `Command { std: "docker" "start" "-a" "22fbc07ed74c69ef63914de0c236a87851d070e19dba5585e7e4ae5b6d289ad3", kill_on_drop: false }`
[INFO] [stderr]     Blocking waiting for file lock on package cache
[INFO] [stderr]    Compiling libc v0.2.98
[INFO] [stderr]    Compiling futures-task v0.3.16
[INFO] [stderr]    Compiling futures-util v0.3.16
[INFO] [stderr]    Compiling http-body v0.3.1
[INFO] [stderr]    Compiling tracing v0.1.26
[INFO] [stderr]    Compiling mime_guess v2.0.3
[INFO] [stderr]    Compiling pin-project-internal v1.0.8
[INFO] [stderr]    Compiling serde v1.0.127
[INFO] [stderr]    Compiling Inflector v0.11.4
[INFO] [stderr]    Compiling net2 v0.2.37
[INFO] [stderr]    Compiling iovec v0.1.4
[INFO] [stderr]    Compiling openssl-sys v0.9.65
[INFO] [stderr]    Compiling socket2 v0.3.19
[INFO] [stderr]    Compiling num_cpus v1.13.0
[INFO] [stderr]    Compiling time v0.1.43
[INFO] [stderr]    Compiling mio v0.6.23
[INFO] [stderr]    Compiling rayon-core v1.9.1
[INFO] [stderr]    Compiling openssl v0.10.35
[INFO] [stderr]    Compiling rayon v1.5.1
[INFO] [stderr]    Compiling tokio v0.2.25
[INFO] [stderr]    Compiling pin-project v1.0.8
[INFO] [stderr]    Compiling tracing-futures v0.2.5
[INFO] [stderr]    Compiling bstr v0.2.16
[INFO] [stderr]    Compiling serde_urlencoded v0.7.0
[INFO] [stderr]    Compiling bincode v1.3.3
[INFO] [stderr]    Compiling serde_json v1.0.66
[INFO] [stderr]    Compiling chrono v0.4.19
[INFO] [stderr]    Compiling native-tls v0.2.7
[INFO] [stderr]    Compiling csv v1.1.6
[INFO] [stderr]    Compiling tokio-util v0.3.1
[INFO] [stderr]    Compiling tokio-tls v0.3.1
[INFO] [stderr]    Compiling tokio-test v0.2.1
[INFO] [stderr]    Compiling h2 v0.2.7
[INFO] [stderr]    Compiling hyper v0.13.10
[INFO] [stderr]    Compiling hyper-tls v0.4.3
[INFO] [stderr]    Compiling reqwest v0.10.10
[INFO] [stderr]    Compiling scryfall-client v0.1.0 (/opt/rustwide/workdir)
[INFO] [stdout] error[E0603]: module `export` is private
[INFO] [stdout]    --> src/card/border_color.rs:2:12
[INFO] [stdout]     |
[INFO] [stdout] 2   | use serde::export::Formatter;
[INFO] [stdout]     |            ^^^^^^ private module
[INFO] [stdout]     |
[INFO] [stdout] note: the module `export` is defined here
[INFO] [stdout]    --> /opt/rustwide/cargo-home/registry/src/github.com-1ecc6299db9ec823/serde-1.0.127/src/lib.rs:275:5
[INFO] [stdout]     |
[INFO] [stdout] 275 | use self::__private as export;
[INFO] [stdout]     |     ^^^^^^^^^^^^^^^^^^^^^^^^^
[INFO] [stdout] 
[INFO] [stdout] 
[INFO] [stdout] error[E0603]: module `export` is private
[INFO] [stdout]    --> src/card/rarity.rs:2:12
[INFO] [stdout]     |
[INFO] [stdout] 2   | use serde::export::Formatter;
[INFO] [stdout]     |            ^^^^^^ private module
[INFO] [stdout]     |
[INFO] [stdout] note: the module `export` is defined here
[INFO] [stdout]    --> /opt/rustwide/cargo-home/registry/src/github.com-1ecc6299db9ec823/serde-1.0.127/src/lib.rs:275:5
[INFO] [stdout]     |
[INFO] [stdout] 275 | use self::__private as export;
[INFO] [stdout]     |     ^^^^^^^^^^^^^^^^^^^^^^^^^
[INFO] [stdout] 
[INFO] [stdout] 
[INFO] [stdout] error[E0603]: module `export` is private
[INFO] [stdout]    --> src/card/color.rs:2:12
[INFO] [stdout]     |
[INFO] [stdout] 2   | use serde::export::Formatter;
[INFO] [stdout]     |            ^^^^^^ private module
[INFO] [stdout]     |
[INFO] [stdout] note: the module `export` is defined here
[INFO] [stdout]    --> /opt/rustwide/cargo-home/registry/src/github.com-1ecc6299db9ec823/serde-1.0.127/src/lib.rs:275:5
[INFO] [stdout]     |
[INFO] [stdout] 275 | use self::__private as export;
[INFO] [stdout]     |     ^^^^^^^^^^^^^^^^^^^^^^^^^
[INFO] [stdout] 
[INFO] [stdout] 
[INFO] [stdout] error[E0603]: module `export` is private
[INFO] [stdout]    --> src/card/legality.rs:2:12
[INFO] [stdout]     |
[INFO] [stdout] 2   | use serde::export::Formatter;
[INFO] [stdout]     |            ^^^^^^ private module
[INFO] [stdout]     |
[INFO] [stdout] note: the module `export` is defined here
[INFO] [stdout]    --> /opt/rustwide/cargo-home/registry/src/github.com-1ecc6299db9ec823/serde-1.0.127/src/lib.rs:275:5
[INFO] [stdout]     |
[INFO] [stdout] 275 | use self::__private as export;
[INFO] [stdout]     |     ^^^^^^^^^^^^^^^^^^^^^^^^^
[INFO] [stdout] 
[INFO] [stdout] 
[INFO] [stdout] error[E0603]: module `export` is private
[INFO] [stdout]    --> src/card/mana_cost.rs:2:12
[INFO] [stdout]     |
[INFO] [stdout] 2   | use serde::export::Formatter;
[INFO] [stdout]     |            ^^^^^^ private module
[INFO] [stdout]     |
[INFO] [stdout] note: the module `export` is defined here
[INFO] [stdout]    --> /opt/rustwide/cargo-home/registry/src/github.com-1ecc6299db9ec823/serde-1.0.127/src/lib.rs:275:5
[INFO] [stdout]     |
[INFO] [stdout] 275 | use self::__private as export;
[INFO] [stdout]     |     ^^^^^^^^^^^^^^^^^^^^^^^^^
[INFO] [stdout] 
[INFO] [stdout] 
[INFO] [stdout] error[E0603]: module `export` is private
[INFO] [stdout]    --> src/client/mod.rs:12:12
[INFO] [stdout]     |
[INFO] [stdout] 12  | use serde::export::Formatter;
[INFO] [stdout]     |            ^^^^^^ private module
[INFO] [stdout]     |
[INFO] [stdout] note: the module `export` is defined here
[INFO] [stdout]    --> /opt/rustwide/cargo-home/registry/src/github.com-1ecc6299db9ec823/serde-1.0.127/src/lib.rs:275:5
[INFO] [stdout]     |
[INFO] [stdout] 275 | use self::__private as export;
[INFO] [stdout]     |     ^^^^^^^^^^^^^^^^^^^^^^^^^
[INFO] [stdout] 
[INFO] [stdout] 
[INFO] [stdout] error[E0603]: module `export` is private
[INFO] [stdout]    --> src/search_builder/mod.rs:1:12
[INFO] [stdout]     |
[INFO] [stdout] 1   | use serde::export::Formatter;
[INFO] [stdout]     |            ^^^^^^ private module
[INFO] [stdout]     |
[INFO] [stdout] note: the module `export` is defined here
[INFO] [stdout]    --> /opt/rustwide/cargo-home/registry/src/github.com-1ecc6299db9ec823/serde-1.0.127/src/lib.rs:275:5
[INFO] [stdout]     |
[INFO] [stdout] 275 | use self::__private as export;
[INFO] [stdout]     |     ^^^^^^^^^^^^^^^^^^^^^^^^^
[INFO] [stdout] 
[INFO] [stdout] 
[INFO] [stdout] error: aborting due to 7 previous errors
[INFO] [stdout] 
[INFO] [stdout] 
[INFO] [stdout] For more information about this error, try `rustc --explain E0603`.
[INFO] [stdout] 
[INFO] [stderr] error: could not compile `scryfall-client` due to 8 previous errors
[INFO] [stderr] warning: build failed, waiting for other jobs to finish...
[INFO] [stderr] error: build failed
[INFO] running `Command { std: "docker" "inspect" "22fbc07ed74c69ef63914de0c236a87851d070e19dba5585e7e4ae5b6d289ad3", kill_on_drop: false }`
[INFO] running `Command { std: "docker" "rm" "-f" "22fbc07ed74c69ef63914de0c236a87851d070e19dba5585e7e4ae5b6d289ad3", kill_on_drop: false }`
[INFO] [stdout] 22fbc07ed74c69ef63914de0c236a87851d070e19dba5585e7e4ae5b6d289ad3
